09-12 13:33:05.186 W/SystemConfig( 1137): ro.product.name = m53xnsxx
09-12 13:33:05.186 W/SystemConfig( 1137): fname = p3qsqw
09-12 13:33:05.186 W/SystemConfig( 1137): ro.product.name = m53xnsxx
09-12 13:33:05.186 W/SystemConfig( 1137): fname = p3quew
09-12 13:33:05.186 W/SystemConfig( 1137): ro.product.name = m53xnsxx
09-12 13:33:05.186 W/SystemConfig( 1137): fname = p3qzhx
09-12 13:33:05.186 W/SystemConfig( 1137): ro.product.name = m53xnsxx
09-12 13:33:05.186 W/SystemConfig( 1137): fname = SC-52B
09-12 13:33:05.186 W/SystemConfig( 1137): ro.product.name = m53xnsxx
09-12 13:33:05.186 W/SystemConfig( 1137): fname = q2qsqw
09-12 13:33:05.186 W/SystemConfig( 1137): ro.product.name = m53xnsxx
09-12 13:33:05.186 W/SystemConfig( 1137): fname = q2qxxx
09-12 13:33:05.186 W/SystemConfig( 1137): ro.product.name = m53xnsxx
09-12 13:33:05.186 W/SystemConfig( 1137): fname = q2qcsx
09-12 13:33:05.186 W/SystemConfig( 1137): ro.product.name = m53xnsxx
09-12 13:33:05.186 W/SystemConfig( 1137): fname = q2qzhx
09-12 13:33:05.186 W/SystemConfig( 1137): ro.product.name = m53xnsxx
09-12 13:33:05.186 W/SystemConfig( 1137): fname = q2qksx
09-12 13:33:05.186 W/SystemConfig( 1137): ro.product.name = m53xnsxx
09-12 13:33:05.186 W/SystemConfig( 1137): fname = q2qxtur
09-12 13:33:05.186 W/SystemConfig( 1137): ro.product.name = m53xnsxx
09-12 13:33:05.186 W/SystemConfig( 1137): fname = q2qxser
09-12 13:33:05.186 W/SystemConfig( 1137): ro.product.name = m53xnsxx
09-12 13:33:05.186 W/SystemConfig( 1137): fname = q2qxeea
09-12 13:33:05.186 W/SystemConfig( 1137): ro.product.name = m53xnsxx
09-12 13:33:05.186 W/SystemConfig( 1137): fname = q2quew
09-12 13:33:05.186 W/SystemConfig( 1137): ro.product.name = m53xnsxx
09-12 13:33:05.186 W/SystemConfig( 1137): fname = SC-55B
09-12 13:33:05.186 W/SystemConfig( 1137): ro.product.name = m53xnsxx
09-12 13:33:05.186 W/SystemConfig( 1137): fname = SCG11_jp_kdi
09-12 13:33:05.186 W/SystemConfig( 1137): ro.product.name = m53xnsxx
09-12 13:33:05.186 W/SystemConfig( 1137): fname = b2quew
09-12 13:33:05.186 W/SystemConfig( 1137): ro.product.name = m53xnsxx
09-12 13:33:05.186 W/SystemConfig( 1137): fname = b2qxxx
09-12 13:33:05.186 W/SystemConfig( 1137): ro.product.name = m53xnsxx
09-12 13:33:05.186 W/SystemConfig( 1137): fname = b2qcsx
09-12 13:33:05.186 W/SystemConfig( 1137): ro.product.name = m53xnsxx
09-12 13:33:05.186 W/SystemConfig( 1137): fname = b2qsqw
09-12 13:33:05.186 W/SystemConfig( 1137): ro.product.name = m53xnsxx
09-12 13:33:05.186 W/SystemConfig( 1137): fname = b2qzhx
09-12 13:33:05.186 W/SystemConfig( 1137): ro.product.name = m53xnsxx
09-12 13:33:05.186 W/SystemConfig( 1137): fname = b2qxser
09-12 13:33:05.186 W/SystemConfig( 1137): ro.product.name = m53xnsxx
09-12 13:33:05.186 W/SystemConfig( 1137): fname = b2qxtur
09-12 13:33:05.186 W/SystemConfig( 1137): ro.product.name = m53xnsxx
09-12 13:33:05.186 W/SystemConfig( 1137): fname = b2qxeea
09-12 13:33:05.186 W/SystemConfig( 1137): ro.product.name = m53xnsxx
09-12 13:33:05.186 W/SystemConfig( 1137): fname = b2qksx
09-12 13:33:05.186 W/SystemConfig( 1137): ro.product.name = m53xnsxx
09-12 13:33:05.186 W/SystemConfig( 1137): fname = SC-54B
09-12 13:33:05.186 W/SystemConfig( 1137): ro.product.name = m53xnsxx
09-12 13:33:05.186 W/SystemConfig( 1137): fname = SCG12_jp_kdi
09-12 13:33:05.186 W/SystemConfig( 1137): ro.product.name = m53xnsxx
09-12 13:33:05.186 W/SystemConfig( 1137): fname = a52qnstur
09-12 13:33:05.186 W/SystemConfig( 1137): ro.product.name = m53xnsxx
09-12 13:33:05.186 W/SystemConfig( 1137): fname = a52qnseea
09-12 13:33:05.186 W/SystemConfig( 1137): ro.product.name = m53xnsxx
09-12 13:33:05.186 W/SystemConfig( 1137): fname = a52qnsxx
09-12 13:33:05.186 W/SystemConfig( 1137): ro.product.name = m53xnsxx
09-12 13:33:05.186 W/SystemConfig( 1137): fname = a52qnsser
09-12 13:33:05.186 W/SystemConfig( 1137): ro.product.name = m53xnsxx
09-12 13:33:05.186 W/SystemConfig( 1137): fname = a52qub
09-12 13:33:05.186 W/SystemConfig( 1137): ro.product.name = m53xnsxx
09-12 13:33:05.186 W/SystemConfig( 1137): fname = a52xque
09-12 13:33:05.186 W/SystemConfig( 1137): ro.product.name = m53xnsxx
09-12 13:33:05.186 W/SystemConfig( 1137): fname = a52xqcs
09-12 13:33:05.186 W/SystemConfig( 1137): ro.product.name = m53xnsxx
09-12 13:33:05.186 W/SystemConfig( 1137): fname = a52xqnaeea
09-12 13:33:05.186 W/SystemConfig( 1137): ro.product.name = m53xnsxx
09-12 13:33:05.186 W/SystemConfig( 1137): fname = a52xqsq
09-12 13:33:05.186 W/SystemConfig( 1137): ro.product.name = m53xnsxx
09-12 13:33:05.186 W/SystemConfig( 1137): fname = a52xqzh
09-12 13:33:05.186 W/SystemConfig( 1137): ro.product.name = m53xnsxx
09-12 13:33:05.186 W/SystemConfig( 1137): fname = a52xqks
09-12 13:33:05.186 W/SystemConfig( 1137): ro.product.name = m53xnsxx
09-12 13:33:05.186 W/SystemConfig( 1137): fname = a52xqnaxx
09-12 13:33:05.186 W/SystemConfig( 1137): ro.product.name = m53xnsxx
09-12 13:33:05.186 W/SystemConfig( 1137): fname = SC-53B
09-12 13:33:05.186 W/SystemConfig( 1137): ro.product.name = m53xnsxx
09-12 13:33:05.186 W/SystemConfig( 1137): fname = a52sxqeea
09-12 13:33:05.186 W/SystemConfig( 1137): ro.product.name = m53xnsxx
09-12 13:33:05.186 W/SystemConfig( 1137): fname = a52sxqtur
09-12 13:33:05.186 W/SystemConfig( 1137): ro.product.name = m53xnsxx
09-12 13:33:05.186 W/SystemConfig( 1137): fname = a52sxqser
09-12 13:33:05.186 W/SystemConfig( 1137): ro.product.name = m53xnsxx
09-12 13:33:05.186 W/SystemConfig( 1137): fname = a52sxqzt
09-12 13:33:05.186 W/SystemConfig( 1137): ro.product.name = m53xnsxx
09-12 13:33:05.186 W/SystemConfig( 1137): fname = a52sxqxx
09-12 13:33:05.186 W/SystemConfig( 1137): ro.product.name = m53xnsxx
09-12 13:33:05.186 W/SystemConfig( 1137): fname = a52sxqks
09-12 13:33:05.186 W/SystemConfig( 1137): ro.product.name = m53xnsxx
09-12 13:33:05.186 W/SystemConfig( 1137): fname = r9sxtur
09-12 13:33:05.186 W/SystemConfig( 1137): ro.product.name = m53xnsxx
09-12 13:33:05.186 W/SystemConfig( 1137): fname = r9sxxx
09-12 13:33:05.186 W/SystemConfig( 1137): ro.product.name = m53xnsxx
09-12 13:33:05.186 W/SystemConfig( 1137): fname = r9qksx
09-12 13:33:05.186 W/SystemConfig( 1137): ro.product.name = m53xnsxx
09-12 13:33:05.186 W/SystemConfig( 1137): fname = r9qxeea
09-12 13:33:05.186 W/SystemConfig( 1137): ro.product.name = m53xnsxx
09-12 13:33:05.186 W/SystemConfig( 1137): fname = r9qxtur
09-12 13:33:05.186 W/SystemConfig( 1137): ro.product.name = m53xnsxx
09-12 13:33:05.186 W/SystemConfig( 1137): fname = r9qxser
09-12 13:33:05.186 W/SystemConfig( 1137): ro.product.name = m53xnsxx
09-12 13:33:05.186 W/SystemConfig( 1137): fname = r9qzh
09-12 13:33:05.186 W/SystemConfig( 1137): ro.product.name = m53xnsxx
09-12 13:33:05.186 W/SystemConfig( 1137): fname = r9quew
09-12 13:33:05.186 W/SystemConfig( 1137): ro.product.name = m53xnsxx
09-12 13:33:05.186 W/SystemConfig( 1137): fname = r9qxxx
09-12 13:33:05.186 W/SystemConfig( 1137): ro.product.name = m53xnsxx
09-12 13:33:05.186 W/SystemConfig( 1137): fname = r9qcsx
09-12 13:33:05.186 W/SystemConfig( 1137): ro.product.name = m53xnsxx
09-12 13:33:05.186 W/SystemConfig( 1137): fname = r9qsqw
09-12 13:33:05.186 W/SystemConfig( 1137): ro.product.name = m53xnsxx
09-12 13:33:05.186 W/SystemConfig( 1137): fname = r9q2xser
09-12 13:33:05.186 W/SystemConfig( 1137): ro.product.name = m53xnsxx
09-12 13:33:05.186 W/SystemConfig( 1137): fname = r9q2xxx
09-12 13:33:05.186 W/SystemConfig( 1137): ro.product.name = m53xnsxx
09-12 13:33:05.186 W/SystemConfig( 1137): fname = r9q2xeea
09-12 13:33:05.186 W/SystemConfig( 1137): ro.product.name = m53xnsxx
09-12 13:33:05.186 W/SystemConfig( 1137): fname = r9q2sqw
09-12 13:33:05.186 W/SystemConfig( 1137): ro.product.name = m53xnsxx
09-12 13:33:05.186 W/SystemConfig( 1137): fname = a32ub
09-12 13:33:05.186 W/SystemConfig( 1137): ro.product.name = m53xnsxx
09-12 13:33:05.186 W/SystemConfig( 1137): fname = a32ks
09-12 13:33:05.186 W/SystemConfig( 1137): ro.product.name = m53xnsxx
09-12 13:33:05.186 W/SystemConfig( 1137): fname = a32eea
09-12 13:33:05.186 W/SystemConfig( 1137): ro.product.name = m53xnsxx
09-12 13:33:05.186 W/SystemConfig( 1137): fname = a32tur
09-12 13:33:05.186 W/SystemConfig( 1137): ro.product.name = m53xnsxx
09-12 13:33:05.186 W/SystemConfig( 1137): fname = a32ser
09-12 13:33:05.187 W/SystemConfig( 1137): ro.product.name = m53xnsxx
09-12 13:33:05.187 W/SystemConfig( 1137): fname = a32xx
09-12 13:33:05.187 W/SystemConfig( 1137): ro.product.name = m53xnsxx
09-12 13:33:05.187 W/SystemConfig( 1137): fname = a32xxx
09-12 13:33:05.187 W/SystemConfig( 1137): ro.product.name = m53xnsxx
09-12 13:33:05.187 W/SystemConfig( 1137): fname = a32xcs
09-12 13:33:05.187 W/SystemConfig( 1137): ro.product.name = m53xnsxx
09-12 13:33:05.187 W/SystemConfig( 1137): fname = a32xeea
09-12 13:33:05.187 W/SystemConfig( 1137): ro.product.name = m53xnsxx
09-12 13:33:05.187 W/SystemConfig( 1137): fname = a32xue
09-12 13:33:05.187 W/SystemConfig( 1137): ro.product.name = m53xnsxx
09-12 13:33:05.187 W/SystemConfig( 1137): fname = a32xtfn
09-12 13:33:05.187 W/SystemConfig( 1137): ro.product.name = m53xnsxx
09-12 13:33:05.187 W/SystemConfig( 1137): fname = a32xzh
09-12 13:33:05.187 W/SystemConfig( 1137): ro.product.name = m53xnsxx
09-12 13:33:05.187 W/SystemConfig( 1137): fname = a32xsq
09-12 13:33:05.187 W/SystemConfig( 1137): ro.product.name = m53xnsxx
09-12 13:33:05.187 W/SystemConfig( 1137): fname = SCG08_jp_kdi
09-12 13:33:05.187 W/SystemConfig( 1137): ro.product.name = m53xnsxx
09-12 13:33:05.187 W/SystemConfig( 1137): fname = xcover5eea
09-12 13:33:05.187 W/SystemConfig( 1137): ro.product.name = m53xnsxx
09-12 13:33:05.187 W/SystemConfig( 1137): fname = xcover5ser
09-12 13:33:05.187 W/SystemConfig( 1137): ro.product.name = m53xnsxx
09-12 13:33:05.187 W/SystemConfig( 1137): fname = xcover5kx
09-12 13:33:05.187 W/SystemConfig( 1137): ro.product.name = m53xnsxx
09-12 13:33:05.187 W/SystemConfig( 1137): fname = xcover5xx
09-12 13:33:05.187 W/SystemConfig( 1137): ro.product.name = m53xnsxx
09-12 13:33:05.187 W/SystemConfig( 1137): fname = gts7fewifixx
09-12 13:33:05.187 W/SystemConfig( 1137): ro.product.name = m53xnsxx
09-12 13:33:05.187 W/SystemConfig( 1137): fname = gts7fewifitur
09-12 13:33:05.187 W/SystemConfig( 1137): ro.product.name = m53xnsxx
09-12 13:33:05.187 W/SystemConfig( 1137): fname = gts7fewifieea
09-12 13:33:05.187 W/SystemConfig( 1137): ro.product.name = m53xnsxx
09-12 13:33:05.187 W/SystemConfig( 1137): fname = gts7fewifiser
09-12 13:33:05.187 W/SystemConfig( 1137): ro.product.name = m53xnsxx
09-12 13:33:05.187 W/SystemConfig( 1137): fname = gts7xllitexx
09-12 13:33:05.187 W/SystemConfig( 1137): ro.product.name = m53xnsxx
09-12 13:33:05.187 W/SystemConfig( 1137): fname = gts7xlliteser
09-12 13:33:05.187 W/SystemConfig( 1137): ro.product.name = m53xnsxx
09-12 13:33:05.187 W/SystemConfig( 1137): fname = gts7xllitexeea
09-12 13:33:05.187 W/SystemConfig( 1137): ro.product.name = m53xnsxx
09-12 13:33:05.187 W/SystemConfig( 1137): fname = gts7xllitekx
09-12 13:33:05.187 W/SystemConfig( 1137): ro.product.name = m53xnsxx
09-12 13:33:05.187 W/SystemConfig( 1137): fname = gts7xllitetur
09-12 13:33:05.187 W/SystemConfig( 1137): ro.product.name = m53xnsxx
09-12 13:33:05.187 W/SystemConfig( 1137): fname = gts7xllitekxx
09-12 13:33:05.187 W/SystemConfig( 1137): ro.product.name = m53xnsxx
09-12 13:33:05.187 W/SystemConfig( 1137): fname = gts7xllitesqwnc
09-12 13:33:05.187 W/SystemConfig( 1137): ro.product.name = m53xnsxx
09-12 13:33:05.187 W/SystemConfig( 1137): fname = gts7xllitexxx
09-12 13:33:05.187 W/SystemConfig( 1137): ro.product.name = m53xnsxx
09-12 13:33:05.187 W/SystemConfig( 1137): fname = gts7xllitesqw
09-12 13:33:05.187 W/SystemConfig( 1137): ro.product.name = m53xnsxx
09-12 13:33:05.187 W/SystemConfig( 1137): fname = gts7xllitewifieea
09-12 13:33:05.187 W/SystemConfig( 1137): ro.product.name = m53xnsxx
09-12 13:33:05.187 W/SystemConfig( 1137): fname = gts7xllitewifixx
09-12 13:33:05.187 W/SystemConfig( 1137): ro.product.name = m53xnsxx
09-12 13:33:05.187 W/SystemConfig( 1137): fname = gts7xllitewifitur
09-12 13:33:05.187 W/SystemConfig( 1137): ro.product.name = m53xnsxx
09-12 13:33:05.187 W/SystemConfig( 1137): fname = gts7xllitewifiser
09-12 13:33:05.187 W/SystemConfig( 1137): ro.product.name = m53xnsxx
09-12 13:33:05.187 W/SystemConfig( 1137): fname = b0sxser
09-12 13:33:05.187 W/SystemConfig( 1137): ro.product.name = m53xnsxx
09-12 13:33:05.187 W/SystemConfig( 1137): fname = b0sxtur
09-12 13:33:05.187 W/SystemConfig( 1137): ro.product.name = m53xnsxx
09-12 13:33:05.187 W/SystemConfig( 1137): fname = b0sxxx
09-12 13:33:05.187 W/SystemConfig( 1137): ro.product.name = m53xnsxx
09-12 13:33:05.187 W/SystemConfig( 1137): fname = b0sxeea
09-12 13:33:05.187 W/SystemConfig( 1137): ro.product.name = m53xnsxx
09-12 13:33:05.187 W/SystemConfig( 1137): fname = b0sksx
09-12 13:33:05.187 W/SystemConfig( 1137): ro.product.name = m53xnsxx
09-12 13:33:05.187 W/SystemConfig( 1137): fname = b0qksx
09-12 13:33:05.187 W/SystemConfig( 1137): ro.product.name = m53xnsxx
09-12 13:33:05.187 W/SystemConfig( 1137): fname = b0quew
09-12 13:33:05.187 W/SystemConfig( 1137): ro.product.name = m53xnsxx
09-12 13:33:05.187 W/SystemConfig( 1137): fname = b0qcsx
09-12 13:33:05.187 W/SystemConfig( 1137): ro.product.name = m53xnsxx
09-12 13:33:05.187 W/SystemConfig( 1137): fname = b0qxxx
09-12 13:33:05.187 W/SystemConfig( 1137): ro.product.name = m53xnsxx
09-12 13:33:05.187 W/SystemConfig( 1137): fname = b0qsqw
09-12 13:33:05.187 W/SystemConfig( 1137): ro.product.name = m53xnsxx
09-12 13:33:05.187 W/SystemConfig( 1137): fname = b0qzhx
09-12 13:33:05.187 W/SystemConfig( 1137): ro.product.name = m53xnsxx
09-12 13:33:05.187 W/SystemConfig( 1137): fname = b0qxtur
09-12 13:33:05.187 W/SystemConfig( 1137): ro.product.name = m53xnsxx
09-12 13:33:05.187 W/SystemConfig( 1137): fname = SC-52C
09-12 13:33:05.187 W/SystemConfig( 1137): ro.product.name = m53xnsxx
09-12 13:33:05.187 W/SystemConfig( 1137): fname = SCG14_jp_kdi
09-12 13:33:05.187 W/SystemConfig( 1137): ro.product.name = m53xnsxx
09-12 13:33:05.187 W/SystemConfig( 1137): fname = r0sxxx
09-12 13:33:05.187 W/SystemConfig( 1137): ro.product.name = m53xnsxx
09-12 13:33:05.187 W/SystemConfig( 1137): fname = r0sxeea
09-12 13:33:05.187 W/SystemConfig( 1137): ro.product.name = m53xnsxx
09-12 13:33:05.187 W/SystemConfig( 1137): fname = r0sxtur
09-12 13:33:05.187 W/SystemConfig( 1137): ro.product.name = m53xnsxx
09-12 13:33:05.187 W/SystemConfig( 1137): fname = r0sxser
09-12 13:33:05.187 W/SystemConfig( 1137): ro.product.name = m53xnsxx
09-12 13:33:05.187 W/SystemConfig( 1137): fname = r0sksx
09-12 13:33:05.187 W/SystemConfig( 1137): ro.product.name = m53xnsxx
09-12 13:33:05.187 W/SystemConfig( 1137): fname = r0qksx
09-12 13:33:05.187 W/SystemConfig( 1137): ro.product.name = m53xnsxx
09-12 13:33:05.187 W/SystemConfig( 1137): fname = r0qxtur
09-12 13:33:05.187 W/SystemConfig( 1137): ro.product.name = m53xnsxx
09-12 13:33:05.187 W/SystemConfig( 1137): fname = r0qcsx
09-12 13:33:05.187 W/SystemConfig( 1137): ro.product.name = m53xnsxx
09-12 13:33:05.187 W/SystemConfig( 1137): fname = r0qzhx
09-12 13:33:05.187 W/SystemConfig( 1137): ro.product.name = m53xnsxx
09-12 13:33:05.187 W/SystemConfig( 1137): fname = r0quew
09-12 13:33:05.187 W/SystemConfig( 1137): ro.product.name = m53xnsxx
09-12 13:33:05.187 W/SystemConfig( 1137): fname = r0qsqw
09-12 13:33:05.187 W/SystemConfig( 1137): ro.product.name = m53xnsxx
09-12 13:33:05.187 W/SystemConfig( 1137): fname = r0qxxx
09-12 13:33:05.187 W/SystemConfig( 1137): ro.product.name = m53xnsxx
09-12 13:33:05.187 W/SystemConfig( 1137): fname = SC-51C
09-12 13:33:05.187 W/SystemConfig( 1137): ro.product.name = m53xnsxx
09-12 13:33:05.187 W/SystemConfig( 1137): fname = SCG13_jp_kdi
09-12 13:33:05.187 W/SystemConfig( 1137): ro.product.name = m53xnsxx
09-12 13:33:05.187 W/SystemConfig( 1137): fname = g0sxxx
09-12 13:33:05.187 W/SystemConfig( 1137): ro.product.name = m53xnsxx
09-12 13:33:05.187 W/SystemConfig( 1137): fname = g0sxtur
09-12 13:33:05.187 W/SystemConfig( 1137): ro.product.name = m53xnsxx
09-12 13:33:05.187 W/SystemConfig( 1137): fname = g0sxeea
09-12 13:33:05.187 W/SystemConfig( 1137): ro.product.name = m53xnsxx
09-12 13:33:05.187 W/SystemConfig( 1137): fname = g0sxser
09-12 13:33:05.187 W/SystemConfig( 1137): ro.product.name = m53xnsxx
09-12 13:33:05.187 W/SystemConfig( 1137): fname = g0sksx
09-12 13:33:05.187 W/SystemConfig( 1137): ro.product.name = m53xnsxx
09-12 13:33:05.187 W/SystemConfig( 1137): fname = g0qksx
09-12 13:33:05.187 W/SystemConfig( 1137): ro.product.name = m53xnsxx
09-12 13:33:05.187 W/SystemConfig( 1137): fname = g0quew
09-12 13:33:05.187 W/SystemConfig( 1137): ro.product.name = m53xnsxx
09-12 13:33:05.187 W/SystemConfig( 1137): fname = g0qxtur
09-12 13:33:05.187 W/SystemConfig( 1137): ro.product.name = m53xnsxx
09-12 13:33:05.187 W/SystemConfig( 1137): fname = g0qcsx
09-12 13:33:05.187 W/SystemConfig( 1137): ro.product.name = m53xnsxx
09-12 13:33:05.187 W/SystemConfig( 1137): fname = g0qxxx
09-12 13:33:05.187 W/SystemConfig( 1137): ro.product.name = m53xnsxx
09-12 13:33:05.187 W/SystemConfig( 1137): fname = g0qsqw
09-12 13:33:05.187 W/SystemConfig( 1137): ro.product.name = m53xnsxx
09-12 13:33:05.187 W/SystemConfig( 1137): fname = g0qzhx
09-12 13:33:05.187 W/SystemConfig( 1137): ro.product.name = m53xnsxx
09-12 13:33:05.187 W/SystemConfig( 1137): fname = gts8kxx
09-12 13:33:05.187 W/SystemConfig( 1137): ro.product.name = m53xnsxx
09-12 13:33:05.187 W/SystemConfig( 1137): fname = gts8keea
09-12 13:33:05.187 W/SystemConfig( 1137): ro.product.name = m53xnsxx
09-12 13:33:05.187 W/SystemConfig( 1137): fname = gts8xser
09-12 13:33:05.187 W/SystemConfig( 1137): ro.product.name = m53xnsxx
09-12 13:33:05.187 W/SystemConfig( 1137): fname = gts8xeea
09-12 13:33:05.187 W/SystemConfig( 1137): ro.product.name = m53xnsxx
09-12 13:33:05.188 W/SystemConfig( 1137): fname = gts8xxx
09-12 13:33:05.188 W/SystemConfig( 1137): ro.product.name = m53xnsxx
09-12 13:33:05.188 W/SystemConfig( 1137): fname = gts8sq
09-12 13:33:05.188 W/SystemConfig( 1137): ro.product.name = m53xnsxx
09-12 13:33:05.188 W/SystemConfig( 1137): fname = gts8wifiser
09-12 13:33:05.188 W/SystemConfig( 1137): ro.product.name = m53xnsxx
09-12 13:33:05.188 W/SystemConfig( 1137): fname = gts8wifitur
09-12 13:33:05.188 W/SystemConfig( 1137): ro.product.name = m53xnsxx
09-12 13:33:05.188 W/SystemConfig( 1137): fname = gts8wifixx
09-12 13:33:05.188 W/SystemConfig( 1137): ro.product.name = m53xnsxx
09-12 13:33:05.188 W/SystemConfig( 1137): fname = gts8wifieea
09-12 13:33:05.188 W/SystemConfig( 1137): ro.product.name = m53xnsxx
09-12 13:33:05.188 W/SystemConfig( 1137): fname = gts8pkxx
09-12 13:33:05.188 W/SystemConfig( 1137): ro.product.name = m53xnsxx
09-12 13:33:05.188 W/SystemConfig( 1137): fname = gts8psqw
09-12 13:33:05.188 W/SystemConfig( 1137): ro.product.name = m53xnsxx
09-12 13:33:05.188 W/SystemConfig( 1137): fname = gts8psqw
09-12 13:33:05.188 W/SystemConfig( 1137): ro.product.name = m53xnsxx
09-12 13:33:05.188 W/SystemConfig( 1137): fname = gts8pxser
09-12 13:33:05.188 W/SystemConfig( 1137): ro.product.name = m53xnsxx
09-12 13:33:05.188 W/SystemConfig( 1137): fname = gts8peea
09-12 13:33:05.188 W/SystemConfig( 1137): ro.product.name = m53xnsxx
09-12 13:33:05.188 W/SystemConfig( 1137): fname = gts8pxx
09-12 13:33:05.188 W/SystemConfig( 1137): ro.product.name = m53xnsxx
09-12 13:33:05.188 W/SystemConfig( 1137): fname = gts8pxeea
09-12 13:33:05.188 W/SystemConfig( 1137): ro.product.name = m53xnsxx
09-12 13:33:05.188 W/SystemConfig( 1137): fname = gts8pxxx
09-12 13:33:05.188 W/SystemConfig( 1137): ro.product.name = m53xnsxx
09-12 13:33:05.188 W/SystemConfig( 1137): fname = gts8psqwnc
09-12 13:33:05.188 W/SystemConfig( 1137): ro.product.name = m53xnsxx
09-12 13:33:05.188 W/SystemConfig( 1137): fname = gts8pwifitur
09-12 13:33:05.188 W/SystemConfig( 1137): ro.product.name = m53xnsxx
09-12 13:33:05.188 W/SystemConfig( 1137): fname = gts8pwifiser
09-12 13:33:05.188 W/SystemConfig( 1137): ro.product.name = m53xnsxx
09-12 13:33:05.188 W/SystemConfig( 1137): fname = gts8pwifixx
09-12 13:33:05.188 W/SystemConfig( 1137): ro.product.name = m53xnsxx
09-12 13:33:05.188 W/SystemConfig( 1137): fname = gts8pwifieea
09-12 13:33:05.188 W/SystemConfig( 1137): ro.product.name = m53xnsxx
09-12 13:33:05.188 W/SystemConfig( 1137): fname = gts8ukxx
09-12 13:33:05.188 W/SystemConfig( 1137): ro.product.name = m53xnsxx
09-12 13:33:05.188 W/SystemConfig( 1137): fname = gts8uxser
09-12 13:33:05.188 W/SystemConfig( 1137): ro.product.name = m53xnsxx
09-12 13:33:05.188 W/SystemConfig( 1137): fname = gts8uxeea
09-12 13:33:05.188 W/SystemConfig( 1137): ro.product.name = m53xnsxx
09-12 13:33:05.188 W/SystemConfig( 1137): fname = gts8uxxx
09-12 13:33:05.188 W/SystemConfig( 1137): ro.product.name = m53xnsxx
09-12 13:33:05.188 W/SystemConfig( 1137): fname = gts8uwifiser
09-12 13:33:05.188 W/SystemConfig( 1137): ro.product.name = m53xnsxx
09-12 13:33:05.188 W/SystemConfig( 1137): fname = gts8uwifitur
09-12 13:33:05.188 W/SystemConfig( 1137): ro.product.name = m53xnsxx
09-12 13:33:05.188 W/SystemConfig( 1137): fname = gts8uwifieea
09-12 13:33:05.188 W/SystemConfig( 1137): ro.product.name = m53xnsxx
09-12 13:33:05.188 W/SystemConfig( 1137): fname = gts8uwifixx
09-12 13:33:05.188 W/SystemConfig( 1137): ro.product.name = m53xnsxx
09-12 13:33:05.188 W/SystemConfig( 1137): fname = a33xnndxx
09-12 13:33:05.188 W/SystemConfig( 1137): ro.product.name = m53xnsxx
09-12 13:33:05.188 W/SystemConfig( 1137): fname = a33xnsdtur
09-12 13:33:05.188 W/SystemConfig( 1137): ro.product.name = m53xnsxx
09-12 13:33:05.188 W/SystemConfig( 1137): fname = a33xnsdxx
09-12 13:33:05.188 W/SystemConfig( 1137): ro.product.name = m53xnsxx
09-12 13:33:05.188 W/SystemConfig( 1137): fname = a33xnndx
09-12 13:33:05.188 W/SystemConfig( 1137): ro.product.name = m53xnsxx
09-12 13:33:05.188 W/SystemConfig( 1137): fname = a33xnsdx
09-12 13:33:05.188 W/SystemConfig( 1137): ro.product.name = m53xnsxx
09-12 13:33:05.188 W/SystemConfig( 1137): fname = a33xub
09-12 13:33:05.188 W/SystemConfig( 1137): ro.product.name = m53xnsxx
09-12 13:33:05.188 W/SystemConfig( 1137): fname = a33xks
09-12 13:33:05.188 W/SystemConfig( 1137): ro.product.name = m53xnsxx
09-12 13:33:05.188 W/SystemConfig( 1137): fname = a33xzh
09-12 13:33:05.188 W/SystemConfig( 1137): ro.product.name = m53xnsxx
09-12 13:33:05.188 W/SystemConfig( 1137): fname = a33xnsser
09-12 13:33:05.188 W/SystemConfig( 1137): ro.product.name = m53xnsxx
09-12 13:33:05.188 W/SystemConfig( 1137): fname = a33xnsxx
09-12 13:33:05.188 W/SystemConfig( 1137): ro.product.name = m53xnsxx
09-12 13:33:05.188 W/SystemConfig( 1137): fname = a33xnseea
09-12 13:33:05.188 W/SystemConfig( 1137): ro.product.name = m53xnsxx
09-12 13:33:05.188 W/SystemConfig( 1137): fname = a53xtfn
09-12 13:33:05.188 W/SystemConfig( 1137): ro.product.name = m53xnsxx
09-12 13:33:05.188 W/SystemConfig( 1137): fname = a53xzh
09-12 13:33:05.188 W/SystemConfig( 1137): ro.product.name = m53xnsxx
09-12 13:33:05.188 W/SystemConfig( 1137): fname = a53xcsx
09-12 13:33:05.188 W/SystemConfig( 1137): ro.product.name = m53xnsxx
09-12 13:33:05.188 W/SystemConfig( 1137): fname = a53xnaxx
09-12 13:33:05.188 W/SystemConfig( 1137): ro.product.name = m53xnsxx
09-12 13:33:05.188 W/SystemConfig( 1137): fname = a53xksx
09-12 13:33:05.188 W/SystemConfig( 1137): ro.product.name = m53xnsxx
09-12 13:33:05.188 W/SystemConfig( 1137): fname = a53xnsser
09-12 13:33:05.188 W/SystemConfig( 1137): ro.product.name = m53xnsxx
09-12 13:33:05.188 W/SystemConfig( 1137): fname = a53xnstur
09-12 13:33:05.188 W/SystemConfig( 1137): ro.product.name = m53xnsxx
09-12 13:33:05.188 W/SystemConfig( 1137): fname = a53xnsxx
09-12 13:33:05.188 W/SystemConfig( 1137): ro.product.name = m53xnsxx
09-12 13:33:05.188 W/SystemConfig( 1137): fname = a53xsqx
09-12 13:33:05.188 W/SystemConfig( 1137): ro.product.name = m53xnsxx
09-12 13:33:05.188 W/SystemConfig( 1137): fname = a53xsqw
09-12 13:33:05.188 W/SystemConfig( 1137): ro.product.name = m53xnsxx
09-12 13:33:05.188 W/SystemConfig( 1137): fname = a53xnaeea
09-12 13:33:05.188 W/SystemConfig( 1137): ro.product.name = m53xnsxx
09-12 13:33:05.188 W/SystemConfig( 1137): fname = a53xue
09-12 13:33:05.188 W/SystemConfig( 1137): ro.product.name = m53xnsxx
09-12 13:33:05.188 W/SystemConfig( 1137): fname = SC-53C
09-12 13:33:05.188 W/SystemConfig( 1137): ro.product.name = m53xnsxx
09-12 13:33:05.188 W/SystemConfig( 1137): fname = SCG15_jp_kdi
09-12 13:33:05.188 W/SystemConfig( 1137): ro.product.name = m53xnsxx
09-12 13:33:05.188 W/SystemConfig( 1137): fname = xcoverpro2tur
09-12 13:33:05.188 W/SystemConfig( 1137): ro.product.name = m53xnsxx
09-12 13:33:05.188 W/SystemConfig( 1137): fname = xcoverpro2eea
09-12 13:33:05.188 W/SystemConfig( 1137): ro.product.name = m53xnsxx
09-12 13:33:05.188 W/SystemConfig( 1137): fname = xcoverpro2xx
09-12 13:33:05.188 W/SystemConfig( 1137): ro.product.name = m53xnsxx
09-12 13:33:05.188 W/SystemConfig( 1137): fname = xcoverpro2sq
09-12 13:33:05.188 W/SystemConfig( 1137): ro.product.name = m53xnsxx
09-12 13:33:05.188 W/SystemConfig( 1137): fname = q4qzhx
09-12 13:33:05.188 W/SystemConfig( 1137): ro.product.name = m53xnsxx
09-12 13:33:05.188 W/SystemConfig( 1137): fname = q4qsqw
09-12 13:33:05.188 W/SystemConfig( 1137): ro.product.name = m53xnsxx
09-12 13:33:05.188 W/SystemConfig( 1137): fname = b4qsqw
09-12 13:33:05.188 W/SystemConfig( 1137): ro.product.name = m53xnsxx
09-12 13:33:05.189 I/SystemConfig( 1137): Reading permissions from
/product/etc/sysconfig/GoogleCellBroadcast_config.xml
09-12 13:33:05.189 E/SystemConfig( 1137): aer = false, f.getPath().contains = true
09-12 13:33:05.189 I/SystemConfig( 1137): Reading permissions from
/product/etc/sysconfig/carrierwifi-sysconfig.xml
09-12 13:33:05.189 I/SystemConfig( 1137): Reading permissions from
/product/etc/sysconfig/google-rollback-package-whitelist.xml
09-12 13:33:05.189 I/SystemConfig( 1137): Reading permissions from
/product/etc/sysconfig/google-staged-installer-whitelist.xml
09-12 13:33:05.190 I/SystemConfig( 1137): Reading permissions from
/product/etc/sysconfig/google.xml
09-12 13:33:05.190 I/SystemConfig( 1137): Adding association: com.google.android.as
<- com.android.bluetooth
09-12 13:33:05.190 I/SystemConfig( 1137): Adding association: com.google.android.as
<- com.android.providers.contacts
09-12 13:33:05.190 I/SystemConfig( 1137): Adding association: com.google.android.as
<- com.android.providers.media
09-12 13:33:05.190 I/SystemConfig( 1137): Adding association: com.google.android.as
<- com.android.providers.telephony
09-12 13:33:05.190 I/SystemConfig( 1137): Adding association: com.google.android.as
<- com.android.systemui
09-12 13:33:05.190 I/SystemConfig( 1137): Adding association: com.google.android.as
<- com.google.android.providers.media.module
09-12 13:33:05.190 I/SystemConfig( 1137): Adding association: com.google.android.as
<- com.google.android.as.oss
09-12 13:33:05.190 I/SystemConfig( 1137): Adding association:
com.google.android.as.oss <- com.google.android.as
09-12 13:33:05.190 I/SystemConfig( 1137): Reading permissions from
/product/etc/sysconfig/google_am.xml
09-12 13:33:05.190 I/SystemConfig( 1137): Reading permissions from
/product/etc/sysconfig/google_dps.xml
09-12 13:33:05.190 I/SystemConfig( 1137): Adding association: com.google.android.as
<- com.android.bluetooth
09-12 13:33:05.190 I/SystemConfig( 1137): Adding association: com.google.android.as
<- com.android.providers.contacts
09-12 13:33:05.190 I/SystemConfig( 1137): Adding association: com.google.android.as
<- com.android.providers.media
09-12 13:33:05.190 I/SystemConfig( 1137): Adding association: com.google.android.as
<- com.android.providers.telephony
09-12 13:33:05.190 I/SystemConfig( 1137): Adding association: com.google.android.as
<- com.android.systemui
09-12 13:33:05.190 I/SystemConfig( 1137): Adding association: com.google.android.as
<- com.google.android.providers.media.module
09-12 13:33:05.190 I/SystemConfig( 1137): Adding association: com.google.android.as
<- com.google.android.as.oss
09-12 13:33:05.190 I/SystemConfig( 1137): Adding association:
com.google.android.as.oss <- com.google.android.as
09-12 13:33:05.190 I/SystemConfig( 1137): Reading permissions from
/product/etc/sysconfig/google_duo.xml
09-12 13:33:05.191 I/SystemConfig( 1137): Reading permissions from
/product/etc/sysconfig/google_turbo.xml
09-12 13:33:05.191 I/SystemConfig( 1137): Reading permissions from
/product/etc/sysconfig/preinstalled-packages-platform-handheld-product.xml
09-12 13:33:05.191 I/SystemConfig( 1137): Reading permissions from
/product/etc/sysconfig/preinstalled-packages-platform-overlays.xml
09-12 13:33:05.192 I/SystemConfig( 1137): Reading permissions from
/product/etc/sysconfig/wellbeing.xml
09-12 13:33:05.192 I/SystemConfig( 1137): Reading permissions from
/product/etc/permissions/carrierwifi.xml
09-12 13:33:05.192 I/SystemConfig( 1137): Reading permissions from
/product/etc/permissions/privapp-permissions-google-comms-suite.xml
09-12 13:33:05.193 I/SystemConfig( 1137): Reading permissions from
/product/etc/permissions/privapp-permissions-google-product.xml
09-12 13:33:05.195 I/SystemConfig( 1137): Reading permissions from
/product/etc/permissions/product-permissions-mediatek.xml
09-12 13:33:05.196 I/SystemConfig( 1137): Reading permissions from
/product/etc/permissions/split-permissions-google.xml
09-12 13:33:05.196 I/SystemConfig( 1137): Reading permissions from
/product/etc/permissions/turboapk-permissions.xml
09-12 13:33:05.196 W/SystemConfig( 1137): No directory /system_ext/etc/sysconfig,
skipping
09-12 13:33:05.197 I/SystemConfig( 1137): Reading permissions from
/system_ext/etc/permissions/com.android.carrierconfig.xml
09-12 13:33:05.197 I/SystemConfig( 1137): Reading permissions from
/system_ext/etc/permissions/com.android.emergency.xml
09-12 13:33:05.197 I/SystemConfig( 1137): Reading permissions from
/system_ext/etc/permissions/com.android.storagemanager.xml
09-12 13:33:05.198 I/SystemConfig( 1137): Reading permissions from
/system_ext/etc/permissions/com.android.systemui.xml
09-12 13:33:05.198 I/SystemConfig( 1137): Reading permissions from
/system_ext/etc/permissions/com.samsung.systemui.xml
09-12 13:33:05.198 I/SystemConfig( 1137): Reading permissions from
/system_ext/etc/permissions/privapp-permissions-google-system-ext.xml
09-12 13:33:05.199 I/SystemConfig( 1137): Reading permissions from
/system_ext/etc/permissions/system-ext-permissions-mediatek.xml
09-12 13:33:05.199 W/SystemConfig( 1137): No directory /system/carrier/sysconfig,
skipping
09-12 13:33:05.199 W/SystemConfig( 1137): No directory /system/carrier/permissions,
skipping
09-12 13:33:05.200 I/SystemConfig( 1137): Reading permissions from
/prism/etc/carriers/single/ZTO/sysconfig/whitelist_com.dti.samsung.xml
09-12 13:33:05.200 I/SystemConfig( 1137): Reading permissions from
/prism/etc/carriers/single/ZTO/permissions/privapp-permissions-com.dti.samsung.xml
09-12 13:33:05.201 I/SystemConfig( 1137): Reading permissions from
/apex/com.android.tethering/etc/permissions/permissions.xml
09-12 13:33:05.201 W/SystemConfig( 1137): <privapp-permissions> not allowed in
partition of /apex/com.android.tethering/etc/permissions/permissions.xml at
START_TAG <privapp-permissions package='com.android.networkstack.tethering'>@19:71
in java.io.FileReader@466c1ff
09-12 13:33:05.202 I/SystemConfig( 1137): Reading permissions from
/apex/com.android.ipsec/etc/permissions/android.net.ipsec.ike.xml
09-12 13:33:05.204 D/SystemConfig( 1137): readAllPermissions took to complete: 94ms
09-12 13:33:05.204 D/SystemServerTimingAsync( 1137):
InitThreadPoolExec:ReadingSystemConfig took to complete: 94ms
09-12 13:33:05.206 D/BatteryDump( 872): wait_for_battery_event : occurred :
add@/devices/virtual/wakeup/wakeup71
09-12 13:33:05.206 D/BatteryDump( 872): wait_for_battery_event : occurred :
add@/devices/virtual/wakeup/wakeup72
09-12 13:33:05.206 D/BatteryDump( 872): wait_for_battery_event : occurred :
add@/devices/virtual/wakeup/wakeup73
09-12 13:33:05.206 D/BatteryDump( 872): wait_for_battery_event : occurred :
add@/devices/virtual/wakeup/wakeup74
09-12 13:33:05.209 I/PerProcessNandswap( 1137): Static Initialization of
PerProcessNandswap
09-12 13:33:05.209 I/PerProcessNandswap( 1137): createInstance start
09-12 13:33:05.210 I/ActivityManager( 1137): Connection with lmkd established
09-12 13:33:05.210 I/lmkd ( 569): lmkd data connection established
09-12 13:33:05.211 I/DHA_PROPERTY( 1137): highRes_MaxCached : 16
normalRes_MaxCached : 20
09-12 13:33:05.211 I/DHA_PROPERTY( 1137): DHA STEP 2
09-12 13:33:05.211 I/DHA_PROPERTY( 1137): DHA TH RATE 2.0
09-12 13:33:05.211 I/DHA_PROPERTY( 1137): DHA mSzDHAThreshold 33554432
09-12 13:33:05.211 I/DHA_PROPERTY( 1137): DHA DHA_INCREASE_THRESHOLD 2097152
09-12 13:33:05.211 I/CameraManagerGlobal( 1137):
unregisterCameraDeviceStateCallback
09-12 13:33:05.211 I/CameraManagerGlobal( 1137): registerCameraDeviceStateCallback
09-12 13:33:05.211 I/CameraManagerGlobal( 1137): Connecting to camera service
09-12 13:33:05.215 D/ActivityManager_KPM( 1137): Current Launcher:
com.sec.android.app.launcher
09-12 13:33:05.216 D/IAFDDBManager( 1137): mDBInitReTryCnt=1
09-12 13:33:05.216 I/ActivityManager( 1137): SwappinessController() - default
value: 130
09-12 13:33:05.216 I/ActivityManager_KPM( 1137): KillPolicyManager()
09-12 13:33:05.216 I/ActivityManager_KPM( 1137): initKillPolicyManager()
09-12 13:33:05.219 D/BatteryStatsImpl( 1137): Reading daily items from
/data/system/batterystats-daily.xml
09-12 13:33:05.220 I/hwservicemanager( 571): getTransport: Cannot find entry
[email protected]::IPowerStats/default in either framework or device
VINTF manifest.
09-12 13:33:05.221 E/BatteryStatsService( 1137): Unable to load Power.Stats.HAL.
Setting rail availability to false
09-12 13:33:05.221 E/BluetoothAdapter( 1137): Bluetooth binder is null
09-12 13:33:05.221 D/BatteryExternalStatsWorker( 1137): update stats : write (63)
09-12 13:33:05.221 I/KernelCpuUidFreqTimeReader( 1137):
mPerClusterTimesAvailable=true
09-12 13:33:05.222 W/KernelCpuUidFreqTimeBpfMapReader( 1137): Failed to start
tracking
09-12 13:33:05.223 W/KernelCpuUidActiveTimeBpfMapReader( 1137): Failed to start
tracking
09-12 13:33:05.223 W/KernelCpuUidClusterTimeBpfMapReader( 1137): Failed to start
tracking
09-12 13:33:05.223 E/system_server( 1137): Cannot read thread CPU times for PID
1137
09-12 13:33:05.243 W/KernelMemoryBandwidthStats( 1137): No kernel memory bandwidth
stats available
09-12 13:33:05.243 D/BatteryExternalStatsWorker( 1137): done
updateExternalStatsLocked
09-12 13:33:05.252 I/AppOps ( 1137): No existing app ops /data/system/appops.xml;
starting empty
09-12 13:33:05.254 I/IntentFirewall( 1137): Read new rules (A:0 B:0 S:0)
09-12 13:33:05.261 D/CoreStateObserverController( 1137): CoreStateController()
09-12 13:33:05.266 V/ActivityManagerServiceExt( 1137): ActivityManagerServiceExt ::
created
09-12 13:33:05.268 D/FreecessController( 1137): freezer.state == FROZEN
09-12 13:33:05.272 I/servicemanager( 570): Adding 'u:r:system_server:s0' service
(batterystats:1137)
09-12 13:33:05.272 I/servicemanager( 570): Adding 'u:r:system_server:s0' service
(appops:1137)
09-12 13:33:05.272 D/AppOps ( 1137): AppOpsService published
09-12 13:33:05.273 D/SystemServerTiming( 1137): StartActivityManager took to
complete: 108ms
09-12 13:33:05.273 I/SystemServerTiming( 1137): StartDataLoaderManagerService
09-12 13:33:05.273 I/SystemServiceManager( 1137): Starting
com.android.server.pm.DataLoaderManagerService
09-12 13:33:05.274 I/servicemanager( 570): Adding 'u:r:system_server:s0' service
(dataloader_manager:1137)
09-12 13:33:05.274 D/SystemServerTiming( 1137): StartDataLoaderManagerService took
to complete: 0ms
09-12 13:33:05.274 I/SystemServerTiming( 1137): StartIncrementalService
09-12 13:33:05.277 I/incfs-mounts( 1137): [incfs] Loaded incremental-fs mount info:
0 instances, 0 mount points
09-12 13:33:05.277 I/servicemanager( 570): Adding 'u:r:system_server:s0' service
(incremental:1137)
09-12 13:33:05.277 D/SystemServerTiming( 1137): StartIncrementalService took to
complete: 4ms
09-12 13:33:05.277 I/SystemServerTiming( 1137): StartPowerManager
09-12 13:33:05.277 I/SystemServiceManager( 1137): Starting
com.android.server.power.PowerManagerService
09-12 13:33:05.282 D/PowerManagerService( 1137): [PWL] sb acquire:
PowerManagerService.Display
09-12 13:33:05.283 D/PowerManagerService( 1137): Setting HAL interactive mode to
true
09-12 13:33:05.283 I/servicemanager( 570): Found
android.hardware.power.IPower/default in device VINTF manifest.
09-12 13:33:05.283 I/mtkpower@impl( 884): [isModeSupported] supported:7
09-12 13:33:05.284 I/mtkpower@impl( 884): [setMode] type:7, enabled:1
09-12 13:33:05.284 I/mtkpower@impl( 884): [setMode] Restore All
09-12 13:33:05.284 I/libPowerHal( 884): [perfUserScnRestoreAll]
09-12 13:33:05.284 I/PowerManagerService-JNI( 1137): Loaded misc power HAL service
09-12 13:33:05.285 I/Sec MiscPowerHAL( 892): !@sysfs_write +:
/sys/class/sec/tsp/input/enabled: 1
09-12 13:33:05.285 I/Sec MiscPowerHAL( 892): !@sysfs_write +:
/sys/class/power_supply/battery/lcd: 1
09-12 13:33:05.285 I/Sec MiscPowerHAL( 892): !@sysfs_write -:
/sys/class/sec/tsp/input/enabled: 1
09-12 13:33:05.285 I/Sec MiscPowerHAL( 892): !@sysfs_write -:
/sys/class/power_supply/battery/lcd: 1
09-12 13:33:05.285 I/hw-BpHwBinder( 571): onLastStrongRef automatically unlinking
death recipients
09-12 13:33:05.286 I/mtkpower@impl( 884): [setMode] type:7, enabled:1
09-12 13:33:05.286 I/mtkpower@impl( 884): [setMode] Restore All
09-12 13:33:05.286 I/libPowerHal( 884): [perfUserScnRestoreAll]
09-12 13:33:05.286 I/mtkpower@impl( 884): [isModeSupported] supported:0
09-12 13:33:05.286 I/mtkpower@impl( 884): [setMode] type:0, enabled:0
09-12 13:33:05.286 E/mtkpower@impl( 884): [setMode] unknown type
09-12 13:33:05.287 I/servicemanager( 570): Adding 'u:r:system_server:s0' service
(power:1137)
09-12 13:33:05.287 D/SystemServerTiming( 1137): StartPowerManager took to complete:
10ms
09-12 13:33:05.287 I/SystemServerTiming( 1137): StartThermalManager
09-12 13:33:05.287 I/SystemServiceManager( 1137): Starting
com.android.server.power.ThermalManagerService
09-12 13:33:05.288 I/servicemanager( 570): Adding 'u:r:system_server:s0' service
(thermalservice:1137)
09-12 13:33:05.288 D/SystemServerTiming( 1137): StartThermalManager took to
complete: 0ms
09-12 13:33:05.288 I/SystemServerTiming( 1137): StartHintManager
09-12 13:33:05.288 I/SystemServiceManager( 1137): Starting
com.android.server.power.hint.HintManagerService
09-12 13:33:05.288 I/servicemanager( 570): Adding 'u:r:system_server:s0' service
(performance_hint:1137)
09-12 13:33:05.288 D/SystemServerTiming( 1137): StartHintManager took to complete:
1ms
09-12 13:33:05.288 I/SystemServerTiming( 1137): InitPowerManagement
09-12 13:33:05.288 D/PowerManagerService( 1137): [api]
registerLowPowerModeObserver: com.android.server.am.BatteryStatsService@8ddee6f
(uid: 1000 pid: 1137)
09-12 13:33:05.289 D/SystemServerTiming( 1137): InitPowerManagement took to
complete: 0ms
09-12 13:33:05.289 I/SystemServerTiming( 1137): VaultKeeperService
09-12 13:33:05.289 I/SystemServiceManager( 1137): Starting
com.android.server.VaultKeeperService$LifeCycle
09-12 13:33:05.289 D/VaultKeeperService$Lifecycle( 1137): onStart()
09-12 13:33:05.293 I/servicemanager( 570): Adding 'u:r:system_server:s0' service
(VaultKeeperService:1137)
09-12 13:33:05.293 D/SystemServerTiming( 1137): VaultKeeperService took to
complete: 5ms
09-12 13:33:05.293 I/SystemServerTiming( 1137): PACMService
09-12 13:33:05.293 I/SystemServiceManager( 1137): Starting
com.android.server.PACMService
09-12 13:33:05.304 I/PACMService( 1137): Success to start PACM Service(S-ver :
10.6.0/ P-ver : 1)
09-12 13:33:05.304 D/PACMService( 1137): onStart()
09-12 13:33:05.304 D/SystemServerTiming( 1137): PACMService took to complete: 11ms
09-12 13:33:05.304 I/SystemServerTiming( 1137): StartRecoverySystemService
09-12 13:33:05.304 I/SystemServiceManager( 1137): Starting
com.android.server.recoverysystem.RecoverySystemService$Lifecycle
09-12 13:33:05.305 D/PACMSOCKET( 1137): [v.1] Ready to connect.
09-12 13:33:05.305 I/servicemanager( 570): Adding 'u:r:system_server:s0' service
(recovery:1137)
09-12 13:33:05.305 D/SystemServerTiming( 1137): StartRecoverySystemService took to
complete: 1ms
09-12 13:33:05.305 I/PackageWatchdog( 1137): Syncing state, reason: added new
observer
09-12 13:33:05.305 I/PackageWatchdog( 1137): Not pruning observers, elapsed time:
0ms
09-12 13:33:05.305 I/PackageWatchdog( 1137): Cancelling state sync, nothing to sync
09-12 13:33:05.305 I/PackageWatchdog( 1137): Saving observer state to file
09-12 13:33:05.306 I/SystemServerTiming( 1137): StartLightsService
09-12 13:33:05.306 I/SystemServiceManager( 1137): Starting
com.android.server.lights.LightsService
09-12 13:33:05.308 I/servicemanager( 570): Found
android.hardware.light.ILights/default in device VINTF manifest.
09-12 13:33:05.309 I/servicemanager( 570): Found
android.hardware.light.ILights/default in device VINTF manifest.
09-12 13:33:05.311 W/Binder ( 1137): Outgoing transactions from this process must
be FLAG_ONEWAY
09-12 13:33:05.311 W/Binder ( 1137): java.lang.Throwable
09-12 13:33:05.311 W/Binder ( 1137): at
android.os.BinderProxy.transact(BinderProxy.java:545)
09-12 13:33:05.311 W/Binder ( 1137): at
vendor.samsung.hardware.light.ISehLights$Stub$Proxy.getLights(ISehLights.java:181)
09-12 13:33:05.311 W/Binder ( 1137): at
com.android.server.lights.LightsService.populateAvailableLightsFromAidl(LightsServi
ce.java:821)
09-12 13:33:05.311 W/Binder ( 1137): at
com.android.server.lights.LightsService.populateAvailableLights(LightsService.java:
801)
09-12 13:33:05.311 W/Binder ( 1137): at
com.android.server.lights.LightsService.<init>(LightsService.java:750)
09-12 13:33:05.311 W/Binder ( 1137): at
com.android.server.lights.LightsService.<init>(LightsService.java:738)
09-12 13:33:05.311 W/Binder ( 1137): at
java.lang.reflect.Constructor.newInstance0(Native Method)
09-12 13:33:05.311 W/Binder ( 1137): at
java.lang.reflect.Constructor.newInstance(Constructor.java:343)
09-12 13:33:05.311 W/Binder ( 1137): at
com.android.server.SystemServiceManager.startService(SystemServiceManager.java:194)
09-12 13:33:05.311 W/Binder ( 1137): at
com.android.server.SystemServer.startBootstrapServices(SystemServer.java:1518)
09-12 13:33:05.311 W/Binder ( 1137): at
com.android.server.SystemServer.run(SystemServer.java:1226)
09-12 13:33:05.311 W/Binder ( 1137): at
com.android.server.SystemServer.main(SystemServer.java:951)
09-12 13:33:05.311 W/Binder ( 1137): at java.lang.reflect.Method.invoke(Native
Method)
09-12 13:33:05.311 W/Binder ( 1137): at
com.android.internal.os.RuntimeInit$MethodAndArgsCaller.run(RuntimeInit.java:571)
09-12 13:33:05.311 W/Binder ( 1137): at
com.android.internal.os.ZygoteInit.main(ZygoteInit.java:1113)
09-12 13:33:05.311 I/vendor.samsung.hardware.light-service( 882): sehGetLights
09-12 13:33:05.311 I/SehLight( 882): getLightsInternal
09-12 13:33:05.311 I/SehLight( 882): getLightsInternal : 0
09-12 13:33:05.312 D/PowerManagerUtil( 1137): fileExist
/sys/class/sec/led/led_lowpower: false
09-12 13:33:05.312 D/LightsService( 1137): [SvcLED] mUseSoftwareAutoBrightness:
true, mUseLEDAutoBrightness: false, mDelayForcedSvcLEDTask: 0, mUsePatternLED:
true
09-12 13:33:05.313 I/servicemanager( 570): Adding 'u:r:system_server:s0' service
(lights:1137)
09-12 13:33:05.313 D/SystemServerTiming( 1137): StartLightsService took to
complete: 6ms
09-12 13:33:05.313 I/SystemServerTiming( 1137): StartPdpService
09-12 13:33:05.313 I/SystemServiceManager( 1137): Starting
com.android.server.pdp.PdpService
09-12 13:33:05.313 D/PdpService( 1137): [PDP] onStart
09-12 13:33:05.313 D/SystemServerTiming( 1137): StartPdpService took to complete:
1ms
09-12 13:33:05.313 I/SystemServerTiming( 1137): StartSidekickService
09-12 13:33:05.313 D/SystemServerTiming( 1137): StartSidekickService took to
complete: 0ms
09-12 13:33:05.313 I/SystemServerTiming( 1137): StartDisplayManager
09-12 13:33:05.313 I/SystemServiceManager( 1137): Starting
com.android.server.display.DisplayManagerService
09-12 13:33:05.318 I/servicemanager( 570): Adding 'u:r:system_server:s0' service
(display:1137)
09-12 13:33:05.318 D/SystemServerTiming( 1137): StartDisplayManager took to
complete: 5ms
09-12 13:33:05.318 I/SystemServerTiming( 1137): WaitForDisplay
09-12 13:33:05.318 I/SystemServer( 1137): !@Boot_EBS_D:
PHASE_WAIT_FOR_DEFAULT_DISPLAY
09-12 13:33:05.318 I/SystemServiceManager( 1137): Starting phase 100
09-12 13:33:05.318 I/SystemServerTiming( 1137): OnBootPhase_100
09-12 13:33:05.318 I/SystemServerTiming( 1137):
OnBootPhase_100_com.android.server.security.FileIntegrityService
09-12 13:33:05.318 D/SystemServerTiming( 1137):
OnBootPhase_100_com.android.server.security.FileIntegrityService took to complete:
0ms
09-12 13:33:05.318 I/SystemServerTiming( 1137):
OnBootPhase_100_com.android.server.pm.Installer
09-12 13:33:05.318 D/SystemServerTiming( 1137):
OnBootPhase_100_com.android.server.pm.Installer took to complete: 0ms
09-12 13:33:05.318 I/SystemServerTiming( 1137):
OnBootPhase_100_com.android.server.os.DeviceIdentifiersPolicyService
09-12 13:33:05.318 D/SystemServerTiming( 1137):
OnBootPhase_100_com.android.server.os.DeviceIdentifiersPolicyService took to
complete: 0ms
09-12 13:33:05.318 I/SystemServerTiming( 1137):
OnBootPhase_100_com.android.server.uri.UriGrantsManagerService$Lifecycle
09-12 13:33:05.318 D/SystemServerTiming( 1137):
OnBootPhase_100_com.android.server.uri.UriGrantsManagerService$Lifecycle took to
complete: 0ms
09-12 13:33:05.318 I/SystemServerTiming( 1137):
OnBootPhase_100_com.android.server.powerstats.PowerStatsService
09-12 13:33:05.318 D/SystemServerTiming( 1137):
OnBootPhase_100_com.android.server.powerstats.PowerStatsService took to complete:
0ms
09-12 13:33:05.318 I/SystemServerTiming( 1137):
OnBootPhase_100_com.android.server.wm.ActivityTaskManagerService$Lifecycle
09-12 13:33:05.318 D/SystemServerTiming( 1137):
OnBootPhase_100_com.android.server.wm.ActivityTaskManagerService$Lifecycle took to
complete: 0ms
09-12 13:33:05.318 I/SystemServerTiming( 1137):
OnBootPhase_100_com.android.server.am.ActivityManagerService$Lifecycle
09-12 13:33:05.318 D/SystemServerTiming( 1137):
OnBootPhase_100_com.android.server.am.ActivityManagerService$Lifecycle took to
complete: 0ms
09-12 13:33:05.318 I/SystemServerTiming( 1137):
OnBootPhase_100_com.android.server.pm.DataLoaderManagerService
09-12 13:33:05.318 D/SystemServerTiming( 1137):
OnBootPhase_100_com.android.server.pm.DataLoaderManagerService took to complete:
0ms
09-12 13:33:05.318 I/SystemServerTiming( 1137):
OnBootPhase_100_com.android.server.power.PowerManagerService
09-12 13:33:05.318 D/SystemServerTiming( 1137):
OnBootPhase_100_com.android.server.power.PowerManagerService took to complete: 0ms
09-12 13:33:05.318 I/SystemServerTiming( 1137):
OnBootPhase_100_com.android.server.power.ThermalManagerService
09-12 13:33:05.318 D/SystemServerTiming( 1137):
OnBootPhase_100_com.android.server.power.ThermalManagerService took to complete:
0ms
09-12 13:33:05.318 I/SystemServerTiming( 1137):
OnBootPhase_100_com.android.server.power.hint.HintManagerService
09-12 13:33:05.318 D/SystemServerTiming( 1137):
OnBootPhase_100_com.android.server.power.hint.HintManagerService took to complete:
0ms
09-12 13:33:05.318 I/SystemServerTiming( 1137):
OnBootPhase_100_com.android.server.VaultKeeperService$LifeCycle
09-12 13:33:05.319 D/VaultKeeperService$Lifecycle( 1137):
[PHASE_WAIT_FOR_DEFAULT_DISPLAY]
09-12 13:33:05.319 I/VaultKeeperService( 1137): System is ready
09-12 13:33:05.319 D/SystemServerTiming( 1137):
OnBootPhase_100_com.android.server.VaultKeeperService$LifeCycle took to complete:
0ms
09-12 13:33:05.319 I/SystemServerTiming( 1137):
OnBootPhase_100_com.android.server.PACMService
09-12 13:33:05.319 D/SystemServerTiming( 1137):
OnBootPhase_100_com.android.server.PACMService took to complete: 0ms
09-12 13:33:05.319 I/SystemServerTiming( 1137):
OnBootPhase_100_com.android.server.recoverysystem.RecoverySystemService$Lifecycle
09-12 13:33:05.319 D/SystemServerTiming( 1137):
OnBootPhase_100_com.android.server.recoverysystem.RecoverySystemService$Lifecycle
took to complete: 0ms
09-12 13:33:05.319 I/SystemServerTiming( 1137):
OnBootPhase_100_com.android.server.lights.LightsService
09-12 13:33:05.319 D/SystemServerTiming( 1137):
OnBootPhase_100_com.android.server.lights.LightsService took to complete: 0ms
09-12 13:33:05.319 I/SystemServerTiming( 1137):
OnBootPhase_100_com.android.server.pdp.PdpService
09-12 13:33:05.319 D/SystemServerTiming( 1137):
OnBootPhase_100_com.android.server.pdp.PdpService took to complete: 0ms
09-12 13:33:05.319 I/SystemServerTiming( 1137):
OnBootPhase_100_com.android.server.display.DisplayManagerService
09-12 13:33:05.319 E/HWComposer( 945): getSupportedContentTypes:
getSupportedContentTypes failed for display 0: Unsupported (8)
09-12 13:33:05.324 D/DisplayDeviceConfig( 1137): i : 0 mBacklight[i] : 0.0
mBrightness[i] : 0.0
09-12 13:33:05.324 D/DisplayDeviceConfig( 1137): i : 1 mBacklight[i] : 0.0039215684
mBrightness[i] : 0.0039215684
09-12 13:33:05.324 D/DisplayDeviceConfig( 1137): i : 2 mBacklight[i] : 0.007843137
mBrightness[i] : 0.007843137
09-12 13:33:05.324 D/DisplayDeviceConfig( 1137): i : 3 mBacklight[i] : 0.011764706
mBrightness[i] : 0.011764706
09-12 13:33:05.324 D/DisplayDeviceConfig( 1137): i : 4 mBacklight[i] : 0.015686274
mBrightness[i] : 0.015686274
09-12 13:33:05.324 D/DisplayDeviceConfig( 1137): i : 5 mBacklight[i] : 0.019607844
mBrightness[i] : 0.019607844
09-12 13:33:05.324 D/DisplayDeviceConfig( 1137): i : 6 mBacklight[i] : 0.023529412
mBrightness[i] : 0.023529412
09-12 13:33:05.324 D/DisplayDeviceConfig( 1137): i : 7 mBacklight[i] : 0.02745098
mBrightness[i] : 0.02745098
09-12 13:33:05.324 D/DisplayDeviceConfig( 1137): i : 8 mBacklight[i] : 0.031372547
mBrightness[i] : 0.031372547
09-12 13:33:05.324 D/DisplayDeviceConfig( 1137): i : 9 mBacklight[i] : 0.03529412
