08-13 06:19:21.306 D/CompatConfig( 1383): Adding:
com.android.server.compat.config.Change@eb867ec
08-13 06:19:21.306 I/SystemConfig( 1383): Reading permissions from
/system/etc/permissions/privapp-permissions-com.samsung.android.incallui.xml
08-13 06:19:21.306 D/CompatConfig( 1383): Adding:
com.android.server.compat.config.Change@b657b5
08-13 06:19:21.306 I/SystemConfig( 1383): Reading permissions from
/system/etc/permissions/privapp-permissions-com.samsung.android.ipsgeofence.xml
08-13 06:19:21.307 D/CompatConfig( 1383): Adding:
com.android.server.compat.config.Change@9f2f1bb
08-13 06:19:21.307 I/SystemConfig( 1383): Reading permissions from
/system/etc/permissions/privapp-permissions-com.samsung.android.kgclient.xml
08-13 06:19:21.307 D/CompatConfig( 1383): Adding:
com.android.server.compat.config.Change@c41ba31
08-13 06:19:21.307 I/SystemConfig( 1383): Reading permissions from
/system/etc/permissions/privapp-permissions-
com.samsung.android.localeoverlaymanager.xml
08-13 06:19:21.307 D/CompatConfig( 1383): Adding:
com.android.server.compat.config.Change@9d4ee97
08-13 06:19:21.307 I/SystemConfig( 1383): Reading permissions from
/system/etc/permissions/privapp-permissions-com.samsung.android.lool.xml
08-13 06:19:21.307 D/CompatConfig( 1383): Found a config file:
/system/etc/compatconfig/calendar-provider-compat-config.xml
08-13 06:19:21.307 I/SystemConfig( 1383): Reading permissions from
/system/etc/permissions/privapp-permissions-com.samsung.android.mdx.quickboard.xml
08-13 06:19:21.308 I/SystemConfig( 1383): Reading permissions from
/system/etc/permissions/privapp-permissions-com.samsung.android.messaging.xml
08-13 06:19:21.308 I/SystemConfig( 1383): Reading permissions from
/system/etc/permissions/privapp-permissions-com.samsung.android.mobileservice.xml
08-13 06:19:21.308 I/SystemConfig( 1383): Reading permissions from
/system/etc/permissions/privapp-permissions-com.samsung.android.mtp.xml
08-13 06:19:21.308 I/SystemConfig( 1383): Reading permissions from
/system/etc/permissions/privapp-permissions-
com.samsung.android.networkdiagnostic.xml
08-13 06:19:21.308 I/SystemConfig( 1383): Reading permissions from
/system/etc/permissions/privapp-permissions-
com.samsung.android.providers.contacts.xml
08-13 06:19:21.309 I/SystemConfig( 1383): Reading permissions from
/system/etc/permissions/privapp-permissions-
com.samsung.android.providers.factory.xml
08-13 06:19:21.309 I/SystemConfig( 1383): Reading permissions from
/system/etc/permissions/privapp-permissions-com.samsung.android.providers.media.xml
08-13 06:19:21.309 I/SystemConfig( 1383): Reading permissions from
/system/etc/permissions/privapp-permissions-com.samsung.android.rubin.app.xml
08-13 06:19:21.309 I/SystemConfig( 1383): Reading permissions from
/system/etc/permissions/privapp-permissions-
com.samsung.android.samsungpositioning.xml
08-13 06:19:21.309 I/SystemConfig( 1383): Reading permissions from
/system/etc/permissions/privapp-permissions-com.samsung.android.scloud.xml
08-13 06:19:21.309 I/SystemConfig( 1383): Reading permissions from
/system/etc/permissions/privapp-permissions-com.samsung.android.scs.xml
08-13 06:19:21.310 I/SystemConfig( 1383): Reading permissions from
/system/etc/permissions/privapp-permissions-com.samsung.android.sdm.config.xml
08-13 06:19:21.310 I/SystemConfig( 1383): Reading permissions from
/system/etc/permissions/privapp-permissions-com.samsung.android.secsoundpicker.xml
08-13 06:19:21.310 I/SystemConfig( 1383): Reading permissions from
/system/etc/permissions/privapp-permissions-
com.samsung.android.server.wifi.mobilewips.xml
08-13 06:19:21.310 I/SystemConfig( 1383): Reading permissions from
/system/etc/permissions/privapp-permissions-
com.samsung.android.service.peoplestripe.xml
08-13 06:19:21.310 I/SystemConfig( 1383): Reading permissions from
/system/etc/permissions/privapp-permissions-
com.samsung.android.setting.multisound.xml
08-13 06:19:21.311 D/CompatConfig( 1383): Adding:
com.android.server.compat.config.Change@ea7923
08-13 06:19:21.311 I/SystemConfig( 1383): Reading permissions from
/system/etc/permissions/privapp-permissions-
com.samsung.android.setupindiaservicestnc.xml
08-13 06:19:21.311 D/CompatConfig( 1383): Found a config file:
/system/etc/compatconfig/documents-ui-compat-config.xml
08-13 06:19:21.311 I/SystemConfig( 1383): Reading permissions from
/system/etc/permissions/privapp-permissions-
com.samsung.android.sm.devicesecurity_v6.xml
08-13 06:19:21.311 I/SystemConfig( 1383): Reading permissions from
/system/etc/permissions/privapp-permissions-
com.samsung.android.smartcallprovider.xml
08-13 06:19:21.311 I/SystemConfig( 1383): Reading permissions from
/system/etc/permissions/privapp-permissions-
com.samsung.android.smartswitchassistant.xml
08-13 06:19:21.312 I/SystemConfig( 1383): Reading permissions from
/system/etc/permissions/privapp-permissions-com.samsung.android.spaymini.xml
08-13 06:19:21.312 I/SystemConfig( 1383): Reading permissions from
/system/etc/permissions/privapp-permissions-com.samsung.android.themecenter.xml
08-13 06:19:21.312 I/SystemConfig( 1383): Reading permissions from
/system/etc/permissions/privapp-permissions-com.samsung.android.video.xml
08-13 06:19:21.312 I/SystemConfig( 1383): Reading permissions from
/system/etc/permissions/privapp-permissions-com.samsung.android.visualars.xml
08-13 06:19:21.312 I/SystemConfig( 1383): Reading permissions from
/system/etc/permissions/privapp-permissions-com.samsung.attribution.xml
08-13 06:19:21.313 I/SystemConfig( 1383): Reading permissions from
/system/etc/permissions/privapp-permissions-com.samsung.clipboardsaveservice.xml
08-13 06:19:21.313 I/SystemConfig( 1383): Reading permissions from
/system/etc/permissions/privapp-permissions-com.samsung.cmfa.AuthTouch.xml
08-13 06:19:21.313 I/SystemConfig( 1383): Reading permissions from
/system/etc/permissions/privapp-permissions-com.samsung.cmh.xml
08-13 06:19:21.313 I/SystemConfig( 1383): Reading permissions from
/system/etc/permissions/privapp-permissions-com.samsung.crane.xml
08-13 06:19:21.313 I/SystemConfig( 1383): Reading permissions from
/system/etc/permissions/privapp-permissions-com.samsung.klmsagent.xml
08-13 06:19:21.313 I/SystemConfig( 1383): Reading permissions from
/system/etc/permissions/privapp-permissions-com.samsung.logwriter.xml
08-13 06:19:21.314 I/SystemConfig( 1383): Reading permissions from
/system/etc/permissions/privapp-permissions-com.samsung.memorysaver.xml
08-13 06:19:21.314 I/SystemConfig( 1383): Reading permissions from
/system/etc/permissions/privapp-permissions-
com.samsung.sec.android.application.csc.xml
08-13 06:19:21.314 I/SystemConfig( 1383): Reading permissions from
/system/etc/permissions/privapp-permissions-com.samsung.storyservice.xml
08-13 06:19:21.314 I/SystemConfig( 1383): Reading permissions from
/system/etc/permissions/privapp-permissions-com.sec.android.RilServiceModeApp.xml
08-13 06:19:21.315 I/SystemConfig( 1383): Reading permissions from
/system/etc/permissions/privapp-permissions-com.sec.android.app.SecSetupWizard.xml
08-13 06:19:21.315 I/SystemConfig( 1383): Reading permissions from
/system/etc/permissions/privapp-permissions-com.sec.android.app.billing.xml
08-13 06:19:21.315 I/SystemConfig( 1383): Reading permissions from
/system/etc/permissions/privapp-permissions-
com.sec.android.app.factorykeystring.xml
08-13 06:19:21.315 I/SystemConfig( 1383): Reading permissions from
/system/etc/permissions/privapp-permissions-com.sec.android.app.fm.xml
08-13 06:19:21.315 I/SystemConfig( 1383): Reading permissions from
/system/etc/permissions/privapp-permissions-com.sec.android.app.itracker.xml
08-13 06:19:21.315 I/SystemConfig( 1383): Reading permissions from
/system/etc/permissions/privapp-permissions-com.sec.epdg.xml
08-13 06:19:21.315 I/SystemConfig( 1383): Reading permissions from
/system/etc/permissions/privapp-permissions-com.sec.android.app.launcher.xml
08-13 06:19:21.316 I/SystemConfig( 1383): Reading permissions from
/system/etc/permissions/privapp-permissions-com.sec.android.app.magnifier.xml
08-13 06:19:21.316 I/SystemConfig( 1383): Reading permissions from
/system/etc/permissions/privapp-permissions-com.sec.android.app.myfiles.xml
08-13 06:19:21.316 I/SystemConfig( 1383): Reading permissions from
/system/etc/permissions/privapp-permissions-com.sec.android.app.popupcalculator.xml
08-13 06:19:21.316 I/SystemConfig( 1383): Reading permissions from
/system/etc/permissions/privapp-permissions-com.sec.android.app.safetyassurance.xml
08-13 06:19:21.316 I/SystemConfig( 1383): Reading permissions from
/system/etc/permissions/privapp-permissions-com.sec.android.app.samsungapps.xml
08-13 06:19:21.316 I/SystemConfig( 1383): Reading permissions from
/system/etc/permissions/privapp-permissions-com.sec.android.app.servicemodeapp.xml
08-13 06:19:21.317 I/SystemConfig( 1383): Reading permissions from
/system/etc/permissions/privapp-permissions-com.sec.android.app.soundalive_S.xml
08-13 06:19:21.317 I/SystemConfig( 1383): Reading permissions from
/system/etc/permissions/privapp-permissions-com.sec.android.daemonapp.xml
08-13 06:19:21.317 I/SystemConfig( 1383): Reading permissions from
/system/etc/permissions/privapp-permissions-com.sec.android.diagmonagent.xml
08-13 06:19:21.317 I/SystemConfig( 1383): Reading permissions from
/system/etc/permissions/privapp-permissions-com.sec.android.gallery3d.xml
08-13 06:19:21.317 I/SystemConfig( 1383): Reading permissions from
/system/etc/permissions/privapp-permissions-
com.sec.android.mimage.photoretouching.xml
08-13 06:19:21.317 I/SystemConfig( 1383): Reading permissions from
/system/etc/permissions/privapp-permissions-com.sec.android.provider.badge.xml
08-13 06:19:21.317 I/SystemConfig( 1383): Reading permissions from
/system/etc/permissions/privapp-permissions-com.sec.android.soagent.xml
08-13 06:19:21.318 I/SystemConfig( 1383): Reading permissions from
/system/etc/permissions/privapp-permissions-com.sec.app.RilErrorNotifier.xml
08-13 06:19:21.318 I/SystemConfig( 1383): Reading permissions from
/system/etc/permissions/privapp-permissions-com.sec.epdgtestapp.xml
08-13 06:19:21.318 I/SystemConfig( 1383): Reading permissions from
/system/etc/permissions/privapp-permissions-com.sec.imslogger.xml
08-13 06:19:21.318 I/SystemConfig( 1383): Reading permissions from
/system/etc/permissions/privapp-permissions-com.sec.imsservice.xml
08-13 06:19:21.318 I/SystemConfig( 1383): Reading permissions from
/system/etc/permissions/privapp-permissions-com.sec.spp.push.xml
08-13 06:19:21.318 I/SystemConfig( 1383): Reading permissions from
/system/etc/permissions/privapp-permissions-com.wsomacp.xml
08-13 06:19:21.318 I/SystemConfig( 1383): Reading permissions from
/system/etc/permissions/privapp-permissions-com.wssyncmldm.xml
08-13 06:19:21.319 I/SystemConfig( 1383): Reading permissions from
/system/etc/permissions/privapp-permissions-de.axelspringer.yana.zeropage.xml
08-13 06:19:21.319 I/SystemConfig( 1383): Reading permissions from
/system/etc/permissions/privapp-permissions-google-system.xml
08-13 06:19:21.319 I/SystemConfig( 1383): Reading permissions from
/system/etc/permissions/privapp-permissions-mediatek.xml
08-13 06:19:21.320 I/SystemConfig( 1383): Reading permissions from
/system/etc/permissions/privapp-permissions-o-os-com.samsung.android.uds.xml
08-13 06:19:21.320 I/SystemConfig( 1383): Reading permissions from
/system/etc/permissions/privapp-permissions-platform.xml
08-13 06:19:21.322 I/SystemConfig( 1383): Reading permissions from
/system/etc/permissions/privapp-permissions-themestore.xml
08-13 06:19:21.322 I/SystemConfig( 1383): Reading permissions from
/system/etc/permissions/rcsopenapi_library.xml
08-13 06:19:21.322 I/SystemConfig( 1383): Reading permissions from
/system/etc/permissions/saiv.xml
08-13 06:19:21.322 I/SystemConfig( 1383): Reading permissions from
/system/etc/permissions/samsungkeystoreutils.xml
08-13 06:19:21.322 I/SystemConfig( 1383): Reading permissions from
/system/etc/permissions/scamera_sdk_util.xml
08-13 06:19:21.323 I/SystemConfig( 1383): Reading permissions from
/system/etc/permissions/scamera_sep.xml
08-13 06:19:21.323 I/SystemConfig( 1383): Reading permissions from
/system/etc/permissions/sec_platform_library.xml
08-13 06:19:21.323 I/SystemConfig( 1383): Reading permissions from
/system/etc/permissions/secimaging.xml
08-13 06:19:21.323 I/SystemConfig( 1383): Reading permissions from
/system/etc/permissions/sem_telephony_common.xml
08-13 06:19:21.323 I/SystemConfig( 1383): Reading permissions from
/system/etc/permissions/semextendedformat.xml
08-13 06:19:21.323 I/SystemConfig( 1383): Reading permissions from
/system/etc/permissions/semmediatranscoder.xml
08-13 06:19:21.323 I/SystemConfig( 1383): Reading permissions from
/system/etc/permissions/semsdrvideoconverter.xml
08-13 06:19:21.323 I/SystemConfig( 1383): Reading permissions from
/system/etc/permissions/sfeffect.xml
08-13 06:19:21.323 I/SystemConfig( 1383): Reading permissions from
/system/etc/permissions/verizon_net_sip_library.xml
08-13 06:19:21.323 I/SystemConfig( 1383): Reading permissions from
/system/etc/permissions/vsimservice_library.xml
08-13 06:19:21.324 I/SystemConfig( 1383): Reading permissions from
/system/etc/permissions/platform.xml
08-13 06:19:21.341 D/CompatConfig( 1383): Adding:
com.android.server.compat.config.Change@61f250c
08-13 06:19:21.342 W/SystemConfig( 1383): Tag system-user-whitelisted-app is
unknown in /system/etc/permissions/platform.xml at START_TAG (empty) <system-user-
whitelisted-app package='com.tmobile.echolocate'>@381:69 in
java.io.FileReader@bd49e55
08-13 06:19:21.342 D/CompatConfig( 1383): No directory
/system/system_ext/etc/compatconfig, skipping
08-13 06:19:21.342 I/ApexManagerTiming( 1383): getActiveApexInfos_noCache
08-13 06:19:21.343 I/SystemConfig( 1383): Reading permissions from
/vendor/etc/permissions/android.hardware.location.gps.xml
08-13 06:19:21.343 I/SystemConfig( 1383): Reading permissions from
/vendor/etc/permissions/android.hardware.usb.host.xml
08-13 06:19:21.343 I/SystemConfig( 1383): Reading permissions from
/vendor/etc/permissions/android.hardware.bluetooth.xml
08-13 06:19:21.343 I/SystemConfig( 1383): Reading permissions from
/vendor/etc/permissions/android.software.vulkan.deqp.level.xml
08-13 06:19:21.343 I/SystemConfig( 1383): Reading permissions from
/vendor/etc/permissions/android.software.midi.xml
08-13 06:19:21.343 I/SystemConfig( 1383): Reading permissions from
/vendor/etc/permissions/android.hardware.vulkan.level.xml
08-13 06:19:21.343 I/SystemConfig( 1383): Reading permissions from
/vendor/etc/permissions/android.hardware.sensor.compass.xml
08-13 06:19:21.344 I/SystemConfig( 1383): Reading permissions from
/vendor/etc/permissions/android.hardware.camera.xml
08-13 06:19:21.344 I/SystemConfig( 1383): Reading permissions from
/vendor/etc/permissions/android.hardware.sensor.light.xml
08-13 06:19:21.344 I/SystemConfig( 1383): Reading permissions from
/vendor/etc/permissions/android.hardware.touchscreen.multitouch.distinct.xml
08-13 06:19:21.344 I/SystemConfig( 1383): Reading permissions from
/vendor/etc/permissions/android.hardware.microphone.xml
08-13 06:19:21.344 I/SystemConfig( 1383): Reading permissions from
/vendor/etc/permissions/android.hardware.sensor.stepcounter.xml
08-13 06:19:21.344 I/SystemConfig( 1383): Reading permissions from
/vendor/etc/permissions/handheld_core_hardware.xml
08-13 06:19:21.344 I/SystemConfig( 1383): Reading permissions from
/vendor/etc/permissions/android.hardware.wifi.direct.xml
08-13 06:19:21.345 I/SystemConfig( 1383): Reading permissions from
/vendor/etc/permissions/android.hardware.sensor.stepdetector.xml
08-13 06:19:21.345 I/SystemConfig( 1383): Reading permissions from
/vendor/etc/permissions/android.hardware.touchscreen.xml
08-13 06:19:21.345 I/SystemConfig( 1383): Reading permissions from
/vendor/etc/permissions/android.hardware.wifi.passpoint.xml
08-13 06:19:21.345 I/SystemConfig( 1383): Reading permissions from
/vendor/etc/permissions/android.hardware.fingerprint.xml
08-13 06:19:21.345 I/SystemConfig( 1383): Reading permissions from
/vendor/etc/permissions/android.hardware.vulkan.version.xml
08-13 06:19:21.345 I/SystemConfig( 1383): Reading permissions from
/vendor/etc/permissions/android.hardware.wifi.xml
08-13 06:19:21.345 I/SystemConfig( 1383): Reading permissions from
/vendor/etc/permissions/android.hardware.bluetooth_le.xml
08-13 06:19:21.345 I/SystemConfig( 1383): Reading permissions from
/vendor/etc/permissions/android.hardware.sensor.proximity.xml
08-13 06:19:21.345 I/SystemConfig( 1383): Reading permissions from
/vendor/etc/permissions/android.hardware.sensor.gyroscope.xml
08-13 06:19:21.346 I/SystemConfig( 1383): Reading permissions from
/vendor/etc/permissions/android.hardware.sensor.accelerometer.xml
08-13 06:19:21.346 I/SystemConfig( 1383): Reading permissions from
/vendor/etc/permissions/android.hardware.usb.accessory.xml
08-13 06:19:21.346 I/SystemConfig( 1383): Reading permissions from
/vendor/etc/permissions/android.software.opengles.deqp.level.xml
08-13 06:19:21.346 I/SystemConfig( 1383): Reading permissions from
/vendor/etc/permissions/android.software.ipsec_tunnels.xml
08-13 06:19:21.346 I/SystemConfig( 1383): Reading permissions from
/vendor/etc/permissions/android.software.verified_boot.xml
08-13 06:19:21.346 I/SystemConfig( 1383): Reading permissions from
/vendor/etc/permissions/android.hardware.opengles.aep.xml
08-13 06:19:21.346 I/SystemConfig( 1383): Reading permissions from
/vendor/etc/permissions/android.hardware.faketouch.xml
08-13 06:19:21.346 I/SystemConfig( 1383): Reading permissions from
/vendor/etc/permissions/android.hardware.vulkan.compute.xml
08-13 06:19:21.347 I/SystemConfig( 1383): Reading permissions from
/vendor/etc/permissions/android.hardware.telephony.ims.xml
08-13 06:19:21.347 I/SystemConfig( 1383): Reading permissions from
/vendor/etc/permissions/android.hardware.telephony.gsm.xml
08-13 06:19:21.347 I/SystemConfig( 1383): Reading permissions from
/vendor/etc/permissions/android.hardware.touchscreen.multitouch.xml
08-13 06:19:21.347 I/SystemConfig( 1383): Reading permissions from
/vendor/etc/permissions/android.hardware.touchscreen.multitouch.jazzhand.xml
08-13 06:19:21.347 D/ApexManagerTiming( 1383): getActiveApexInfos_noCache took to
complete: 4ms
08-13 06:19:21.347 D/CompatConfig( 1383): No directory
/apex/com.android.permission/etc/compatconfig, skipping
08-13 06:19:21.347 D/CompatConfig( 1383): No directory
/apex/com.android.apex.cts.shim/etc/compatconfig, skipping
08-13 06:19:21.347 D/CompatConfig( 1383): No directory
/apex/com.android.cellbroadcast/etc/compatconfig, skipping
08-13 06:19:21.347 D/CompatConfig( 1383): No directory
/apex/com.android.os.statsd/etc/compatconfig, skipping
08-13 06:19:21.347 D/CompatConfig( 1383): No directory
/apex/com.samsung.android.ipm/etc/compatconfig, skipping
08-13 06:19:21.347 D/CompatConfig( 1383): No directory
/apex/com.android.scheduling/etc/compatconfig, skipping
08-13 06:19:21.347 D/CompatConfig( 1383): No directory
/apex/com.android.resolv/etc/compatconfig, skipping
08-13 06:19:21.347 D/CompatConfig( 1383): No directory
/apex/com.android.sdkext/etc/compatconfig, skipping
08-13 06:19:21.347 D/CompatConfig( 1383): No directory
/apex/com.samsung.android.shell/etc/compatconfig, skipping
08-13 06:19:21.347 D/CompatConfig( 1383): No directory
/apex/com.android.extservices/etc/compatconfig, skipping
08-13 06:19:21.348 D/CompatConfig( 1383): Found a config file:
/apex/com.android.art/etc/compatconfig/libcore-platform-compat-config.xml
08-13 06:19:21.348 D/CompatConfig( 1383): Adding:
com.android.server.compat.config.Change@7fb2815
08-13 06:19:21.348 D/CompatConfig( 1383): Adding:
com.android.server.compat.config.Change@164a72a
08-13 06:19:21.348 D/CompatConfig( 1383): Adding:
com.android.server.compat.config.Change@746291b
08-13 06:19:21.348 D/CompatConfig( 1383): Adding:
com.android.server.compat.config.Change@f47eab8
08-13 06:19:21.349 D/CompatConfig( 1383): Adding:
com.android.server.compat.config.Change@d733091
08-13 06:19:21.349 D/CompatConfig( 1383): No directory
/apex/com.android.tethering/etc/compatconfig, skipping
08-13 06:19:21.349 D/CompatConfig( 1383): No directory
/apex/com.android.appsearch/etc/compatconfig, skipping
08-13 06:19:21.349 D/CompatConfig( 1383): No directory
/apex/com.android.tzdata/etc/compatconfig, skipping
08-13 06:19:21.349 D/CompatConfig( 1383): No directory
/apex/com.android.media.swcodec/etc/compatconfig, skipping
08-13 06:19:21.349 D/CompatConfig( 1383): No directory
/apex/com.android.runtime/etc/compatconfig, skipping
08-13 06:19:21.349 D/CompatConfig( 1383): No directory
/apex/com.android.i18n/etc/compatconfig, skipping
08-13 06:19:21.349 D/CompatConfig( 1383): No directory
/apex/com.android.wifi/etc/compatconfig, skipping
08-13 06:19:21.349 D/CompatConfig( 1383): No directory
/apex/com.google.mainline.primary.libs/etc/compatconfig, skipping
08-13 06:19:21.349 D/CompatConfig( 1383): No directory
/apex/com.android.vndk.v30/etc/compatconfig, skipping
08-13 06:19:21.349 D/CompatConfig( 1383): No directory
/apex/com.android.media/etc/compatconfig, skipping
08-13 06:19:21.349 D/CompatConfig( 1383): No directory
/apex/com.android.adbd/etc/compatconfig, skipping
08-13 06:19:21.349 D/CompatConfig( 1383): No directory
/apex/com.android.conscrypt/etc/compatconfig, skipping
08-13 06:19:21.350 D/CompatConfig( 1383): Found a config file:
/apex/com.android.mediaprovider/etc/compatconfig/media-provider-platform-compat-
config.xml
08-13 06:19:21.350 D/CompatConfig( 1383): Adding:
com.android.server.compat.config.Change@1143bf7
08-13 06:19:21.350 D/CompatConfig( 1383): Adding:
com.android.server.compat.config.Change@7ecfa64
08-13 06:19:21.350 D/CompatConfig( 1383): Adding:
com.android.server.compat.config.Change@18944cd
08-13 06:19:21.351 D/CompatConfig( 1383): Adding:
com.android.server.compat.config.Change@df6f182
08-13 06:19:21.351 D/CompatConfig( 1383): Adding:
com.android.server.compat.config.Change@c46a093
08-13 06:19:21.351 D/CompatConfig( 1383): Adding:
com.android.server.compat.config.Change@3b158d0
08-13 06:19:21.351 D/CompatConfig( 1383): Adding:
com.android.server.compat.config.Change@c7260c9
08-13 06:19:21.351 D/CompatConfig( 1383): No directory
/apex/com.android.vndk.v31/etc/compatconfig, skipping
08-13 06:19:21.351 D/CompatConfig( 1383): No directory
/apex/com.android.neuralnetworks/etc/compatconfig, skipping
08-13 06:19:21.351 D/CompatConfig( 1383): No directory
/apex/com.android.ipsec/etc/compatconfig, skipping
08-13 06:19:21.352 D/CompatConfig( 1383): Start loading
/product/etc/appcompat/compat_framework_overrides.xml
08-13 06:19:21.352 D/CompatConfig( 1383): Override file does't exist:
/product/etc/appcompat/compat_framework_overrides.xml
08-13 06:19:21.352 D/CompatConfig( 1383): Start loading
/data/misc/appcompat/compat_framework_overrides.xml
08-13 06:19:21.352 D/CompatConfig( 1383): Override file does't exist:
/data/misc/appcompat/compat_framework_overrides.xml
08-13 06:19:21.352 D/CompatConfig( 1383): Finish loading overrides files
08-13 06:19:21.353 I/servicemanager( 523): Adding 'u:r:system_server:s0' service
(platform_compat:1383)
08-13 06:19:21.353 I/servicemanager( 523): Adding 'u:r:system_server:s0' service
(platform_compat_native:1383)
08-13 06:19:21.353 D/SystemServerTiming( 1383): PlatformCompat took to complete:
92ms
08-13 06:19:21.353 I/SystemServerTiming( 1383): StartFileIntegrityService
08-13 06:19:21.353 I/SystemServiceManager( 1383): Starting
com.android.server.security.FileIntegrityService
08-13 06:19:21.361 I/SystemConfig( 1383): Reading permissions from
/odm/etc/permissions/sku_hcesim/android.hardware.nfc.hcef.xml
08-13 06:19:21.362 I/servicemanager( 523): Adding 'u:r:system_server:s0' service
(file_integrity:1383)
08-13 06:19:21.362 D/SystemServerTiming( 1383): StartFileIntegrityService took to
complete: 9ms
08-13 06:19:21.362 I/SystemServerTiming( 1383): StartInstaller
08-13 06:19:21.362 I/SystemServiceManager( 1383): Starting
com.android.server.pm.Installer
08-13 06:19:21.364 D/installd( 927): Found quota mount /dev/block/dm-10 at /data
08-13 06:19:21.364 D/installd( 927): Found quota mount /dev/block/dm-10 at
/data/user/0
08-13 06:19:21.364 I/SystemConfig( 1383): Reading permissions from
/odm/etc/permissions/sku_hcesim/com.nxp.mifare.xml
08-13 06:19:21.364 D/SystemServerTiming( 1383): StartInstaller took to complete:
2ms
08-13 06:19:21.364 I/SystemServerTiming( 1383): DeviceIdentifiersPolicyService
08-13 06:19:21.364 I/SystemServiceManager( 1383): Starting
com.android.server.os.DeviceIdentifiersPolicyService
08-13 06:19:21.365 I/servicemanager( 523): Adding 'u:r:system_server:s0' service
(device_identifiers:1383)
08-13 06:19:21.365 D/SystemServerTiming( 1383): DeviceIdentifiersPolicyService took
to complete: 0ms
08-13 06:19:21.365 I/SystemServerTiming( 1383): UriGrantsManagerService
08-13 06:19:21.365 I/SystemServiceManager( 1383): Starting
com.android.server.uri.UriGrantsManagerService$Lifecycle
08-13 06:19:21.366 I/servicemanager( 523): Adding 'u:r:system_server:s0' service
(uri_grants:1383)
08-13 06:19:21.366 D/SystemServerTiming( 1383): UriGrantsManagerService took to
complete: 1ms
08-13 06:19:21.366 I/SystemServerTiming( 1383): StartPowerStatsService
08-13 06:19:21.366 I/SystemServiceManager( 1383): Starting
com.android.server.powerstats.PowerStatsService
08-13 06:19:21.366 E/servicemanager( 523): Could not find
android.hardware.power.stats.IPowerStats/default in the VINTF manifest.
08-13 06:19:21.367 D/hw-ProcessState( 1383): Binder ioctl to enable oneway spam
detection failed: Invalid argument
08-13 06:19:21.368 I/hwservicemanager( 524): getTransport: Cannot find entry
[email protected]::IPowerStats/default in either framework or device
VINTF manifest.
08-13 06:19:21.368 E/PowerStatsService( 1383): Unable to get power.stats HAL
service.
08-13 06:19:21.368 E/PowerStatsService( 1383): nativeInit failed to connect to
power.stats HAL
08-13 06:19:21.368 I/servicemanager( 523): Adding 'u:r:system_server:s0' service
(powerstats:1383)
08-13 06:19:21.368 D/SystemServerTiming( 1383): StartPowerStatsService took to
complete: 2ms
08-13 06:19:21.368 I/SystemServerTiming( 1383): StartIStatsService
08-13 06:19:21.369 I/HidlServiceManagement( 1383): Registered
[email protected]::IStats/default
08-13 06:19:21.371 I/servicemanager( 523): Found
android.frameworks.stats.IStats/default in framework VINTF manifest.
08-13 06:19:21.371 I/servicemanager( 523): Adding 'u:r:system_server:s0' service
(android.frameworks.stats.IStats/default:1383)
08-13 06:19:21.371 I/SystemConfig( 1383): Reading permissions from
/odm/etc/permissions/sku_hcesim/android.hardware.nfc.uicc.xml
08-13 06:19:21.371 D/SystemServerTiming( 1383): StartIStatsService took to
complete: 2ms
08-13 06:19:21.371 I/SystemServerTiming( 1383): MemtrackProxyService
08-13 06:19:21.373 E/servicemanager( 523): Could not find
android.hardware.memtrack.IMemtrack/default in the VINTF manifest.
08-13 06:19:21.373 I/Stability( 1383): Interface set with vintf stability wire
protocol version 1 downgraded to system stability wire protocol version 1 stability
08-13 06:19:21.373 I/servicemanager( 523): Adding 'u:r:system_server:s0' service
(memtrack.proxy:1383)
08-13 06:19:21.373 D/SystemServerTiming( 1383): MemtrackProxyService took to
complete: 2ms
08-13 06:19:21.373 I/SystemServerTiming( 1383): StartActivityManager
08-13 06:19:21.373 I/SystemServiceManager( 1383): Starting
com.android.server.wm.ActivityTaskManagerService$Lifecycle
08-13 06:19:21.377 D/CoreStateController( 1383): CoreStateController()
08-13 06:19:21.379 I/SystemConfig( 1383): Reading permissions from
/odm/etc/permissions/sku_hcesim/android.hardware.nfc.xml
08-13 06:19:21.379 I/servicemanager( 523): Adding 'u:r:system_server:s0' service
(activity_task:1383)
08-13 06:19:21.380 I/SystemServiceManager( 1383): Starting
com.android.server.am.ActivityManagerService$Lifecycle
08-13 06:19:21.382 I/ActivityManager( 1383): Memory class: 256
08-13 06:19:21.383 I/Binder ( 1383): Setting heavy hitter watcher config: false,
0, 0.0
08-13 06:19:21.384 I/SystemConfig( 1383): Reading permissions from
/odm/etc/permissions/sku_hcesim/android.hardware.nfc.hce.xml
08-13 06:19:21.385 I/SystemConfig( 1383): Reading aerProductName from
/system/etc/aer_product_name.xml
08-13 06:19:21.388 W/SystemConfig( 1383): fname = o1stur
08-13 06:19:21.388 W/SystemConfig( 1383): ro.product.name = a22xnseea
08-13 06:19:21.388 W/SystemConfig( 1383): fname = o1sxtur
08-13 06:19:21.388 W/SystemConfig( 1383): ro.product.name = a22xnseea
08-13 06:19:21.388 W/SystemConfig( 1383): fname = o1sxser
08-13 06:19:21.388 W/SystemConfig( 1383): ro.product.name = a22xnseea
08-13 06:19:21.388 W/SystemConfig( 1383): fname = o1sxx
08-13 06:19:21.388 W/SystemConfig( 1383): ro.product.name = a22xnseea
08-13 06:19:21.388 W/SystemConfig( 1383): fname = o1sxxx
08-13 06:19:21.388 W/SystemConfig( 1383): ro.product.name = a22xnseea
08-13 06:19:21.388 W/SystemConfig( 1383): fname = o1sxeea
08-13 06:19:21.388 W/SystemConfig( 1383): ro.product.name = a22xnseea
08-13 06:19:21.388 W/SystemConfig( 1383): fname = o1sksx
08-13 06:19:21.388 W/SystemConfig( 1383): ro.product.name = a22xnseea
08-13 06:19:21.388 W/SystemConfig( 1383): fname = o1sser
08-13 06:19:21.388 W/SystemConfig( 1383): ro.product.name = a22xnseea
08-13 06:19:21.388 W/SystemConfig( 1383): fname = o1qcsx
08-13 06:19:21.388 W/SystemConfig( 1383): ro.product.name = a22xnseea
08-13 06:19:21.388 W/SystemConfig( 1383): fname = o1quew
08-13 06:19:21.388 W/SystemConfig( 1383): ro.product.name = a22xnseea
08-13 06:19:21.388 W/SystemConfig( 1383): fname = o1qzhx
08-13 06:19:21.388 W/SystemConfig( 1383): ro.product.name = a22xnseea
08-13 06:19:21.388 W/SystemConfig( 1383): fname = o1qsqw
08-13 06:19:21.388 W/SystemConfig( 1383): ro.product.name = a22xnseea
08-13 06:19:21.388 W/SystemConfig( 1383): fname = SC-51B
08-13 06:19:21.388 W/SystemConfig( 1383): ro.product.name = a22xnseea
08-13 06:19:21.388 W/SystemConfig( 1383): fname = SCG09_jp_kdi
08-13 06:19:21.388 W/SystemConfig( 1383): ro.product.name = a22xnseea
08-13 06:19:21.388 W/SystemConfig( 1383): fname = t2sksx
08-13 06:19:21.388 W/SystemConfig( 1383): ro.product.name = a22xnseea
08-13 06:19:21.388 W/SystemConfig( 1383): fname = t2sxxx
08-13 06:19:21.388 W/SystemConfig( 1383): ro.product.name = a22xnseea
08-13 06:19:21.388 W/SystemConfig( 1383): fname = t2sxser
08-13 06:19:21.388 W/SystemConfig( 1383): ro.product.name = a22xnseea
08-13 06:19:21.388 W/SystemConfig( 1383): fname = t2sxeea
08-13 06:19:21.388 W/SystemConfig( 1383): ro.product.name = a22xnseea
08-13 06:19:21.388 W/SystemConfig( 1383): fname = t2sxtur
08-13 06:19:21.388 W/SystemConfig( 1383): ro.product.name = a22xnseea
08-13 06:19:21.388 W/SystemConfig( 1383): fname = t2qzhx
08-13 06:19:21.388 W/SystemConfig( 1383): ro.product.name = a22xnseea
08-13 06:19:21.388 W/SystemConfig( 1383): fname = t2qsqw
08-13 06:19:21.388 W/SystemConfig( 1383): ro.product.name = a22xnseea
08-13 06:19:21.388 W/SystemConfig( 1383): fname = t2qcsx
08-13 06:19:21.388 W/SystemConfig( 1383): ro.product.name = a22xnseea
08-13 06:19:21.388 W/SystemConfig( 1383): fname = t2quew
08-13 06:19:21.388 W/SystemConfig( 1383): ro.product.name = a22xnseea
08-13 06:19:21.388 W/SystemConfig( 1383): fname = SCG10_jp_kdi
08-13 06:19:21.388 W/SystemConfig( 1383): ro.product.name = a22xnseea
08-13 06:19:21.388 W/SystemConfig( 1383): fname = p3sksx
08-13 06:19:21.389 W/SystemConfig( 1383): ro.product.name = a22xnseea
08-13 06:19:21.389 W/SystemConfig( 1383): fname = p3sxeea
08-13 06:19:21.389 W/SystemConfig( 1383): ro.product.name = a22xnseea
08-13 06:19:21.389 W/SystemConfig( 1383): fname = p3sxtur
08-13 06:19:21.389 W/SystemConfig( 1383): ro.product.name = a22xnseea
08-13 06:19:21.389 W/SystemConfig( 1383): fname = p3sxser
08-13 06:19:21.389 W/SystemConfig( 1383): ro.product.name = a22xnseea
08-13 06:19:21.389 W/SystemConfig( 1383): fname = p3sxxx
08-13 06:19:21.389 W/SystemConfig( 1383): ro.product.name = a22xnseea
08-13 06:19:21.389 W/SystemConfig( 1383): fname = p3qcsx
08-13 06:19:21.389 W/SystemConfig( 1383): ro.product.name = a22xnseea
08-13 06:19:21.389 W/SystemConfig( 1383): fname = p3qsqw
08-13 06:19:21.389 W/SystemConfig( 1383): ro.product.name = a22xnseea
08-13 06:19:21.389 W/SystemConfig( 1383): fname = p3quew
08-13 06:19:21.389 W/SystemConfig( 1383): ro.product.name = a22xnseea
08-13 06:19:21.389 W/SystemConfig( 1383): fname = p3qzhx
08-13 06:19:21.389 W/SystemConfig( 1383): ro.product.name = a22xnseea
08-13 06:19:21.389 W/SystemConfig( 1383): fname = SC-52B
08-13 06:19:21.389 W/SystemConfig( 1383): ro.product.name = a22xnseea
08-13 06:19:21.389 W/SystemConfig( 1383): fname = q2qsqw
08-13 06:19:21.389 W/SystemConfig( 1383): ro.product.name = a22xnseea
08-13 06:19:21.389 W/SystemConfig( 1383): fname = q2qxxx
08-13 06:19:21.389 W/SystemConfig( 1383): ro.product.name = a22xnseea
08-13 06:19:21.389 W/SystemConfig( 1383): fname = q2qcsx
08-13 06:19:21.389 W/SystemConfig( 1383): ro.product.name = a22xnseea
08-13 06:19:21.389 W/SystemConfig( 1383): fname = q2qzhx
08-13 06:19:21.389 W/SystemConfig( 1383): ro.product.name = a22xnseea
08-13 06:19:21.389 W/SystemConfig( 1383): fname = q2qksx
08-13 06:19:21.389 W/SystemConfig( 1383): ro.product.name = a22xnseea
08-13 06:19:21.389 W/SystemConfig( 1383): fname = q2qxtur
08-13 06:19:21.389 W/SystemConfig( 1383): ro.product.name = a22xnseea
08-13 06:19:21.389 W/SystemConfig( 1383): fname = q2qxser
08-13 06:19:21.389 W/SystemConfig( 1383): ro.product.name = a22xnseea
08-13 06:19:21.389 W/SystemConfig( 1383): fname = q2qxeea
08-13 06:19:21.389 W/SystemConfig( 1383): ro.product.name = a22xnseea
08-13 06:19:21.389 W/SystemConfig( 1383): fname = q2quew
08-13 06:19:21.389 W/SystemConfig( 1383): ro.product.name = a22xnseea
08-13 06:19:21.389 W/SystemConfig( 1383): fname = SC-55B
08-13 06:19:21.389 W/SystemConfig( 1383): ro.product.name = a22xnseea
08-13 06:19:21.389 W/SystemConfig( 1383): fname = SCG11_jp_kdi
08-13 06:19:21.389 W/SystemConfig( 1383): ro.product.name = a22xnseea
08-13 06:19:21.389 W/SystemConfig( 1383): fname = b2quew
08-13 06:19:21.389 W/SystemConfig( 1383): ro.product.name = a22xnseea
08-13 06:19:21.389 W/SystemConfig( 1383): fname = b2qxxx
08-13 06:19:21.389 W/SystemConfig( 1383): ro.product.name = a22xnseea
08-13 06:19:21.389 W/SystemConfig( 1383): fname = b2qcsx
08-13 06:19:21.389 W/SystemConfig( 1383): ro.product.name = a22xnseea
08-13 06:19:21.389 W/SystemConfig( 1383): fname = b2qsqw
08-13 06:19:21.389 W/SystemConfig( 1383): ro.product.name = a22xnseea
08-13 06:19:21.389 W/SystemConfig( 1383): fname = b2qzhx
08-13 06:19:21.389 W/SystemConfig( 1383): ro.product.name = a22xnseea
08-13 06:19:21.389 W/SystemConfig( 1383): fname = b2qxser
08-13 06:19:21.389 W/SystemConfig( 1383): ro.product.name = a22xnseea
08-13 06:19:21.389 W/SystemConfig( 1383): fname = b2qxtur
08-13 06:19:21.389 W/SystemConfig( 1383): ro.product.name = a22xnseea
08-13 06:19:21.389 W/SystemConfig( 1383): fname = b2qxeea
08-13 06:19:21.389 W/SystemConfig( 1383): ro.product.name = a22xnseea
08-13 06:19:21.389 W/SystemConfig( 1383): fname = b2qksx
08-13 06:19:21.389 W/SystemConfig( 1383): ro.product.name = a22xnseea
08-13 06:19:21.389 W/SystemConfig( 1383): fname = SC-54B
08-13 06:19:21.389 W/SystemConfig( 1383): ro.product.name = a22xnseea
08-13 06:19:21.389 W/SystemConfig( 1383): fname = SCG12_jp_kdi
08-13 06:19:21.389 W/SystemConfig( 1383): ro.product.name = a22xnseea
08-13 06:19:21.389 W/SystemConfig( 1383): fname = a52qnstur
08-13 06:19:21.389 W/SystemConfig( 1383): ro.product.name = a22xnseea
08-13 06:19:21.389 W/SystemConfig( 1383): fname = a52qnseea
08-13 06:19:21.389 W/SystemConfig( 1383): ro.product.name = a22xnseea
08-13 06:19:21.389 W/SystemConfig( 1383): fname = a52qnsxx
08-13 06:19:21.389 W/SystemConfig( 1383): ro.product.name = a22xnseea
08-13 06:19:21.389 W/SystemConfig( 1383): fname = a52qnsser
08-13 06:19:21.389 W/SystemConfig( 1383): ro.product.name = a22xnseea
08-13 06:19:21.389 W/SystemConfig( 1383): fname = a52qub
08-13 06:19:21.389 W/SystemConfig( 1383): ro.product.name = a22xnseea
08-13 06:19:21.389 W/SystemConfig( 1383): fname = a52xque
08-13 06:19:21.389 W/SystemConfig( 1383): ro.product.name = a22xnseea
08-13 06:19:21.389 W/SystemConfig( 1383): fname = a52xqcs
08-13 06:19:21.389 W/SystemConfig( 1383): ro.product.name = a22xnseea
08-13 06:19:21.389 W/SystemConfig( 1383): fname = a52xqnaeea
08-13 06:19:21.389 W/SystemConfig( 1383): ro.product.name = a22xnseea
08-13 06:19:21.389 W/SystemConfig( 1383): fname = a52xqsq
08-13 06:19:21.389 W/SystemConfig( 1383): ro.product.name = a22xnseea
08-13 06:19:21.390 W/SystemConfig( 1383): fname = a52xqzh
08-13 06:19:21.390 W/SystemConfig( 1383): ro.product.name = a22xnseea
08-13 06:19:21.390 W/SystemConfig( 1383): fname = a52xqks
08-13 06:19:21.390 W/SystemConfig( 1383): ro.product.name = a22xnseea
08-13 06:19:21.390 W/SystemConfig( 1383): fname = a52xqnaxx
08-13 06:19:21.390 W/SystemConfig( 1383): ro.product.name = a22xnseea
08-13 06:19:21.390 W/SystemConfig( 1383): fname = SC-53B
08-13 06:19:21.390 W/SystemConfig( 1383): ro.product.name = a22xnseea
08-13 06:19:21.390 W/SystemConfig( 1383): fname = a52sxqeea
08-13 06:19:21.390 W/SystemConfig( 1383): ro.product.name = a22xnseea
08-13 06:19:21.390 W/SystemConfig( 1383): fname = a52sxqtur
08-13 06:19:21.390 W/SystemConfig( 1383): ro.product.name = a22xnseea
08-13 06:19:21.390 W/SystemConfig( 1383): fname = a52sxqser
08-13 06:19:21.390 W/SystemConfig( 1383): ro.product.name = a22xnseea
08-13 06:19:21.390 W/SystemConfig( 1383): fname = a52sxqzt
08-13 06:19:21.390 W/SystemConfig( 1383): ro.product.name = a22xnseea
08-13 06:19:21.390 W/SystemConfig( 1383): fname = a52sxqxx
08-13 06:19:21.390 W/SystemConfig( 1383): ro.product.name = a22xnseea
08-13 06:19:21.390 W/SystemConfig( 1383): fname = a52sxqks
08-13 06:19:21.390 W/SystemConfig( 1383): ro.product.name = a22xnseea
08-13 06:19:21.390 W/SystemConfig( 1383): fname = r9sxtur
08-13 06:19:21.390 W/SystemConfig( 1383): ro.product.name = a22xnseea
08-13 06:19:21.390 W/SystemConfig( 1383): fname = r9sxxx
08-13 06:19:21.390 W/SystemConfig( 1383): ro.product.name = a22xnseea
08-13 06:19:21.390 W/SystemConfig( 1383): fname = r9qksx
08-13 06:19:21.390 W/SystemConfig( 1383): ro.product.name = a22xnseea
08-13 06:19:21.390 W/SystemConfig( 1383): fname = r9qxeea
08-13 06:19:21.390 W/SystemConfig( 1383): ro.product.name = a22xnseea
08-13 06:19:21.390 W/SystemConfig( 1383): fname = r9qxtur
08-13 06:19:21.390 W/SystemConfig( 1383): ro.product.name = a22xnseea
08-13 06:19:21.390 W/SystemConfig( 1383): fname = r9qxser
08-13 06:19:21.390 W/SystemConfig( 1383): ro.product.name = a22xnseea
08-13 06:19:21.390 W/SystemConfig( 1383): fname = r9qzh
08-13 06:19:21.390 W/SystemConfig( 1383): ro.product.name = a22xnseea
08-13 06:19:21.390 W/SystemConfig( 1383): fname = r9quew
08-13 06:19:21.390 W/SystemConfig( 1383): ro.product.name = a22xnseea
08-13 06:19:21.390 W/SystemConfig( 1383): fname = r9qxxx
08-13 06:19:21.390 W/SystemConfig( 1383): ro.product.name = a22xnseea
08-13 06:19:21.390 W/SystemConfig( 1383): fname = r9qcsx
08-13 06:19:21.390 W/SystemConfig( 1383): ro.product.name = a22xnseea
08-13 06:19:21.390 W/SystemConfig( 1383): fname = r9qsqw
08-13 06:19:21.390 W/SystemConfig( 1383): ro.product.name = a22xnseea
08-13 06:19:21.390 W/SystemConfig( 1383): fname = r9q2xser
08-13 06:19:21.390 W/SystemConfig( 1383): ro.product.name = a22xnseea
08-13 06:19:21.390 W/SystemConfig( 1383): fname = r9q2xxx
08-13 06:19:21.390 W/SystemConfig( 1383): ro.product.name = a22xnseea
08-13 06:19:21.390 W/SystemConfig( 1383): fname = r9q2xeea
08-13 06:19:21.390 W/SystemConfig( 1383): ro.product.name = a22xnseea
08-13 06:19:21.390 W/SystemConfig( 1383): fname = r9q2sqw
08-13 06:19:21.390 W/SystemConfig( 1383): ro.product.name = a22xnseea
08-13 06:19:21.390 W/SystemConfig( 1383): fname = a32ub
08-13 06:19:21.390 W/SystemConfig( 1383): ro.product.name = a22xnseea
08-13 06:19:21.390 W/SystemConfig( 1383): fname = a32ks
08-13 06:19:21.390 W/SystemConfig( 1383): ro.product.name = a22xnseea
08-13 06:19:21.390 W/SystemConfig( 1383): fname = a32eea
08-13 06:19:21.390 W/SystemConfig( 1383): ro.product.name = a22xnseea
08-13 06:19:21.390 W/SystemConfig( 1383): fname = a32tur
08-13 06:19:21.390 W/SystemConfig( 1383): ro.product.name = a22xnseea
08-13 06:19:21.390 W/SystemConfig( 1383): fname = a32ser
08-13 06:19:21.390 W/SystemConfig( 1383): ro.product.name = a22xnseea
08-13 06:19:21.390 W/SystemConfig( 1383): fname = a32xx
08-13 06:19:21.390 W/SystemConfig( 1383): ro.product.name = a22xnseea
08-13 06:19:21.390 W/SystemConfig( 1383): fname = a32xxx
08-13 06:19:21.390 W/SystemConfig( 1383): ro.product.name = a22xnseea
08-13 06:19:21.390 W/SystemConfig( 1383): fname = a32xcs
08-13 06:19:21.390 W/SystemConfig( 1383): ro.product.name = a22xnseea
08-13 06:19:21.390 W/SystemConfig( 1383): fname = a32xue
08-13 06:19:21.390 W/SystemConfig( 1383): ro.product.name = a22xnseea
08-13 06:19:21.390 W/SystemConfig( 1383): fname = a32xtfn
08-13 06:19:21.390 W/SystemConfig( 1383): ro.product.name = a22xnseea
08-13 06:19:21.390 W/SystemConfig( 1383): fname = a32xzh
08-13 06:19:21.390 W/SystemConfig( 1383): ro.product.name = a22xnseea
08-13 06:19:21.390 W/SystemConfig( 1383): fname = a32xsq
08-13 06:19:21.390 W/SystemConfig( 1383): ro.product.name = a22xnseea
08-13 06:19:21.390 W/SystemConfig( 1383): fname = SCG08_jp_kdi
08-13 06:19:21.390 W/SystemConfig( 1383): ro.product.name = a22xnseea
08-13 06:19:21.390 W/SystemConfig( 1383): fname = xcover5eea
08-13 06:19:21.390 W/SystemConfig( 1383): ro.product.name = a22xnseea
08-13 06:19:21.391 W/SystemConfig( 1383): fname = xcover5ser
08-13 06:19:21.391 W/SystemConfig( 1383): ro.product.name = a22xnseea
08-13 06:19:21.391 W/SystemConfig( 1383): fname = xcover5kx
08-13 06:19:21.391 W/SystemConfig( 1383): ro.product.name = a22xnseea
08-13 06:19:21.391 W/SystemConfig( 1383): fname = xcover5xx
08-13 06:19:21.391 W/SystemConfig( 1383): ro.product.name = a22xnseea
08-13 06:19:21.391 W/SystemConfig( 1383): fname = gts7fewifixx
08-13 06:19:21.391 W/SystemConfig( 1383): ro.product.name = a22xnseea
08-13 06:19:21.391 W/SystemConfig( 1383): fname = gts7fewifitur
08-13 06:19:21.391 W/SystemConfig( 1383): ro.product.name = a22xnseea
08-13 06:19:21.391 W/SystemConfig( 1383): fname = gts7fewifieea
08-13 06:19:21.391 W/SystemConfig( 1383): ro.product.name = a22xnseea
08-13 06:19:21.391 W/SystemConfig( 1383): fname = gts7fewifiser
08-13 06:19:21.391 W/SystemConfig( 1383): ro.product.name = a22xnseea
08-13 06:19:21.391 W/SystemConfig( 1383): fname = gts7xllitexx
08-13 06:19:21.391 W/SystemConfig( 1383): ro.product.name = a22xnseea
08-13 06:19:21.391 W/SystemConfig( 1383): fname = gts7xlliteser
08-13 06:19:21.391 W/SystemConfig( 1383): ro.product.name = a22xnseea
08-13 06:19:21.391 W/SystemConfig( 1383): fname = gts7xllitexeea
08-13 06:19:21.391 W/SystemConfig( 1383): ro.product.name = a22xnseea
08-13 06:19:21.391 W/SystemConfig( 1383): fname = gts7xllitekx
08-13 06:19:21.391 W/SystemConfig( 1383): ro.product.name = a22xnseea
08-13 06:19:21.391 W/SystemConfig( 1383): fname = gts7xllitetur
08-13 06:19:21.391 W/SystemConfig( 1383): ro.product.name = a22xnseea
08-13 06:19:21.391 W/SystemConfig( 1383): fname = gts7xllitekxx
08-13 06:19:21.391 W/SystemConfig( 1383): ro.product.name = a22xnseea
08-13 06:19:21.391 W/SystemConfig( 1383): fname = gts7xllitesqwnc
08-13 06:19:21.391 W/SystemConfig( 1383): ro.product.name = a22xnseea
08-13 06:19:21.391 W/SystemConfig( 1383): fname = gts7xllitexxx
08-13 06:19:21.391 W/SystemConfig( 1383): ro.product.name = a22xnseea
08-13 06:19:21.391 W/SystemConfig( 1383): fname = gts7xllitesqw
08-13 06:19:21.391 W/SystemConfig( 1383): ro.product.name = a22xnseea
08-13 06:19:21.391 W/SystemConfig( 1383): fname = gts7xllitewifieea
08-13 06:19:21.391 W/SystemConfig( 1383): ro.product.name = a22xnseea
08-13 06:19:21.391 W/SystemConfig( 1383): fname = gts7xllitewifixx
08-13 06:19:21.391 W/SystemConfig( 1383): ro.product.name = a22xnseea
08-13 06:19:21.391 W/SystemConfig( 1383): fname = gts7xllitewifitur
08-13 06:19:21.391 W/SystemConfig( 1383): ro.product.name = a22xnseea
08-13 06:19:21.391 W/SystemConfig( 1383): fname = gts7xllitewifiser
08-13 06:19:21.391 W/SystemConfig( 1383): ro.product.name = a22xnseea
08-13 06:19:21.391 W/SystemConfig( 1383): fname = b0sxser
08-13 06:19:21.391 W/SystemConfig( 1383): ro.product.name = a22xnseea
08-13 06:19:21.391 W/SystemConfig( 1383): fname = b0sxtur
08-13 06:19:21.391 W/SystemConfig( 1383): ro.product.name = a22xnseea
08-13 06:19:21.391 W/SystemConfig( 1383): fname = b0sxxx
08-13 06:19:21.391 W/SystemConfig( 1383): ro.product.name = a22xnseea
08-13 06:19:21.391 W/SystemConfig( 1383): fname = b0sxeea
08-13 06:19:21.391 W/SystemConfig( 1383): ro.product.name = a22xnseea
08-13 06:19:21.391 W/SystemConfig( 1383): fname = b0sksx
08-13 06:19:21.391 W/SystemConfig( 1383): ro.product.name = a22xnseea
08-13 06:19:21.391 W/SystemConfig( 1383): fname = b0qksx
08-13 06:19:21.391 W/SystemConfig( 1383): ro.product.name = a22xnseea
08-13 06:19:21.391 W/SystemConfig( 1383): fname = b0quew
08-13 06:19:21.391 W/SystemConfig( 1383): ro.product.name = a22xnseea
08-13 06:19:21.391 W/SystemConfig( 1383): fname = b0qcsx
08-13 06:19:21.391 W/SystemConfig( 1383): ro.product.name = a22xnseea
08-13 06:19:21.391 W/SystemConfig( 1383): fname = b0qxxx
08-13 06:19:21.391 W/SystemConfig( 1383): ro.product.name = a22xnseea
08-13 06:19:21.391 W/SystemConfig( 1383): fname = b0qsqw
08-13 06:19:21.391 W/SystemConfig( 1383): ro.product.name = a22xnseea
08-13 06:19:21.391 W/SystemConfig( 1383): fname = b0qzhx
08-13 06:19:21.391 W/SystemConfig( 1383): ro.product.name = a22xnseea
08-13 06:19:21.391 W/SystemConfig( 1383): fname = b0qxtur
08-13 06:19:21.391 W/SystemConfig( 1383): ro.product.name = a22xnseea
08-13 06:19:21.391 W/SystemConfig( 1383): fname = SC-52C
08-13 06:19:21.391 W/SystemConfig( 1383): ro.product.name = a22xnseea
08-13 06:19:21.391 W/SystemConfig( 1383): fname = SCG14_jp_kdi
08-13 06:19:21.391 W/SystemConfig( 1383): ro.product.name = a22xnseea
08-13 06:19:21.391 W/SystemConfig( 1383): fname = r0sxxx
08-13 06:19:21.391 W/SystemConfig( 1383): ro.product.name = a22xnseea
08-13 06:19:21.391 W/SystemConfig( 1383): fname = r0sxeea
08-13 06:19:21.391 W/SystemConfig( 1383): ro.product.name = a22xnseea
08-13 06:19:21.391 W/SystemConfig( 1383): fname = r0sxtur
08-13 06:19:21.391 W/SystemConfig( 1383): ro.product.name = a22xnseea
08-13 06:19:21.391 W/SystemConfig( 1383): fname = r0sxser
08-13 06:19:21.392 W/SystemConfig( 1383): ro.product.name = a22xnseea
08-13 06:19:21.392 W/SystemConfig( 1383): fname = r0sksx
08-13 06:19:21.392 W/SystemConfig( 1383): ro.product.name = a22xnseea
08-13 06:19:21.392 W/SystemConfig( 1383): fname = r0qksx
08-13 06:19:21.392 W/SystemConfig( 1383): ro.product.name = a22xnseea
08-13 06:19:21.392 W/SystemConfig( 1383): fname = r0qxtur
08-13 06:19:21.392 W/SystemConfig( 1383): ro.product.name = a22xnseea
08-13 06:19:21.392 W/SystemConfig( 1383): fname = r0qcsx
08-13 06:19:21.392 W/SystemConfig( 1383): ro.product.name = a22xnseea
08-13 06:19:21.392 W/SystemConfig( 1383): fname = r0qzhx
08-13 06:19:21.392 W/SystemConfig( 1383): ro.product.name = a22xnseea
08-13 06:19:21.392 W/SystemConfig( 1383): fname = r0quew
08-13 06:19:21.392 W/SystemConfig( 1383): ro.product.name = a22xnseea
08-13 06:19:21.392 W/SystemConfig( 1383): fname = r0qsqw
08-13 06:19:21.392 W/SystemConfig( 1383): ro.product.name = a22xnseea
08-13 06:19:21.392 W/SystemConfig( 1383): fname = r0qxxx
08-13 06:19:21.392 W/SystemConfig( 1383): ro.product.name = a22xnseea
08-13 06:19:21.392 W/SystemConfig( 1383): fname = SC-51C
08-13 06:19:21.392 W/SystemConfig( 1383): ro.product.name = a22xnseea
08-13 06:19:21.392 W/SystemConfig( 1383): fname = SCG13_jp_kdi
08-13 06:19:21.392 W/SystemConfig( 1383): ro.product.name = a22xnseea
08-13 06:19:21.392 W/SystemConfig( 1383): fname = g0sxxx
08-13 06:19:21.392 W/SystemConfig( 1383): ro.product.name = a22xnseea
08-13 06:19:21.392 W/SystemConfig( 1383): fname = g0sxtur
08-13 06:19:21.392 W/SystemConfig( 1383): ro.product.name = a22xnseea
08-13 06:19:21.392 W/SystemConfig( 1383): fname = g0sxeea
08-13 06:19:21.392 W/SystemConfig( 1383): ro.product.name = a22xnseea
08-13 06:19:21.392 W/SystemConfig( 1383): fname = g0sxser
08-13 06:19:21.392 W/SystemConfig( 1383): ro.product.name = a22xnseea
08-13 06:19:21.392 W/SystemConfig( 1383): fname = g0sksx
08-13 06:19:21.392 W/SystemConfig( 1383): ro.product.name = a22xnseea
08-13 06:19:21.392 W/SystemConfig( 1383): fname = g0qksx
08-13 06:19:21.392 W/SystemConfig( 1383): ro.product.name = a22xnseea
08-13 06:19:21.392 W/SystemConfig( 1383): fname = g0quew
08-13 06:19:21.392 W/SystemConfig( 1383): ro.product.name = a22xnseea
08-13 06:19:21.392 W/SystemConfig( 1383): fname = g0qxtur
08-13 06:19:21.392 W/SystemConfig( 1383): ro.product.name = a22xnseea
08-13 06:19:21.392 W/SystemConfig( 1383): fname = g0qcsx
08-13 06:19:21.392 W/SystemConfig( 1383): ro.product.name = a22xnseea
08-13 06:19:21.392 W/SystemConfig( 1383): fname = g0qxxx
08-13 06:19:21.392 W/SystemConfig( 1383): ro.product.name = a22xnseea
08-13 06:19:21.392 W/SystemConfig( 1383): fname = g0qsqw
08-13 06:19:21.392 W/SystemConfig( 1383): ro.product.name = a22xnseea
08-13 06:19:21.392 W/SystemConfig( 1383): fname = g0qzhx
08-13 06:19:21.392 W/SystemConfig( 1383): ro.product.name = a22xnseea
08-13 06:19:21.392 W/SystemConfig( 1383): fname = gts8kxx
08-13 06:19:21.392 W/SystemConfig( 1383): ro.product.name = a22xnseea
08-13 06:19:21.392 W/SystemConfig( 1383): fname = gts8keea
08-13 06:19:21.392 W/SystemConfig( 1383): ro.product.name = a22xnseea
08-13 06:19:21.392 W/SystemConfig( 1383): fname = gts8xser
08-13 06:19:21.392 W/SystemConfig( 1383): ro.product.name = a22xnseea
08-13 06:19:21.392 W/SystemConfig( 1383): fname = gts8xeea
08-13 06:19:21.392 W/SystemConfig( 1383): ro.product.name = a22xnseea
08-13 06:19:21.392 W/SystemConfig( 1383): fname = gts8xxx
08-13 06:19:21.392 W/SystemConfig( 1383): ro.product.name = a22xnseea
08-13 06:19:21.392 W/SystemConfig( 1383): fname = gts8sq
