04-12 22:32:39.912 18173 18688 E ShortcutInfoCompatSaver: at libcore.io.ForwardingOs.open(ForwardingOs.java:166)
04-12 22:32:39.912 18173 18688 E ShortcutInfoCompatSaver: at android.app.ActivityThread$AndroidOs.open(ActivityThread.java:7806)
04-12 22:32:39.912 18173 18688 E ShortcutInfoCompatSaver: at libcore.io.IoBridge.open(IoBridge.java:478)
04-12 22:32:39.912 18173 18688 E ShortcutInfoCompatSaver: ... 7 more
04-12 22:32:39.938 18173 18258 E FrameEvents: updateAcquireFence: Did not find frame.
04-12 22:32:39.938 18173 18258 E BufferQueueProducer: [ImageReader-720x144f1u256m2- 18173-0](id:46fd00000000,api:0,p:-1,c:18173) disconnect: not connected (req=1)
04-12 22:32:39.938 18173 18258 W libEGL : EGLNativeWindowType 0xb4000079a24255a0 disconnect failed
04-12 22:32:39.948 18173 18258 E FrameEvents: updateAcquireFence: Did not find frame.
04-12 22:32:39.949 18173 18258 E BufferQueueProducer: [ImageReader-720x886f1u256m2- 18173-1](id:46fd00000001,api:0,p:-1,c:18173) disconnect: not connected (req=1)
04-12 22:32:39.949 18173 18258 W libEGL : EGLNativeWindowType 0xb4000079a242bbd0 disconnect failed
04-12 22:32:39.956 18173 18258 E FrameEvents: updateAcquireFence: Did not find frame.
04-12 22:32:39.956 18173 18258 E BufferQueueProducer: [ImageReader-720x52f1u256m2- 18173-2](id:46fd00000002,api:0,p:-1,c:18173) disconnect: not connected (req=1)
04-12 22:32:39.956 18173 18258 W libEGL : EGLNativeWindowType 0xb4000079a242fff0 disconnect failed
04-12 22:32:39.960 18173 18173 W com.mbwhatsapp: type=1400 audit(0.0:535031): avc: denied { read } for name="osrelease" dev="proc" ino=18931477 scontext=u:r:untrusted_app:s0:c241,c256,c512,c768 tcontext=u:object_r:proc:s0 tclass=file permissive=0 app=com.mbwhatsapp
04-12 22:32:39.960 18173 18173 W com.mbwhatsapp: type=1400 audit(0.0:535032): avc: denied { read } for name="version" dev="proc" ino=18931478 scontext=u:r:untrusted_app:s0:c241,c256,c512,c768 tcontext=u:object_r:proc:s0 tclass=file permissive=0 app=com.mbwhatsapp
04-12 22:32:42.128 18173 18258 W libEGL : EGLNativeWindowType 0xb4000079a24056b0 disconnect failed
04-12 22:32:42.144 18173 18258 W libEGL : EGLNativeWindowType 0xb4000079a246dbc0 disconnect failed
04-12 22:32:45.671 18173 18173 E Dialog : show dialog view=DecorView@2540738[RegisterPhone]
04-12 22:32:46.170 18173 18233 E PlayCore: UID: [10241] PID: [18173] StandardIntegrity : Phonesky is not installed.
04-12 22:32:46.755 18173 18258 W libEGL : EGLNativeWindowType 0xb4000079a24056b0 disconnect failed
04-12 22:32:46.804 18173 18173 E Dialog : show dialog view=DecorView@27fabf8[RegisterPhone]
04-12 22:32:47.802 18173 18258 W libEGL : EGLNativeWindowType 0xb4000079a24056b0 disconnect failed
04-12 22:32:48.176 18173 18173 E Dialog : show dialog view=DecorView@475e642[VerifyPhoneNumber]
04-12 22:32:48.661 18173 18258 W libEGL : EGLNativeWindowType 0xb4000079a246dbc0 disconnect failed
04-12 22:32:48.694 18173 18258 W libEGL : EGLNativeWindowType 0xb4000079a23bf2a0 disconnect failed
04-12 22:32:50.555 18173 18258 W libEGL : EGLNativeWindowType 0xb4000079a2416730 disconnect failed
04-12 22:32:50.603 18173 18173 E Dialog : show dialog view=DecorView@a0023c2[VerifyPhoneNumber]
04-12 22:32:50.674 18173 18173 W IInputConnectionWrapper: requestCursorAnchorInfo on inactive InputConnection
04-12 22:32:52.770 18173 18258 W libEGL : EGLNativeWindowType 0xb4000079a2416730 disconnect failed
04-12 22:32:52.778 18173 18173 W InputEventReceiver: Attempted to finish an input event but the input event receiver has already been disposed.
04-12 22:32:53.552 18173 18258 W libEGL : EGLNativeWindowType 0xb4000079a23bf2a0 disconnect failed
04-12 22:32:56.710 18173 18173 W X.0Z6 : Invalid or missing region code (Colombia) provided.
04-12 22:32:56.742 18173 18173 E Dialog : show dialog view=DecorView@d1d8b6b[RegisterPhone]
04-12 22:32:57.242 18173 18258 W libEGL : EGLNativeWindowType 0xb4000079a24940e0 disconnect failed
04-12 22:33:04.473 18173 18258 W libEGL : EGLNativeWindowType 0xb4000079a2491ed0 disconnect failed
04-12 22:33:04.507 18173 18258 W libEGL : EGLNativeWindowType 0xb4000079a23dcf80 disconnect failed
04-12 22:33:09.547 18173 18188 W System : A resource failed to call dispose.
04-12 22:33:09.557 18173 18188 W System : A resource failed to call release.
04-12 22:33:09.568 18173 18188 W System : A resource failed to call release.
04-12 22:33:32.957 18173 18173 W X.0Z6 : Invalid or missing region code (Colombia) provided.
04-12 22:33:32.988 18173 18173 E Dialog : show dialog view=DecorView@e0d6c3b[RegisterPhone]
04-12 22:33:33.467 18173 18258 W libEGL : EGLNativeWindowType 0xb4000079a23dcf80 disconnect failed
04-12 22:33:34.987 18173 18258 W libEGL : EGLNativeWindowType 0xb4000079a2491ed0 disconnect failed
04-12 22:33:35.024 18173 18258 W libEGL : EGLNativeWindowType 0xb4000079a2418940 disconnect failed
04-12 22:36:31.989 22851 22851 E com.mbwhatsapp: Not starting debugger since process cannot load the jdwp agent.
04-12 22:36:32.293 22851 22851 W System.err: java.lang.ClassNotFoundException: mbmodsd.mbmodsw.ui.views.btn.BtnBK
04-12 22:36:32.293 22851 22851 W System.err: at java.lang.Runtime.nativeLoad(Native Method)
04-12 22:36:32.293 22851 22851 W System.err: at java.lang.Runtime.nativeLoad(Runtime.java:1131)
04-12 22:36:32.293 22851 22851 W System.err: at java.lang.Runtime.loadLibrary0(Runtime.java:1085)
04-12 22:36:32.293 22851 22851 W System.err: at java.lang.Runtime.loadLibrary0(Runtime.java:1008)
04-12 22:36:32.294 22851 22851 W System.err: at java.lang.System.loadLibrary(System.java:1664)
04-12 22:36:32.294 22851 22851 W System.err: at arm.EpicVm.<clinit>(Unknown Source:2)
04-12 22:36:32.294 22851 22851 W System.err: at java.lang.Class.newInstance(Native Method)
04-12 22:36:32.294 22851 22851 W System.err: at android.app.AppComponentFactory.instantiateApplication(AppComponentFactory.java:76)
04-12 22:36:32.294 22851 22851 W System.err: at androidx.core.app.CoreComponentFactory.instantiateApplication(Unknown Source:0)
04-12 22:36:32.294 22851 22851 W System.err: at android.app.Instrumentation.newApplication(Instrumentation.java:1158)
04-12 22:36:32.294 22851 22851 W System.err: at android.app.LoadedApk.makeApplication(LoadedApk.java:1268)
04-12 22:36:32.294 22851 22851 W System.err: at android.app.ActivityThread.handleBindApplication(ActivityThread.java:6879)
04-12 22:36:32.294 22851 22851 W System.err: at android.app.ActivityThread.access$1300(ActivityThread.java:260)
04-12 22:36:32.294 22851 22851 W System.err: at android.app.ActivityThread$H.handleMessage(ActivityThread.java:1955)
04-12 22:36:32.294 22851 22851 W System.err: at android.os.Handler.dispatchMessage(Handler.java:106)
04-12 22:36:32.294 22851 22851 W System.err: at android.os.Looper.loop(Looper.java:223)
04-12 22:36:32.294 22851 22851 W System.err: at android.app.ActivityThread.main(ActivityThread.java:7945)
04-12 22:36:32.294 22851 22851 W System.err: at java.lang.reflect.Method.invoke(Native Method)
04-12 22:36:32.294 22851 22851 W System.err: at com.android.internal.os.RuntimeInit$MethodAndArgsCaller.run(RuntimeInit.java:603)
04-12 22:36:32.294 22851 22851 W System.err: at com.android.internal.os.ZygoteInit.main(ZygoteInit.java:947)
04-12 22:36:32.542 22851 22851 W CheckTime: App running slow: Executing handleBindApplication : makeApplication took 406ms
04-12 22:36:32.558 22851 22851 E CustomActivityOnCrash: IMPORTANT WARNING! You already have an UncaughtExceptionHandler, are you sure this is correct? If you use a custom UncaughtExceptionHandler, you must initialize it AFTER CustomActivityOnCrash! Installing anyway, but your original handler will not be called.
04-12 22:36:33.322 22851 22851 W com.mbwhatsapp: Accessing hidden method Lcom/android/org/conscrypt/OpenSSLSocketImpl;->setUseSessionTickets(Z)V (greylist- max-q,test-api, reflection, denied)
04-12 22:36:33.323 22851 22851 W com.mbwhatsapp: Accessing hidden method Lcom/android/org/conscrypt/AbstractConscryptSocket;->setUseSessionTickets(Z)V (greylist-max-q, reflection, denied)
04-12 22:36:35.709 22851 22851 W linker : Warning: "/data/data/com.mbwhatsapp/files/decompressed/libs.spk.zst/libc++_shared.so" unused DT entry: unknown processor-specific (type 0x70000001 arg 0x0) (ignoring)
04-12 22:36:35.704 22851 22851 W com.mbwhatsapp: type=1400 audit(0.0:535828): avc: granted { execute } for path="/data/data/com.mbwhatsapp/files/decompressed/libs.spk.zst/libc++_shared.so" dev="dm-12" ino=87022 scontext=u:r:untrusted_app:s0:c241,c256,c512,c768 tcontext=u:object_r:app_data_file:s0:c241,c256,c512,c768 tclass=file app=com.mbwhatsapp
04-12 22:36:35.712 22851 22851 W com.mbwhatsapp: type=1400 audit(0.0:535829): avc: granted { execute } for path="/data/data/com.mbwhatsapp/files/decompressed/libs.spk.zst/libvlc.so" dev="dm- 12" ino=87155 scontext=u:r:untrusted_app:s0:c241,c256,c512,c768 tcontext=u:object_r:app_data_file:s0:c241,c256,c512,c768 tclass=file app=com.mbwhatsapp
04-12 22:36:35.724 22851 22851 W com.mbwhatsapp: type=1400 audit(0.0:535830): avc: granted { execute } for path="/data/data/com.mbwhatsapp/files/decompressed/libs.spk.zst/libwhatsapp.so" dev="dm-12" ino=86980 scontext=u:r:untrusted_app:s0:c241,c256,c512,c768 tcontext=u:object_r:app_data_file:s0:c241,c256,c512,c768 tclass=file app=com.mbwhatsapp
04-12 22:36:35.764 22851 22851 W com.mbwhatsapp: type=1400 audit(0.0:535831): avc: granted { execute } for path="/data/data/com.mbwhatsapp/files/decompressed/libs.spk.zst/libcurve25519.so" dev="dm-12" ino=87133 scontext=u:r:untrusted_app:s0:c241,c256,c512,c768 tcontext=u:object_r:app_data_file:s0:c241,c256,c512,c768 tclass=file app=com.mbwhatsapp
04-12 22:36:35.796 22851 22851 W com.mbwhatsapp: type=1400 audit(0.0:535832): avc: granted { execute } for path="/data/data/com.mbwhatsapp/files/decompressed/libs.spk.zst/libwhatsapp.so" dev="dm-12" ino=86980 scontext=u:r:untrusted_app:s0:c241,c256,c512,c768 tcontext=u:object_r:app_data_file:s0:c241,c256,c512,c768 tclass=file app=com.mbwhatsapp
04-12 22:36:36.210 22851 22851 W CheckTime: App running slow: Executing handleBindApplication : callApplicationOnCreate took 3537ms
04-12 22:36:36.215 22851 22851 W CheckTime: App running slow: Executing com.mbwhatsapp.systemreceivers.appupdated.AppUpdatedReceiver scheduleReceive took 4178ms
04-12 22:36:36.216 22851 22851 W ActivityThread: Main thread can not be idle for a long time.
04-12 22:36:36.227 22851 23098 W com.mbwhatsapp: Class X.2rL failed lock verification and will run slower.
04-12 22:36:36.227 22851 23098 W com.mbwhatsapp: Common causes for lock verification issues are non-optimized dex code
04-12 22:36:36.227 22851 23098 W com.mbwhatsapp: and incorrect proguard optimizations.
04-12 22:36:36.275 22851 22851 W com.mbwhatsapp: Class X.0eU failed lock verification and will run slower.
04-12 22:36:37.366 22851 22851 E OpenGLRenderer: ~SkiaDisplayList() ##### pid = 22851
04-12 22:36:37.380 22851 23135 E libc : Access denied finding property "persist.vendor.sf.fbc"
04-12 22:36:37.380 22851 23135 E libc : Access denied finding property "persist.vendor.gpu.fbc"
04-12 22:36:37.380 22851 23135 E libc : Access denied finding property "persist.vendor.vsp.fbc"
04-12 22:36:38.544 22851 22851 W com.mbwhatsapp: type=1400 audit(0.0:535836): avc: denied { read } for name="osrelease" dev="proc" ino=19044593 scontext=u:r:untrusted_app:s0:c241,c256,c512,c768 tcontext=u:object_r:proc:s0 tclass=file permissive=0 app=com.mbwhatsapp
04-12 22:36:40.517 22851 23135 W libEGL : EGLNativeWindowType 0xb4000079a238c120 disconnect failed
04-12 22:36:40.935 22851 23135 W libEGL : EGLNativeWindowType 0xb4000079a2434410 disconnect failed
04-12 22:36:44.631 22851 22851 E Dialog : show dialog view=DecorView@d1d62e2[RegisterPhone]
04-12 22:36:46.140 22851 22933 E PlayCore: UID: [10241] PID: [22851] StandardIntegrity : Phonesky is not installed.
04-12 22:36:47.348 22851 23135 W libEGL : EGLNativeWindowType 0xb4000079a238c120 disconnect failed
04-12 22:36:47.453 22851 22851 E Dialog : show dialog view=DecorView@afff97[RegisterPhone]
04-12 22:36:48.950 22851 23135 W libEGL : EGLNativeWindowType 0xb4000079a238c120 disconnect failed
04-12 22:36:49.894 22851 22851 E Dialog : show dialog view=DecorView@4d4e0ca[VerifyPhoneNumber]
04-12 22:36:50.518 22851 23135 W libEGL : EGLNativeWindowType 0xb4000079a2434410 disconnect failed
04-12 22:36:50.570 22851 23135 W libEGL : EGLNativeWindowType 0xb4000079a2387d00 disconnect failed
04-12 22:36:52.586 22851 23135 W libEGL : EGLNativeWindowType 0xb4000079a23c58d0 disconnect failed
04-12 22:36:52.652 22851 22851 E Dialog : show dialog view=DecorView@511ba31[VerifyPhoneNumber]
04-12 22:36:52.719 22851 22851 W IInputConnectionWrapper: requestCursorAnchorInfo on inactive InputConnection
04-12 22:37:05.771 22851 23135 W libEGL : EGLNativeWindowType 0xb4000079a23c58d0 disconnect failed
04-12 22:37:05.782 22851 22851 W InputEventReceiver: Attempted to finish an input event but the input event receiver has already been disposed.
04-12 22:37:06.172 22851 23135 W libEGL : EGLNativeWindowType 0xb4000079a2387d00 disconnect failed
04-12 22:37:13.629 22851 23135 W libEGL : EGLNativeWindowType 0xb4000079a23c58d0 disconnect failed
04-12 22:37:14.802 22851 23135 W libEGL : EGLNativeWindowType 0xb4000079a23c58d0 disconnect failed
04-12 22:37:16.150 22851 23135 W libEGL : EGLNativeWindowType 0xb4000079a2387d00 disconnect failed --------- beginning of main
04-12 22:37:18.147 24282 24282 E com.mbwhatsapp: Not starting debugger since process cannot load the jdwp agent.
04-12 22:37:18.307 24282 24282 W System.err: java.lang.ClassNotFoundException: mbmodsd.mbmodsw.ui.views.btn.BtnBK
04-12 22:37:18.308 24282 24282 W System.err: at java.lang.Runtime.nativeLoad(Native Method)
04-12 22:37:18.308 24282 24282 W System.err: at java.lang.Runtime.nativeLoad(Runtime.java:1131)
04-12 22:37:18.308 24282 24282 W System.err: at java.lang.Runtime.loadLibrary0(Runtime.java:1085)
04-12 22:37:18.308 24282 24282 W System.err: at java.lang.Runtime.loadLibrary0(Runtime.java:1008)
04-12 22:37:18.308 24282 24282 W System.err: at java.lang.System.loadLibrary(System.java:1664)
04-12 22:37:18.308 24282 24282 W System.err: at arm.EpicVm.<clinit>(Unknown Source:2)
04-12 22:37:18.308 24282 24282 W System.err: at java.lang.Class.newInstance(Native Method)
04-12 22:37:18.308 24282 24282 W System.err: at android.app.AppComponentFactory.instantiateApplication(AppComponentFactory.java:76)
04-12 22:37:18.308 24282 24282 W System.err: at androidx.core.app.CoreComponentFactory.instantiateApplication(Unknown Source:0)
04-12 22:37:18.308 24282 24282 W System.err: at android.app.Instrumentation.newApplication(Instrumentation.java:1158)
04-12 22:37:18.308 24282 24282 W System.err: at android.app.LoadedApk.makeApplication(LoadedApk.java:1268)
04-12 22:37:18.308 24282 24282 W System.err: at android.app.ActivityThread.handleBindApplication(ActivityThread.java:6879)
04-12 22:37:18.308 24282 24282 W System.err: at android.app.ActivityThread.access$1300(ActivityThread.java:260)
04-12 22:37:18.308 24282 24282 W System.err: at android.app.ActivityThread$H.handleMessage(ActivityThread.java:1955)
04-12 22:37:18.308 24282 24282 W System.err: at android.os.Handler.dispatchMessage(Handler.java:106)
04-12 22:37:18.308 24282 24282 W System.err: at android.os.Looper.loop(Looper.java:223)
04-12 22:37:18.308 24282 24282 W System.err: at android.app.ActivityThread.main(ActivityThread.java:7945)
04-12 22:37:18.308 24282 24282 W System.err: at java.lang.reflect.Method.invoke(Native Method)
04-12 22:37:18.308 24282 24282 W System.err: at com.android.internal.os.RuntimeInit$MethodAndArgsCaller.run(RuntimeInit.java:603)
04-12 22:37:18.308 24282 24282 W System.err: at com.android.internal.os.ZygoteInit.main(ZygoteInit.java:947)
04-12 22:37:18.407 24282 24282 E CustomActivityOnCrash: IMPORTANT WARNING! You already have an UncaughtExceptionHandler, are you sure this is correct? If you use a custom UncaughtExceptionHandler, you must initialize it AFTER CustomActivityOnCrash! Installing anyway, but your original handler will not be called.
04-12 22:37:18.837 24282 24282 W com.mbwhatsapp: Accessing hidden method Lcom/android/org/conscrypt/OpenSSLSocketImpl;->setUseSessionTickets(Z)V (greylist- max-q,test-api, reflection, denied)
04-12 22:37:18.837 24282 24282 W com.mbwhatsapp: Accessing hidden method Lcom/android/org/conscrypt/AbstractConscryptSocket;->setUseSessionTickets(Z)V (greylist-max-q, reflection, denied)
04-12 22:37:18.916 24282 24282 W linker : Warning: "/data/data/com.mbwhatsapp/files/decompressed/libs.spk.zst/libc++_shared.so" unused DT entry: unknown processor-specific (type 0x70000001 arg 0x0) (ignoring)
04-12 22:37:18.912 24282 24282 W com.mbwhatsapp: type=1400 audit(0.0:535944): avc: granted { execute } for path="/data/data/com.mbwhatsapp/files/decompressed/libs.spk.zst/libc++_shared.so" dev="dm-12" ino=87022 scontext=u:r:untrusted_app:s0:c241,c256,c512,c768 tcontext=u:object_r:app_data_file:s0:c241,c256,c512,c768 tclass=file app=com.mbwhatsapp
04-12 22:37:18.916 24282 24282 W com.mbwhatsapp: type=1400 audit(0.0:535945): avc: granted { execute } for path="/data/data/com.mbwhatsapp/files/decompressed/libs.spk.zst/libvlc.so" dev="dm- 12" ino=87155 scontext=u:r:untrusted_app:s0:c241,c256,c512,c768 tcontext=u:object_r:app_data_file:s0:c241,c256,c512,c768 tclass=file app=com.mbwhatsapp
04-12 22:37:18.928 24282 24282 W com.mbwhatsapp: type=1400 audit(0.0:535946): avc: granted { execute } for path="/data/data/com.mbwhatsapp/files/decompressed/libs.spk.zst/libwhatsapp.so" dev="dm-12" ino=86980 scontext=u:r:untrusted_app:s0:c241,c256,c512,c768 tcontext=u:object_r:app_data_file:s0:c241,c256,c512,c768 tclass=file app=com.mbwhatsapp
04-12 22:37:18.968 24282 24282 W com.mbwhatsapp: type=1400 audit(0.0:535947): avc: granted { execute } for path="/data/data/com.mbwhatsapp/files/decompressed/libs.spk.zst/libcurve25519.so" dev="dm-12" ino=87133 scontext=u:r:untrusted_app:s0:c241,c256,c512,c768 tcontext=u:object_r:app_data_file:s0:c241,c256,c512,c768 tclass=file app=com.mbwhatsapp
04-12 22:37:18.980 24282 24282 W com.mbwhatsapp: type=1400 audit(0.0:535948): avc: granted { execute } for path="/data/data/com.mbwhatsapp/files/decompressed/libs.spk.zst/libwhatsapp.so" dev="dm-12" ino=86980 scontext=u:r:untrusted_app:s0:c241,c256,c512,c768 tcontext=u:object_r:app_data_file:s0:c241,c256,c512,c768 tclass=file app=com.mbwhatsapp
04-12 22:37:18.980 24282 24282 W com.mbwhatsapp: type=1400 audit(0.0:535951): avc: denied { execmod } for path="/apex/com.android.runtime/lib64/bionic/libc.so" dev="loop8" ino=33 scontext=u:r:untrusted_app:s0:c241,c256,c512,c768 tcontext=u:object_r:system_lib_file:s0 tclass=file permissive=0 app=com.mbwhatsapp
04-12 22:37:19.127 24282 24282 W CheckTime: App running slow: Executing handleBindApplication : callApplicationOnCreate took 664ms --------- beginning of system
04-12 22:37:19.140 24282 24333 W com.mbwhatsapp: Class X.2rL failed lock verification and will run slower.
04-12 22:37:19.140 24282 24333 W com.mbwhatsapp: Common causes for lock verification issues are non-optimized dex code
04-12 22:37:19.140 24282 24333 W com.mbwhatsapp: and incorrect proguard optimizations.