01-19 21:53:44.150 23699 23699 E ArmVmp : Match on catch block at 0xc3 in for 0x7ac49b4025
01-19 21:53:44.154 23699 23699 E ArmVmp : Match on catch block at 0xc3 in for 0x7ac49b4025
01-19 21:53:44.166 23699 23699 E ArmVmp : Match on catch block at 0xc3 in for 0x7ac49b4025
01-19 21:53:44.171 23699 23699 E ArmVmp : Match on catch block at 0xc3 in for 0x7ac49b4025
01-19 21:53:44.182 23699 23699 E ArmVmp : Match on catch block at 0xc3 in for 0x7ac49b4025
01-19 21:53:44.185 23699 23699 E ArmVmp : Match on catch block at 0xc3 in for 0x7ac49b4025
01-19 21:53:44.198 23699 23699 E ArmVmp : Match on catch block at 0xc3 in for 0x7ac49b4025
01-19 21:53:44.201 23699 23699 E ArmVmp : Match on catch block at 0xc3 in for 0x7ac49b4025
01-19 21:53:44.216 23699 23699 E ArmVmp : Match on catch block at 0xc3 in for 0x7ac49b4025
01-19 21:53:44.219 23699 23699 E ArmVmp : Match on catch block at 0xc3 in for 0x7ac49b4025
01-19 21:53:44.232 23699 23699 E ArmVmp : Match on catch block at 0xc3 in for 0x7ac49b4025
01-19 21:53:44.235 23699 23699 E ArmVmp : Match on catch block at 0xc3 in for 0x7ac49b4025
01-19 21:53:44.247 23699 23699 E ArmVmp : Match on catch block at 0xc3 in for 0x7ac49b4025
01-19 21:53:44.252 23699 23699 E ArmVmp : Match on catch block at 0xc3 in for 0x7ac49b4025
01-19 21:53:44.264 23699 23699 E ArmVmp : Match on catch block at 0xc3 in for 0x7ac49b4025
01-19 21:53:44.270 23699 23699 E ArmVmp : Match on catch block at 0xc3 in for 0x7ac49b4025
01-19 21:53:44.280 23699 23699 E ArmVmp : Match on catch block at 0xc3 in for 0x7ac49b4025
01-19 21:53:44.283 23699 23699 E ArmVmp : Match on catch block at 0xc3 in for 0x7ac49b4025
01-19 21:53:44.295 23699 23699 E ArmVmp : Match on catch block at 0xc3 in for 0x7ac49b4025
01-19 21:53:44.299 23699 23699 E ArmVmp : Match on catch block at 0xc3 in for 0x7ac49b4025
01-19 21:53:44.315 23699 23699 E ArmVmp : Match on catch block at 0xc3 in for 0x7ac49b4025
01-19 21:53:44.329 23699 23699 E ArmVmp : Match on catch block at 0xc3 in for 0x7ac49b4025
01-19 21:53:44.336 23699 23699 E ArmVmp : Match on catch block at 0xc3 in for 0x7ac49b4025
01-19 21:53:44.343 23699 23699 E ArmVmp : Match on catch block at 0xc3 in for 0x7ac49b4025
01-19 21:53:44.351 23699 23699 E ArmVmp : Match on catch block at 0xc3 in for 0x7ac49b4025
01-19 21:53:44.358 23699 23699 E ArmVmp : Match on catch block at 0xc3 in for 0x7ac49b4025
01-19 21:53:44.370 23699 23699 E ArmVmp : Match on catch block at 0xc3 in for 0x7ac49b4025
01-19 21:53:44.374 23699 23699 E ArmVmp : Match on catch block at 0xc3 in for 0x7ac49b4025
01-19 21:53:44.382 23699 23699 E ArmVmp : Match on catch block at 0xc3 in for 0x7ac49b4025
01-19 21:53:44.386 23699 23699 E ArmVmp : Match on catch block at 0xc3 in for 0x7ac49b4025
01-19 21:53:44.400 23699 23699 E ArmVmp : Match on catch block at 0xc3 in for 0x7ac49b4025
01-19 21:53:44.405 23699 23699 E ArmVmp : Match on catch block at 0xc3 in for 0x7ac49b4025
01-19 21:53:44.416 23699 23699 E ArmVmp : Match on catch block at 0xc3 in for 0x7ac49b4025
01-19 21:53:44.422 23699 23699 E ArmVmp : Match on catch block at 0xc3 in for 0x7ac49b4025
01-19 21:53:44.433 23699 23699 E ArmVmp : Match on catch block at 0xc3 in for 0x7ac49b4025
01-19 21:53:44.438 23699 23699 E ArmVmp : Match on catch block at 0xc3 in for 0x7ac49b4025
01-19 21:53:44.457 23699 23699 E ArmVmp : Match on catch block at 0xc3 in for 0x7ac49b4025
01-19 21:53:44.464 23699 23699 E ArmVmp : Match on catch block at 0xc3 in for 0x7ac49b4025
01-19 21:53:44.475 23699 23699 E ArmVmp : Match on catch block at 0xc3 in for 0x7ac49b4025
01-19 21:53:44.485 23699 23699 E ArmVmp : Match on catch block at 0xc3 in for 0x7ac49b4025
01-19 21:53:44.499 23699 23699 E ArmVmp : Match on catch block at 0xc3 in for 0x7ac49b4025
01-19 21:53:44.512 23699 23699 E ArmVmp : Match on catch block at 0xc3 in for 0x7ac49b4025
01-19 21:53:44.523 23699 23699 E ArmVmp : Match on catch block at 0xc3 in for 0x7ac49b4025
01-19 21:53:44.529 23699 23699 E ArmVmp : Match on catch block at 0xc3 in for 0x7ac49b4025
01-19 21:53:44.541 23699 23699 E ArmVmp : Match on catch block at 0xc3 in for 0x7ac49b4025
01-19 21:53:44.547 23699 23699 E ArmVmp : Match on catch block at 0xc3 in for 0x7ac49b4025
01-19 21:53:44.554 23699 23699 E ArmVmp : Match on catch block at 0xc3 in for 0x7ac49b4025
01-19 21:53:44.557 23699 23699 E ArmVmp : Match on catch block at 0xc3 in for 0x7ac49b4025
01-19 21:53:44.567 23699 23699 E ArmVmp : Match on catch block at 0xc3 in for 0x7ac49b4025
01-19 21:53:44.571 23699 23699 E ArmVmp : Match on catch block at 0xc3 in for 0x7ac49b4025
01-19 21:53:44.583 23699 23699 E ArmVmp : Match on catch block at 0xc3 in for 0x7ac49b4025
01-19 21:53:44.588 23699 23699 E ArmVmp : Match on catch block at 0xc3 in for 0x7ac49b4025
01-19 21:53:44.601 23699 23699 E ArmVmp : Match on catch block at 0xc3 in for 0x7ac49b4025
01-19 21:53:44.605 23699 23699 E ArmVmp : Match on catch block at 0xc3 in for 0x7ac49b4025
01-19 21:53:44.617 23699 23699 E ArmVmp : Match on catch block at 0xc3 in for 0x7ac49b4025
01-19 21:53:44.621 23699 23699 E ArmVmp : Match on catch block at 0xc3 in for 0x7ac49b4025
01-19 21:53:44.633 23699 23699 E ArmVmp : Match on catch block at 0xc3 in for 0x7ac49b4025
01-19 21:53:44.637 23699 23699 E ArmVmp : Match on catch block at 0xc3 in for 0x7ac49b4025
01-19 21:53:44.650 23699 23699 E ArmVmp : Match on catch block at 0xc3 in for 0x7ac49b4025
01-19 21:53:44.653 23699 23699 E ArmVmp : Match on catch block at 0xc3 in for 0x7ac49b4025
01-19 21:53:44.667 23699 23699 E ArmVmp : Match on catch block at 0xc3 in for 0x7ac49b4025
01-19 21:53:44.670 23699 23699 E ArmVmp : Match on catch block at 0xc3 in for 0x7ac49b4025
01-19 21:53:44.684 23699 23699 E ArmVmp : Match on catch block at 0xc3 in for 0x7ac49b4025
01-19 21:53:44.687 23699 23699 E ArmVmp : Match on catch block at 0xc3 in for 0x7ac49b4025
01-19 21:53:44.700 23699 23699 E ArmVmp : Match on catch block at 0xc3 in for 0x7ac49b4025
01-19 21:53:44.702 23699 23699 E ArmVmp : Match on catch block at 0xc3 in for 0x7ac49b4025
01-19 21:53:44.717 23699 23699 E ArmVmp : Match on catch block at 0xc3 in for 0x7ac49b4025
01-19 21:53:44.719 23699 23699 E ArmVmp : Match on catch block at 0xc3 in for 0x7ac49b4025
01-19 21:53:44.733 23699 23699 E ArmVmp : Match on catch block at 0xc3 in for 0x7ac49b4025
01-19 21:53:44.736 23699 23699 E ArmVmp : Match on catch block at 0xc3 in for 0x7ac49b4025
01-19 21:53:44.751 23699 23699 E ArmVmp : Match on catch block at 0xc3 in for 0x7ac49b4025
01-19 21:53:44.753 23699 23699 E ArmVmp : Match on catch block at 0xc3 in for 0x7ac49b4025
01-19 21:53:44.767 23699 23699 E ArmVmp : Match on catch block at 0xc3 in for 0x7ac49b4025
01-19 21:53:44.770 23699 23699 E ArmVmp : Match on catch block at 0xc3 in for 0x7ac49b4025
01-19 21:53:44.785 23699 23699 E ArmVmp : Match on catch block at 0xc3 in for 0x7ac49b4025
01-19 21:53:44.788 23699 23699 E ArmVmp : Match on catch block at 0xc3 in for 0x7ac49b4025
01-19 21:53:44.801 23699 23699 E ArmVmp : Match on catch block at 0xc3 in for 0x7ac49b4025
01-19 21:53:44.805 23699 23699 E ArmVmp : Match on catch block at 0xc3 in for 0x7ac49b4025
01-19 21:53:44.819 23699 23699 E ArmVmp : Match on catch block at 0xc3 in for 0x7ac49b4025
01-19 21:53:44.822 23699 23699 E ArmVmp : Match on catch block at 0xc3 in for 0x7ac49b4025
01-19 21:53:44.835 23699 23699 E ArmVmp : Match on catch block at 0xc3 in for 0x7ac49b4025
01-19 21:53:44.839 23699 23699 E ArmVmp : Match on catch block at 0xc3 in for 0x7ac49b4025
01-19 21:53:44.853 23699 23699 E ArmVmp : Match on catch block at 0xc3 in for 0x7ac49b4025
01-19 21:53:44.858 23699 23699 E ArmVmp : Match on catch block at 0xc3 in for 0x7ac49b4025
01-19 21:53:44.873 23699 23699 E ArmVmp : Match on catch block at 0xc3 in for 0x7ac49b4025
01-19 21:53:44.877 23699 23699 E ArmVmp : Match on catch block at 0xc3 in for 0x7ac49b4025
01-19 21:53:44.890 23699 23699 E ArmVmp : Match on catch block at 0xc3 in for 0x7ac49b4025
01-19 21:53:44.894 23699 23699 E ArmVmp : Match on catch block at 0xc3 in for 0x7ac49b4025
01-19 21:53:44.904 23699 23699 E ArmVmp : Match on catch block at 0xc3 in for 0x7ac49b4025
01-19 21:53:44.909 23699 23699 E ArmVmp : Match on catch block at 0xc3 in for 0x7ac49b4025
01-19 21:53:44.918 23699 23699 E ArmVmp : Match on catch block at 0xc3 in for 0x7ac49b4025
01-19 21:53:44.923 23699 23699 E ArmVmp : Match on catch block at 0xc3 in for 0x7ac49b4025
01-19 21:53:44.935 23699 23699 E ArmVmp : Match on catch block at 0xc3 in for 0x7ac49b4025
01-19 21:53:44.940 23699 23699 E ArmVmp : Match on catch block at 0xc3 in for 0x7ac49b4025
01-19 21:53:44.953 23699 23699 E ArmVmp : Match on catch block at 0xc3 in for 0x7ac49b4025
01-19 21:53:44.959 23699 23699 E ArmVmp : Match on catch block at 0xc3 in for 0x7ac49b4025
01-19 21:53:44.970 23699 23699 E ArmVmp : Match on catch block at 0xc3 in for 0x7ac49b4025
01-19 21:53:44.976 23699 23699 E ArmVmp : Match on catch block at 0xc3 in for 0x7ac49b4025
01-19 21:53:44.985 23699 23699 E ArmVmp : Match on catch block at 0xc3 in for 0x7ac49b4025
01-19 21:53:44.989 23699 23699 E ArmVmp : Match on catch block at 0xc3 in for 0x7ac49b4025
01-19 21:53:45.003 23699 23699 E ArmVmp : Match on catch block at 0xc3 in for 0x7ac49b4025
01-19 21:53:45.007 23699 23699 E ArmVmp : Match on catch block at 0xc3 in for 0x7ac49b4025
01-19 21:53:45.021 23699 23699 E ArmVmp : Match on catch block at 0xc3 in for 0x7ac49b4025
01-19 21:53:45.026 23699 23699 E ArmVmp : Match on catch block at 0xc3 in for 0x7ac49b4025
01-19 21:53:45.037 23699 23699 E ArmVmp : Match on catch block at 0xc3 in for 0x7ac49b4025
01-19 21:53:45.043 23699 23699 E ArmVmp : Match on catch block at 0xc3 in for 0x7ac49b4025
01-19 21:53:45.054 23699 23699 E ArmVmp : Match on catch block at 0xc3 in for 0x7ac49b4025
01-19 21:53:45.057 23699 23699 E ArmVmp : Match on catch block at 0xc3 in for 0x7ac49b4025
01-19 21:53:45.071 23699 23699 E ArmVmp : Match on catch block at 0xc3 in for 0x7ac49b4025
01-19 21:53:45.075 23699 23699 E ArmVmp : Match on catch block at 0xc3 in for 0x7ac49b4025
01-19 21:53:45.088 23699 23699 E ArmVmp : Match on catch block at 0xc3 in for 0x7ac49b4025
01-19 21:53:45.091 23699 23699 E ArmVmp : Match on catch block at 0xc3 in for 0x7ac49b4025
01-19 21:53:45.105 23699 23699 E ArmVmp : Match on catch block at 0xc3 in for 0x7ac49b4025
01-19 21:53:45.114 23699 23699 E ArmVmp : Match on catch block at 0xc3 in for 0x7ac49b4025
01-19 21:53:45.124 23699 23699 E ArmVmp : Match on catch block at 0xc3 in for 0x7ac49b4025
01-19 21:53:45.127 23699 23699 E ArmVmp : Match on catch block at 0xc3 in for 0x7ac49b4025
01-19 21:53:45.138 23699 23699 E ArmVmp : Match on catch block at 0xc3 in for 0x7ac49b4025
01-19 21:53:45.142 23699 23699 E ArmVmp : Match on catch block at 0xc3 in for 0x7ac49b4025
01-19 21:53:45.155 23699 23699 E ArmVmp : Match on catch block at 0xc3 in for 0x7ac49b4025
01-19 21:53:45.159 23699 23699 E ArmVmp : Match on catch block at 0xc3 in for 0x7ac49b4025
01-19 21:53:45.172 23699 23699 E ArmVmp : Match on catch block at 0xc3 in for 0x7ac49b4025
01-19 21:53:45.176 23699 23699 E ArmVmp : Match on catch block at 0xc3 in for 0x7ac49b4025
01-19 21:53:45.186 23699 23699 E ArmVmp : Match on catch block at 0xc3 in for 0x7ac49b4025
01-19 21:53:45.190 23699 23699 E ArmVmp : Match on catch block at 0xc3 in for 0x7ac49b4025
01-19 21:53:45.203 23699 23699 E ArmVmp : Match on catch block at 0xc3 in for 0x7ac49b4025
01-19 21:53:45.208 23699 23699 E ArmVmp : Match on catch block at 0xc3 in for 0x7ac49b4025
01-19 21:53:45.220 23699 23699 E ArmVmp : Match on catch block at 0xc3 in for 0x7ac49b4025
01-19 21:53:45.224 23699 23699 E ArmVmp : Match on catch block at 0xc3 in for 0x7ac49b4025
01-19 21:53:45.281 23699 23699 E ArmVmp : Match on catch block at 0xc3 in for 0x7ac49b4025
01-19 21:53:45.299 23699 23699 E ArmVmp : Match on catch block at 0xc3 in for 0x7ac49b4025
01-19 21:53:45.400 23699 23699 E ArmVmp : Match on catch block at 0xc3 in for 0x7ac49b4025
01-19 21:53:45.406 23699 23699 E ArmVmp : Match on catch block at 0xc3 in for 0x7ac49b4025
01-19 21:53:45.513 23699 23699 E ArmVmp : Match on catch block at 0xc3 in for 0x7ac49b4025
01-19 21:53:45.519 23699 23699 E ArmVmp : Match on catch block at 0xc3 in for 0x7ac49b4025
01-19 21:53:45.808 23699 23756 E IMGMapper: set:488 set: Unset optional value from type SMPTE2086
01-19 21:53:45.808 23699 23756 E IMGMapper: set:488 set: Unset optional value from type CTA861_3
01-19 21:53:45.868 23699 23699 E ArmVmp : Match on catch block at 0x0a in for 0x7ac49b4035
01-19 21:53:45.880 23699 23699 E ArmVmp : Match on catch block at 0x0a in for 0x7ac49b4035
01-19 21:53:45.976 23699 23756 E IMGMapper: set:488 set: Unset optional value from type SMPTE2086
01-19 21:53:45.976 23699 23756 E IMGMapper: set:488 set: Unset optional value from type CTA861_3
01-19 21:53:46.193 23699 23699 E ArmVmp : Match on catch block at 0xc3 in for 0x7ac49b4025
01-19 21:53:46.195 23699 23699 E ArmVmp : Match on catch block at 0xc3 in for 0x7ac49b4025
01-19 21:53:46.238 23699 23756 E IMGMapper: set:488 set: Unset optional value from type SMPTE2086
01-19 21:53:46.238 23699 23756 E IMGMapper: set:488 set: Unset optional value from type CTA861_3
01-19 21:53:46.303 23699 23699 E ArmVmp : Match on catch block at 0xc3 in for 0x7ac49b4025
01-19 21:53:46.310 23699 23699 E ArmVmp : Match on catch block at 0xc3 in for 0x7ac49b4025
01-19 21:53:46.336 23699 23756 E IMGMapper: set:488 set: Unset optional value from type SMPTE2086
01-19 21:53:46.336 23699 23756 E IMGMapper: set:488 set: Unset optional value from type CTA861_3
01-19 21:53:46.351 23699 23699 E ArmVmp : Match on catch block at 0xc3 in for 0x7ac49b4025
01-19 21:53:46.355 23699 23699 E ArmVmp : Match on catch block at 0xc3 in for 0x7ac49b4025
01-19 21:53:46.412 23699 23699 E ArmVmp : Match on catch block at 0xc3 in for 0x7ac49b4025
01-19 21:53:46.416 23699 23699 E ArmVmp : Match on catch block at 0xc3 in for 0x7ac49b4025
01-19 21:53:46.427 23699 23699 E ArmVmp : Match on catch block at 0xc3 in for 0x7ac49b4025
01-19 21:53:46.435 23699 23756 E IMGMapper: set:488 set: Unset optional value from type SMPTE2086
01-19 21:53:46.436 23699 23756 E IMGMapper: set:488 set: Unset optional value from type CTA861_3
01-19 21:53:46.442 23699 23699 E ArmVmp : Match on catch block at 0xc3 in for 0x7ac49b4025
01-19 21:53:46.456 23699 23756 E IMGMapper: set:488 set: Unset optional value from type SMPTE2086
01-19 21:53:46.456 23699 23756 E IMGMapper: set:488 set: Unset optional value from type CTA861_3
01-19 21:53:46.497 23699 23699 E ArmVmp : Match on catch block at 0xc3 in for 0x7ac49b4025
01-19 21:53:46.502 23699 23699 E ArmVmp : Match on catch block at 0xc3 in for 0x7ac49b4025
01-19 21:53:46.511 23699 23699 E ArmVmp : Match on catch block at 0xc3 in for 0x7ac49b4025
01-19 21:53:46.516 23699 23699 E ArmVmp : Match on catch block at 0xc3 in for 0x7ac49b4025
01-19 21:53:46.522 23699 23756 E IMGMapper: set:488 set: Unset optional value from type SMPTE2086
01-19 21:53:46.522 23699 23756 E IMGMapper: set:488 set: Unset optional value from type CTA861_3
01-19 21:53:46.530 23699 23699 E ArmVmp : Match on catch block at 0xc3 in for 0x7ac49b4025
01-19 21:53:46.537 23699 23699 E ArmVmp : Match on catch block at 0xc3 in for 0x7ac49b4025
01-19 21:53:46.538 23699 23756 E IMGMapper: set:488 set: Unset optional value from type SMPTE2086
01-19 21:53:46.538 23699 23756 E IMGMapper: set:488 set: Unset optional value from type CTA861_3
01-19 21:53:46.550 23699 23699 E ArmVmp : Match on catch block at 0xc3 in for 0x7ac49b4025
01-19 21:53:46.551 23699 23756 E IMGMapper: set:488 set: Unset optional value from type SMPTE2086
01-19 21:53:46.551 23699 23756 E IMGMapper: set:488 set: Unset optional value from type CTA861_3
01-19 21:53:46.553 23699 23699 E ArmVmp : Match on catch block at 0xc3 in for 0x7ac49b4025
01-19 21:53:46.562 23699 23699 E ArmVmp : Match on catch block at 0xc3 in for 0x7ac49b4025
01-19 21:53:46.566 23699 23756 E IMGMapper: set:488 set: Unset optional value from type SMPTE2086
01-19 21:53:46.566 23699 23756 E IMGMapper: set:488 set: Unset optional value from type CTA861_3
01-19 21:53:46.567 23699 23699 E ArmVmp : Match on catch block at 0xc3 in for 0x7ac49b4025
01-19 21:53:46.579 23699 23756 E IMGMapper: set:488 set: Unset optional value from type SMPTE2086
01-19 21:53:46.579 23699 23756 E IMGMapper: set:488 set: Unset optional value from type CTA861_3
01-19 21:53:46.579 23699 23699 E ArmVmp : Match on catch block at 0xc3 in for 0x7ac49b4025
01-19 21:53:46.583 23699 23699 E ArmVmp : Match on catch block at 0xc3 in for 0x7ac49b4025
01-19 21:53:46.594 23699 23756 E IMGMapper: set:488 set: Unset optional value from type SMPTE2086
01-19 21:53:46.595 23699 23756 E IMGMapper: set:488 set: Unset optional value from type CTA861_3
01-19 21:53:46.596 23699 23699 E ArmVmp : Match on catch block at 0xc3 in for 0x7ac49b4025
01-19 21:53:46.600 23699 23699 E ArmVmp : Match on catch block at 0xc3 in for 0x7ac49b4025
01-19 21:53:46.613 23699 23699 E ArmVmp : Match on catch block at 0xc3 in for 0x7ac49b4025
01-19 21:53:46.617 23699 23699 E ArmVmp : Match on catch block at 0xc3 in for 0x7ac49b4025
01-19 21:53:46.626 23699 23756 E IMGMapper: set:488 set: Unset optional value from type SMPTE2086
01-19 21:53:46.626 23699 23756 E IMGMapper: set:488 set: Unset optional value from type CTA861_3
01-19 21:53:46.630 23699 23699 E ArmVmp : Match on catch block at 0xc3 in for 0x7ac49b4025
01-19 21:53:46.634 23699 23699 E ArmVmp : Match on catch block at 0xc3 in for 0x7ac49b4025
01-19 21:53:46.646 23699 23699 E ArmVmp : Match on catch block at 0xc3 in for 0x7ac49b4025
01-19 21:53:46.651 23699 23699 E ArmVmp : Match on catch block at 0xc3 in for 0x7ac49b4025
01-19 21:53:46.662 23699 23699 E ArmVmp : Match on catch block at 0xc3 in for 0x7ac49b4025
01-19 21:53:46.665 23699 23699 E ArmVmp : Match on catch block at 0xc3 in for 0x7ac49b4025
01-19 21:53:46.679 23699 23699 E ArmVmp : Match on catch block at 0xc3 in for 0x7ac49b4025
01-19 21:53:46.682 23699 23699 E ArmVmp : Match on catch block at 0xc3 in for 0x7ac49b4025
01-19 21:53:46.696 23699 23699 E ArmVmp : Match on catch block at 0xc3 in for 0x7ac49b4025
01-19 21:53:46.700 23699 23699 E ArmVmp : Match on catch block at 0xc3 in for 0x7ac49b4025
01-19 21:53:46.713 23699 23699 E ArmVmp : Match on catch block at 0xc3 in for 0x7ac49b4025
01-19 21:53:46.719 23699 23699 E ArmVmp : Match on catch block at 0xc3 in for 0x7ac49b4025
01-19 21:53:46.731 23699 23699 E ArmVmp : Match on catch block at 0xc3 in for 0x7ac49b4025
01-19 21:53:46.735 23699 23699 E ArmVmp : Match on catch block at 0xc3 in for 0x7ac49b4025
01-19 21:53:46.748 23699 23699 E ArmVmp : Match on catch block at 0xc3 in for 0x7ac49b4025
01-19 21:53:46.752 23699 23699 E ArmVmp : Match on catch block at 0xc3 in for 0x7ac49b4025
01-19 21:53:46.765 23699 23699 E ArmVmp : Match on catch block at 0xc3 in for 0x7ac49b4025
01-19 21:53:46.770 23699 23699 E ArmVmp : Match on catch block at 0xc3 in for 0x7ac49b4025
01-19 21:53:46.782 23699 23699 E ArmVmp : Match on catch block at 0xc3 in for 0x7ac49b4025
01-19 21:53:46.789 23699 23699 E ArmVmp : Match on catch block at 0xc3 in for 0x7ac49b4025
01-19 21:53:46.798 23699 23699 E ArmVmp : Match on catch block at 0xc3 in for 0x7ac49b4025
01-19 21:53:46.803 23699 23699 E ArmVmp : Match on catch block at 0xc3 in for 0x7ac49b4025
01-19 21:53:46.813 23699 23699 E ArmVmp : Match on catch block at 0xc3 in for 0x7ac49b4025
01-19 21:53:46.818 23699 23699 E ArmVmp : Match on catch block at 0xc3 in for 0x7ac49b4025
01-19 21:53:46.831 23699 23699 E ArmVmp : Match on catch block at 0xc3 in for 0x7ac49b4025
01-19 21:53:46.836 23699 23699 E ArmVmp : Match on catch block at 0xc3 in for 0x7ac49b4025
01-19 21:53:46.848 23699 23699 E ArmVmp : Match on catch block at 0xc3 in for 0x7ac49b4025
01-19 21:53:46.853 23699 23699 E ArmVmp : Match on catch block at 0xc3 in for 0x7ac49b4025
01-19 21:53:46.866 23699 23699 E ArmVmp : Match on catch block at 0xc3 in for 0x7ac49b4025
01-19 21:53:46.871 23699 23699 E ArmVmp : Match on catch block at 0xc3 in for 0x7ac49b4025
01-19 21:53:46.882 23699 23699 E ArmVmp : Match on catch block at 0xc3 in for 0x7ac49b4025
01-19 21:53:46.888 23699 23699 E ArmVmp : Match on catch block at 0xc3 in for 0x7ac49b4025
01-19 21:53:46.900 23699 23699 E ArmVmp : Match on catch block at 0xc3 in for 0x7ac49b4025
01-19 21:53:46.906 23699 23699 E ArmVmp : Match on catch block at 0xc3 in for 0x7ac49b4025
01-19 21:53:46.915 23699 23699 E ArmVmp : Match on catch block at 0xc3 in for 0x7ac49b4025
01-19 21:53:46.921 23699 23699 E ArmVmp : Match on catch block at 0xc3 in for 0x7ac49b4025
01-19 21:53:46.931 23699 23699 E ArmVmp : Match on catch block at 0xc3 in for 0x7ac49b4025
01-19 21:53:46.935 23699 23699 E ArmVmp : Match on catch block at 0xc3 in for 0x7ac49b4025
01-19 21:53:46.948 23699 23699 E ArmVmp : Match on catch block at 0xc3 in for 0x7ac49b4025
01-19 21:53:46.953 23699 23699 E ArmVmp : Match on catch block at 0xc3 in for 0x7ac49b4025
01-19 21:53:46.966 23699 23699 E ArmVmp : Match on catch block at 0xc3 in for 0x7ac49b4025
01-19 21:53:46.970 23699 23699 E ArmVmp : Match on catch block at 0xc3 in for 0x7ac49b4025
01-19 21:53:46.982 23699 23699 E ArmVmp : Match on catch block at 0xc3 in for 0x7ac49b4025
01-19 21:53:46.987 23699 23699 E ArmVmp : Match on catch block at 0xc3 in for 0x7ac49b4025
01-19 21:53:46.999 23699 23699 E ArmVmp : Match on catch block at 0xc3 in for 0x7ac49b4025
01-19 21:53:47.003 23699 23699 E ArmVmp : Match on catch block at 0xc3 in for 0x7ac49b4025
01-19 21:53:47.016 23699 23699 E ArmVmp : Match on catch block at 0xc3 in for 0x7ac49b4025
01-19 21:53:47.020 23699 23699 E ArmVmp : Match on catch block at 0xc3 in for 0x7ac49b4025
01-19 21:53:47.033 23699 23699 E ArmVmp : Match on catch block at 0xc3 in for 0x7ac49b4025
01-19 21:53:47.038 23699 23699 E ArmVmp : Match on catch block at 0xc3 in for 0x7ac49b4025
01-19 21:53:47.049 23699 23699 E ArmVmp : Match on catch block at 0xc3 in for 0x7ac49b4025
01-19 21:53:47.055 23699 23699 E ArmVmp : Match on catch block at 0xc3 in for 0x7ac49b4025
01-19 21:53:47.066 23699 23699 E ArmVmp : Match on catch block at 0xc3 in for 0x7ac49b4025
01-19 21:53:47.070 23699 23699 E ArmVmp : Match on catch block at 0xc3 in for 0x7ac49b4025
01-19 21:53:47.082 23699 23699 E ArmVmp : Match on catch block at 0xc3 in for 0x7ac49b4025
01-19 21:53:47.086 23699 23699 E ArmVmp : Match on catch block at 0xc3 in for 0x7ac49b4025
01-19 21:53:47.098 23699 23699 E ArmVmp : Match on catch block at 0xc3 in for 0x7ac49b4025
01-19 21:53:47.102 23699 23699 E ArmVmp : Match on catch block at 0xc3 in for 0x7ac49b4025
01-19 21:53:47.117 23699 23699 E ArmVmp : Match on catch block at 0xc3 in for 0x7ac49b4025
01-19 21:53:47.121 23699 23699 E ArmVmp : Match on catch block at 0xc3 in for 0x7ac49b4025
01-19 21:53:47.133 23699 23699 E ArmVmp : Match on catch block at 0xc3 in for 0x7ac49b4025
01-19 21:53:47.136 23699 23699 E ArmVmp : Match on catch block at 0xc3 in for 0x7ac49b4025
01-19 21:53:47.150 23699 23699 E ArmVmp : Match on catch block at 0xc3 in for 0x7ac49b4025
01-19 21:53:47.154 23699 23699 E ArmVmp : Match on catch block at 0xc3 in for 0x7ac49b4025
01-19 21:53:47.167 23699 23699 E ArmVmp : Match on catch block at 0xc3 in for 0x7ac49b4025
01-19 21:53:47.172 23699 23699 E ArmVmp : Match on catch block at 0xc3 in for 0x7ac49b4025
01-19 21:53:47.184 23699 23699 E ArmVmp : Match on catch block at 0xc3 in for 0x7ac49b4025
01-19 21:53:47.189 23699 23699 E ArmVmp : Match on catch block at 0xc3 in for 0x7ac49b4025
01-19 21:53:47.201 23699 23699 E ArmVmp : Match on catch block at 0xc3 in for 0x7ac49b4025
01-19 21:53:47.205 23699 23699 E ArmVmp : Match on catch block at 0xc3 in for 0x7ac49b4025
01-19 21:53:47.217 23699 23699 E ArmVmp : Match on catch block at 0xc3 in for 0x7ac49b4025
01-19 21:53:47.222 23699 23699 E ArmVmp : Match on catch block at 0xc3 in for 0x7ac49b4025
01-19 21:53:47.234 23699 23699 E ArmVmp : Match on catch block at 0xc3 in for 0x7ac49b4025
01-19 21:53:47.238 23699 23699 E ArmVmp : Match on catch block at 0xc3 in for 0x7ac49b4025
01-19 21:53:47.251 23699 23699 E ArmVmp : Match on catch block at 0xc3 in for 0x7ac49b4025
01-19 21:53:47.256 23699 23699 E ArmVmp : Match on catch block at 0xc3 in for 0x7ac49b4025
01-19 21:53:47.267 23699 23699 E ArmVmp : Match on catch block at 0xc3 in for 0x7ac49b4025
01-19 21:53:47.271 23699 23699 E ArmVmp : Match on catch block at 0xc3 in for 0x7ac49b4025
01-19 21:53:47.284 23699 23699 E ArmVmp : Match on catch block at 0xc3 in for 0x7ac49b4025
01-19 21:53:47.288 23699 23699 E ArmVmp : Match on catch block at 0xc3 in for 0x7ac49b4025
01-19 21:53:47.301 23699 23699 E ArmVmp : Match on catch block at 0xc3 in for 0x7ac49b4025
01-19 21:53:47.306 23699 23699 E ArmVmp : Match on catch block at 0xc3 in for 0x7ac49b4025
01-19 21:53:47.318 23699 23699 E ArmVmp : Match on catch block at 0xc3 in for 0x7ac49b4025
01-19 21:53:47.323 23699 23699 E ArmVmp : Match on catch block at 0xc3 in for 0x7ac49b4025
01-19 21:53:47.335 23699 23699 E ArmVmp : Match on catch block at 0xc3 in for 0x7ac49b4025
01-19 21:53:47.340 23699 23699 E ArmVmp : Match on catch block at 0xc3 in for 0x7ac49b4025
01-19 21:53:47.351 23699 23699 E ArmVmp : Match on catch block at 0xc3 in for 0x7ac49b4025
01-19 21:53:47.356 23699 23699 E ArmVmp : Match on catch block at 0xc3 in for 0x7ac49b4025
01-19 21:53:47.369 23699 23699 E ArmVmp : Match on catch block at 0xc3 in for 0x7ac49b4025
01-19 21:53:47.374 23699 23699 E ArmVmp : Match on catch block at 0xc3 in for 0x7ac49b4025
01-19 21:53:47.385 23699 23699 E ArmVmp : Match on catch block at 0xc3 in for 0x7ac49b4025
01-19 21:53:47.390 23699 23699 E ArmVmp : Match on catch block at 0xc3 in for 0x7ac49b4025
01-19 21:53:47.402 23699 23699 E ArmVmp : Match on catch block at 0xc3 in for 0x7ac49b4025
01-19 21:53:47.406 23699 23699 E ArmVmp : Match on catch block at 0xc3 in for 0x7ac49b4025
01-19 21:53:47.418 23699 23699 E ArmVmp : Match on catch block at 0xc3 in for 0x7ac49b4025
01-19 21:53:47.422 23699 23699 E ArmVmp : Match on catch block at 0xc3 in for 0x7ac49b4025
01-19 21:53:47.435 23699 23699 E ArmVmp : Match on catch block at 0xc3 in for 0x7ac49b4025
01-19 21:53:47.440 23699 23699 E ArmVmp : Match on catch block at 0xc3 in for 0x7ac49b4025
01-19 21:53:47.452 23699 23699 E ArmVmp : Match on catch block at 0xc3 in for 0x7ac49b4025
01-19 21:53:47.457 23699 23699 E ArmVmp : Match on catch block at 0xc3 in for 0x7ac49b4025
01-19 21:53:47.469 23699 23699 E ArmVmp : Match on catch block at 0xc3 in for 0x7ac49b4025
01-19 21:53:47.474 23699 23699 E ArmVmp : Match on catch block at 0xc3 in for 0x7ac49b4025
01-19 21:53:47.485 23699 23699 E ArmVmp : Match on catch block at 0xc3 in for 0x7ac49b4025
01-19 21:53:47.491 23699 23699 E ArmVmp : Match on catch block at 0xc3 in for 0x7ac49b4025
01-19 21:53:47.502 23699 23699 E ArmVmp : Match on catch block at 0xc3 in for 0x7ac49b4025
01-19 21:53:47.506 23699 23699 E ArmVmp : Match on catch block at 0xc3 in for 0x7ac49b4025
01-19 21:53:47.519 23699 23699 E ArmVmp : Match on catch block at 0xc3 in for 0x7ac49b4025
01-19 21:53:47.526 23699 23699 E ArmVmp : Match on catch block at 0xc3 in for 0x7ac49b4025
01-19 21:53:47.535 23699 23699 E ArmVmp : Match on catch block at 0xc3 in for 0x7ac49b4025
01-19 21:53:47.539 23699 23699 E ArmVmp : Match on catch block at 0xc3 in for 0x7ac49b4025
01-19 21:53:47.553 23699 23699 E ArmVmp : Match on catch block at 0xc3 in for 0x7ac49b4025
01-19 21:53:47.557 23699 23699 E ArmVmp : Match on catch block at 0xc3 in for 0x7ac49b4025
01-19 21:53:47.570 23699 23699 E ArmVmp : Match on catch block at 0xc3 in for 0x7ac49b4025
01-19 21:53:47.574 23699 23699 E ArmVmp : Match on catch block at 0xc3 in for 0x7ac49b4025
01-19 21:53:47.586 23699 23699 E ArmVmp : Match on catch block at 0xc3 in for 0x7ac49b4025
01-19 21:53:47.590 23699 23699 E ArmVmp : Match on catch block at 0xc3 in for 0x7ac49b4025
01-19 21:53:47.603 23699 23699 E ArmVmp : Match on catch block at 0xc3 in for 0x7ac49b4025
01-19 21:53:47.608 23699 23699 E ArmVmp : Match on catch block at 0xc3 in for 0x7ac49b4025
01-19 21:53:47.619 23699 23699 E ArmVmp : Match on catch block at 0xc3 in for 0x7ac49b4025
01-19 21:53:47.625 23699 23699 E ArmVmp : Match on catch block at 0xc3 in for 0x7ac49b4025
01-19 21:53:47.636 23699 23699 E ArmVmp : Match on catch block at 0xc3 in for 0x7ac49b4025
01-19 21:53:47.641 23699 23699 E ArmVmp : Match on catch block at 0xc3 in for 0x7ac49b4025
01-19 21:53:47.654 23699 23699 E ArmVmp : Match on catch block at 0xc3 in for 0x7ac49b4025
01-19 21:53:47.661 23699 23699 E ArmVmp : Match on catch block at 0xc3 in for 0x7ac49b4025
01-19 21:53:47.669 23699 23699 E ArmVmp : Match on catch block at 0xc3 in for 0x7ac49b4025
01-19 21:53:47.674 23699 23699 E ArmVmp : Match on catch block at 0xc3 in for 0x7ac49b4025
01-19 21:53:47.687 23699 23699 E ArmVmp : Match on catch block at 0xc3 in for 0x7ac49b4025
01-19 21:53:47.691 23699 23699 E ArmVmp : Match on catch block at 0xc3 in for 0x7ac49b4025
01-19 21:53:47.704 23699 23699 E ArmVmp : Match on catch block at 0xc3 in for 0x7ac49b4025
01-19 21:53:47.710 23699 23699 E ArmVmp : Match on catch block at 0xc3 in for 0x7ac49b4025
01-19 21:53:47.721 23699 23699 E ArmVmp : Match on catch block at 0xc3 in for 0x7ac49b4025
01-19 21:53:47.726 23699 23699 E ArmVmp : Match on catch block at 0xc3 in for 0x7ac49b4025
01-19 21:53:47.737 23699 23699 E ArmVmp : Match on catch block at 0xc3 in for 0x7ac49b4025
01-19 21:53:47.742 23699 23699 E ArmVmp : Match on catch block at 0xc3 in for 0x7ac49b4025
01-19 21:53:47.754 23699 23699 E ArmVmp : Match on catch block at 0xc3 in for 0x7ac49b4025
01-19 21:53:47.759 23699 23699 E ArmVmp : Match on catch block at 0xc3 in for 0x7ac49b4025
01-19 21:53:47.771 23699 23699 E ArmVmp : Match on catch block at 0xc3 in for 0x7ac49b4025
01-19 21:53:47.776 23699 23699 E ArmVmp : Match on catch block at 0xc3 in for 0x7ac49b4025
01-19 21:53:47.788 23699 23699 E ArmVmp : Match on catch block at 0xc3 in for 0x7ac49b4025
01-19 21:53:47.792 23699 23699 E ArmVmp : Match on catch block at 0xc3 in for 0x7ac49b4025
01-19 21:53:47.804 23699 23699 E ArmVmp : Match on catch block at 0xc3 in for 0x7ac49b4025
01-19 21:53:47.809 23699 23699 E ArmVmp : Match on catch block at 0xc3 in for 0x7ac49b4025
01-19 21:53:47.821 23699 23699 E ArmVmp : Match on catch block at 0xc3 in for 0x7ac49b4025
01-19 21:53:47.828 23699 23699 E ArmVmp : Match on catch block at 0xc3 in for 0x7ac49b4025
01-19 21:53:47.838 23699 23699 E ArmVmp : Match on catch block at 0xc3 in for 0x7ac49b4025
01-19 21:53:47.844 23699 23699 E ArmVmp : Match on catch block at 0xc3 in for 0x7ac49b4025
01-19 21:53:47.855 23699 23699 E ArmVmp : Match on catch block at 0xc3 in for 0x7ac49b4025
01-19 21:53:47.860 23699 23699 E ArmVmp : Match on catch block at 0xc3 in for 0x7ac49b4025
01-19 21:53:47.871 23699 23699 E ArmVmp : Match on catch block at 0xc3 in for 0x7ac49b4025
01-19 21:53:47.876 23699 23699 E ArmVmp : Match on catch block at 0xc3 in for 0x7ac49b4025
01-19 21:53:47.889 23699 23699 E ArmVmp : Match on catch block at 0xc3 in for 0x7ac49b4025
01-19 21:53:47.894 23699 23699 E ArmVmp : Match on catch block at 0xc3 in for 0x7ac49b4025
01-19 21:53:47.904 23699 23699 E ArmVmp : Match on catch block at 0xc3 in for 0x7ac49b4025
01-19 21:53:47.909 23699 23699 E ArmVmp : Match on catch block at 0xc3 in for 0x7ac49b4025
01-19 21:53:47.922 23699 23699 E ArmVmp : Match on catch block at 0xc3 in for 0x7ac49b4025
01-19 21:53:47.927 23699 23699 E ArmVmp : Match on catch block at 0xc3 in for 0x7ac49b4025
01-19 21:53:47.938 23699 23699 E ArmVmp : Match on catch block at 0xc3 in for 0x7ac49b4025
01-19 21:53:47.943 23699 23699 E ArmVmp : Match on catch block at 0xc3 in for 0x7ac49b4025
01-19 21:53:47.955 23699 23699 E ArmVmp : Match on catch block at 0xc3 in for 0x7ac49b4025
01-19 21:53:47.961 23699 23699 E ArmVmp : Match on catch block at 0xc3 in for 0x7ac49b4025
01-19 21:53:47.972 23699 23699 E ArmVmp : Match on catch block at 0xc3 in for 0x7ac49b4025
01-19 21:53:47.975 23699 23699 E ArmVmp : Match on catch block at 0xc3 in for 0x7ac49b4025
01-19 21:53:47.988 23699 23699 E ArmVmp : Match on catch block at 0xc3 in for 0x7ac49b4025
01-19 21:53:47.992 23699 23699 E ArmVmp : Match on catch block at 0xc3 in for 0x7ac49b4025
01-19 21:53:48.006 23699 23699 E ArmVmp : Match on catch block at 0xc3 in for 0x7ac49b4025
01-19 21:53:48.010 23699 23699 E ArmVmp : Match on catch block at 0xc3 in for 0x7ac49b4025
01-19 21:53:48.022 23699 23699 E ArmVmp : Match on catch block at 0xc3 in for 0x7ac49b4025
01-19 21:53:48.026 23699 23699 E ArmVmp : Match on catch block at 0xc3 in for 0x7ac49b4025
01-19 21:53:48.039 23699 23699 E ArmVmp : Match on catch block at 0xc3 in for 0x7ac49b4025
01-19 21:53:48.044 23699 23699 E ArmVmp : Match on catch block at 0xc3 in for 0x7ac49b4025
01-19 21:53:48.055 23699 23699 E ArmVmp : Match on catch block at 0xc3 in for 0x7ac49b4025
01-19 21:53:48.059 23699 23699 E ArmVmp : Match on catch block at 0xc3 in for 0x7ac49b4025
01-19 21:53:48.073 23699 23699 E ArmVmp : Match on catch block at 0xc3 in for 0x7ac49b4025
01-19 21:53:48.077 23699 23699 E ArmVmp : Match on catch block at 0xc3 in for 0x7ac49b4025
01-19 21:53:48.089 23699 23699 E ArmVmp : Match on catch block at 0xc3 in for 0x7ac49b4025
01-19 21:53:48.093 23699 23699 E ArmVmp : Match on catch block at 0xc3 in for 0x7ac49b4025
01-19 21:53:48.105 23699 23699 E ArmVmp : Match on catch block at 0xc3 in for 0x7ac49b4025
01-19 21:53:48.109 23699 23699 E ArmVmp : Match on catch block at 0xc3 in for 0x7ac49b4025
01-19 21:53:48.122 23699 23699 E ArmVmp : Match on catch block at 0xc3 in for 0x7ac49b4025
01-19 21:53:48.127 23699 23699 E ArmVmp : Match on catch block at 0xc3 in for 0x7ac49b4025
01-19 21:53:48.139 23699 23699 E ArmVmp : Match on catch block at 0xc3 in for 0x7ac49b4025
01-19 21:53:48.142 23699 23699 E ArmVmp : Match on catch block at 0xc3 in for 0x7ac49b4025
01-19 21:53:48.178 23699 23699 E ArmVmp : Match on catch block at 0xc3 in for 0x7ac49b4025
01-19 21:53:48.181 23699 23756 E IMGMapper: set:488 set: Unset optional value from type SMPTE2086
01-19 21:53:48.181 23699 23756 E IMGMapper: set:488 set: Unset optional value from type CTA861_3
01-19 21:53:48.181 23699 23699 E ArmVmp : Match on catch block at 0xc3 in for 0x7ac49b4025
01-19 21:53:48.187 23699 23699 E ArmVmp : Match on catch block at 0xc3 in for 0x7ac49b4025
01-19 21:53:48.191 23699 23699 E ArmVmp : Match on catch block at 0xc3 in for 0x7ac49b4025
01-19 21:53:48.192 23699 23756 E IMGMapper: set:488 set: Unset optional value from type SMPTE2086
01-19 21:53:48.192 23699 23756 E IMGMapper: set:488 set: Unset optional value from type CTA861_3
01-19 21:53:48.204 23699 23699 E ArmVmp : Match on catch block at 0xc3 in for 0x7ac49b4025
01-19 21:53:48.208 23699 23699 E ArmVmp : Match on catch block at 0xc3 in for 0x7ac49b4025
01-19 21:53:48.217 23699 23756 E IMGMapper: set:488 set: Unset optional value from type SMPTE2086
01-19 21:53:48.217 23699 23756 E IMGMapper: set:488 set: Unset optional value from type CTA861_3
01-19 21:53:48.257 23699 23699 E ArmVmp : Match on catch block at 0xc3 in for 0x7ac49b4025
01-19 21:53:48.261 23699 23699 E ArmVmp : Match on catch block at 0xc3 in for 0x7ac49b4025
01-19 21:53:48.274 23699 23756 E IMGMapper: set:488 set: Unset optional value from type SMPTE2086
01-19 21:53:48.274 23699 23756 E IMGMapper: set:488 set: Unset optional value from type CTA861_3
01-19 21:53:48.281 23699 23756 E IMGMapper: set:488 set: Unset optional value from type SMPTE2086
01-19 21:53:48.281 23699 23699 E ArmVmp : Match on catch block at 0xc3 in for 0x7ac49b4025
01-19 21:53:48.281 23699 23756 E IMGMapper: set:488 set: Unset optional value from type CTA861_3
01-19 21:53:48.287 23699 23699 E ArmVmp : Match on catch block at 0xc3 in for 0x7ac49b4025
01-19 21:53:48.303 23699 23756 E IMGMapper: set:488 set: Unset optional value from type SMPTE2086
01-19 21:53:48.303 23699 23756 E IMGMapper: set:488 set: Unset optional value from type CTA861_3
01-19 21:53:48.310 23699 23756 E IMGMapper: set:488 set: Unset optional value from type SMPTE2086
01-19 21:53:48.310 23699 23756 E IMGMapper: set:488 set: Unset optional value from type CTA861_3
01-19 21:53:48.312 23699 23699 E ArmVmp : Match on catch block at 0xc3 in for 0x7ac49b4025
01-19 21:53:48.316 23699 23699 E ArmVmp : Match on catch block at 0xc3 in for 0x7ac49b4025
01-19 21:53:48.328 23699 23756 E IMGMapper: set:488 set: Unset optional value from type SMPTE2086
01-19 21:53:48.328 23699 23756 E IMGMapper: set:488 set: Unset optional value from type CTA861_3
01-19 21:53:48.333 23699 23756 E IMGMapper: set:488 set: Unset optional value from type SMPTE2086
01-19 21:53:48.333 23699 23756 E IMGMapper: set:488 set: Unset optional value from type CTA861_3
01-19 21:53:48.334 23699 23699 E ArmVmp : Match on catch block at 0xc3 in for 0x7ac49b4025
01-19 21:53:48.337 23699 23699 E ArmVmp : Match on catch block at 0xc3 in for 0x7ac49b4025
01-19 21:53:48.348 23699 23699 E ArmVmp : Match on catch block at 0xc3 in for 0x7ac49b4025
01-19 21:53:48.351 23699 23699 E ArmVmp : Match on catch block at 0xc3 in for 0x7ac49b4025
01-19 21:53:48.354 23699 23756 E IMGMapper: set:488 set: Unset optional value from type SMPTE2086
01-19 21:53:48.354 23699 23756 E IMGMapper: set:488 set: Unset optional value from type CTA861_3
01-19 21:53:48.367 23699 23699 E ArmVmp : Match on catch block at 0xc3 in for 0x7ac49b4025
01-19 21:53:48.375 23699 23699 E ArmVmp : Match on catch block at 0xc3 in for 0x7ac49b4025
01-19 21:53:48.388 23699 23699 E ArmVmp : Match on catch block at 0xc3 in for 0x7ac49b4025
01-19 21:53:48.397 23699 23699 E ArmVmp : Match on catch block at 0xc3 in for 0x7ac49b4025
01-19 21:53:48.402 23699 23756 E IMGMapper: set:488 set: Unset optional value from type SMPTE2086
01-19 21:53:48.402 23699 23756 E IMGMapper: set:488 set: Unset optional value from type CTA861_3
01-19 21:53:48.413 23699 23699 E ArmVmp : Match on catch block at 0xc3 in for 0x7ac49b4025
01-19 21:53:48.419 23699 23699 E ArmVmp : Match on catch block at 0xc3 in for 0x7ac49b4025
01-19 21:53:48.451 23699 23699 E ArmVmp : Match on catch block at 0xc3 in for 0x7ac49b4025
01-19 21:53:48.456 23699 23699 E ArmVmp : Match on catch block at 0xc3 in for 0x7ac49b4025
01-19 21:53:48.464 23699 23699 E ArmVmp : Match on catch block at 0xc3 in for 0x7ac49b4025
01-19 21:53:48.469 23699 23699 E ArmVmp : Match on catch block at 0xc3 in for 0x7ac49b4025
01-19 21:53:48.475 23699 23699 E ArmVmp : Match on catch block at 0xc3 in for 0x7ac49b4025
01-19 21:53:48.478 23699 23699 E ArmVmp : Match on catch block at 0xc3 in for 0x7ac49b4025
01-19 21:53:48.490 23699 23699 E ArmVmp : Match on catch block at 0xc3 in for 0x7ac49b4025
01-19 21:53:48.493 23699 23699 E ArmVmp : Match on catch block at 0xc3 in for 0x7ac49b4025
01-19 21:53:48.507 23699 23699 E ArmVmp : Match on catch block at 0xc3 in for 0x7ac49b4025
01-19 21:53:48.510 23699 23699 E ArmVmp : Match on catch block at 0xc3 in for 0x7ac49b4025
01-19 21:53:48.524 23699 23699 E ArmVmp : Match on catch block at 0xc3 in for 0x7ac49b4025
01-19 21:53:48.527 23699 23699 E ArmVmp : Match on catch block at 0xc3 in for 0x7ac49b4025
01-19 21:53:48.542 23699 23699 E ArmVmp : Match on catch block at 0xc3 in for 0x7ac49b4025
01-19 21:53:48.544 23699 23699 E ArmVmp : Match on catch block at 0xc3 in for 0x7ac49b4025
01-19 21:53:48.559 23699 23699 E ArmVmp : Match on catch block at 0xc3 in for 0x7ac49b4025
01-19 21:53:48.561 23699 23699 E ArmVmp : Match on catch block at 0xc3 in for 0x7ac49b4025
01-19 21:53:48.575 23699 23699 E ArmVmp : Match on catch block at 0xc3 in for 0x7ac49b4025
01-19 21:53:48.578 23699 23699 E ArmVmp : Match on catch block at 0xc3 in for 0x7ac49b4025
01-19 21:53:48.592 23699 23699 E ArmVmp : Match on catch block at 0xc3 in for 0x7ac49b4025
01-19 21:53:48.595 23699 23699 E ArmVmp : Match on catch block at 0xc3 in for 0x7ac49b4025
01-19 21:53:48.610 23699 23699 E ArmVmp : Match on catch block at 0xc3 in for 0x7ac49b4025
01-19 21:53:48.612 23699 23699 E ArmVmp : Match on catch block at 0xc3 in for 0x7ac49b4025
01-19 21:53:48.626 23699 23699 E ArmVmp : Match on catch block at 0xc3 in for 0x7ac49b4025
01-19 21:53:48.629 23699 23699 E ArmVmp : Match on catch block at 0xc3 in for 0x7ac49b4025
01-19 21:53:48.643 23699 23699 E ArmVmp : Match on catch block at 0xc3 in for 0x7ac49b4025
01-19 21:53:48.648 23699 23699 E ArmVmp : Match on catch block at 0xc3 in for 0x7ac49b4025
01-19 21:53:48.659 23699 23699 E ArmVmp : Match on catch block at 0xc3 in for 0x7ac49b4025
01-19 21:53:48.663 23699 23699 E ArmVmp : Match on catch block at 0xc3 in for 0x7ac49b4025
01-19 21:53:48.677 23699 23699 E ArmVmp : Match on catch block at 0xc3 in for 0x7ac49b4025
01-19 21:53:48.680 23699 23699 E ArmVmp : Match on catch block at 0xc3 in for 0x7ac49b4025
01-19 21:53:48.692 23699 23699 E ArmVmp : Match on catch block at 0xc3 in for 0x7ac49b4025
01-19 21:53:48.695 23699 23699 E ArmVmp : Match on catch block at 0xc3 in for 0x7ac49b4025
01-19 21:53:48.709 23699 23699 E ArmVmp : Match on catch block at 0xc3 in for 0x7ac49b4025
01-19 21:53:48.712 23699 23699 E ArmVmp : Match on catch block at 0xc3 in for 0x7ac49b4025
01-19 21:53:48.726 23699 23699 E ArmVmp : Match on catch block at 0xc3 in for 0x7ac49b4025
01-19 21:53:48.731 23699 23699 E ArmVmp : Match on catch block at 0xc3 in for 0x7ac49b4025
01-19 21:53:48.742 23699 23699 E ArmVmp : Match on catch block at 0xc3 in for 0x7ac49b4025
01-19 21:53:48.746 23699 23699 E ArmVmp : Match on catch block at 0xc3 in for 0x7ac49b4025
01-19 21:53:48.759 23699 23699 E ArmVmp : Match on catch block at 0xc3 in for 0x7ac49b4025
01-19 21:53:48.762 23699 23699 E ArmVmp : Match on catch block at 0xc3 in for 0x7ac49b4025 01-19 21--------- beginning of main
01-19 21:53:48.775 23699 23699 E ArmVmp : Match on catch block at 0xc3 in for 0x7ac49b4025
01-19 21:53:48.780 23699 23699 E ArmVmp : Match on catch block at 0xc3 in for 0x7ac49b4025
01-19 21:53:48.792 23699 23699 E ArmVmp : Match on catch block at 0xc3 in for 0x7ac49b4025
01-19 21:53:48.795 23699 23699 E ArmVmp : Match on catch block at 0xc3 in for 0x7ac49b4025
01-19 21:53:48.809 23699 23699 E ArmVmp : Match on catch block at 0xc3 in for 0x7ac49b4025
01-19 21:53:48.812 23699 23699 E ArmVmp : Match on catch block at 0xc3 in for 0x7ac49b4025
01-19 21:53:48.828 23699 23699 E ArmVmp : Match on catch block at 0xc3 in for 0x7ac49b4025
01-19 21:53:48.832 23699 23699 E ArmVmp : Match on catch block at 0xc3 in for 0x7ac49b4025
01-19 21:53:48.844 23699 23699 E ArmVmp : Match on catch block at 0xc3 in for 0x7ac49b4025
01-19 21:53:48.847 23699 23699 E ArmVmp : Match on catch block at 0xc3 in for 0x7ac49b4025
01-19 21:53:48.859 23699 23699 E ArmVmp : Match on catch block at 0xc3 in for 0x7ac49b4025
01-19 21:53:48.862 23699 23699 E ArmVmp : Match on catch block at 0xc3 in for 0x7ac49b4025
01-19 21:53:48.878 23699 23699 E ArmVmp : Match on catch block at 0xc3 in for 0x7ac49b4025
01-19 21:53:48.881 23699 23699 E ArmVmp : Match on catch block at 0xc3 in for 0x7ac49b4025
01-19 21:53:48.893 23699 23699 E ArmVmp : Match on catch block at 0xc3 in for 0x7ac49b4025
01-19 21:53:48.897 23699 23699 E ArmVmp : Match on catch block at 0xc3 in for 0x7ac49b4025
01-19 21:53:48.911 23699 23699 E ArmVmp : Match on catch block at 0xc3 in for 0x7ac49b4025
01-19 21:53:48.914 23699 23699 E ArmVmp : Match on catch block at 0xc3 in for 0x7ac49b4025
01-19 21:53:48.928 23699 23699 E ArmVmp : Match on catch block at 0xc3 in for 0x7ac49b4025
01-19 21:53:48.932 23699 23699 E ArmVmp : Match on catch block at 0xc3 in for 0x7ac49b4025
01-19 21:53:48.944 23699 23699 E ArmVmp : Match on catch block at 0xc3 in for 0x7ac49b4025
01-19 21:53:48.948 23699 23699 E ArmVmp : Match on catch block at 0xc3 in for 0x7ac49b4025
01-19 21:53:48.962 23699 23699 E ArmVmp : Match on catch block at 0xc3 in for 0x7ac49b4025
01-19 21:53:48.965 23699 23699 E ArmVmp : Match on catch block at 0xc3 in for 0x7ac49b4025
01-19 21:53:48.979 23699 23699 E ArmVmp : Match on catch block at 0xc3 in for 0x7ac49b4025
01-19 21:53:48.982 23699 23699 E ArmVmp : Match on catch block at 0xc3 in for 0x7ac49b4025
01-19 21:53:48.995 23699 23699 E ArmVmp : Match on catch block at 0xc3 in for 0x7ac49b4025
01-19 21:53:48.998 23699 23699 E ArmVmp : Match on catch block at 0xc3 in for 0x7ac49b4025
01-19 21:53:49.010 23699 23699 E ArmVmp : Match on catch block at 0xc3 in for 0x7ac49b4025
01-19 21:53:49.014 23699 23699 E ArmVmp : Match on catch block at 0xc3 in for 0x7ac49b4025
01-19 21:53:49.027 23699 23699 E ArmVmp : Match on catch block at 0xc3 in for 0x7ac49b4025
01-19 21:53:49.030 23699 23699 E ArmVmp : Match on catch block at 0xc3 in for 0x7ac49b4025
01-19 21:53:49.045 23699 23699 E ArmVmp : Match on catch block at 0xc3 in for 0x7ac49b4025
01-19 21:53:49.048 23699 23699 E ArmVmp : Match on catch block at 0xc3 in for 0x7ac49b4025
01-19 21:53:49.061 23699 23699 E ArmVmp : Match on catch block at 0xc3 in for 0x7ac49b4025
01-19 21:53:49.065 23699 23699 E ArmVmp : Match on catch block at 0xc3 in for 0x7ac49b4025
01-19 21:53:49.114 23699 23699 E ArmVmp : Match on catch block at 0xc3 in for 0x7ac49b4025
01-19 21:53:49.118 23699 23699 E ArmVmp : Match on catch block at 0xc3 in for 0x7ac49b4025
01-19 21:53:49.159 23699 23699 E ArmVmp : Match on catch block at 0xc3 in for 0x7ac49b4025
01-19 21:53:49.168 23699 23699 E ArmVmp : Match on catch block at 0xc3 in for 0x7ac49b4025
01-19 21:55:23.811 24362 24362 E com.mbwhatsapp: Not starting debugger since process cannot load the jdwp agent.
01-19 21:55:24.068 24362 24362 W System.err: java.lang.ClassNotFoundException: mbmodsd.mbmodsw.ui.views.btn.BtnBK
01-19 21:55:24.069 24362 24362 W System.err: at java.lang.Runtime.nativeLoad(Native Method)
01-19 21:55:24.069 24362 24362 W System.err: at java.lang.Runtime.nativeLoad(Runtime.java:1126)
01-19 21:55:24.069 24362 24362 W System.err: at java.lang.Runtime.loadLibrary0(Runtime.java:1080)
01-19 21:55:24.069 24362 24362 W System.err: at java.lang.Runtime.loadLibrary0(Runtime.java:1003)
01-19 21:55:24.069 24362 24362 W System.err: at java.lang.System.loadLibrary(System.java:1661)
01-19 21:55:24.069 24362 24362 W System.err: at arm.EpicVm.<clinit>(Unknown Source:2)
01-19 21:55:24.069 24362 24362 W System.err: at java.lang.Class.newInstance(Native Method)
01-19 21:55:24.069 24362 24362 W System.err: at android.app.AppComponentFactory.instantiateApplication(AppComponentFactory.java:76)
01-19 21:55:24.069 24362 24362 W System.err: at androidx.core.app.CoreComponentFactory.instantiateApplication(Unknown Source:0)
01-19 21:55:24.069 24362 24362 W System.err: at android.app.Instrumentation.newApplication(Instrumentation.java:1232)
01-19 21:55:24.069 24362 24362 W System.err: at android.app.LoadedApk.makeApplicationInner(LoadedApk.java:1566)
01-19 21:55:24.069 24362 24362 W System.err: at android.app.LoadedApk.makeApplicationInner(LoadedApk.java:1503)
01-19 21:55:24.069 24362 24362 W System.err: at android.app.ActivityThread.handleBindApplication(ActivityThread.java:7558)
01-19 21:55:24.069 24362 24362 W System.err: at android.app.ActivityThread.-$ $Nest$mhandleBindApplication(Unknown Source:0)
01-19 21:55:24.069 24362 24362 W System.err: at android.app.ActivityThread$H.handleMessage(ActivityThread.java:2400)
01-19 21:55:24.069 24362 24362 W System.err: at android.os.Handler.dispatchMessage(Handler.java:106)
01-19 21:55:24.069 24362 24362 W System.err: at android.os.Looper.loopOnce(Looper.java:226)
01-19 21:55:24.069 24362 24362 W System.err: at android.os.Looper.loop(Looper.java:313)
01-19 21:55:24.069 24362 24362 W System.err: at android.app.ActivityThread.main(ActivityThread.java:8762)
01-19 21:55:24.069 24362 24362 W System.err: at java.lang.reflect.Method.invoke(Native Method)
01-19 21:55:24.069 24362 24362 W System.err: at com.android.internal.os.RuntimeInit$MethodAndArgsCaller.run(RuntimeInit.java:604)
01-19 21:55:24.069 24362 24362 W System.err: at com.android.internal.os.ZygoteInit.main(ZygoteInit.java:1067)
01-19 21:55:24.081 24362 24362 E CustomActivityOnCrash: IMPORTANT WARNING! You already have an UncaughtExceptionHandler, are you sure this is correct? If you use a custom UncaughtExceptionHandler, you must initialize it AFTER CustomActivityOnCrash! Installing anyway, but your original handler will not be called.
01-19 21:55:24.185 24362 24384 W SharedPreferencesImpl: Cannot read /data/user/0/com.mbwhatsapp/shared_prefs/MBWhatsApp.xml
01-19 21:55:24.185 24362 24384 W SharedPreferencesImpl: org.xmlpull.v1.XmlPullParserException: Unknown tag: scene
01-19 21:55:24.185 24362 24384 W SharedPreferencesImpl: at com.android.internal.util.XmlUtils.readThisValueXml(XmlUtils.java:1642)
01-19 21:55:24.185 24362 24384 W SharedPreferencesImpl: at com.android.internal.util.XmlUtils.readValueXml(XmlUtils.java:1537)
01-19 21:55:24.185 24362 24384 W SharedPreferencesImpl: at com.android.internal.util.XmlUtils.readMapXml(XmlUtils.java:969)
01-19 21:55:24.185 24362 24384 W SharedPreferencesImpl: at android.app.SharedPreferencesImpl.loadFromDisk(SharedPreferencesImpl.java:175)
01-19 21:55:24.185 24362 24384 W SharedPreferencesImpl: at android.app.SharedPreferencesImpl.-$$Nest$mloadFromDisk(Unknown Source:0)
01-19 21:55:24.185 24362 24384 W SharedPreferencesImpl: at android.app.SharedPreferencesImpl$1.run(SharedPreferencesImpl.java:144)
01-19 21:55:24.351 24362 24362 W com.mbwhatsapp: Accessing hidden method Lcom/android/org/conscrypt/OpenSSLSocketImpl;->setUseSessionTickets(Z)V (max- target-q,core-platform-api, reflection, denied)
01-19 21:55:24.352 24362 24362 W com.mbwhatsapp: Accessing hidden method Lcom/android/org/conscrypt/AbstractConscryptSocket;->setUseSessionTickets(Z)V (max- target-q, reflection, denied)
01-19 21:55:24.658 24394 24394 W libprocessgroup: Controller sfreezer is not found
01-19 21:55:24.659 24394 24394 W libprocessgroup: SetAttribute: unknown attribute:--------- beginning of main
01-19 21:55:24.694 24362 24417 E QT : [QT]file does not exist
01-19 21:55:25.289 24425 24425 E com.mbwhatsapp: Not starting debugger since process cannot load the jdwp agent.
