01-19 21:18:21.887 16750 17205 E IMGMapper: set:488 set: Unset optional value from type CTA861_3
01-19 21:18:21.903 16750 17205 E IMGMapper: set:488 set: Unset optional value from type SMPTE2086
01-19 21:18:21.903 16750 17205 E IMGMapper: set:488 set: Unset optional value from type CTA861_3
01-19 21:18:21.919 16750 17205 E IMGMapper: set:488 set: Unset optional value from type SMPTE2086
01-19 21:18:21.919 16750 17205 E IMGMapper: set:488 set: Unset optional value from type CTA861_3
01-19 21:18:21.936 16750 17205 E IMGMapper: set:488 set: Unset optional value from type SMPTE2086
01-19 21:18:21.936 16750 17205 E IMGMapper: set:488 set: Unset optional value from type CTA861_3
01-19 21:18:21.956 16750 17205 E IMGMapper: set:488 set: Unset optional value from type SMPTE2086
01-19 21:18:21.956 16750 17205 E IMGMapper: set:488 set: Unset optional value from type CTA861_3
01-19 21:18:21.973 16750 17205 E IMGMapper: set:488 set: Unset optional value from type SMPTE2086
01-19 21:18:21.973 16750 17205 E IMGMapper: set:488 set: Unset optional value from type CTA861_3
01-19 21:18:21.986 16750 17205 E IMGMapper: set:488 set: Unset optional value from type SMPTE2086
01-19 21:18:21.986 16750 17205 E IMGMapper: set:488 set: Unset optional value from type CTA861_3
01-19 21:18:22.003 16750 17205 E IMGMapper: set:488 set: Unset optional value from type SMPTE2086
01-19 21:18:22.003 16750 17205 E IMGMapper: set:488 set: Unset optional value from type CTA861_3
01-19 21:18:22.021 16750 17205 E IMGMapper: set:488 set: Unset optional value from type SMPTE2086
01-19 21:18:22.021 16750 17205 E IMGMapper: set:488 set: Unset optional value from type CTA861_3
01-19 21:18:22.036 16750 17205 E IMGMapper: set:488 set: Unset optional value from type SMPTE2086
01-19 21:18:22.036 16750 17205 E IMGMapper: set:488 set: Unset optional value from type CTA861_3
01-19 21:18:22.052 16750 17205 E IMGMapper: set:488 set: Unset optional value from type SMPTE2086
01-19 21:18:22.052 16750 17205 E IMGMapper: set:488 set: Unset optional value from type CTA861_3
01-19 21:18:22.070 16750 17205 E IMGMapper: set:488 set: Unset optional value from type SMPTE2086
01-19 21:18:22.070 16750 17205 E IMGMapper: set:488 set: Unset optional value from type CTA861_3
01-19 21:18:22.088 16750 17205 E IMGMapper: set:488 set: Unset optional value from type SMPTE2086
01-19 21:18:22.088 16750 17205 E IMGMapper: set:488 set: Unset optional value from type CTA861_3
01-19 21:18:22.107 16750 17205 E IMGMapper: set:488 set: Unset optional value from type SMPTE2086
01-19 21:18:22.108 16750 17205 E IMGMapper: set:488 set: Unset optional value from type CTA861_3
01-19 21:18:22.121 16750 17205 E IMGMapper: set:488 set: Unset optional value from type SMPTE2086
01-19 21:18:22.121 16750 17205 E IMGMapper: set:488 set: Unset optional value from type CTA861_3
01-19 21:18:22.141 16750 17205 E IMGMapper: set:488 set: Unset optional value from type SMPTE2086
01-19 21:18:22.141 16750 17205 E IMGMapper: set:488 set: Unset optional value from type CTA861_3
01-19 21:18:22.154 16750 17205 E IMGMapper: set:488 set: Unset optional value from type SMPTE2086
01-19 21:18:22.154 16750 17205 E IMGMapper: set:488 set: Unset optional value from type CTA861_3
01-19 21:18:22.172 16750 17205 E IMGMapper: set:488 set: Unset optional value from type SMPTE2086
01-19 21:18:22.172 16750 17205 E IMGMapper: set:488 set: Unset optional value from type CTA861_3
01-19 21:18:22.187 16750 17205 E IMGMapper: set:488 set: Unset optional value from type SMPTE2086
01-19 21:18:22.187 16750 17205 E IMGMapper: set:488 set: Unset optional value from type CTA861_3
01-19 21:18:22.204 16750 17205 E IMGMapper: set:488 set: Unset optional value from type SMPTE2086
01-19 21:18:22.204 16750 17205 E IMGMapper: set:488 set: Unset optional value from type CTA861_3
01-19 21:18:22.223 16750 17205 E IMGMapper: set:488 set: Unset optional value from type SMPTE2086
01-19 21:18:22.223 16750 17205 E IMGMapper: set:488 set: Unset optional value from type CTA861_3
01-19 21:18:22.252 16750 17205 E IMGMapper: set:488 set: Unset optional value from type SMPTE2086
01-19 21:18:22.252 16750 17205 E IMGMapper: set:488 set: Unset optional value from type CTA861_3
01-19 21:18:22.264 16750 17205 E IMGMapper: set:488 set: Unset optional value from type SMPTE2086
01-19 21:18:22.264 16750 17205 E IMGMapper: set:488 set: Unset optional value from type CTA861_3
01-19 21:18:22.274 16750 17205 E IMGMapper: set:488 set: Unset optional value from type SMPTE2086
01-19 21:18:22.274 16750 17205 E IMGMapper: set:488 set: Unset optional value from type CTA861_3
01-19 21:18:22.305 16750 17205 E IMGMapper: set:488 set: Unset optional value from type SMPTE2086
01-19 21:18:22.305 16750 17205 E IMGMapper: set:488 set: Unset optional value from type CTA861_3
01-19 21:18:22.322 16750 17205 E IMGMapper: set:488 set: Unset optional value from type SMPTE2086
01-19 21:18:22.323 16750 17205 E IMGMapper: set:488 set: Unset optional value from type CTA861_3
01-19 21:18:22.338 16750 17205 E IMGMapper: set:488 set: Unset optional value from type SMPTE2086
01-19 21:18:22.338 16750 17205 E IMGMapper: set:488 set: Unset optional value from type CTA861_3
01-19 21:18:22.364 16750 17205 E IMGMapper: set:488 set: Unset optional value from type SMPTE2086
01-19 21:18:22.365 16750 17205 E IMGMapper: set:488 set: Unset optional value from type CTA861_3
01-19 21:18:22.380 16750 17205 E IMGMapper: set:488 set: Unset optional value from type SMPTE2086
01-19 21:18:22.381 16750 17205 E IMGMapper: set:488 set: Unset optional value from type CTA861_3
01-19 21:18:22.391 16750 17205 E IMGMapper: set:488 set: Unset optional value from type SMPTE2086
01-19 21:18:22.392 16750 17205 E IMGMapper: set:488 set: Unset optional value from type CTA861_3
01-19 21:18:22.405 16750 17205 E IMGMapper: set:488 set: Unset optional value from type SMPTE2086
01-19 21:18:22.405 16750 17205 E IMGMapper: set:488 set: Unset optional value from type CTA861_3
01-19 21:18:22.424 16750 17205 E IMGMapper: set:488 set: Unset optional value from type SMPTE2086
01-19 21:18:22.424 16750 17205 E IMGMapper: set:488 set: Unset optional value from type CTA861_3
01-19 21:18:22.442 16750 17205 E IMGMapper: set:488 set: Unset optional value from type SMPTE2086
01-19 21:18:22.442 16750 17205 E IMGMapper: set:488 set: Unset optional value from type CTA861_3
01-19 21:18:22.461 16750 17205 E IMGMapper: set:488 set: Unset optional value from type SMPTE2086
01-19 21:18:22.461 16750 17205 E IMGMapper: set:488 set: Unset optional value from type CTA861_3
01-19 21:18:22.475 16750 17205 E IMGMapper: set:488 set: Unset optional value from type SMPTE2086
01-19 21:18:22.475 16750 17205 E IMGMapper: set:488 set: Unset optional value from type CTA861_3
01-19 21:18:22.489 16750 17205 E IMGMapper: set:488 set: Unset optional value from type SMPTE2086
01-19 21:18:22.489 16750 17205 E IMGMapper: set:488 set: Unset optional value from type CTA861_3
01-19 21:18:22.505 16750 17205 E IMGMapper: set:488 set: Unset optional value from type SMPTE2086
01-19 21:18:22.506 16750 17205 E IMGMapper: set:488 set: Unset optional value from type CTA861_3
01-19 21:18:22.524 16750 17205 E IMGMapper: set:488 set: Unset optional value from type SMPTE2086
01-19 21:18:22.525 16750 17205 E IMGMapper: set:488 set: Unset optional value from type CTA861_3
01-19 21:18:22.539 16750 17205 E IMGMapper: set:488 set: Unset optional value from type SMPTE2086
01-19 21:18:22.539 16750 17205 E IMGMapper: set:488 set: Unset optional value from type CTA861_3
01-19 21:18:22.556 16750 17205 E IMGMapper: set:488 set: Unset optional value from type SMPTE2086
01-19 21:18:22.556 16750 17205 E IMGMapper: set:488 set: Unset optional value from type CTA861_3
01-19 21:18:22.579 16750 17205 E IMGMapper: set:488 set: Unset optional value from type SMPTE2086
01-19 21:18:22.579 16750 17205 E IMGMapper: set:488 set: Unset optional value from type CTA861_3
01-19 21:18:22.596 16750 17205 E IMGMapper: set:488 set: Unset optional value from type SMPTE2086
01-19 21:18:22.596 16750 17205 E IMGMapper: set:488 set: Unset optional value from type CTA861_3
01-19 21:18:22.610 16750 17205 E IMGMapper: set:488 set: Unset optional value from type SMPTE2086
01-19 21:18:22.612 16750 17205 E IMGMapper: set:488 set: Unset optional value from type CTA861_3
01-19 21:18:22.626 16750 17205 E IMGMapper: set:488 set: Unset optional value from type SMPTE2086
01-19 21:18:22.626 16750 17205 E IMGMapper: set:488 set: Unset optional value from type CTA861_3
01-19 21:18:22.644 16750 17205 E IMGMapper: set:488 set: Unset optional value from type SMPTE2086
01-19 21:18:22.644 16750 17205 E IMGMapper: set:488 set: Unset optional value from type CTA861_3
01-19 21:18:22.658 16750 17205 E IMGMapper: set:488 set: Unset optional value from type SMPTE2086
01-19 21:18:22.659 16750 17205 E IMGMapper: set:488 set: Unset optional value from type CTA861_3
01-19 21:18:22.680 16750 17205 E IMGMapper: set:488 set: Unset optional value from type SMPTE2086
01-19 21:18:22.680 16750 17205 E IMGMapper: set:488 set: Unset optional value from type CTA861_3
01-19 21:18:22.692 16750 17205 E IMGMapper: set:488 set: Unset optional value from type SMPTE2086
01-19 21:18:22.692 16750 17205 E IMGMapper: set:488 set: Unset optional value from type CTA861_3
01-19 21:18:22.720 16750 17205 E IMGMapper: set:488 set: Unset optional value from type SMPTE2086
01-19 21:18:22.720 16750 17205 E IMGMapper: set:488 set: Unset optional value from type CTA861_3
01-19 21:18:22.726 16750 17205 E IMGMapper: set:488 set: Unset optional value from type SMPTE2086
01-19 21:18:22.726 16750 17205 E IMGMapper: set:488 set: Unset optional value from type CTA861_3
01-19 21:18:22.743 16750 17205 E IMGMapper: set:488 set: Unset optional value from type SMPTE2086
01-19 21:18:22.743 16750 17205 E IMGMapper: set:488 set: Unset optional value from type CTA861_3
01-19 21:18:22.756 16750 17205 E IMGMapper: set:488 set: Unset optional value from type SMPTE2086
01-19 21:18:22.757 16750 17205 E IMGMapper: set:488 set: Unset optional value from type CTA861_3
01-19 21:18:22.774 16750 17205 E IMGMapper: set:488 set: Unset optional value from type SMPTE2086
01-19 21:18:22.774 16750 17205 E IMGMapper: set:488 set: Unset optional value from type CTA861_3
01-19 21:18:22.791 16750 17205 E IMGMapper: set:488 set: Unset optional value from type SMPTE2086
01-19 21:18:22.791 16750 17205 E IMGMapper: set:488 set: Unset optional value from type CTA861_3
01-19 21:18:22.807 16750 17205 E IMGMapper: set:488 set: Unset optional value from type SMPTE2086
01-19 21:18:22.807 16750 17205 E IMGMapper: set:488 set: Unset optional value from type CTA861_3
01-19 21:18:22.824 16750 17205 E IMGMapper: set:488 set: Unset optional value from type SMPTE2086
01-19 21:18:22.825 16750 17205 E IMGMapper: set:488 set: Unset optional value from type CTA861_3
01-19 21:18:22.840 16750 17205 E IMGMapper: set:488 set: Unset optional value from type SMPTE2086
01-19 21:18:22.840 16750 17205 E IMGMapper: set:488 set: Unset optional value from type CTA861_3
01-19 21:18:22.857 16750 17205 E IMGMapper: set:488 set: Unset optional value from type SMPTE2086
01-19 21:18:22.858 16750 17205 E IMGMapper: set:488 set: Unset optional value from type CTA861_3
01-19 21:18:22.874 16750 17205 E IMGMapper: set:488 set: Unset optional value from type SMPTE2086
01-19 21:18:22.875 16750 17205 E IMGMapper: set:488 set: Unset optional value from type CTA861_3
01-19 21:18:22.892 16750 17205 E IMGMapper: set:488 set: Unset optional value from type SMPTE2086
01-19 21:18:22.892 16750 17205 E IMGMapper: set:488 set: Unset optional value from type CTA861_3
01-19 21:18:22.910 16750 17205 E IMGMapper: set:488 set: Unset optional value from type SMPTE2086
01-19 21:18:22.910 16750 17205 E IMGMapper: set:488 set: Unset optional value from type CTA861_3
01-19 21:18:22.925 16750 17205 E IMGMapper: set:488 set: Unset optional value from type SMPTE2086
01-19 21:18:22.925 16750 17205 E IMGMapper: set:488 set: Unset optional value from type CTA861_3
01-19 21:18:22.946 16750 17205 E IMGMapper: set:488 set: Unset optional value from type SMPTE2086
01-19 21:18:22.946 16750 17205 E IMGMapper: set:488 set: Unset optional value from type CTA861_3
01-19 21:18:22.958 16750 17205 E IMGMapper: set:488 set: Unset optional value from type SMPTE2086
01-19 21:18:22.958 16750 17205 E IMGMapper: set:488 set: Unset optional value from type CTA861_3
01-19 21:18:22.976 16750 17205 E IMGMapper: set:488 set: Unset optional value from type SMPTE2086
01-19 21:18:22.976 16750 17205 E IMGMapper: set:488 set: Unset optional value from type CTA861_3
01-19 21:18:22.996 16750 17205 E IMGMapper: set:488 set: Unset optional value from type SMPTE2086
01-19 21:18:22.996 16750 17205 E IMGMapper: set:488 set: Unset optional value from type CTA861_3
01-19 21:18:23.014 16750 17205 E IMGMapper: set:488 set: Unset optional value from type SMPTE2086
01-19 21:18:23.014 16750 17205 E IMGMapper: set:488 set: Unset optional value from type CTA861_3
01-19 21:18:23.028 16750 17205 E IMGMapper: set:488 set: Unset optional value from type SMPTE2086
01-19 21:18:23.029 16750 17205 E IMGMapper: set:488 set: Unset optional value from type CTA861_3
01-19 21:18:23.046 16750 17205 E IMGMapper: set:488 set: Unset optional value from type SMPTE2086
01-19 21:18:23.047 16750 17205 E IMGMapper: set:488 set: Unset optional value from type CTA861_3
01-19 21:18:23.069 16750 17205 E IMGMapper: set:488 set: Unset optional value from type SMPTE2086
01-19 21:18:23.069 16750 17205 E IMGMapper: set:488 set: Unset optional value from type CTA861_3
01-19 21:18:23.081 16750 17205 E IMGMapper: set:488 set: Unset optional value from type SMPTE2086
01-19 21:18:23.081 16750 17205 E IMGMapper: set:488 set: Unset optional value from type CTA861_3
01-19 21:18:23.110 16750 17205 E IMGMapper: set:488 set: Unset optional value from type SMPTE2086
01-19 21:18:23.110 16750 17205 E IMGMapper: set:488 set: Unset optional value from type CTA861_3
01-19 21:18:23.125 16750 17205 E IMGMapper: set:488 set: Unset optional value from type SMPTE2086
01-19 21:18:23.125 16750 17205 E IMGMapper: set:488 set: Unset optional value from type CTA861_3
01-19 21:18:23.130 16750 17205 E IMGMapper: set:488 set: Unset optional value from type SMPTE2086
01-19 21:18:23.130 16750 17205 E IMGMapper: set:488 set: Unset optional value from type CTA861_3
01-19 21:18:23.149 16750 17205 E IMGMapper: set:488 set: Unset optional value from type SMPTE2086
01-19 21:18:23.149 16750 17205 E IMGMapper: set:488 set: Unset optional value from type CTA861_3
01-19 21:18:23.158 16750 17205 E IMGMapper: set:488 set: Unset optional value from type SMPTE2086
01-19 21:18:23.159 16750 17205 E IMGMapper: set:488 set: Unset optional value from type CTA861_3
01-19 21:18:23.176 16750 17205 E IMGMapper: set:488 set: Unset optional value from type SMPTE2086
01-19 21:18:23.176 16750 17205 E IMGMapper: set:488 set: Unset optional value from type CTA861_3
01-19 21:18:23.192 16750 17205 E IMGMapper: set:488 set: Unset optional value from type SMPTE2086
01-19 21:18:23.192 16750 17205 E IMGMapper: set:488 set: Unset optional value from type CTA861_3
01-19 21:18:23.208 16750 17205 E IMGMapper: set:488 set: Unset optional value from type SMPTE2086
01-19 21:18:23.208 16750 17205 E IMGMapper: set:488 set: Unset optional value from type CTA861_3
01-19 21:18:23.228 16750 17205 E IMGMapper: set:488 set: Unset optional value from type SMPTE2086
01-19 21:18:23.228 16750 17205 E IMGMapper: set:488 set: Unset optional value from type CTA861_3
01-19 21:18:23.242 16750 17205 E IMGMapper: set:488 set: Unset optional value from type SMPTE2086
01-19 21:18:23.242 16750 17205 E IMGMapper: set:488 set: Unset optional value from type CTA861_3
01-19 21:18:23.261 16750 17205 E IMGMapper: set:488 set: Unset optional value from type SMPTE2086
01-19 21:18:23.261 16750 17205 E IMGMapper: set:488 set: Unset optional value from type CTA861_3
01-19 21:18:23.280 16750 17205 E IMGMapper: set:488 set: Unset optional value from type SMPTE2086
01-19 21:18:23.280 16750 17205 E IMGMapper: set:488 set: Unset optional value from type CTA861_3
01-19 21:18:23.304 16750 17205 E IMGMapper: set:488 set: Unset optional value from type SMPTE2086
01-19 21:18:23.304 16750 17205 E IMGMapper: set:488 set: Unset optional value from type CTA861_3
01-19 21:18:23.311 16750 17205 E IMGMapper: set:488 set: Unset optional value from type SMPTE2086
01-19 21:18:23.311 16750 17205 E IMGMapper: set:488 set: Unset optional value from type CTA861_3
01-19 21:18:23.331 16750 17205 E IMGMapper: set:488 set: Unset optional value from type SMPTE2086
01-19 21:18:23.331 16750 17205 E IMGMapper: set:488 set: Unset optional value from type CTA861_3
01-19 21:18:23.344 16750 17205 E IMGMapper: set:488 set: Unset optional value from type SMPTE2086
01-19 21:18:23.344 16750 17205 E IMGMapper: set:488 set: Unset optional value from type CTA861_3
01-19 21:18:23.364 16750 17205 E IMGMapper: set:488 set: Unset optional value from type SMPTE2086
01-19 21:18:23.364 16750 17205 E IMGMapper: set:488 set: Unset optional value from type CTA861_3
01-19 21:18:23.380 16750 17205 E IMGMapper: set:488 set: Unset optional value from type SMPTE2086
01-19 21:18:23.380 16750 17205 E IMGMapper: set:488 set: Unset optional value from type CTA861_3
01-19 21:18:23.398 16750 17205 E IMGMapper: set:488 set: Unset optional value from type SMPTE2086
01-19 21:18:23.398 16750 17205 E IMGMapper: set:488 set: Unset optional value from type CTA861_3
01-19 21:18:23.412 16750 17205 E IMGMapper: set:488 set: Unset optional value from type SMPTE2086
01-19 21:18:23.412 16750 17205 E IMGMapper: set:488 set: Unset optional value from type CTA861_3
01-19 21:18:23.429 16750 17205 E IMGMapper: set:488 set: Unset optional value from type SMPTE2086
01-19 21:18:23.429 16750 17205 E IMGMapper: set:488 set: Unset optional value from type CTA861_3
01-19 21:18:23.446 16750 17205 E IMGMapper: set:488 set: Unset optional value from type SMPTE2086
01-19 21:18:23.446 16750 17205 E IMGMapper: set:488 set: Unset optional value from type CTA861_3
01-19 21:18:23.463 16750 17205 E IMGMapper: set:488 set: Unset optional value from type SMPTE2086
01-19 21:18:23.463 16750 17205 E IMGMapper: set:488 set: Unset optional value from type CTA861_3
01-19 21:18:23.481 16750 17205 E IMGMapper: set:488 set: Unset optional value from type SMPTE2086
01-19 21:18:23.482 16750 17205 E IMGMapper: set:488 set: Unset optional value from type CTA861_3
01-19 21:18:23.510 16750 17205 E IMGMapper: set:488 set: Unset optional value from type SMPTE2086
01-19 21:18:23.514 16750 17205 E IMGMapper: set:488 set: Unset optional value from type CTA861_3
01-19 21:18:23.538 16750 17205 E IMGMapper: set:488 set: Unset optional value from type SMPTE2086
01-19 21:18:23.538 16750 17205 E IMGMapper: set:488 set: Unset optional value from type CTA861_3
01-19 21:18:23.561 16750 17205 E IMGMapper: set:488 set: Unset optional value from type SMPTE2086
01-19 21:18:23.561 16750 17205 E IMGMapper: set:488 set: Unset optional value from type CTA861_3
01-19 21:18:23.578 16750 17205 E IMGMapper: set:488 set: Unset optional value from type SMPTE2086
01-19 21:18:23.578 16750 17205 E IMGMapper: set:488 set: Unset optional value from type CTA861_3
01-19 21:18:23.594 16750 17205 E IMGMapper: set:488 set: Unset optional value from type SMPTE2086
01-19 21:18:23.594 16750 17205 E IMGMapper: set:488 set: Unset optional value from type CTA861_3
01-19 21:18:23.611 16750 17205 E IMGMapper: set:488 set: Unset optional value from type SMPTE2086
01-19 21:18:23.612 16750 17205 E IMGMapper: set:488 set: Unset optional value from type CTA861_3
01-19 21:18:23.628 16750 17205 E IMGMapper: set:488 set: Unset optional value from type SMPTE2086
01-19 21:18:23.628 16750 17205 E IMGMapper: set:488 set: Unset optional value from type CTA861_3
01-19 21:18:23.645 16750 17205 E IMGMapper: set:488 set: Unset optional value from type SMPTE2086
01-19 21:18:23.645 16750 17205 E IMGMapper: set:488 set: Unset optional value from type CTA861_3
01-19 21:18:23.662 16750 17205 E IMGMapper: set:488 set: Unset optional value from type SMPTE2086
01-19 21:18:23.662 16750 17205 E IMGMapper: set:488 set: Unset optional value from type CTA861_3
01-19 21:18:23.680 16750 17205 E IMGMapper: set:488 set: Unset optional value from type SMPTE2086
01-19 21:18:23.680 16750 17205 E IMGMapper: set:488 set: Unset optional value from type CTA861_3
01-19 21:18:23.695 16750 17205 E IMGMapper: set:488 set: Unset optional value from type SMPTE2086
01-19 21:18:23.696 16750 17205 E IMGMapper: set:488 set: Unset optional value from type CTA861_3
01-19 21:18:23.714 16750 17205 E IMGMapper: set:488 set: Unset optional value from type SMPTE2086
01-19 21:18:23.714 16750 17205 E IMGMapper: set:488 set: Unset optional value from type CTA861_3
01-19 21:18:23.729 16750 17205 E IMGMapper: set:488 set: Unset optional value from type SMPTE2086
01-19 21:18:23.729 16750 17205 E IMGMapper: set:488 set: Unset optional value from type CTA861_3
01-19 21:18:23.745 16750 17205 E IMGMapper: set:488 set: Unset optional value from type SMPTE2086
01-19 21:18:23.745 16750 17205 E IMGMapper: set:488 set: Unset optional value from type CTA861_3
01-19 21:18:23.762 16750 17205 E IMGMapper: set:488 set: Unset optional value from type SMPTE2086
01-19 21:18:23.762 16750 17205 E IMGMapper: set:488 set: Unset optional value from type CTA861_3
01-19 21:18:23.783 16750 17205 E IMGMapper: set:488 set: Unset optional value from type SMPTE2086
01-19 21:18:23.783 16750 17205 E IMGMapper: set:488 set: Unset optional value from type CTA861_3
01-19 21:18:23.796 16750 17205 E IMGMapper: set:488 set: Unset optional value from type SMPTE2086
01-19 21:18:23.796 16750 17205 E IMGMapper: set:488 set: Unset optional value from type CTA861_3
01-19 21:18:23.813 16750 17205 E IMGMapper: set:488 set: Unset optional value from type SMPTE2086
01-19 21:18:23.813 16750 17205 E IMGMapper: set:488 set: Unset optional value from type CTA861_3
01-19 21:18:23.829 16750 17205 E IMGMapper: set:488 set: Unset optional value from type SMPTE2086
01-19 21:18:23.829 16750 17205 E IMGMapper: set:488 set: Unset optional value from type CTA861_3
01-19 21:18:23.846 16750 17205 E IMGMapper: set:488 set: Unset optional value from type SMPTE2086
01-19 21:18:23.846 16750 17205 E IMGMapper: set:488 set: Unset optional value from type CTA861_3
01-19 21:18:23.862 16750 17205 E IMGMapper: set:488 set: Unset optional value from type SMPTE2086
01-19 21:18:23.863 16750 17205 E IMGMapper: set:488 set: Unset optional value from type CTA861_3
01-19 21:18:23.880 16750 17205 E IMGMapper: set:488 set: Unset optional value from type SMPTE2086
01-19 21:18:23.881 16750 17205 E IMGMapper: set:488 set: Unset optional value from type CTA861_3
01-19 21:18:23.897 16750 17205 E IMGMapper: set:488 set: Unset optional value from type SMPTE2086
01-19 21:18:23.897 16750 17205 E IMGMapper: set:488 set: Unset optional value from type CTA861_3
01-19 21:18:23.913 16750 17205 E IMGMapper: set:488 set: Unset optional value from type SMPTE2086
01-19 21:18:23.914 16750 17205 E IMGMapper: set:488 set: Unset optional value from type CTA861_3
01-19 21:18:23.931 16750 17205 E IMGMapper: set:488 set: Unset optional value from type SMPTE2086
01-19 21:18:23.931 16750 17205 E IMGMapper: set:488 set: Unset optional value from type CTA861_3
01-19 21:18:23.948 16750 17205 E IMGMapper: set:488 set: Unset optional value from type SMPTE2086
01-19 21:18:23.949 16750 17205 E IMGMapper: set:488 set: Unset optional value from type CTA861_3
01-19 21:18:23.964 16750 17205 E IMGMapper: set:488 set: Unset optional value from type SMPTE2086
01-19 21:18:23.965 16750 17205 E IMGMapper: set:488 set: Unset optional value from type CTA861_3
01-19 21:18:23.982 16750 17205 E IMGMapper: set:488 set: Unset optional value from type SMPTE2086
01-19 21:18:23.982 16750 17205 E IMGMapper: set:488 set: Unset optional value from type CTA861_3
01-19 21:18:23.998 16750 17205 E IMGMapper: set:488 set: Unset optional value from type SMPTE2086
01-19 21:18:23.998 16750 17205 E IMGMapper: set:488 set: Unset optional value from type CTA861_3
01-19 21:18:24.016 16750 17205 E IMGMapper: set:488 set: Unset optional value from type SMPTE2086
01-19 21:18:24.016 16750 17205 E IMGMapper: set:488 set: Unset optional value from type CTA861_3
01-19 21:18:24.034 16750 17205 E IMGMapper: set:488 set: Unset optional value from type SMPTE2086
01-19 21:18:24.034 16750 17205 E IMGMapper: set:488 set: Unset optional value from type CTA861_3
01-19 21:18:24.048 16750 17205 E IMGMapper: set:488 set: Unset optional value from type SMPTE2086
01-19 21:18:24.048 16750 17205 E IMGMapper: set:488 set: Unset optional value from type CTA861_3
01-19 21:18:24.066 16750 17205 E IMGMapper: set:488 set: Unset optional value from type SMPTE2086
01-19 21:18:24.067 16750 17205 E IMGMapper: set:488 set: Unset optional value from type CTA861_3
01-19 21:18:24.082 16750 17205 E IMGMapper: set:488 set: Unset optional value from type SMPTE2086
01-19 21:18:24.082 16750 17205 E IMGMapper: set:488 set: Unset optional value from type CTA861_3
01-19 21:18:24.101 16750 17205 E IMGMapper: set:488 set: Unset optional value from type SMPTE2086
01-19 21:18:24.101 16750 17205 E IMGMapper: set:488 set: Unset optional value from type CTA861_3
01-19 21:18:24.160 16750 17205 E IMGMapper: set:488 set: Unset optional value from type SMPTE2086
01-19 21:18:24.160 16750 17205 E IMGMapper: set:488 set: Unset optional value from type CTA861_3
01-19 21:18:25.237 16750 16750 W com.mbwhatsapp: Method void com.mbwhatsapp.HomeActivity.A6e() failed lock verification and will run slower.
01-19 21:18:28.036 16750 16750 E ArmVmp : Match on catch block at 0x0a in for 0x7ac49b4031
01-19 21:18:28.226 16750 27388 W com.mbwhatsapp: Accessing hidden method Lcom/android/org/conscrypt/ConscryptEngineSocket;->setUseSessionTickets(Z)V (max- target-q,core-platform-api, reflection, denied)
01-19 21:18:28.226 16750 27388 W com.mbwhatsapp: Accessing hidden method Lcom/android/org/conscrypt/OpenSSLSocketImpl;->setUseSessionTickets(Z)V (max- target-q,core-platform-api, reflection, denied)
01-19 21:18:28.226 16750 27388 W com.mbwhatsapp: Accessing hidden method Lcom/android/org/conscrypt/AbstractConscryptSocket;->setUseSessionTickets(Z)V (max- target-q, reflection, denied)
01-19 21:18:28.226 16750 27388 W com.mbwhatsapp: Accessing hidden method Lcom/android/org/conscrypt/ConscryptEngineSocket;->setHostname(Ljava/lang/String;)V (max-target-q,core-platform-api, reflection, denied)
01-19 21:18:28.226 16750 27388 W com.mbwhatsapp: Accessing hidden method Lcom/android/org/conscrypt/OpenSSLSocketImpl;->setHostname(Ljava/lang/String;)V (max-target-q,core-platform-api, reflection, denied)
01-19 21:18:28.226 16750 27388 W com.mbwhatsapp: Accessing hidden method Lcom/android/org/conscrypt/AbstractConscryptSocket;->setHostname(Ljava/lang/ String;)V (max-target-q, reflection, denied)
01-19 21:18:28.226 16750 27388 W com.mbwhatsapp: Accessing hidden method Lcom/android/org/conscrypt/OpenSSLSocketImpl;->setAlpnProtocols([B)V (max-target- q,core-platform-api, reflection, denied)
01-19 21:18:28.227 16750 27388 W com.mbwhatsapp: Accessing hidden method Lcom/android/org/conscrypt/AbstractConscryptSocket;->setAlpnProtocols([B)V (max- target-q, reflection, denied)
01-19 21:18:28.277 16750 16750 E ArmVmp : Match on catch block at 0x0a in for 0x7ac49b404d
01-19 21:18:28.347 16750 27388 W com.mbwhatsapp: Accessing hidden method Lcom/android/org/conscrypt/OpenSSLSocketImpl;->getAlpnSelectedProtocol()[B (max- target-q,core-platform-api, reflection, denied)
01-19 21:18:28.347 16750 27388 W com.mbwhatsapp: Accessing hidden method Lcom/android/org/conscrypt/AbstractConscryptSocket;->getAlpnSelectedProtocol()[B (max-target-q, reflection, denied)
01-19 21:18:28.508 16750 16750 W Activity: Can request only one set of permissions at a time
01-19 21:18:30.188 16750 16750 E ArmVmp : Match on catch block at 0x0a in for 0x7ac49b4035
01-19 21:18:31.522 16750 24725 W MediaCodec-JNI: try to release MediaCodec from JMediaCodec::~JMediaCodec()...
01-19 21:18:31.527 16750 24725 W MediaCodec-JNI: done releasing MediaCodec from JMediaCodec::~JMediaCodec().
01-19 21:18:31.530 16750 24725 W MediaCodec-JNI: try to release MediaCodec from JMediaCodec::~JMediaCodec()...
01-19 21:18:31.530 16750 24725 W MediaCodec-JNI: done releasing MediaCodec from JMediaCodec::~JMediaCodec().
01-19 21:18:31.640 16750 27495 W ColorUtils: expected specified color aspects (2:0:0:0)
01-19 21:18:31.755 16750 27507 W ColorUtils: expected specified color aspects (2:0:0:0)
01-19 21:18:31.881 16750 27514 W LOTTIE : Animation contains merge paths. Merge paths are only supported on KitKat+ and must be manually enabled by calling enableMergePathsForKitKatAndAbove().
01-19 21:18:31.985 16750 16750 E RecyclerView: No adapter attached; skipping layout
01-19 21:18:32.095 16750 24725 W AudioCapabilities: Unsupported mime audio/x-ima
01-19 21:18:32.095 16750 24725 W AudioCapabilities: Unsupported mime audio/mpeg-L1
01-19 21:18:32.096 16750 24725 W AudioCapabilities: Unsupported mime audio/mpeg-L2
01-19 21:18:32.096 16750 24725 W VideoCapabilities: Unsupported mime video/wvc1
01-19 21:18:32.103 16750 24725 W VideoCapabilities: Unsupported mime video/x-ms-wmv
01-19 21:18:32.105 16750 24725 W AudioCapabilities: Unsupported mime audio/x-adpcm- dvi-ima
01-19 21:18:32.105 16750 24725 W AudioCapabilities: Unsupported mime audio/x-adpcm- dvi-ima
01-19 21:18:32.105 16750 24725 W AudioCapabilities: Unsupported mime audio/x-adpcm- ms
01-19 21:18:32.118 16750 24725 W AudioCapabilities: Unsupported mime audio/x-adpcm- ms
01-19 21:18:32.143 16750 24725 W VideoCapabilities: Unrecognized profile/level 32768/256 for video/mp4v-es
01-19 21:18:32.388 16750 17205 E IMGMapper: set:488 set: Unset optional value from type SMPTE2086
01-19 21:18:32.389 16750 17205 E IMGMapper: set:488 set: Unset optional value from type CTA861_3
01-19 21:18:32.418 16750 17205 W Parcel : Expecting binder but got null!
01-19 21:18:32.780 16750 17205 E IMGMapper: set:488 set: Unset optional value from type SMPTE2086
01-19 21:18:32.780 16750 17205 E IMGMapper: set:488 set: Unset optional value from type CTA861_3
01-19 21:18:32.823 16750 16750 W LOTTIE : Animation contains merge paths but they are disabled.
01-19 21:18:33.134 16750 17205 E IMGMapper: set:488 set: Unset optional value from type SMPTE2086
01-19 21:18:33.134 16750 17205 E IMGMapper: set:488 set: Unset optional value from type CTA861_3
01-19 21:18:33.449 16750 17205 E IMGMapper: set:488 set: Unset optional value from type SMPTE2086
01-19 21:18:33.449 16750 17205 E IMGMapper: set:488 set: Unset optional value from type CTA861_3
01-19 21:18:33.803 16750 17205 E IMGMapper: set:488 set: Unset optional value from type SMPTE2086
01-19 21:18:33.803 16750 17205 E IMGMapper: set:488 set: Unset optional value from type CTA861_3
01-19 21:18:34.208 16750 17205 E IMGMapper: set:488 set: Unset optional value from type SMPTE2086
01-19 21:18:34.208 16750 17205 E IMGMapper: set:488 set: Unset optional value from type CTA861_3
01-19 21:18:34.266 16750 17205 E IMGMapper: set:488 set: Unset optional value from type SMPTE2086
01-19 21:18:34.266 16750 17205 E IMGMapper: set:488 set: Unset optional value from type CTA861_3
01-19 21:18:34.488 16750 17205 E IMGMapper: set:488 set: Unset optional value from type SMPTE2086
01-19 21:18:34.488 16750 17205 E IMGMapper: set:488 set: Unset optional value from type CTA861_3
01-19 21:18:34.586 16750 17205 E IMGMapper: set:488 set: Unset optional value from type SMPTE2086
01-19 21:18:34.586 16750 17205 E IMGMapper: set:488 set: Unset optional value from type CTA861_3
01-19 21:18:34.691 16750 17205 E IMGMapper: set:488 set: Unset optional value from type SMPTE2086
01-19 21:18:34.691 16750 17205 E IMGMapper: set:488 set: Unset optional value from type CTA861_3
01-19 21:18:34.714 16750 17205 E IMGMapper: set:488 set: Unset optional value from type SMPTE2086
01-19 21:18:34.715 16750 17205 E IMGMapper: set:488 set: Unset optional value from type CTA861_3
01-19 21:18:35.136 16750 17205 E IMGMapper: set:488 set: Unset optional value from type SMPTE2086
01-19 21:18:35.136 16750 17205 E IMGMapper: set:488 set: Unset optional value from type CTA861_3
01-19 21:18:35.161 16750 17205 E IMGMapper: set:488 set: Unset optional value from type SMPTE2086
01-19 21:18:35.161 16750 17205 E IMGMapper: set:488 set: Unset optional value from type CTA861_3
01-19 21:18:35.185 16750 17205 E IMGMapper: set:488 set: Unset optional value from type SMPTE2086
01-19 21:18:35.185 16750 17205 E IMGMapper: set:488 set: Unset optional value from type CTA861_3
01-19 21:18:35.201 16750 17205 E IMGMapper: set:488 set: Unset optional value from type SMPTE2086
01-19 21:18:35.202 16750 17205 E IMGMapper: set:488 set: Unset optional value from type CTA861_3
01-19 21:18:35.211 16750 17205 E IMGMapper: set:488 set: Unset optional value from type SMPTE2086
01-19 21:18:35.211 16750 17205 E IMGMapper: set:488 set: Unset optional value from type CTA861_3
01-19 21:18:35.220 16750 17205 E IMGMapper: set:488 set: Unset optional value from type SMPTE2086
01-19 21:18:35.220 16750 17205 E IMGMapper: set:488 set: Unset optional value from type CTA861_3
01-19 21:18:35.237 16750 17205 E IMGMapper: set:488 set: Unset optional value from type SMPTE2086
01-19 21:18:35.237 16750 17205 E IMGMapper: set:488 set: Unset optional value from type CTA861_3
01-19 21:18:35.254 16750 17205 E IMGMapper: set:488 set: Unset optional value from type SMPTE2086
01-19 21:18:35.254 16750 17205 E IMGMapper: set:488 set: Unset optional value from type CTA861_3
01-19 21:18:35.267 16750 17205 E IMGMapper: set:488 set: Unset optional value from type SMPTE2086
01-19 21:18:35.267 16750 17205 E IMGMapper: set:488 set: Unset optional value from type CTA861_3
01-19 21:18:35.283 16750 17205 E IMGMapper: set:488 set: Unset optional value from type SMPTE2086
01-19 21:18:35.283 16750 17205 E IMGMapper: set:488 set: Unset optional value from type CTA861_3
01-19 21:18:35.302 16750 17205 E IMGMapper: set:488 set: Unset optional value from type SMPTE2086
01-19 21:18:35.302 16750 17205 E IMGMapper: set:488 set: Unset optional value from type CTA861_3
01-19 21:18:35.319 16750 17205 E IMGMapper: set:488 set: Unset optional value from type SMPTE2086
01-19 21:18:35.319 16750 17205 E IMGMapper: set:488 set: Unset optional value from type CTA861_3
01-19 21:18:35.348 16750 17205 E IMGMapper: set:488 set: Unset optional value from type SMPTE2086
01-19 21:18:35.348 16750 17205 E IMGMapper: set:488 set: Unset optional value from type CTA861_3
01-19 21:18:35.361 16750 17205 E IMGMapper: set:488 set: Unset optional value from type SMPTE2086
01-19 21:18:35.361 16750 17205 E IMGMapper: set:488 set: Unset optional value from type CTA861_3
01-19 21:18:35.376 16750 17205 E IMGMapper: set:488 set: Unset optional value from type SMPTE2086
01-19 21:18:35.377 16750 17205 E IMGMapper: set:488 set: Unset optional value from type CTA861_3
01-19 21:18:35.386 16750 17205 E IMGMapper: set:488 set: Unset optional value from type SMPTE2086
01-19 21:18:35.386 16750 17205 E IMGMapper: set:488 set: Unset optional value from type CTA861_3
01-19 21:18:35.403 16750 17205 E IMGMapper: set:488 set: Unset optional value from type SMPTE2086
01-19 21:18:35.403 16750 17205 E IMGMapper: set:488 set: Unset optional value from type CTA861_3
01-19 21:18:35.422 16750 17205 E IMGMapper: set:488 set: Unset optional value from type SMPTE2086
01-19 21:18:35.422 16750 17205 E IMGMapper: set:488 set: Unset optional value from type CTA861_3
01-19 21:18:35.436 16750 17205 E IMGMapper: set:488 set: Unset optional value from type SMPTE2086
01-19 21:18:35.436 16750 17205 E IMGMapper: set:488 set: Unset optional value from type CTA861_3
01-19 21:18:35.458 16750 17205 E IMGMapper: set:488 set: Unset optional value from type SMPTE2086
01-19 21:18:35.458 16750 17205 E IMGMapper: set:488 set: Unset optional value from type CTA861_3
01-19 21:18:35.586 16750 17205 E IMGMapper: set:488 set: Unset optional value from type SMPTE2086
01-19 21:18:35.586 16750 17205 E IMGMapper: set:488 set: Unset optional value from type CTA861_3
01-19 21:18:36.617 16750 27514 W LOTTIE : Unknown shape type rd
01-19 21:18:36.617 16750 27587 W LOTTIE : Unknown shape type rd
01-19 21:18:37.021 16750 16750 E ArmVmp : Match on catch block at 0x0a in for 0x7ac49b4035
01-19 21:18:37.037 16750 16750 E ArmVmp : Match on catch block at 0x0a in for 0x7ac49b4035
01-19 21:18:37.130 16750 16750 E ArmVmp : Match on catch block at 0x0a in for 0x7ac49b4071
01-19 21:18:37.370 16750 17205 E IMGMapper: set:488 set: Unset optional value from type SMPTE2086
01-19 21:18:37.371 16750 17205 E IMGMapper: set:488 set: Unset optional value from type CTA861_3
01-19 21:18:37.437 16750 17205 E IMGMapper: set:488 set: Unset optional value from type SMPTE2086
01-19 21:18:37.437 16750 17205 E IMGMapper: set:488 set: Unset optional value from type CTA861_3
01-19 21:18:37.448 16750 17205 W Parcel : Expecting binder but got null!
01-19 21:18:38.137 16750 16750 E ArmVmp : Match on catch block at 0xc3 in for 0x7ac49b4021
01-19 21:18:38.145 16750 16750 E ArmVmp : Match on catch block at 0xc3 in for 0x7ac49b4021
01-19 21:18:38.329 16750 17205 E IMGMapper: set:488 set: Unset optional value from type SMPTE2086
01-19 21:18:38.329 16750 17205 E IMGMapper: set:488 set: Unset optional value from type CTA861_3
01-19 21:18:38.335 16750 17205 W Parcel : Expecting binder but got null!
01-19 21:18:38.542 16750 17205 E IMGMapper: set:488 set: Unset optional value from type SMPTE2086
01-19 21:18:38.543 16750 17205 E IMGMapper: set:488 set: Unset optional value from type CTA861_3
01-19 21:18:38.601 16750 16750 E ArmVmp : Match on catch block at 0xc3 in for 0x7ac49b4025
01-19 21:18:38.628 16750 16750 E ArmVmp : Match on catch block at 0xc3 in for 0x7ac49b4025
01-19 21:18:38.804 16750 17205 E IMGMapper: set:488 set: Unset optional value from type SMPTE2086
01-19 21:18:38.805 16750 17205 E IMGMapper: set:488 set: Unset optional value from type CTA861_3
01-19 21:18:39.007 16750 16750 E ArmVmp : Match on catch block at 0x0a in for 0x7ac49b407d
01-19 21:18:39.322 16750 16750 E ArmVmp : Match on catch block at 0xc3 in for 0x7ac49b4025
01-19 21:18:39.326 16750 16750 E ArmVmp : Match on catch block at 0xc3 in for 0x7ac49b4025
01-19 21:18:39.368 16750 17205 E IMGMapper: set:488 set: Unset optional value from type SMPTE2086
01-19 21:18:39.368 16750 17205 E IMGMapper: set:488 set: Unset optional value from type CTA861_3
01-19 21:18:39.378 16750 17205 E IMGMapper: set:488 set: Unset optional value from type SMPTE2086
01-19 21:18:39.378 16750 17205 E IMGMapper: set:488 set: Unset optional value from type CTA861_3
01-19 21:18:39.457 16750 17205 E IMGMapper: set:488 set: Unset optional value from type SMPTE2086
01-19 21:18:39.458 16750 17205 E IMGMapper: set:488 set: Unset optional value from type CTA861_3
01-19 21:18:39.461 16750 17205 W Parcel : Expecting binder but got null!
01-19 21:18:39.494 16750 17205 E IMGMapper: set:488 set: Unset optional value from type SMPTE2086
01-19 21:18:39.494 16750 17205 E IMGMapper: set:488 set: Unset optional value from type CTA861_3
01-19 21:18:39.535 16750 16750 E ArmVmp : Match on catch block at 0xc3 in for 0x7ac49b4025
01-19 21:18:39.566 16750 16750 E ArmVmp : Match on catch block at 0xc3 in for 0x7ac49b4025
01-19 21:18:39.628 16750 17205 E IMGMapper: set:488 set: Unset optional value from type SMPTE2086
01-19 21:18:39.629 16750 17205 E IMGMapper: set:488 set: Unset optional value from type CTA861_3
01-19 21:18:39.649 16750 17205 E IMGMapper: set:488 set: Unset optional value from type SMPTE2086
01-19 21:18:39.649 16750 17205 E IMGMapper: set:488 set: Unset optional value from type CTA861_3
01-19 21:18:39.716 16750 17205 E IMGMapper: set:488 set: Unset optional value from type SMPTE2086
01-19 21:18:39.716 16750 17205 E IMGMapper: set:488 set: Unset optional value from type CTA861_3
01-19 21:18:39.782 16750 16750 E ArmVmp : Match on catch block at 0xc3 in for 0x7ac49b4025
01-19 21:18:39.785 16750 16750 E ArmVmp : Match on catch block at 0xc3 in for 0x7ac49b4025
01-19 21:18:39.827 16750 17205 E IMGMapper: set:488 set: Unset optional value from type SMPTE2086
01-19 21:18:39.827 16750 17205 E IMGMapper: set:488 set: Unset optional value from type CTA861_3
01-19 21:18:39.860 16750 17205 E IMGMapper: set:488 set: Unset optional value from type SMPTE2086
01-19 21:18:39.860 16750 17205 E IMGMapper: set:488 set: Unset optional value from type CTA861_3
01-19 21:18:39.879 16750 17205 E IMGMapper: set:488 set: Unset optional value from type SMPTE2086
01-19 21:18:39.880 16750 17205 E IMGMapper: set:488 set: Unset optional value from type CTA861_3
01-19 21:18:39.931 16750 16750 E ArmVmp : Match on catch block at 0xc3 in for 0x7ac49b4025
01-19 21:18:39.935 16750 16750 E ArmVmp : Match on catch block at 0xc3 in for 0x7ac49b4025
01-19 21:18:40.016 16750 17205 E IMGMapper: set:488 set: Unset optional value from type SMPTE2086
01-19 21:18:40.016 16750 17205 E IMGMapper: set:488 set: Unset optional value from type CTA861_3
01-19 21:18:40.026 16750 17205 E IMGMapper: set:488 set: Unset optional value from type SMPTE2086
01-19 21:18:40.026 16750 17205 E IMGMapper: set:488 set: Unset optional value from type CTA861_3
01-19 21:18:40.038 16750 17205 E IMGMapper: set:488 set: Unset optional value from type SMPTE2086
01-19 21:18:40.038 16750 17205 E IMGMapper: set:488 set: Unset optional value from type CTA861_3
01-19 21:18:40.063 16750 16750 E ArmVmp : Match on catch block at 0xc3 in for 0x7ac49b4025
01-19 21:18:40.071 16750 16750 E ArmVmp : Match on catch block at 0xc3 in for 0x7ac49b4025
01-19 21:18:40.138 16750 17205 E IMGMapper: set:488 set: Unset optional value from type SMPTE2086
01-19 21:18:40.138 16750 17205 E IMGMapper: set:488 set: Unset optional value from type CTA861_3
01-19 21:18:40.149 16750 17205 E IMGMapper: set:488 set: Unset optional value from type SMPTE2086
01-19 21:18:40.149 16750 17205 E IMGMapper: set:488 set: Unset optional value from type CTA861_3
01-19 21:18:40.159 16750 17205 E IMGMapper: set:488 set: Unset optional value from type SMPTE2086
01-19 21:18:40.159 16750 17205 E IMGMapper: set:488 set: Unset optional value from type CTA861_3
01-19 21:18:40.185 16750 16750 E ArmVmp : Match on catch block at 0xc3 in for 0x7ac49b4025
01-19 21:18:40.191 16750 16750 E ArmVmp : Match on catch block at 0xc3 in for 0x7ac49b4025
01-19 21:18:40.228 16750 17205 E IMGMapper: set:488 set: Unset optional value from type SMPTE2086
01-19 21:18:40.228 16750 17205 E IMGMapper: set:488 set: Unset optional value from type CTA861_3
01-19 21:18:40.238 16750 17205 E IMGMapper: set:488 set: Unset optional value from type SMPTE2086
01-19 21:18:40.238 16750 17205 E IMGMapper: set:488 set: Unset optional value from type CTA861_3
01-19 21:18:40.248 16750 17205 E IMGMapper: set:488 set: Unset optional value from type SMPTE2086
01-19 21:18:40.248 16750 17205 E IMGMapper: set:488 set: Unset optional value from type CTA861_3
01-19 21:18:40.274 16750 16750 E ArmVmp : Match on catch block at 0xc3 in for 0x7ac49b4025
01-19 21:18:40.278 16750 16750 E ArmVmp : Match on catch block at 0xc3 in for 0x7ac49b4025
01-19 21:18:40.302 16750 17205 E IMGMapper: set:488 set: Unset optional value from type SMPTE2086
01-19 21:18:40.302 16750 17205 E IMGMapper: set:488 set: Unset optional value from type CTA861_3
01-19 21:18:40.311 16750 17205 E IMGMapper: set:488 set: Unset optional value from type SMPTE2086
01-19 21:18:40.311 16750 17205 E IMGMapper: set:488 set: Unset optional value from type CTA861_3
01-19 21:18:40.320 16750 17205 E IMGMapper: set:488 set: Unset optional value from type SMPTE2086
01-19 21:18:40.320 16750 17205 E IMGMapper: set:488 set: Unset optional value from type CTA861_3
01-19 21:18:40.349 16750 16750 E ArmVmp : Match on catch block at 0xc3 in for 0x7ac49b4025
01-19 21:18:40.354 16750 16750 E ArmVmp : Match on catch block at 0xc3 in for 0x7ac49b4025
01-19 21:18:40.378 16750 17205 E IMGMapper: set:488 set: Unset optional value from type SMPTE2086
01-19 21:18:40.379 16750 17205 E IMGMapper: set:488 set: Unset optional value from type CTA861_3
01-19 21:18:40.389 16750 17205 E IMGMapper: set:488 set: Unset optional value from type SMPTE2086
01-19 21:18:40.389 16750 17205 E IMGMapper: set:488 set: Unset optional value from type CTA861_3
01-19 21:18:40.404 16750 17205 E IMGMapper: set:488 set: Unset optional value from type SMPTE2086
01-19 21:18:40.404 16750 17205 E IMGMapper: set:488 set: Unset optional value from type CTA861_3
01-19 21:18:40.435 16750 16750 E ArmVmp : Match on catch block at 0xc3 in for 0x7ac49b4025
01-19 21:18:40.440 16750 16750 E ArmVmp : Match on catch block at 0xc3 in for 0x7ac49b4025
01-19 21:18:40.464 16750 17205 E IMGMapper: set:488 set: Unset optional value from type SMPTE2086
01-19 21:18:40.464 16750 17205 E IMGMapper: set:488 set: Unset optional value from type CTA861_3
01-19 21:18:40.473 16750 17205 E IMGMapper: set:488 set: Unset optional value from type SMPTE2086
01-19 21:18:40.473 16750 17205 E IMGMapper: set:488 set: Unset optional value from type CTA861_3
01-19 21:18:40.485 16750 17205 E IMGMapper: set:488 set: Unset optional value from type SMPTE2086
01-19 21:18:40.485 16750 17205 E IMGMapper: set:488 set: Unset optional value from type CTA861_3
01-19 21:18:40.510 16750 16750 E ArmVmp : Match on catch block at 0xc3 in for 0x7ac49b4025
01-19 21:18:40.514 16750 16750 E ArmVmp : Match on catch block at 0xc3 in for 0x7ac49b4025
01-19 21:18:40.543 16750 17205 E IMGMapper: set:488 set: Unset optional value from type SMPTE2086
01-19 21:18:40.543 16750 17205 E IMGMapper: set:488 set: Unset optional value from type CTA861_3
01-19 21:18:40.553 16750 17205 E IMGMapper: set:488 set: Unset optional value from type SMPTE2086
01-19 21:18:40.554 16750 17205 E IMGMapper: set:488 set: Unset optional value from type CTA861_3
01-19 21:18:40.562 16750 17205 E IMGMapper: set:488 set: Unset optional value from type SMPTE2086
01-19 21:18:40.562 16750 17205 E IMGMapper: set:488 set: Unset optional value from type CTA861_3
01-19 21:18:40.588 16750 16750 E ArmVmp : Match on catch block at 0xc3 in for 0x7ac49b4025
01-19 21:18:40.594 16750 16750 E ArmVmp : Match on catch block at 0xc3 in for 0x7ac49b4025
01-19 21:18:40.616 16750 17205 E IMGMapper: set:488 set: Unset optional value from type SMPTE2086
01-19 21:18:40.616 16750 17205 E IMGMapper: set:488 set: Unset optional value from type CTA861_3
01-19 21:18:40.629 16750 17205 E IMGMapper: set:488 set: Unset optional value from type SMPTE2086
01-19 21:18:40.629 16750 17205 E IMGMapper: set:488 set: Unset optional value from type CTA861_3
01-19 21:18:40.643 16750 17205 E IMGMapper: set:488 set: Unset optional value from type SMPTE2086
01-19 21:18:40.643 16750 17205 E IMGMapper: set:488 set: Unset optional value from type CTA861_3
01-19 21:18:40.674 16750 16750 E ArmVmp : Match on catch block at 0xc3 in for 0x7ac49b4025
01-19 21:18:40.681 16750 16750 E ArmVmp : Match on catch block at 0xc3 in for 0x7ac49b4025
01-19 21:18:40.711 16750 17205 E IMGMapper: set:488 set: Unset optional value from type SMPTE2086
01-19 21:18:40.711 16750 17205 E IMGMapper: set:488 set: Unset optional value from type CTA861_3
01-19 21:18:40.718 16750 17205 E IMGMapper: set:488 set: Unset optional value from type SMPTE2086
01-19 21:18:40.719 16750 17205 E IMGMapper: set:488 set: Unset optional value from type CTA861_3
01-19 21:18:40.730 16750 17205 E IMGMapper: set:488 set: Unset optional value from type SMPTE2086
01-19 21:18:40.730 16750 17205 E IMGMapper: set:488 set: Unset optional value from type CTA861_3
01-19 21:18:40.757 16750 16750 E ArmVmp : Match on catch block at 0xc3 in for 0x7ac49b4025
01-19 21:18:40.767 16750 16750 E ArmVmp : Match on catch block at 0xc3 in for 0x7ac49b4025
01-19 21:18:40.793 16750 17205 E IMGMapper: set:488 set: Unset optional value from type SMPTE2086
01-19 21:18:40.793 16750 17205 E IMGMapper: set:488 set: Unset optional value from type CTA861_3
01-19 21:18:40.805 16750 17205 E IMGMapper: set:488 set: Unset optional value from type SMPTE2086
01-19 21:18:40.805 16750 17205 E IMGMapper: set:488 set: Unset optional value from type CTA861_3
01-19 21:18:40.814 16750 17205 E IMGMapper: set:488 set: Unset optional value from type SMPTE2086
01-19 21:18:40.814 16750 17205 E IMGMapper: set:488 set: Unset optional value from type CTA861_3
01-19 21:18:40.844 16750 16750 E ArmVmp : Match on catch block at 0xc3 in for 0x7ac49b4025
01-19 21:18:40.849 16750 16750 E ArmVmp : Match on catch block at 0xc3 in for 0x7ac49b4025
01-19 21:18:40.878 16750 17205 E IMGMapper: set:488 set: Unset optional value from type SMPTE2086
01-19 21:18:40.878 16750 17205 E IMGMapper: set:488 set: Unset optional value from type CTA861_3
01-19 21:18:40.889 16750 17205 E IMGMapper: set:488 set: Unset optional value from type SMPTE2086
01-19 21:18:40.889 16750 17205 E IMGMapper: set:488 set: Unset optional value from type CTA861_3
01-19 21:18:40.903 16750 17205 E IMGMapper: set:488 set: Unset optional value from type SMPTE2086
01-19 21:18:40.904 16750 17205 E IMGMapper: set:488 set: Unset optional value from type CTA861_3
01-19 21:18:40.929 16750 16750 E ArmVmp : Match on catch block at 0xc3 in for 0x7ac49b4025
01-19 21:18:40.932 16750 16750 E ArmVmp : Match on catch block at 0xc3 in for 0x7ac49b4025
01-19 21:18:40.961 16750 17205 E IMGMapper: set:488 set: Unset optional value from type SMPTE2086
01-19 21:18:40.961 16750 17205 E IMGMapper: set:488 set: Unset optional value from type CTA861_3
01-19 21:18:40.973 16750 17205 E IMGMapper: set:488 set: Unset optional value from type SMPTE2086
01-19 21:18:40.973 16750 17205 E IMGMapper: set:488 set: Unset optional value from type CTA861_3
01-19 21:18:40.983 16750 17205 E IMGMapper: set:488 set: Unset optional value from type SMPTE2086
01-19 21:18:40.983 16750 17205 E IMGMapper: set:488 set: Unset optional value from type CTA861_3
01-19 21:18:41.056 16750 16750 E ArmVmp : Match on catch block at 0xc3 in for 0x7ac49b4025
