01-19 21:19:14.917 16750 16750 E ArmVmp : Match on catch block at 0xc3 in for 0x7ac49b4025
01-19 21:19:14.940 16750 17205 E IMGMapper: set:488 set: Unset optional value from type SMPTE2086
01-19 21:19:14.941 16750 17205 E IMGMapper: set:488 set: Unset optional value from type CTA861_3
01-19 21:19:15.211 16750 16750 E ArmVmp : Match on catch block at 0xc3 in for 0x7ac49b4025
01-19 21:19:15.215 16750 16750 E ArmVmp : Match on catch block at 0xc3 in for 0x7ac49b4025
01-19 21:19:15.232 16750 17205 E IMGMapper: set:488 set: Unset optional value from type SMPTE2086
01-19 21:19:15.232 16750 17205 E IMGMapper: set:488 set: Unset optional value from type CTA861_3
01-19 21:19:15.714 16750 16750 E ArmVmp : Match on catch block at 0xc3 in for 0x7ac49b4025
01-19 21:19:15.728 16750 16750 E ArmVmp : Match on catch block at 0xc3 in for 0x7ac49b4025
01-19 21:19:15.746 16750 17205 E IMGMapper: set:488 set: Unset optional value from type SMPTE2086
01-19 21:19:15.746 16750 17205 E IMGMapper: set:488 set: Unset optional value from type CTA861_3
01-19 21:19:16.043 16750 16750 E ArmVmp : Match on catch block at 0xc3 in for 0x7ac49b4025
01-19 21:19:16.055 16750 16750 E ArmVmp : Match on catch block at 0xc3 in for 0x7ac49b4025
01-19 21:19:16.091 16750 16750 E ArmVmp : Match on catch block at 0xc3 in for 0x7ac49b4025
01-19 21:19:16.093 16750 17205 E IMGMapper: set:488 set: Unset optional value from type SMPTE2086
01-19 21:19:16.093 16750 17205 E IMGMapper: set:488 set: Unset optional value from type CTA861_3
01-19 21:19:16.106 16750 16750 E ArmVmp : Match on catch block at 0xc3 in for 0x7ac49b4025
01-19 21:19:16.119 16750 16750 E ArmVmp : Match on catch block at 0xc3 in for 0x7ac49b4025
01-19 21:19:16.126 16750 16750 E ArmVmp : Match on catch block at 0xc3 in for 0x7ac49b4025
01-19 21:19:16.131 16750 17205 E IMGMapper: set:488 set: Unset optional value from type SMPTE2086
01-19 21:19:16.131 16750 17205 E IMGMapper: set:488 set: Unset optional value from type CTA861_3
01-19 21:19:16.156 16750 16750 E ArmVmp : Match on catch block at 0xc3 in for 0x7ac49b4025
01-19 21:19:16.162 16750 16750 E ArmVmp : Match on catch block at 0xc3 in for 0x7ac49b4025
01-19 21:19:16.235 16750 17205 E IMGMapper: set:488 set: Unset optional value from type SMPTE2086
01-19 21:19:16.235 16750 17205 E IMGMapper: set:488 set: Unset optional value from type CTA861_3
01-19 21:19:16.251 16750 17205 E IMGMapper: set:488 set: Unset optional value from type SMPTE2086
01-19 21:19:16.251 16750 17205 E IMGMapper: set:488 set: Unset optional value from type CTA861_3
01-19 21:19:16.261 16750 16750 E ArmVmp : Match on catch block at 0xc3 in for 0x7ac49b4025
01-19 21:19:16.272 16750 16750 E ArmVmp : Match on catch block at 0xc3 in for 0x7ac49b4025
01-19 21:19:16.317 16750 16750 E ArmVmp : Match on catch block at 0xc3 in for 0x7ac49b4025
01-19 21:19:16.318 16750 17205 E IMGMapper: set:488 set: Unset optional value from type SMPTE2086
01-19 21:19:16.319 16750 17205 E IMGMapper: set:488 set: Unset optional value from type CTA861_3
01-19 21:19:16.325 16750 16750 E ArmVmp : Match on catch block at 0xc3 in for 0x7ac49b4025
01-19 21:19:16.334 16750 16750 E ArmVmp : Match on catch block at 0xc3 in for 0x7ac49b4025
01-19 21:19:16.340 16750 16750 E ArmVmp : Match on catch block at 0xc3 in for 0x7ac49b4025
01-19 21:19:16.343 16750 17205 E IMGMapper: set:488 set: Unset optional value from type SMPTE2086
01-19 21:19:16.343 16750 17205 E IMGMapper: set:488 set: Unset optional value from type CTA861_3
01-19 21:19:16.358 16750 17205 E IMGMapper: set:488 set: Unset optional value from type SMPTE2086
01-19 21:19:16.358 16750 17205 E IMGMapper: set:488 set: Unset optional value from type CTA861_3
01-19 21:19:16.592 16750 16750 E ArmVmp : Match on catch block at 0xc3 in for 0x7ac49b4025
01-19 21:19:16.608 16750 16750 E ArmVmp : Match on catch block at 0xc3 in for 0x7ac49b4025
01-19 21:19:16.626 16750 17205 E IMGMapper: set:488 set: Unset optional value from type SMPTE2086
01-19 21:19:16.626 16750 17205 E IMGMapper: set:488 set: Unset optional value from type CTA861_3
01-19 21:19:16.827 16750 16750 E ArmVmp : Match on catch block at 0xc3 in for 0x7ac49b4025
01-19 21:19:16.832 16750 16750 E ArmVmp : Match on catch block at 0xc3 in for 0x7ac49b4025
01-19 21:19:16.856 16750 16750 E ArmVmp : Match on catch block at 0xc3 in for 0x7ac49b4025
01-19 21:19:16.857 16750 17205 E IMGMapper: set:488 set: Unset optional value from type SMPTE2086
01-19 21:19:16.858 16750 17205 E IMGMapper: set:488 set: Unset optional value from type CTA861_3
01-19 21:19:16.866 16750 16750 E ArmVmp : Match on catch block at 0xc3 in for 0x7ac49b4025
01-19 21:19:16.891 16750 16750 E ArmVmp : Match on catch block at 0xc3 in for 0x7ac49b4025
01-19 21:19:16.894 16750 17205 E IMGMapper: set:488 set: Unset optional value from type SMPTE2086
01-19 21:19:16.894 16750 17205 E IMGMapper: set:488 set: Unset optional value from type CTA861_3
01-19 21:19:16.902 16750 16750 E ArmVmp : Match on catch block at 0xc3 in for 0x7ac49b4025
01-19 21:19:16.923 16750 16750 E ArmVmp : Match on catch block at 0xc3 in for 0x7ac49b4025
01-19 21:19:16.925 16750 17205 E IMGMapper: set:488 set: Unset optional value from type SMPTE2086
01-19 21:19:16.925 16750 17205 E IMGMapper: set:488 set: Unset optional value from type CTA861_3
01-19 21:19:16.931 16750 16750 E ArmVmp : Match on catch block at 0xc3 in for 0x7ac49b4025
01-19 21:19:16.946 16750 16750 E ArmVmp : Match on catch block at 0xc3 in for 0x7ac49b4025
01-19 21:19:16.950 16750 17205 E IMGMapper: set:488 set: Unset optional value from type SMPTE2086
01-19 21:19:16.950 16750 17205 E IMGMapper: set:488 set: Unset optional value from type CTA861_3
01-19 21:19:16.951 16750 16750 E ArmVmp : Match on catch block at 0xc3 in for 0x7ac49b4025
01-19 21:19:16.973 16750 16750 E ArmVmp : Match on catch block at 0xc3 in for 0x7ac49b4025
01-19 21:19:16.980 16750 16750 E ArmVmp : Match on catch block at 0xc3 in for 0x7ac49b4025
01-19 21:19:16.981 16750 17205 E IMGMapper: set:488 set: Unset optional value from type SMPTE2086
01-19 21:19:16.981 16750 17205 E IMGMapper: set:488 set: Unset optional value from type CTA861_3
01-19 21:19:16.998 16750 17205 E IMGMapper: set:488 set: Unset optional value from type SMPTE2086
01-19 21:19:16.998 16750 17205 E IMGMapper: set:488 set: Unset optional value from type CTA861_3
01-19 21:19:17.006 16750 16750 E ArmVmp : Match on catch block at 0xc3 in for 0x7ac49b4025
01-19 21:19:17.013 16750 16750 E ArmVmp : Match on catch block at 0xc3 in for 0x7ac49b4025
01-19 21:19:17.023 16750 16750 E ArmVmp : Match on catch block at 0xc3 in for 0x7ac49b4025
01-19 21:19:17.025 16750 17205 E IMGMapper: set:488 set: Unset optional value from type SMPTE2086
01-19 21:19:17.025 16750 17205 E IMGMapper: set:488 set: Unset optional value from type CTA861_3
01-19 21:19:17.028 16750 16750 E ArmVmp : Match on catch block at 0xc3 in for 0x7ac49b4025
01-19 21:19:17.042 16750 17205 E IMGMapper: set:488 set: Unset optional value from type SMPTE2086
01-19 21:19:17.042 16750 17205 E IMGMapper: set:488 set: Unset optional value from type CTA861_3
01-19 21:19:17.310 16750 16750 E ArmVmp : Match on catch block at 0xc3 in for 0x7ac49b4025
01-19 21:19:17.317 16750 16750 E ArmVmp : Match on catch block at 0xc3 in for 0x7ac49b4025
01-19 21:19:17.330 16750 17205 E IMGMapper: set:488 set: Unset optional value from type SMPTE2086
01-19 21:19:17.330 16750 17205 E IMGMapper: set:488 set: Unset optional value from type CTA861_3
01-19 21:19:17.358 16750 16750 E ArmVmp : Match on catch block at 0xc3 in for 0x7ac49b4025
01-19 21:19:17.365 16750 16750 E ArmVmp : Match on catch block at 0xc3 in for 0x7ac49b4025
01-19 21:19:17.393 16750 16750 E ArmVmp : Match on catch block at 0xc3 in for 0x7ac49b4025
01-19 21:19:17.395 16750 17205 E IMGMapper: set:488 set: Unset optional value from type SMPTE2086
01-19 21:19:17.395 16750 17205 E IMGMapper: set:488 set: Unset optional value from type CTA861_3
01-19 21:19:17.407 16750 16750 E ArmVmp : Match on catch block at 0xc3 in for 0x7ac49b4025
01-19 21:19:17.425 16750 16750 E ArmVmp : Match on catch block at 0xc3 in for 0x7ac49b4025
01-19 21:19:17.429 16750 17205 E IMGMapper: set:488 set: Unset optional value from type SMPTE2086
01-19 21:19:17.429 16750 17205 E IMGMapper: set:488 set: Unset optional value from type CTA861_3
01-19 21:19:17.447 16750 16750 E ArmVmp : Match on catch block at 0xc3 in for 0x7ac49b4025
01-19 21:19:17.478 16750 16750 E ArmVmp : Match on catch block at 0xc3 in for 0x7ac49b4025
01-19 21:19:17.486 16750 17205 E IMGMapper: set:488 set: Unset optional value from type SMPTE2086
01-19 21:19:17.490 16750 17205 E IMGMapper: set:488 set: Unset optional value from type CTA861_3
01-19 21:19:17.497 16750 16750 E ArmVmp : Match on catch block at 0xc3 in for 0x7ac49b4025
01-19 21:19:17.508 16750 17205 E IMGMapper: set:488 set: Unset optional value from type SMPTE2086
01-19 21:19:17.509 16750 17205 E IMGMapper: set:488 set: Unset optional value from type CTA861_3
01-19 21:19:17.530 16750 16750 E ArmVmp : Match on catch block at 0xc3 in for 0x7ac49b4025
01-19 21:19:17.534 16750 16750 E ArmVmp : Match on catch block at 0xc3 in for 0x7ac49b4025
01-19 21:19:17.551 16750 17205 E IMGMapper: set:488 set: Unset optional value from type SMPTE2086
01-19 21:19:17.551 16750 17205 E IMGMapper: set:488 set: Unset optional value from type CTA861_3
01-19 21:19:17.566 16750 16750 E ArmVmp : Match on catch block at 0xc3 in for 0x7ac49b4025
01-19 21:19:17.575 16750 16750 E ArmVmp : Match on catch block at 0xc3 in for 0x7ac49b4025
01-19 21:19:17.588 16750 17205 E IMGMapper: set:488 set: Unset optional value from type SMPTE2086
01-19 21:19:17.588 16750 17205 E IMGMapper: set:488 set: Unset optional value from type CTA861_3
01-19 21:19:17.594 16750 16750 E ArmVmp : Match on catch block at 0xc3 in for 0x7ac49b4025
01-19 21:19:17.603 16750 16750 E ArmVmp : Match on catch block at 0xc3 in for 0x7ac49b4025
01-19 21:19:17.613 16750 17205 E IMGMapper: set:488 set: Unset optional value from type SMPTE2086
01-19 21:19:17.613 16750 17205 E IMGMapper: set:488 set: Unset optional value from type CTA861_3
01-19 21:19:17.862 16750 16750 E ArmVmp : Match on catch block at 0xc3 in for 0x7ac49b4025
01-19 21:19:17.879 16750 16750 E ArmVmp : Match on catch block at 0xc3 in for 0x7ac49b4025
01-19 21:19:17.894 16750 17205 E IMGMapper: set:488 set: Unset optional value from type SMPTE2086
01-19 21:19:17.895 16750 17205 E IMGMapper: set:488 set: Unset optional value from type CTA861_3
01-19 21:19:18.164 16750 16750 E ArmVmp : Match on catch block at 0xc3 in for 0x7ac49b4025
01-19 21:19:18.174 16750 16750 E ArmVmp : Match on catch block at 0xc3 in for 0x7ac49b4025
01-19 21:19:18.192 16750 17205 E IMGMapper: set:488 set: Unset optional value from type SMPTE2086
01-19 21:19:18.192 16750 17205 E IMGMapper: set:488 set: Unset optional value from type CTA861_3
01-19 21:19:18.198 16750 16750 E ArmVmp : Match on catch block at 0xc3 in for 0x7ac49b4025
01-19 21:19:18.202 16750 16750 E ArmVmp : Match on catch block at 0xc3 in for 0x7ac49b4025
01-19 21:19:18.218 16750 17205 E IMGMapper: set:488 set: Unset optional value from type SMPTE2086
01-19 21:19:18.218 16750 17205 E IMGMapper: set:488 set: Unset optional value from type CTA861_3
01-19 21:19:18.364 16750 16750 E ArmVmp : Match on catch block at 0xc3 in for 0x7ac49b4025
01-19 21:19:18.367 16750 16750 E ArmVmp : Match on catch block at 0xc3 in for 0x7ac49b4025
01-19 21:19:18.376 16750 17205 E IMGMapper: set:488 set: Unset optional value from type SMPTE2086
01-19 21:19:18.376 16750 17205 E IMGMapper: set:488 set: Unset optional value from type CTA861_3
01-19 21:19:18.870 16750 16750 E ArmVmp : Match on catch block at 0xc3 in for 0x7ac49b4025
01-19 21:19:18.879 16750 16750 E ArmVmp : Match on catch block at 0xc3 in for 0x7ac49b4025
01-19 21:19:18.900 16750 17205 E IMGMapper: set:488 set: Unset optional value from type SMPTE2086
01-19 21:19:18.900 16750 17205 E IMGMapper: set:488 set: Unset optional value from type CTA861_3
01-19 21:19:19.371 16750 16750 E ArmVmp : Match on catch block at 0xc3 in for 0x7ac49b4025
01-19 21:19:19.378 16750 16750 E ArmVmp : Match on catch block at 0xc3 in for 0x7ac49b4025
01-19 21:19:19.393 16750 17205 E IMGMapper: set:488 set: Unset optional value from type SMPTE2086
01-19 21:19:19.393 16750 17205 E IMGMapper: set:488 set: Unset optional value from type CTA861_3
01-19 21:19:19.741 16750 16750 E ArmVmp : Match on catch block at 0xc3 in for 0x7ac49b4025
01-19 21:19:19.748 16750 16750 E ArmVmp : Match on catch block at 0xc3 in for 0x7ac49b4025
01-19 21:19:19.763 16750 17205 E IMGMapper: set:488 set: Unset optional value from type SMPTE2086
01-19 21:19:19.763 16750 17205 E IMGMapper: set:488 set: Unset optional value from type CTA861_3
01-19 21:19:19.784 16750 17205 E IMGMapper: set:488 set: Unset optional value from type SMPTE2086
01-19 21:19:19.785 16750 17205 E IMGMapper: set:488 set: Unset optional value from type CTA861_3
01-19 21:19:19.796 16750 17205 E IMGMapper: set:488 set: Unset optional value from type SMPTE2086
01-19 21:19:19.796 16750 17205 E IMGMapper: set:488 set: Unset optional value from type CTA861_3
01-19 21:19:19.811 16750 16750 E ArmVmp : Match on catch block at 0xc3 in for 0x7ac49b4025
01-19 21:19:19.813 16750 17205 E IMGMapper: set:488 set: Unset optional value from type SMPTE2086
01-19 21:19:19.813 16750 17205 E IMGMapper: set:488 set: Unset optional value from type CTA861_3
01-19 21:19:19.817 16750 16750 E ArmVmp : Match on catch block at 0xc3 in for 0x7ac49b4025
01-19 21:19:19.830 16750 17205 E IMGMapper: set:488 set: Unset optional value from type SMPTE2086
01-19 21:19:19.831 16750 17205 E IMGMapper: set:488 set: Unset optional value from type CTA861_3
01-19 21:19:19.853 16750 17205 E IMGMapper: set:488 set: Unset optional value from type SMPTE2086
01-19 21:19:19.853 16750 17205 E IMGMapper: set:488 set: Unset optional value from type CTA861_3
01-19 21:19:19.913 16750 16750 E ArmVmp : Match on catch block at 0xc3 in for 0x7ac49b4025
01-19 21:19:19.920 16750 16750 E ArmVmp : Match on catch block at 0xc3 in for 0x7ac49b4025
01-19 21:19:19.939 16750 17205 E IMGMapper: set:488 set: Unset optional value from type SMPTE2086
01-19 21:19:19.939 16750 17205 E IMGMapper: set:488 set: Unset optional value from type CTA861_3
01-19 21:19:19.957 16750 16750 E ArmVmp : Match on catch block at 0xc3 in for 0x7ac49b4025
01-19 21:19:19.962 16750 16750 E ArmVmp : Match on catch block at 0xc3 in for 0x7ac49b4025
01-19 21:19:19.988 16750 17205 E IMGMapper: set:488 set: Unset optional value from type SMPTE2086
01-19 21:19:19.988 16750 17205 E IMGMapper: set:488 set: Unset optional value from type CTA861_3
01-19 21:19:20.080 16750 16750 E ArmVmp : Match on catch block at 0xc3 in for 0x7ac49b4025
01-19 21:19:20.112 16750 16750 E ArmVmp : Match on catch block at 0xc3 in for 0x7ac49b4025
01-19 21:19:20.143 16750 17205 E IMGMapper: set:488 set: Unset optional value from type SMPTE2086
01-19 21:19:20.143 16750 17205 E IMGMapper: set:488 set: Unset optional value from type CTA861_3
01-19 21:19:20.159 16750 16750 E ArmVmp : Match on catch block at 0xc3 in for 0x7ac49b4025
01-19 21:19:20.163 16750 16750 E ArmVmp : Match on catch block at 0xc3 in for 0x7ac49b4025
01-19 21:19:20.178 16750 17205 E IMGMapper: set:488 set: Unset optional value from type SMPTE2086
01-19 21:19:20.178 16750 17205 E IMGMapper: set:488 set: Unset optional value from type CTA861_3
01-19 21:19:20.205 16750 16750 E ArmVmp : Match on catch block at 0xc3 in for 0x7ac49b4025
01-19 21:19:20.215 16750 16750 E ArmVmp : Match on catch block at 0xc3 in for 0x7ac49b4025
01-19 21:19:20.234 16750 17205 E IMGMapper: set:488 set: Unset optional value from type SMPTE2086
01-19 21:19:20.234 16750 17205 E IMGMapper: set:488 set: Unset optional value from type CTA861_3
01-19 21:19:20.274 16750 16750 E ArmVmp : Match on catch block at 0xc3 in for 0x7ac49b4025
01-19 21:19:20.279 16750 16750 E ArmVmp : Match on catch block at 0xc3 in for 0x7ac49b4025
01-19 21:19:20.292 16750 17205 E IMGMapper: set:488 set: Unset optional value from type SMPTE2086
01-19 21:19:20.292 16750 17205 E IMGMapper: set:488 set: Unset optional value from type CTA861_3
01-19 21:19:20.293 16750 16750 E ArmVmp : Match on catch block at 0xc3 in for 0x7ac49b4025
01-19 21:19:20.301 16750 16750 E ArmVmp : Match on catch block at 0xc3 in for 0x7ac49b4025
01-19 21:19:20.316 16750 17205 E IMGMapper: set:488 set: Unset optional value from type SMPTE2086
01-19 21:19:20.316 16750 17205 E IMGMapper: set:488 set: Unset optional value from type CTA861_3
01-19 21:19:20.796 16750 16750 E ArmVmp : Match on catch block at 0xc3 in for 0x7ac49b4025
01-19 21:19:20.802 16750 16750 E ArmVmp : Match on catch block at 0xc3 in for 0x7ac49b4025
01-19 21:19:20.822 16750 17205 E IMGMapper: set:488 set: Unset optional value from type SMPTE2086
01-19 21:19:20.822 16750 17205 E IMGMapper: set:488 set: Unset optional value from type CTA861_3
01-19 21:19:21.299 16750 16750 E ArmVmp : Match on catch block at 0xc3 in for 0x7ac49b4025
01-19 21:19:21.306 16750 16750 E ArmVmp : Match on catch block at 0xc3 in for 0x7ac49b4025
01-19 21:19:21.317 16750 17205 E IMGMapper: set:488 set: Unset optional value from type SMPTE2086
01-19 21:19:21.317 16750 17205 E IMGMapper: set:488 set: Unset optional value from type CTA861_3
01-19 21:19:21.803 16750 16750 E ArmVmp : Match on catch block at 0xc3 in for 0x7ac49b4025
01-19 21:19:21.808 16750 16750 E ArmVmp : Match on catch block at 0xc3 in for 0x7ac49b4025
01-19 21:19:21.821 16750 17205 E IMGMapper: set:488 set: Unset optional value from type SMPTE2086
01-19 21:19:21.821 16750 17205 E IMGMapper: set:488 set: Unset optional value from type CTA861_3
01-19 21:19:22.305 16750 16750 E ArmVmp : Match on catch block at 0xc3 in for 0x7ac49b4025
01-19 21:19:22.311 16750 16750 E ArmVmp : Match on catch block at 0xc3 in for 0x7ac49b4025
01-19 21:19:22.323 16750 17205 E IMGMapper: set:488 set: Unset optional value from type SMPTE2086
01-19 21:19:22.323 16750 17205 E IMGMapper: set:488 set: Unset optional value from type CTA861_3
01-19 21:19:22.809 16750 16750 E ArmVmp : Match on catch block at 0xc3 in for 0x7ac49b4025
01-19 21:19:22.813 16750 16750 E ArmVmp : Match on catch block at 0xc3 in for 0x7ac49b4025
01-19 21:19:22.825 16750 17205 E IMGMapper: set:488 set: Unset optional value from type SMPTE2086
01-19 21:19:22.825 16750 17205 E IMGMapper: set:488 set: Unset optional value from type CTA861_3
01-19 21:19:23.312 16750 16750 E ArmVmp : Match on catch block at 0xc3 in for 0x7ac49b4025
01-19 21:19:23.320 16750 16750 E ArmVmp : Match on catch block at 0xc3 in for 0x7ac49b4025
01-19 21:19:23.334 16750 17205 E IMGMapper: set:488 set: Unset optional value from type SMPTE2086
01-19 21:19:23.334 16750 17205 E IMGMapper: set:488 set: Unset optional value from type CTA861_3
01-19 21:19:23.818 16750 16750 E ArmVmp : Match on catch block at 0xc3 in for 0x7ac49b4025
01-19 21:19:23.823 16750 16750 E ArmVmp : Match on catch block at 0xc3 in for 0x7ac49b4025
01-19 21:19:23.833 16750 17205 E IMGMapper: set:488 set: Unset optional value from type SMPTE2086
01-19 21:19:23.833 16750 17205 E IMGMapper: set:488 set: Unset optional value from type CTA861_3
01-19 21:19:24.318 16750 16750 E ArmVmp : Match on catch block at 0xc3 in for 0x7ac49b4025
01-19 21:19:24.323 16750 16750 E ArmVmp : Match on catch block at 0xc3 in for 0x7ac49b4025
01-19 21:19:24.335 16750 17205 E IMGMapper: set:488 set: Unset optional value from type SMPTE2086
01-19 21:19:24.335 16750 17205 E IMGMapper: set:488 set: Unset optional value from type CTA861_3
01-19 21:19:24.805 16750 16750 E ArmVmp : Match on catch block at 0xc3 in for 0x7ac49b4025
01-19 21:19:24.810 16750 16750 E ArmVmp : Match on catch block at 0xc3 in for 0x7ac49b4025
01-19 21:19:24.826 16750 17205 E IMGMapper: set:488 set: Unset optional value from type SMPTE2086
01-19 21:19:24.826 16750 17205 E IMGMapper: set:488 set: Unset optional value from type CTA861_3
01-19 21:19:25.307 16750 16750 E ArmVmp : Match on catch block at 0xc3 in for 0x7ac49b4025
01-19 21:19:25.313 16750 16750 E ArmVmp : Match on catch block at 0xc3 in for 0x7ac49b4025
01-19 21:19:25.323 16750 17205 E IMGMapper: set:488 set: Unset optional value from type SMPTE2086
01-19 21:19:25.323 16750 17205 E IMGMapper: set:488 set: Unset optional value from type CTA861_3
01-19 21:19:25.526 16750 16750 E ArmVmp : Match on catch block at 0xc3 in for 0x7ac49b4025
01-19 21:19:25.534 16750 16750 E ArmVmp : Match on catch block at 0xc3 in for 0x7ac49b4025
01-19 21:19:25.551 16750 17205 E IMGMapper: set:488 set: Unset optional value from type SMPTE2086
01-19 21:19:25.551 16750 17205 E IMGMapper: set:488 set: Unset optional value from type CTA861_3
01-19 21:19:25.567 16750 17205 E IMGMapper: set:488 set: Unset optional value from type SMPTE2086
01-19 21:19:25.567 16750 17205 E IMGMapper: set:488 set: Unset optional value from type CTA861_3
01-19 21:19:25.582 16750 17205 E IMGMapper: set:488 set: Unset optional value from type SMPTE2086
01-19 21:19:25.582 16750 17205 E IMGMapper: set:488 set: Unset optional value from type CTA861_3
01-19 21:19:25.592 16750 16750 E ArmVmp : Match on catch block at 0xc3 in for 0x7ac49b4025
01-19 21:19:25.596 16750 16750 E ArmVmp : Match on catch block at 0xc3 in for 0x7ac49b4025
01-19 21:19:25.599 16750 17205 E IMGMapper: set:488 set: Unset optional value from type SMPTE2086
01-19 21:19:25.599 16750 17205 E IMGMapper: set:488 set: Unset optional value from type CTA861_3
01-19 21:19:25.615 16750 17205 E IMGMapper: set:488 set: Unset optional value from type SMPTE2086
01-19 21:19:25.615 16750 17205 E IMGMapper: set:488 set: Unset optional value from type CTA861_3
01-19 21:19:25.632 16750 17205 E IMGMapper: set:488 set: Unset optional value from type SMPTE2086
01-19 21:19:25.632 16750 17205 E IMGMapper: set:488 set: Unset optional value from type CTA861_3
01-19 21:19:25.649 16750 17205 E IMGMapper: set:488 set: Unset optional value from type SMPTE2086
01-19 21:19:25.649 16750 17205 E IMGMapper: set:488 set: Unset optional value from type CTA861_3
01-19 21:19:25.665 16750 17205 E IMGMapper: set:488 set: Unset optional value from type SMPTE2086
01-19 21:19:25.665 16750 17205 E IMGMapper: set:488 set: Unset optional value from type CTA861_3
01-19 21:19:25.682 16750 17205 E IMGMapper: set:488 set: Unset optional value from type SMPTE2086
01-19 21:19:25.682 16750 17205 E IMGMapper: set:488 set: Unset optional value from type CTA861_3
01-19 21:19:25.699 16750 17205 E IMGMapper: set:488 set: Unset optional value from type SMPTE2086
01-19 21:19:25.699 16750 17205 E IMGMapper: set:488 set: Unset optional value from type CTA861_3
01-19 21:19:25.715 16750 17205 E IMGMapper: set:488 set: Unset optional value from type SMPTE2086
01-19 21:19:25.715 16750 17205 E IMGMapper: set:488 set: Unset optional value from type CTA861_3
01-19 21:19:25.733 16750 17205 E IMGMapper: set:488 set: Unset optional value from type SMPTE2086
01-19 21:19:25.733 16750 17205 E IMGMapper: set:488 set: Unset optional value from type CTA861_3
01-19 21:19:25.749 16750 17205 E IMGMapper: set:488 set: Unset optional value from type SMPTE2086
01-19 21:19:25.749 16750 17205 E IMGMapper: set:488 set: Unset optional value from type CTA861_3
01-19 21:19:25.768 16750 17205 E IMGMapper: set:488 set: Unset optional value from type SMPTE2086
01-19 21:19:25.768 16750 17205 E IMGMapper: set:488 set: Unset optional value from type CTA861_3
01-19 21:19:25.783 16750 17205 E IMGMapper: set:488 set: Unset optional value from type SMPTE2086
01-19 21:19:25.783 16750 17205 E IMGMapper: set:488 set: Unset optional value from type CTA861_3
01-19 21:19:25.800 16750 17205 E IMGMapper: set:488 set: Unset optional value from type SMPTE2086
01-19 21:19:25.800 16750 17205 E IMGMapper: set:488 set: Unset optional value from type CTA861_3
01-19 21:19:25.811 16750 16750 E ArmVmp : Match on catch block at 0xc3 in for 0x7ac49b4025
01-19 21:19:25.817 16750 17205 E IMGMapper: set:488 set: Unset optional value from type SMPTE2086
01-19 21:19:25.817 16750 17205 E IMGMapper: set:488 set: Unset optional value from type CTA861_3
01-19 21:19:25.819 16750 16750 E ArmVmp : Match on catch block at 0xc3 in for 0x7ac49b4025
01-19 21:19:25.836 16750 17205 E IMGMapper: set:488 set: Unset optional value from type SMPTE2086
01-19 21:19:25.836 16750 17205 E IMGMapper: set:488 set: Unset optional value from type CTA861_3
01-19 21:19:25.852 16750 17205 E IMGMapper: set:488 set: Unset optional value from type SMPTE2086
01-19 21:19:25.853 16750 17205 E IMGMapper: set:488 set: Unset optional value from type CTA861_3
01-19 21:19:25.868 16750 17205 E IMGMapper: set:488 set: Unset optional value from type SMPTE2086
01-19 21:19:25.868 16750 17205 E IMGMapper: set:488 set: Unset optional value from type CTA861_3
01-19 21:19:25.884 16750 17205 E IMGMapper: set:488 set: Unset optional value from type SMPTE2086
01-19 21:19:25.884 16750 17205 E IMGMapper: set:488 set: Unset optional value from type CTA861_3
01-19 21:19:25.900 16750 17205 E IMGMapper: set:488 set: Unset optional value from type SMPTE2086
01-19 21:19:25.900 16750 17205 E IMGMapper: set:488 set: Unset optional value from type CTA861_3
01-19 21:19:25.918 16750 17205 E IMGMapper: set:488 set: Unset optional value from type SMPTE2086
01-19 21:19:25.918 16750 17205 E IMGMapper: set:488 set: Unset optional value from type CTA861_3
01-19 21:19:26.314 16750 16750 E ArmVmp : Match on catch block at 0xc3 in for 0x7ac49b4025
01-19 21:19:26.320 16750 16750 E ArmVmp : Match on catch block at 0xc3 in for 0x7ac49b4025
01-19 21:19:26.331 16750 17205 E IMGMapper: set:488 set: Unset optional value from type SMPTE2086
01-19 21:19:26.332 16750 17205 E IMGMapper: set:488 set: Unset optional value from type CTA861_3
01-19 21:19:26.817 16750 16750 E ArmVmp : Match on catch block at 0xc3 in for 0x7ac49b4025
01-19 21:19:26.821 16750 16750 E ArmVmp : Match on catch block at 0xc3 in for 0x7ac49b4025
01-19 21:19:26.833 16750 17205 E IMGMapper: set:488 set: Unset optional value from type SMPTE2086
01-19 21:19:26.834 16750 17205 E IMGMapper: set:488 set: Unset optional value from type CTA861_3
01-19 21:19:27.320 16750 16750 E ArmVmp : Match on catch block at 0xc3 in for 0x7ac49b4025
01-19 21:19:27.326 16750 16750 E ArmVmp : Match on catch block at 0xc3 in for 0x7ac49b4025
01-19 21:19:27.340 16750 17205 E IMGMapper: set:488 set: Unset optional value from type SMPTE2086
01-19 21:19:27.340 16750 17205 E IMGMapper: set:488 set: Unset optional value from type CTA861_3
01-19 21:19:27.760 16750 16750 E ArmVmp : Match on catch block at 0xc3 in for 0x7ac49b4025
01-19 21:19:27.764 16750 16750 E ArmVmp : Match on catch block at 0xc3 in for 0x7ac49b4025
01-19 21:19:27.790 16750 16750 E ArmVmp : Match on catch block at 0xc3 in for 0x7ac49b4025
01-19 21:19:27.795 16750 17205 E IMGMapper: set:488 set: Unset optional value from type SMPTE2086
01-19 21:19:27.795 16750 17205 E IMGMapper: set:488 set: Unset optional value from type CTA861_3
01-19 21:19:27.803 16750 16750 E ArmVmp : Match on catch block at 0xc3 in for 0x7ac49b4025
01-19 21:19:27.816 16750 17205 E IMGMapper: set:488 set: Unset optional value from type SMPTE2086
01-19 21:19:27.816 16750 17205 E IMGMapper: set:488 set: Unset optional value from type CTA861_3
01-19 21:19:27.825 16750 16750 E ArmVmp : Match on catch block at 0xc3 in for 0x7ac49b4025
01-19 21:19:27.830 16750 16750 E ArmVmp : Match on catch block at 0xc3 in for 0x7ac49b4025
01-19 21:19:27.850 16750 17205 E IMGMapper: set:488 set: Unset optional value from type SMPTE2086
01-19 21:19:27.850 16750 17205 E IMGMapper: set:488 set: Unset optional value from type CTA861_3
01-19 21:19:28.326 16750 16750 E ArmVmp : Match on catch block at 0xc3 in for 0x7ac49b4025
01-19 21:19:28.333 16750 16750 E ArmVmp : Match on catch block at 0xc3 in for 0x7ac49b4025
01-19 21:19:28.348 16750 17205 E IMGMapper: set:488 set: Unset optional value from type SMPTE2086
01-19 21:19:28.349 16750 17205 E IMGMapper: set:488 set: Unset optional value from type CTA861_3
01-19 21:19:28.830 16750 16750 E ArmVmp : Match on catch block at 0xc3 in for 0x7ac49b4025
01-19 21:19:28.837 16750 16750 E ArmVmp : Match on catch block at 0xc3 in for 0x7ac49b4025
01-19 21:19:28.847 16750 17205 E IMGMapper: set:488 set: Unset optional value from type SMPTE2086
01-19 21:19:28.847 16750 17205 E IMGMapper: set:488 set: Unset optional value from type CTA861_3
01-19 21:19:29.333 16750 16750 E ArmVmp : Match on catch block at 0xc3 in for 0x7ac49b4025
01-19 21:19:29.339 16750 16750 E ArmVmp : Match on catch block at 0xc3 in for 0x7ac49b4025
01-19 21:19:29.352 16750 17205 E IMGMapper: set:488 set: Unset optional value from type SMPTE2086
01-19 21:19:29.352 16750 17205 E IMGMapper: set:488 set: Unset optional value from type CTA861_3
01-19 21:19:29.835 16750 16750 E ArmVmp : Match on catch block at 0xc3 in for 0x7ac49b4025
01-19 21:19:29.839 16750 16750 E ArmVmp : Match on catch block at 0xc3 in for 0x7ac49b4025
01-19 21:19:29.850 16750 17205 E IMGMapper: set:488 set: Unset optional value from type SMPTE2086
01-19 21:19:29.850 16750 17205 E IMGMapper: set:488 set: Unset optional value from type CTA861_3
01-19 21:19:30.339 16750 16750 E ArmVmp : Match on catch block at 0xc3 in for 0x7ac49b4025
01-19 21:19:30.350 16750 16750 E ArmVmp : Match on catch block at 0xc3 in for 0x7ac49b4025
01-19 21:19:30.362 16750 17205 E IMGMapper: set:488 set: Unset optional value from type SMPTE2086
01-19 21:19:30.362 16750 17205 E IMGMapper: set:488 set: Unset optional value from type CTA861_3
01-19 21:19:30.830 16750 16750 E ArmVmp : Match on catch block at 0xc3 in for 0x7ac49b4025
01-19 21:19:30.840 16750 16750 E ArmVmp : Match on catch block at 0xc3 in for 0x7ac49b4025
01-19 21:19:30.856 16750 17205 E IMGMapper: set:488 set: Unset optional value from type SMPTE2086
01-19 21:19:30.856 16750 17205 E IMGMapper: set:488 set: Unset optional value from type CTA861_3
01-19 21:19:30.965 16750 16750 E ArmVmp : Match on catch block at 0xc3 in for 0x7ac49b4025
01-19 21:19:30.969 16750 16750 E ArmVmp : Match on catch block at 0xc3 in for 0x7ac49b4025
01-19 21:19:30.981 16750 17205 E IMGMapper: set:488 set: Unset optional value from type SMPTE2086
01-19 21:19:30.982 16750 17205 E IMGMapper: set:488 set: Unset optional value from type CTA861_3
01-19 21:19:31.425 16750 17205 E IMGMapper: set:488 set: Unset optional value from type SMPTE2086
01-19 21:19:31.425 16750 17205 E IMGMapper: set:488 set: Unset optional value from type CTA861_3
01-19 21:19:31.553 16750 17205 E IMGMapper: set:488 set: Unset optional value from type SMPTE2086
01-19 21:19:31.553 16750 17205 E IMGMapper: set:488 set: Unset optional value from type CTA861_3
01-19 21:19:31.604 16750 17205 E IMGMapper: set:488 set: Unset optional value from type SMPTE2086
01-19 21:19:31.604 16750 17205 E IMGMapper: set:488 set: Unset optional value from type CTA861_3
01-19 21:19:31.696 16750 17205 E IMGMapper: set:488 set: Unset optional value from type SMPTE2086
01-19 21:19:31.699 16750 17205 E IMGMapper: set:488 set: Unset optional value from type CTA861_3
01-19 21:19:31.878 16750 17205 E IMGMapper: set:488 set: Unset optional value from type SMPTE2086
01-19 21:19:31.878 16750 17205 E IMGMapper: set:488 set: Unset optional value from type CTA861_3
01-19 21:19:32.209 16750 17205 E IMGMapper: set:488 set: Unset optional value from type SMPTE2086
01-19 21:19:32.209 16750 17205 E IMGMapper: set:488 set: Unset optional value from type CTA861_3
01-19 21:19:36.284 16750 16750 E ArmVmp : Match on catch block at 0x0a in for 0x7ac49b4031
01-19 21:19:36.376 16750 16750 E ArmVmp : Match on catch block at 0x0a in for 0x7ac49b404d
01-19 21:19:36.471 16750 16750 W Activity: Can request only one set of permissions at a time
01-19 21:19:38.501 16750 16750 E RecyclerView: No adapter attached; skipping layout
01-19 21:19:38.526 16750 16750 E ViewRootImpl@dcb3b8a[HomeActivity]: Surface is not valid.
01-19 21:19:38.539 16750 16750 E ArmVmp : Match on catch block at 0x0a in for 0x7ac49b4035
01-19 21:19:38.649 16750 16750 E RecyclerView: No adapter attached; skipping layout
01-19 21:19:38.653 16750 16750 E ViewRootImpl@dcb3b8a[HomeActivity]: Surface is not valid.
01-19 21:19:39.217 16750 17205 E IMGMapper: set:488 set: Unset optional value from type SMPTE2086
01-19 21:19:39.217 16750 17205 E IMGMapper: set:488 set: Unset optional value from type CTA861_3
01-19 21:19:39.237 16750 17205 W Parcel : Expecting binder but got null!
01-19 21:19:39.561 16750 17205 E IMGMapper: set:488 set: Unset optional value from type SMPTE2086
01-19 21:19:39.561 16750 17205 E IMGMapper: set:488 set: Unset optional value from type CTA861_3
01-19 21:19:39.795 16750 17205 E IMGMapper: set:488 set: Unset optional value from type SMPTE2086
01-19 21:19:39.795 16750 17205 E IMGMapper: set:488 set: Unset optional value from type CTA861_3
01-19 21:19:39.837 16750 17205 E IMGMapper: set:488 set: Unset optional value from type SMPTE2086
01-19 21:19:39.837 16750 17205 E IMGMapper: set:488 set: Unset optional value from type CTA861_3
01-19 21:19:39.876 16750 17205 E IMGMapper: set:488 set: Unset optional value from type SMPTE2086
01-19 21:19:39.876 16750 17205 E IMGMapper: set:488 set: Unset optional value from type CTA861_3
01-19 21:19:39.917 16750 17205 E IMGMapper: set:488 set: Unset optional value from type SMPTE2086
01-19 21:19:39.917 16750 17205 E IMGMapper: set:488 set: Unset optional value from type CTA861_3
01-19 21:19:40.030 16750 17205 E IMGMapper: set:488 set: Unset optional value from type SMPTE2086
01-19 21:19:40.030 16750 17205 E IMGMapper: set:488 set: Unset optional value from type CTA861_3
01-19 21:19:44.092 16750 17205 E IMGMapper: set:488 set: Unset optional value from type SMPTE2086
01-19 21:19:44.093 16750 17205 E IMGMapper: set:488 set: Unset optional value from type CTA861_3
01-19 21:19:44.139 16750 17205 E IMGMapper: set:488 set: Unset optional value from type SMPTE2086
01-19 21:19:44.139 16750 17205 E IMGMapper: set:488 set: Unset optional value from type CTA861_3
01-19 21:19:46.069 16750 17205 E IMGMapper: set:488 set: Unset optional value from type SMPTE2086
01-19 21:19:46.069 16750 17205 E IMGMapper: set:488 set: Unset optional value from type CTA861_3
01-19 21:19:46.603 16750 17205 E IMGMapper: set:488 set: Unset optional value from type SMPTE2086
01-19 21:19:46.604 16750 17205 E IMGMapper: set:488 set: Unset optional value from type CTA861_3
01-19 21:19:46.625 16750 17205 E IMGMapper: set:488 set: Unset optional value from type SMPTE2086
01-19 21:19:46.625 16750 17205 E IMGMapper: set:488 set: Unset optional value from type CTA861_3
01-19 21:19:46.717 16750 17205 E IMGMapper: set:488 set: Unset optional value from type SMPTE2086
01-19 21:19:46.718 16750 17205 E IMGMapper: set:488 set: Unset optional value from type CTA861_3
01-19 21:19:46.772 16750 17205 E IMGMapper: set:488 set: Unset optional value from type SMPTE2086
01-19 21:19:46.773 16750 17205 E IMGMapper: set:488 set: Unset optional value from type CTA861_3
01-19 21:19:46.856 16750 17205 E IMGMapper: set:488 set: Unset optional value from type SMPTE2086
01-19 21:19:46.856 16750 17205 E IMGMapper: set:488 set: Unset optional value from type CTA861_3
01-19 21:19:46.909 16750 17205 E IMGMapper: set:488 set: Unset optional value from type SMPTE2086
01-19 21:19:46.909 16750 17205 E IMGMapper: set:488 set: Unset optional value from type CTA861_3
01-19 21:19:47.653 16750 17205 E IMGMapper: set:488 set: Unset optional value from type SMPTE2086
01-19 21:19:47.653 16750 17205 E IMGMapper: set:488 set: Unset optional value from type CTA861_3
01-19 21:19:50.481 16750 17103 E SQLiteDatabase: Error inserting transferred=0 media_job_uuid=34f3cbf5-05a6-45ac-8e8e-87929b09e993 transcoded=0 gif_attribution=0 first_scan_length=0 direct_path=/v/t62.7161- 24/35490546_323809420644036_8933240070913915910_n.enc?ccb=11- 4&oh=01_AdQ6PFHljwbPOQAGHwFWlzL3UcWXr9__L5do9Z5SpJ9R6Q&oe=65D1DC40&_nc_sid=5e03e0 thumbnail_height_width_ratio=1.7777778 is_animated_sticker=0 file_hash=SscgiEhsn6kwBmI82+sxiKbdqqK4NnvJ+zylfX9NvFA= file_path=null file_size=0 partial_media_hash=null face_x=0 face_y=0 height=656 trim_to=0 media_key_timestamp=1705673973000 message_url=https://mmg.whatsapp.net/v/t62.7161- 24/35490546_323809420644036_8933240070913915910_n.enc?ccb=11- 4&oh=01_AdQ6PFHljwbPOQAGHwFWlzL3UcWXr9__L5do9Z5SpJ9R6Q&oe=65D1DC40&_nc_sid=5e03e0&m ms3=true media_caption=null trim_from=0 mime_type=video/mp4 partial_media_enc_hash=null width=368 original_file_hash=null has_streaming_sidecar=1 autotransfer_retry_enabled=0 media_upload_handle=null message_row_id=185 multicast_id=null enc_file_hash=HodhDsUFcXGnE4QI0467Be7j33mS2o7fZWiuWYfq4lg= mute_video=0 page_count=0 first_scan_sidecar=null suspicious_content=0 file_length=1181600 media_name=null media_duration=8 chat_row_id=180 media_key=[B@20c0bf
01-19 21:19:50.481 16750 17103 E SQLiteDatabase: android.database.sqlite.SQLiteConstraintException: UNIQUE constraint failed: message_media.message_row_id (code 1555 SQLITE_CONSTRAINT_PRIMARYKEY[1555])
01-19 21:19:50.481 16750 17103 E SQLiteDatabase: at android.database.sqlite.SQLiteConnection.nativeExecuteForLastInsertedRowId(Native Method)
01-19 21:19:50.481 16750 17103 E SQLiteDatabase: at android.database.sqlite.SQLiteConnection.executeForLastInsertedRowId(SQLiteConnecti on.java:1275)
01-19 21:19:50.481 16750 17103 E SQLiteDatabase: at android.database.sqlite.SQLiteSession.executeForLastInsertedRowId(SQLiteSession.jav a:790)
01-19 21:19:50.481 16750 17103 E SQLiteDatabase: at android.database.sqlite.SQLiteStatement.executeInsert(SQLiteStatement.java:89)
01-19 21:19:50.481 16750 17103 E SQLiteDatabase: at android.database.sqlite.SQLiteDatabase.insertWithOnConflict(SQLiteDatabase.java:241 0)
01-19 21:19:50.481 16750 17103 E SQLiteDatabase: at android.database.sqlite.SQLiteDatabase.insert(SQLiteDatabase.java:2279)
01-19 21:19:50.481 16750 17103 E SQLiteDatabase: at X.2tm.A08(Unknown Source:6)
01-19 21:19:50.481 16750 17103 E SQLiteDatabase: at X.35Y.A07(Unknown Source:212)
01-19 21:19:50.481 16750 17103 E SQLiteDatabase: at X.3QF.A14(Unknown Source:470)
01-19 21:19:50.481 16750 17103 E SQLiteDatabase: at X.3gU.run(Unknown Source:982)
01-19 21:19:50.481 16750 17103 E SQLiteDatabase: at android.os.Handler.handleCallback(Handler.java:942)
01-19 21:19:50.481 16750 17103 E SQLiteDatabase: at android.os.Handler.dispatchMessage(Handler.java:99)
01-19 21:19:50.481 16750 17103 E SQLiteDatabase: at X.0zq.dispatchMessage(Unknown Source:4)
01-19 21:19:50.481 16750 17103 E SQLiteDatabase: at android.os.Looper.loopOnce(Looper.java:226)
01-19 21:19:50.481 16750 17103 E SQLiteDatabase: at android.os.Looper.loop(Looper.java:313)
01-19 21:19:50.481 16750 17103 E SQLiteDatabase: at android.os.HandlerThread.run(HandlerThread.java:67)
01-19 21:19:50.639 16750 17103 E SQLiteDatabase: Error inserting transferred=0 media_job_uuid=34f3cbf5-05a6-45ac-8e8e-87929b09e993 transcoded=0 gif_attribution=0 first_scan_length=0 direct_path=/v/t62.7161- 24/35490546_323809420644036_8933240070913915910_n.enc?ccb=11- 4&oh=01_AdQ6PFHljwbPOQAGHwFWlzL3UcWXr9__L5do9Z5SpJ9R6Q&oe=65D1DC40&_nc_sid=5e03e0 thumbnail_height_width_ratio=1.7777778 is_animated_sticker=0 file_hash=SscgiEhsn6kwBmI82+sxiKbdqqK4NnvJ+zylfX9NvFA= file_path=null file_size=0 partial_media_hash=null face_x=0 face_y=0 height=656 trim_to=0 media_key_timestamp=1705673973000 message_url=https://mmg.whatsapp.net/v/t62.7161- 24/35490546_323809420644036_8933240070913915910_n.enc?ccb=11- 4&oh=01_AdQ6PFHljwbPOQAGHwFWlzL3UcWXr9__L5do9Z5SpJ9R6Q&oe=65D1DC40&_nc_sid=5e03e0&m ms3=true media_caption=null trim_from=0 mime_type=video/mp4 partial_media_enc_hash=null width=368 original_file_hash=null has_streaming_sidecar=1 autotransfer_retry_enabled=0 media_upload_handle=null message_row_id=185 multicast_id=null enc_file_hash=HodhDsUFcXGnE4QI0467Be7j33mS2o7fZWiuWYfq4lg= mute_video=0 page_count=0 first_scan_sidecar=null suspicious_content=0 file_length=1181600 media_name=null media_duration=8 chat_row_id=180 media_key=[B@20c0bf
01-19 21:19:50.639 16750 17103 E SQLiteDatabase: android.database.sqlite.SQLiteConstraintException: UNIQUE constraint failed: message_media.message_row_id (code 1555 SQLITE_CONSTRAINT_PRIMARYKEY[1555])
01-19 21:19:50.639 16750 17103 E SQLiteDatabase: at android.database.sqlite.SQLiteConnection.nativeExecuteForLastInsertedRowId(Native Method)
01-19 21:19:50.639 16750 17103 E SQLiteDatabase: at android.database.sqlite.SQLiteConnection.executeForLastInsertedRowId(SQLiteConnecti on.java:1275)
01-19 21:19:50.639 16750 17103 E SQLiteDatabase: at android.database.sqlite.SQLiteSession.executeForLastInsertedRowId(SQLiteSession.jav a:790)
01-19 21:19:50.639 16750 17103 E SQLiteDatabase: at android.database.sqlite.SQLiteStatement.executeInsert(SQLiteStatement.java:89)
01-19 21:19:50.639 16750 17103 E SQLiteDatabase: at android.database.sqlite.SQLiteDatabase.insertWithOnConflict(SQLiteDatabase.java:241 0)
01-19 21:19:50.639 16750 17103 E SQLiteDatabase: at android.database.sqlite.SQLiteDatabase.insert(SQLiteDatabase.java:2279)
01-19 21:19:50.639 16750 17103 E SQLiteDatabase: at X.2tm.A08(Unknown Source:6)
01-19 21:19:50.639 16750 17103 E SQLiteDatabase: at X.35Y.A07(Unknown Source:212)
01-19 21:19:50.639 16750 17103 E SQLiteDatabase: at X.3QF.A14(Unknown Source:470)
01-19 21:19:50.639 16750 17103 E SQLiteDatabase: at X.3gU.run(Unknown Source:982)
01-19 21:19:50.639 16750 17103 E SQLiteDatabase: at android.os.Handler.handleCallback(Handler.java:942)
01-19 21:19:50.639 16750 17103 E SQLiteDatabase: at android.os.Handler.dispatchMessage(Handler.java:99)
01-19 21:19:50.639 16750 17103 E SQLiteDatabase: at X.0zq.dispatchMessage(Unknown Source:4)
01-19 21:19:50.639 16750 17103 E SQLiteDatabase: at android.os.Looper.loopOnce(Looper.java:226)
01-19 21:19:50.639 16750 17103 E SQLiteDatabase: at android.os.Looper.loop(Looper.java:313)
01-19 21:19:50.639 16750 17103 E SQLiteDatabase: at android.os.HandlerThread.run(HandlerThread.java:67)
01-19 21:20:08.381 16750 17205 E IMGMapper: set:488 set: Unset optional value from type SMPTE2086
01-19 21:20:08.383 16750 17205 E IMGMapper: set:488 set: Unset optional value from type CTA861_3
01-19 21:20:08.558 16750 17205 E IMGMapper: set:488 set: Unset optional value from type SMPTE2086
01-19 21:20:08.559 16750 17205 E IMGMapper: set:488 set: Unset optional value from type CTA861_3
01-19 21:20:08.588 16750 17205 E IMGMapper: set:488 set: Unset optional value from type SMPTE2086
01-19 21:20:08.589 16750 17205 E IMGMapper: set:488 set: Unset optional value from type CTA861_3
01-19 21:20:08.928 16750 17205 E IMGMapper: set:488 set: Unset optional value from type SMPTE2086
01-19 21:20:08.928 16750 17205 E IMGMapper: set:488 set: Unset optional value from type CTA861_3
01-19 21:20:08.993 16750 17205 E IMGMapper: set:488 set: Unset optional value from type SMPTE2086
01-19 21:20:08.993 16750 17205 E IMGMapper: set:488 set: Unset optional value from type CTA861_3
01-19 21:20:09.440 16750 17205 E IMGMapper: set:488 set: Unset optional value from type SMPTE2086
01-19 21:20:09.440 16750 17205 E IMGMapper: set:488 set: Unset optional value from type CTA861_3
01-19 21:20:09.479 16750 17205 E IMGMapper: set:488 set: Unset optional value from type SMPTE2086
01-19 21:20:09.479 16750 17205 E IMGMapper: set:488 set: Unset optional value from type CTA861_3
01-19 21:20:10.006 16750 17205 E IMGMapper: set:488 set: Unset optional value from type SMPTE2086
01-19 21:20:10.006 16750 17205 E IMGMapper: set:488 set: Unset optional value from type CTA861_3
01-19 21:20:11.613 16750 17205 E IMGMapper: set:488 set: Unset optional value from type SMPTE2086
01-19 21:20:11.613 16750 17205 E IMGMapper: set:488 set: Unset optional value from type CTA861_3
01-19 21:20:11.654 16750 17205 E IMGMapper: set:488 set: Unset optional value from type SMPTE2086
01-19 21:20:11.654 16750 17205 E IMGMapper: set:488 set: Unset optional value from type CTA861_3
01-19 21:20:11.698 16750 17205 E IMGMapper: set:488 set: Unset optional value from type SMPTE2086
01-19 21:20:11.698 16750 17205 E IMGMapper: set:488 set: Unset optional value from type CTA861_3
01-19 21:20:12.122 16750 17205 E IMGMapper: set:488 set: Unset optional value from type SMPTE2086
01-19 21:20:12.122 16750 17205 E IMGMapper: set:488 set: Unset optional value from type CTA861_3
01-19 21:20:12.139 16750 17205 E IMGMapper: set:488 set: Unset optional value from type SMPTE2086
01-19 21:20:12.140 16750 17205 E IMGMapper: set:488 set: Unset optional value from type CTA861_3
01-19 21:20:12.166 16750 17205 E IMGMapper: set:488 set: Unset optional value from type SMPTE2086
01-19 21:20:12.167 16750 17205 E IMGMapper: set:488 set: Unset optional value from type CTA861_3
01-19 21:20:12.275 16750 17205 E IMGMapper: set:488 set: Unset optional value from type SMPTE2086
01-19 21:20:12.275 16750 17205 E IMGMapper: set:488 set: Unset optional value from type CTA861_3
01-19 21:20:12.297 16750 17205 E IMGMapper: set:488 set: Unset optional value from type SMPTE2086
01-19 21:20:12.297 16750 17205 E IMGMapper: set:488 set: Unset optional value from type CTA861_3
01-19 21:20:12.322 16750 17205 E IMGMapper: set:488 set: Unset optional value from type SMPTE2086
01-19 21:20:12.322 16750 17205 E IMGMapper: set:488 set: Unset optional value from type CTA861_3
01-19 21:20:12.357 16750 17205 E IMGMapper: set:488 set: Unset optional value from type SMPTE2086
01-19 21:20:12.357 16750 17205 E IMGMapper: set:488 set: Unset optional value from type CTA861_3
01-19 21:20:12.421 16750 17205 E IMGMapper: set:488 set: Unset optional value from type SMPTE2086
01-19 21:20:12.421 16750 17205 E IMGMapper: set:488 set: Unset optional value from type CTA861_3
01-19 21:20:12.463 16750 17205 E IMGMapper: set:488 set: Unset optional value from type SMPTE2086
01-19 21:20:12.463 16750 17205 E IMGMapper: set:488 set: Unset optional value from type CTA861_3
01-19 21:20:12.488 16750 17205 E IMGMapper: set:488 set: Unset optional value from type SMPTE2086
01-19 21:20:12.488 16750 17205 E IMGMapper: set:488 set: Unset optional value from type CTA861_3
01-19 21:20:12.515 16750 17205 E IMGMapper: set:488 set: Unset optional value from type SMPTE2086
01-19 21:20:12.515 16750 17205 E IMGMapper: set:488 set: Unset optional value from type CTA861_3
01-19 21:20:12.533 16750 17205 E IMGMapper: set:488 set: Unset optional value from type SMPTE2086
01-19 21:20:12.533 16750 17205 E IMGMapper: set:488 set: Unset optional value from type CTA861_3
01-19 21:20:12.552 16750 17205 E IMGMapper: set:488 set: Unset optional value from type SMPTE2086
01-19 21:20:12.552 16750 17205 E IMGMapper: set:488 set: Unset optional value from type CTA861_3
01-19 21:20:12.570 16750 17205 E IMGMapper: set:488 set: Unset optional value from type SMPTE2086
01-19 21:20:12.570 16750 17205 E IMGMapper: set:488 set: Unset optional value from type CTA861_3
01-19 21:20:12.590 16750 17205 E IMGMapper: set:488 set: Unset optional value from type SMPTE2086
01-19 21:20:12.590 16750 17205 E IMGMapper: set:488 set: Unset optional value from type CTA861_3
01-19 21:20:12.612 16750 17205 E IMGMapper: set:488 set: Unset optional value from type SMPTE2086
01-19 21:20:12.612 16750 17205 E IMGMapper: set:488 set: Unset optional value from type CTA861_3
01-19 21:20:12.631 16750 17205 E IMGMapper: set:488 set: Unset optional value from type SMPTE2086
01-19 21:20:12.631 16750 17205 E IMGMapper: set:488 set: Unset optional value from type CTA861_3
01-19 21:20:12.651 16750 17205 E IMGMapper: set:488 set: Unset optional value from type SMPTE2086
01-19 21:20:12.651 16750 17205 E IMGMapper: set:488 set: Unset optional value from type CTA861_3
01-19 21:20:12.673 16750 17205 E IMGMapper: set:488 set: Unset optional value from type SMPTE2086
01-19 21:20:12.673 16750 17205 E IMGMapper: set:488 set: Unset optional value from type CTA861_3
01-19 21:20:12.698 16750 17205 E IMGMapper: set:488 set: Unset optional value from type SMPTE2086
01-19 21:20:12.698 16750 17205 E IMGMapper: set:488 set: Unset optional value from type CTA861_3
01-19 21:20:12.719 16750 17205 E IMGMapper: set:488 set: Unset optional value from type SMPTE2086
01-19 21:20:12.719 16750 17205 E IMGMapper: set:488 set: Unset optional value from type CTA861_3
01-19 21:20:12.744 16750 17205 E IMGMapper: set:488 set: Unset optional value from type SMPTE2086
01-19 21:20:12.744 16750 17205 E IMGMapper: set:488 set: Unset optional value from type CTA861_3
01-19 21:20:12.762 16750 17205 E IMGMapper: set:488 set: Unset optional value from type SMPTE2086
01-19 21:20:12.762 16750 17205 E IMGMapper: set:488 set: Unset optional value from type CTA861_3
01-19 21:20:12.785 16750 17205 E IMGMapper: set:488 set: Unset optional value from type SMPTE2086
01-19 21:20:12.785 16750 17205 E IMGMapper: set:488 set: Unset optional value from type CTA861_3
01-19 21:20:12.802 16750 17205 E IMGMapper: set:488 set: Unset optional value from type SMPTE2086
01-19 21:20:12.802 16750 17205 E IMGMapper: set:488 set: Unset optional value from type CTA861_3
01-19 21:20:12.823 16750 17205 E IMGMapper: set:488 set: Unset optional value from type SMPTE2086
01-19 21:20:12.823 16750 17205 E IMGMapper: set:488 set: Unset optional value from type CTA861_3
01-19 21:20:12.848 16750 17205 E IMGMapper: set:488 set: Unset optional value from type SMPTE2086
01-19 21:20:12.848 16750 17205 E IMGMapper: set:488 set: Unset optional value from type CTA861_3
01-19 21:20:12.865 16750 17205 E IMGMapper: set:488 set: Unset optional value from type SMPTE2086
01-19 21:20:12.865 16750 17205 E IMGMapper: set:488 set: Unset optional value from type CTA861_3
01-19 21:20:12.884 16750 17205 E IMGMapper: set:488 set: Unset optional value from type SMPTE2086
01-19 21:20:12.884 16750 17205 E IMGMapper: set:488 set: Unset optional value from type CTA861_3
01-19 21:20:12.901 16750 17205 E IMGMapper: set:488 set: Unset optional value from type SMPTE2086
01-19 21:20:12.901 16750 17205 E IMGMapper: set:488 set: Unset optional value from type CTA861_3
01-19 21:20:12.923 16750 17205 E IMGMapper: set:488 set: Unset optional value from type SMPTE2086
