The log file records errors and warnings from an Android application. It indicates that the application failed to load a class file and encountered an invalid string resource ID. Additional errors and warnings are shown regarding lock verification, missing files, and storage permission requests.
The log file records errors and warnings from an Android application. It indicates that the application failed to load a class file and encountered an invalid string resource ID. Additional errors and warnings are shown regarding lock verification, missing files, and storage permission requests.
The log file records errors and warnings from an Android application. It indicates that the application failed to load a class file and encountered an invalid string resource ID. Additional errors and warnings are shown regarding lock verification, missing files, and storage permission requests.
The log file records errors and warnings from an Android application. It indicates that the application failed to load a class file and encountered an invalid string resource ID. Additional errors and warnings are shown regarding lock verification, missing files, and storage permission requests.
Download as TXT, PDF, TXT or read online from Scribd
Download as txt, pdf, or txt
You are on page 1of 2888
--------- beginning of main
01-19 21:10:23.654 16664 16664 E com.mbwhatsapp: Not starting debugger since
process cannot load the jdwp agent.
01-19 21:10:24.232 16664 16664 W System.err: java.lang.ClassNotFoundException: mbmodsd.mbmodsw.ui.views.btn.BtnBK
01-19 21:10:24.282 16664 16664 W System.err: at java.lang.Runtime.nativeLoad(Native Method)
01-19 21:10:24.282 16664 16664 W System.err: at java.lang.Runtime.nativeLoad(Runtime.java:1126)
01-19 21:10:24.282 16664 16664 W System.err: at java.lang.Runtime.loadLibrary0(Runtime.java:1080)
01-19 21:10:24.282 16664 16664 W System.err: at java.lang.Runtime.loadLibrary0(Runtime.java:1003)
01-19 21:10:24.282 16664 16664 W System.err: at java.lang.System.loadLibrary(System.java:1661)
01-19 21:10:24.282 16664 16664 W System.err: at arm.EpicVm.<clinit>(Unknown Source:2)
01-19 21:10:24.282 16664 16664 W System.err: at java.lang.Class.newInstance(Native Method)
01-19 21:10:24.282 16664 16664 W System.err: at android.app.AppComponentFactory.instantiateApplication(AppComponentFactory.java:76)
01-19 21:10:24.282 16664 16664 W System.err: at androidx.core.app.CoreComponentFactory.instantiateApplication(Unknown Source:0)
01-19 21:10:24.282 16664 16664 W System.err: at android.app.Instrumentation.newApplication(Instrumentation.java:1232)
01-19 21:10:24.282 16664 16664 W System.err: at android.app.LoadedApk.makeApplicationInner(LoadedApk.java:1566)
01-19 21:10:24.282 16664 16664 W System.err: at android.app.LoadedApk.makeApplicationInner(LoadedApk.java:1503)
01-19 21:10:24.282 16664 16664 W System.err: at android.app.ActivityThread.handleBindApplication(ActivityThread.java:7558)
01-19 21:10:24.282 16664 16664 W System.err: at android.app.ActivityThread.-$ $Nest$mhandleBindApplication(Unknown Source:0)
01-19 21:10:24.282 16664 16664 W System.err: at android.app.ActivityThread$H.handleMessage(ActivityThread.java:2400)
01-19 21:10:24.282 16664 16664 W System.err: at android.os.Handler.dispatchMessage(Handler.java:106)
01-19 21:10:24.282 16664 16664 W System.err: at android.os.Looper.loopOnce(Looper.java:226)
01-19 21:10:24.282 16664 16664 W System.err: at android.os.Looper.loop(Looper.java:313)
01-19 21:10:24.282 16664 16664 W System.err: at android.app.ActivityThread.main(ActivityThread.java:8762)
01-19 21:10:24.282 16664 16664 W System.err: at java.lang.reflect.Method.invoke(Native Method)
01-19 21:10:24.282 16664 16664 W System.err: at com.android.internal.os.RuntimeInit$MethodAndArgsCaller.run(RuntimeInit.java:604)
01-19 21:10:24.282 16664 16664 W System.err: at com.android.internal.os.ZygoteInit.main(ZygoteInit.java:1067)
01-19 21:10:24.451 16664 16664 E CustomActivityOnCrash: IMPORTANT WARNING! You already have an UncaughtExceptionHandler, are you sure this is correct? If you use a custom UncaughtExceptionHandler, you must initialize it AFTER CustomActivityOnCrash! Installing anyway, but your original handler will not be called.
01-19 21:10:25.465 16664 16699 W LibraryVersion: Failed to get app version for libraryName: firebase-iid
01-19 21:10:25.786 16750 16750 E com.mbwhatsapp: Not starting debugger since process cannot load the jdwp agent.
01-19 21:10:26.053 16750 16750 W System.err: java.lang.ClassNotFoundException: mbmodsd.mbmodsw.ui.views.btn.BtnBK
01-19 21:10:26.054 16750 16750 W System.err: at java.lang.Runtime.nativeLoad(Native Method)
01-19 21:10:26.054 16750 16750 W System.err: at java.lang.Runtime.nativeLoad(Runtime.java:1126)
01-19 21:10:26.054 16750 16750 W System.err: at java.lang.Runtime.loadLibrary0(Runtime.java:1080)
01-19 21:10:26.054 16750 16750 W System.err: at java.lang.Runtime.loadLibrary0(Runtime.java:1003)
01-19 21:10:26.054 16750 16750 W System.err: at java.lang.System.loadLibrary(System.java:1661)
01-19 21:10:26.054 16750 16750 W System.err: at arm.EpicVm.<clinit>(Unknown Source:2)
01-19 21:10:26.054 16750 16750 W System.err: at java.lang.Class.newInstance(Native Method)
01-19 21:10:26.054 16750 16750 W System.err: at android.app.AppComponentFactory.instantiateApplication(AppComponentFactory.java:76)
01-19 21:10:26.054 16750 16750 W System.err: at androidx.core.app.CoreComponentFactory.instantiateApplication(Unknown Source:0)
01-19 21:10:26.054 16750 16750 W System.err: at android.app.Instrumentation.newApplication(Instrumentation.java:1232)
01-19 21:10:26.054 16750 16750 W System.err: at android.app.LoadedApk.makeApplicationInner(LoadedApk.java:1566)
01-19 21:10:26.054 16750 16750 W System.err: at android.app.LoadedApk.makeApplicationInner(LoadedApk.java:1503)
01-19 21:10:26.054 16750 16750 W System.err: at android.app.ActivityThread.handleBindApplication(ActivityThread.java:7558)
01-19 21:10:26.054 16750 16750 W System.err: at android.app.ActivityThread.-$ $Nest$mhandleBindApplication(Unknown Source:0)
01-19 21:10:26.054 16750 16750 W System.err: at android.app.ActivityThread$H.handleMessage(ActivityThread.java:2400)
01-19 21:10:26.054 16750 16750 W System.err: at android.os.Handler.dispatchMessage(Handler.java:106)
01-19 21:10:26.054 16750 16750 W System.err: at android.os.Looper.loopOnce(Looper.java:226)
01-19 21:10:26.054 16750 16750 W System.err: at android.os.Looper.loop(Looper.java:313)
01-19 21:10:26.054 16750 16750 W System.err: at android.app.ActivityThread.main(ActivityThread.java:8762)
01-19 21:10:26.054 16750 16750 W System.err: at java.lang.reflect.Method.invoke(Native Method)
01-19 21:10:26.054 16750 16750 W System.err: at com.android.internal.os.RuntimeInit$MethodAndArgsCaller.run(RuntimeInit.java:604)
01-19 21:10:26.054 16750 16750 W System.err: at com.android.internal.os.ZygoteInit.main(ZygoteInit.java:1067)
01-19 21:10:26.178 16750 16750 E CustomActivityOnCrash: IMPORTANT WARNING! You already have an UncaughtExceptionHandler, are you sure this is correct? If you use a custom UncaughtExceptionHandler, you must initialize it AFTER CustomActivityOnCrash! Installing anyway, but your original handler will not be called.
01-19 21:10:26.252 16750 16768 W LibraryVersion: Failed to get app version for libraryName: firebase-iid
01-19 21:10:27.139 16750 16750 W com.mbwhatsapp: Accessing hidden method Lcom/android/org/conscrypt/OpenSSLSocketImpl;->setUseSessionTickets(Z)V (max- target-q,core-platform-api, reflection, denied)
01-19 21:10:27.139 16750 16750 W com.mbwhatsapp: Accessing hidden method Lcom/android/org/conscrypt/AbstractConscryptSocket;->setUseSessionTickets(Z)V (max- target-q, reflection, denied)
01-19 21:10:29.936 16826 16826 W libprocessgroup: Controller sfreezer is not found
01-19 21:10:29.947 16826 16826 W libprocessgroup: SetAttribute: unknown attribute: OlafState
01-19 21:10:29.947 16826 16826 W libprocessgroup: SetAttribute: unknown attribute: OlafState
01-19 21:10:30.008 16750 17117 W com.mbwhatsapp: Method void X.2rL.A03(java.lang.Integer) failed lock verification and will run slower.
01-19 21:10:30.008 16750 17117 W com.mbwhatsapp: Common causes for lock verification issues are non-optimized dex code
01-19 21:10:30.008 16750 17117 W com.mbwhatsapp: and incorrect proguard optimizations.
01-19 21:10:30.033 16750 16750 W com.mbwhatsapp: Method void X.0eU.A0h(X.0tK, boolean) failed lock verification and will run slower.
01-19 21:10:31.078 16750 17205 E QT : [QT]file does not exist
01-19 21:10:31.720 16750 16750 E com.mbwhatsapp: Invalid ID 0x00000000.
01-19 21:10:31.723 16750 16750 W System.err: android.content.res.Resources$NotFoundException: String resource ID #0x0
01-19 21:10:31.729 16750 16750 W System.err: at android.content.res.Resources.getText(Resources.java:512)
01-19 21:10:31.729 16750 16750 W System.err: at android.content.res.Resources.getString(Resources.java:605)
01-19 21:10:31.730 16750 16750 W System.err: at X.35t.A0E(Unknown Source:46)
01-19 21:10:31.730 16750 16750 W System.err: at com.mbwhatsapp.yo.yo.getString(Native Method)
01-19 21:10:31.730 16750 16750 W System.err: at com.mbwhatsapp.yo.yo.getString(Native Method)
01-19 21:10:31.730 16750 16750 W System.err: at com.mbwhatsapp.youbasha.task.utils.requestAllFilesAccess14(Native Method)
01-19 21:10:31.730 16750 16750 W System.err: at com.mbwhatsapp.yo.dep.showStoragePermissionRequest(Native Method)
01-19 21:10:31.731 16750 16750 W System.err: at com.mbwhatsapp.registration.EULA.onCreate(Unknown Source:248)
01-19 21:10:31.731 16750 16750 W System.err: at android.app.Activity.performCreate(Activity.java:8591)
01-19 21:10:31.731 16750 16750 W System.err: at android.app.Activity.performCreate(Activity.java:8570)
01-19 21:10:31.731 16750 16750 W System.err: at android.app.Instrumentation.callActivityOnCreate(Instrumentation.java:1384)
01-19 21:10:31.731 16750 16750 W System.err: at android.app.ActivityThread.performLaunchActivity(ActivityThread.java:4150)
01-19 21:10:31.731 16750 16750 W System.err: at android.app.ActivityThread.handleLaunchActivity(ActivityThread.java:4325)
01-19 21:10:31.731 16750 16750 W System.err: at android.app.servertransaction.LaunchActivityItem.execute(LaunchActivityItem.java:10 1)
01-19 21:10:31.731 16750 16750 W System.err: at android.app.servertransaction.TransactionExecutor.executeCallbacks(TransactionExecu tor.java:135)
01-19 21:10:31.731 16750 16750 W System.err: at android.app.servertransaction.TransactionExecutor.execute(TransactionExecutor.java: 95)
01-19 21:10:31.731 16750 16750 W System.err: at android.app.ActivityThread$H.handleMessage(ActivityThread.java:2574)
01-19 21:10:31.732 16750 16750 W System.err: at android.os.Handler.dispatchMessage(Handler.java:106)
01-19 21:10:31.732 16750 16750 W System.err: at android.os.Looper.loopOnce(Looper.java:226)
01-19 21:10:31.732 16750 16750 W System.err: at android.os.Looper.loop(Looper.java:313)
01-19 21:10:31.732 16750 16750 W System.err: at android.app.ActivityThread.main(ActivityThread.java:8762)
01-19 21:10:31.732 16750 16750 W System.err: at java.lang.reflect.Method.invoke(Native Method)
01-19 21:10:31.732 16750 16750 W System.err: at com.android.internal.os.RuntimeInit$MethodAndArgsCaller.run(RuntimeInit.java:604)
01-19 21:10:31.732 16750 16750 W System.err: at com.android.internal.os.ZygoteInit.main(ZygoteInit.java:1067)
01-19 21:10:31.907 16750 16750 W Activity: Can request only one set of permissions at a time
01-19 21:10:32.248 16750 16750 E ArmVmp : Match on catch block at 0x0a in for 0x7ac49b404d
01-19 21:10:33.316 16750 16750 E FBI : Can't load library: dlopen failed: library "libmagtsync.so" not found
01-19 21:10:33.384 16750 17265 E ion : ioctl c0044901 failed with code -1: Invalid argument
01-19 21:10:33.668 16750 17205 E IMGMapper: set:488 set: Unset optional value from type SMPTE2086
01-19 21:10:33.668 16750 17205 E IMGMapper: set:488 set: Unset optional value from type CTA861_3
01-19 21:10:33.725 16750 17205 W Parcel : Expecting binder but got null!
01-19 21:10:34.692 16750 16750 E ViewRootImpl@346c6b[EULA]: Surface is not valid.
01-19 21:10:34.709 16750 16750 E ViewRootImpl@346c6b[EULA]: Surface is not valid.
01-19 21:10:34.714 16750 17205 E IMGMapper: set:488 set: Unset optional value from type SMPTE2086
01-19 21:10:34.714 16750 17205 E IMGMapper: set:488 set: Unset optional value from type CTA861_3
01-19 21:10:34.775 16750 17205 E IMGMapper: set:488 set: Unset optional value from type SMPTE2086
01-19 21:10:34.775 16750 17205 E IMGMapper: set:488 set: Unset optional value from type CTA861_3
01-19 21:10:35.142 16750 16758 W com.mbwhatsapp: Cleared Reference was only reachable from finalizer (only reported once)
01-19 21:10:36.351 16750 16750 E com.mbwhatsapp: Invalid ID 0x00000000.
01-19 21:10:36.352 16750 16750 E com.mbwhatsapp: Invalid ID 0x00000000.
01-19 21:10:36.356 16750 16750 E com.mbwhatsapp: Invalid ID 0x00000000.
01-19 21:10:36.356 16750 16750 E com.mbwhatsapp: Invalid ID 0x00000000.
01-19 21:10:36.360 16750 16750 E com.mbwhatsapp: Invalid ID 0x00000000.
01-19 21:10:36.360 16750 16750 E com.mbwhatsapp: Invalid ID 0x00000000.
01-19 21:10:36.361 16750 16750 E com.mbwhatsapp: Invalid ID 0x00000000.
01-19 21:10:36.368 16750 16750 E com.mbwhatsapp: Invalid ID 0x00000000.
01-19 21:10:40.646 16750 17205 E IMGMapper: set:488 set: Unset optional value from type SMPTE2086
01-19 21:10:40.646 16750 17205 E IMGMapper: set:488 set: Unset optional value from type CTA861_3
01-19 21:10:40.696 16750 16750 W Activity: Can request only one set of permissions at a time
01-19 21:10:40.697 16750 16750 W Activity: Can request only one set of permissions at a time
01-19 21:10:40.865 16750 16750 E ArmVmp : Match on catch block at 0x0a in for 0x7ac49b404d
01-19 21:10:42.043 16750 17205 E IMGMapper: set:488 set: Unset optional value from type SMPTE2086
01-19 21:10:42.044 16750 17205 E IMGMapper: set:488 set: Unset optional value from type CTA861_3
01-19 21:10:42.051 16750 17205 W Parcel : Expecting binder but got null!
01-19 21:10:42.120 16750 17205 E IMGMapper: set:488 set: Unset optional value from type SMPTE2086
01-19 21:10:42.120 16750 17205 E IMGMapper: set:488 set: Unset optional value from type CTA861_3
01-19 21:10:42.225 16750 17205 E IMGMapper: set:488 set: Unset optional value from type SMPTE2086
01-19 21:10:42.226 16750 17205 E IMGMapper: set:488 set: Unset optional value from type CTA861_3
01-19 21:10:42.261 16750 17205 W Parcel : Expecting binder but got null!
01-19 21:10:42.340 16750 17205 E IMGMapper: set:488 set: Unset optional value from type SMPTE2086
01-19 21:10:42.341 16750 17205 E IMGMapper: set:488 set: Unset optional value from type CTA861_3
01-19 21:10:42.351 16750 17205 E IMGMapper: set:488 set: Unset optional value from type SMPTE2086
01-19 21:10:42.352 16750 17205 E IMGMapper: set:488 set: Unset optional value from type CTA861_3
01-19 21:10:42.374 16750 17205 E IMGMapper: set:488 set: Unset optional value from type SMPTE2086
01-19 21:10:42.374 16750 17205 E IMGMapper: set:488 set: Unset optional value from type CTA861_3
01-19 21:10:42.428 16750 17205 E IMGMapper: set:488 set: Unset optional value from type SMPTE2086
01-19 21:10:42.430 16750 17205 E IMGMapper: set:488 set: Unset optional value from type CTA861_3
01-19 21:10:42.464 16750 17205 E IMGMapper: set:488 set: Unset optional value from type SMPTE2086
01-19 21:10:42.464 16750 17205 E IMGMapper: set:488 set: Unset optional value from type CTA861_3
01-19 21:10:42.482 16750 17205 E IMGMapper: set:488 set: Unset optional value from type SMPTE2086
01-19 21:10:42.482 16750 17205 E IMGMapper: set:488 set: Unset optional value from type CTA861_3
01-19 21:10:44.502 16750 17205 E IMGMapper: set:488 set: Unset optional value from type SMPTE2086
01-19 21:10:44.502 16750 17205 E IMGMapper: set:488 set: Unset optional value from type CTA861_3
01-19 21:10:44.525 16750 17205 E IMGMapper: set:488 set: Unset optional value from type SMPTE2086
01-19 21:10:44.525 16750 17205 E IMGMapper: set:488 set: Unset optional value from type CTA861_3
01-19 21:10:44.541 16750 17205 E IMGMapper: set:488 set: Unset optional value from type SMPTE2086
01-19 21:10:44.541 16750 17205 E IMGMapper: set:488 set: Unset optional value from type CTA861_3
01-19 21:10:44.554 16750 17205 E IMGMapper: set:488 set: Unset optional value from type SMPTE2086
01-19 21:10:44.554 16750 17205 E IMGMapper: set:488 set: Unset optional value from type CTA861_3
01-19 21:10:44.603 16750 17205 E IMGMapper: set:488 set: Unset optional value from type SMPTE2086
01-19 21:10:44.604 16750 17205 E IMGMapper: set:488 set: Unset optional value from type CTA861_3
01-19 21:10:44.636 16750 17205 E IMGMapper: set:488 set: Unset optional value from type SMPTE2086
01-19 21:10:44.636 16750 17205 E IMGMapper: set:488 set: Unset optional value from type CTA861_3
01-19 21:10:44.660 16750 17205 E IMGMapper: set:488 set: Unset optional value from type SMPTE2086
01-19 21:10:44.660 16750 17205 E IMGMapper: set:488 set: Unset optional value from type CTA861_3
01-19 21:10:44.722 16750 17205 E IMGMapper: set:488 set: Unset optional value from type SMPTE2086
01-19 21:10:44.722 16750 17205 E IMGMapper: set:488 set: Unset optional value from type CTA861_3
01-19 21:11:04.750 16750 17205 E IMGMapper: set:488 set: Unset optional value from type SMPTE2086
01-19 21:11:04.750 16750 17205 E IMGMapper: set:488 set: Unset optional value from type CTA861_3
01-19 21:11:04.833 16750 16750 W Activity: Can request only one set of permissions at a time
01-19 21:11:04.965 16750 17205 E IMGMapper: set:488 set: Unset optional value from type SMPTE2086
01-19 21:11:04.966 16750 17205 E IMGMapper: set:488 set: Unset optional value from type CTA861_3
01-19 21:11:05.000 16750 17205 E IMGMapper: set:488 set: Unset optional value from type SMPTE2086
01-19 21:11:05.000 16750 17205 E IMGMapper: set:488 set: Unset optional value from type CTA861_3
01-19 21:11:05.614 16750 17205 E IMGMapper: set:488 set: Unset optional value from type SMPTE2086
01-19 21:11:05.614 16750 17205 E IMGMapper: set:488 set: Unset optional value from type CTA861_3
01-19 21:11:07.357 16750 17205 E IMGMapper: set:488 set: Unset optional value from type SMPTE2086
01-19 21:11:07.357 16750 17205 E IMGMapper: set:488 set: Unset optional value from type CTA861_3
01-19 21:11:07.372 16750 17205 E IMGMapper: set:488 set: Unset optional value from type SMPTE2086
01-19 21:11:07.372 16750 17205 E IMGMapper: set:488 set: Unset optional value from type CTA861_3
01-19 21:11:07.392 16750 17205 E IMGMapper: set:488 set: Unset optional value from type SMPTE2086
01-19 21:11:07.392 16750 17205 E IMGMapper: set:488 set: Unset optional value from type CTA861_3
01-19 21:11:07.411 16750 17205 E IMGMapper: set:488 set: Unset optional value from type SMPTE2086
01-19 21:11:07.411 16750 17205 E IMGMapper: set:488 set: Unset optional value from type CTA861_3
01-19 21:11:07.426 16750 17205 E IMGMapper: set:488 set: Unset optional value from type SMPTE2086
01-19 21:11:07.427 16750 17205 E IMGMapper: set:488 set: Unset optional value from type CTA861_3
01-19 21:11:07.442 16750 17205 E IMGMapper: set:488 set: Unset optional value from type SMPTE2086
01-19 21:11:07.442 16750 17205 E IMGMapper: set:488 set: Unset optional value from type CTA861_3
01-19 21:11:07.454 16750 17205 E IMGMapper: set:488 set: Unset optional value from type SMPTE2086
01-19 21:11:07.454 16750 17205 E IMGMapper: set:488 set: Unset optional value from type CTA861_3
01-19 21:11:07.535 16750 17205 E IMGMapper: set:488 set: Unset optional value from type SMPTE2086
01-19 21:11:07.535 16750 17205 E IMGMapper: set:488 set: Unset optional value from type CTA861_3
01-19 21:11:08.875 16750 17205 E IMGMapper: set:488 set: Unset optional value from type SMPTE2086
01-19 21:11:08.875 16750 17205 E IMGMapper: set:488 set: Unset optional value from type CTA861_3
01-19 21:11:08.923 16750 17205 E IMGMapper: set:488 set: Unset optional value from type SMPTE2086
01-19 21:11:08.923 16750 17205 E IMGMapper: set:488 set: Unset optional value from type CTA861_3
01-19 21:11:08.937 16750 17205 E IMGMapper: set:488 set: Unset optional value from type SMPTE2086
01-19 21:11:08.937 16750 17205 E IMGMapper: set:488 set: Unset optional value from type CTA861_3
01-19 21:11:09.355 16750 18003 E ShortcutInfoCompatSaver: Failed to load saved values from file /data/user/0/com.mbwhatsapp/files/ShortcutInfoCompatSaver_share_targets/ targets.xml. Old state removed, new added
01-19 21:11:09.355 16750 18003 E ShortcutInfoCompatSaver: java.io.FileNotFoundException: /data/user/0/com.mbwhatsapp/files/ShortcutInfoCompatSaver_share_targets/ targets.xml: open failed: ENOENT (No such file or directory)
01-19 21:11:09.355 16750 18003 E ShortcutInfoCompatSaver: at libcore.io.IoBridge.open(IoBridge.java:574)
01-19 21:11:09.355 16750 18003 E ShortcutInfoCompatSaver: at java.io.FileInputStream.<init>(FileInputStream.java:160)
01-19 21:11:09.355 16750 18003 E ShortcutInfoCompatSaver: at X.0nz.run(Unknown Source:82)
01-19 21:11:09.355 16750 18003 E ShortcutInfoCompatSaver: at java.util.concurrent.Executors$RunnableAdapter.call(Executors.java:487)
01-19 21:11:09.355 16750 18003 E ShortcutInfoCompatSaver: at java.util.concurrent.FutureTask.run(FutureTask.java:264)
01-19 21:11:09.355 16750 18003 E ShortcutInfoCompatSaver: at java.util.concurrent.ThreadPoolExecutor.runWorker(ThreadPoolExecutor.java:1145)
01-19 21:11:09.355 16750 18003 E ShortcutInfoCompatSaver: at java.util.concurrent.ThreadPoolExecutor$Worker.run(ThreadPoolExecutor.java:644)
01-19 21:11:09.355 16750 18003 E ShortcutInfoCompatSaver: at java.lang.Thread.run(Thread.java:1012)
01-19 21:11:09.355 16750 18003 E ShortcutInfoCompatSaver: Caused by: android.system.ErrnoException: open failed: ENOENT (No such file or directory)
01-19 21:11:09.355 16750 18003 E ShortcutInfoCompatSaver: at libcore.io.Linux.open(Native Method)
01-19 21:11:09.355 16750 18003 E ShortcutInfoCompatSaver: at libcore.io.ForwardingOs.open(ForwardingOs.java:563)
01-19 21:11:09.355 16750 18003 E ShortcutInfoCompatSaver: at libcore.io.BlockGuardOs.open(BlockGuardOs.java:274)
01-19 21:11:09.355 16750 18003 E ShortcutInfoCompatSaver: at libcore.io.ForwardingOs.open(ForwardingOs.java:563)
01-19 21:11:09.355 16750 18003 E ShortcutInfoCompatSaver: at android.app.ActivityThread$AndroidOs.open(ActivityThread.java:8624)
01-19 21:11:09.355 16750 18003 E ShortcutInfoCompatSaver: at libcore.io.IoBridge.open(IoBridge.java:560)
01-19 21:11:09.355 16750 18003 E ShortcutInfoCompatSaver: ... 7 more
01-19 21:11:09.571 16750 17205 E IMGMapper: set:488 set: Unset optional value from type SMPTE2086
01-19 21:11:09.571 16750 17205 E IMGMapper: set:488 set: Unset optional value from type CTA861_3
01-19 21:11:09.572 16750 17205 E FrameEvents: updateAcquireFence: Did not find frame.
01-19 21:11:09.641 16750 17205 E IMGMapper: set:488 set: Unset optional value from type SMPTE2086
01-19 21:11:09.642 16750 17205 E IMGMapper: set:488 set: Unset optional value from type CTA861_3
01-19 21:11:09.643 16750 17205 E FrameEvents: updateAcquireFence: Did not find frame.
01-19 21:11:09.658 16750 17205 E IMGMapper: set:488 set: Unset optional value from type SMPTE2086
01-19 21:11:09.658 16750 17205 E IMGMapper: set:488 set: Unset optional value from type CTA861_3
01-19 21:11:09.658 16750 17205 E FrameEvents: updateAcquireFence: Did not find frame.
01-19 21:11:09.779 16750 17205 E IMGMapper: set:488 set: Unset optional value from type SMPTE2086
01-19 21:11:09.780 16750 17205 E IMGMapper: set:488 set: Unset optional value from type CTA861_3
01-19 21:11:09.843 16750 17205 E IMGMapper: set:488 set: Unset optional value from type SMPTE2086
01-19 21:11:09.846 16750 17205 E IMGMapper: set:488 set: Unset optional value from type CTA861_3
01-19 21:11:09.857 16750 17205 E IMGMapper: set:488 set: Unset optional value from type SMPTE2086
01-19 21:11:09.857 16750 17205 E IMGMapper: set:488 set: Unset optional value from type CTA861_3
01-19 21:11:09.863 16750 17205 E IMGMapper: set:488 set: Unset optional value from type SMPTE2086
01-19 21:11:09.863 16750 17205 E IMGMapper: set:488 set: Unset optional value from type CTA861_3
01-19 21:11:10.045 16750 17205 E IMGMapper: set:488 set: Unset optional value from type SMPTE2086
01-19 21:11:10.046 16750 17205 E IMGMapper: set:488 set: Unset optional value from type CTA861_3
01-19 21:11:10.070 16750 17205 E IMGMapper: set:488 set: Unset optional value from type SMPTE2086
01-19 21:11:10.070 16750 17205 E IMGMapper: set:488 set: Unset optional value from type CTA861_3
01-19 21:11:10.080 16750 17205 E IMGMapper: set:488 set: Unset optional value from type SMPTE2086
01-19 21:11:10.080 16750 17205 E IMGMapper: set:488 set: Unset optional value from type CTA861_3
01-19 21:11:10.097 16750 17205 E IMGMapper: set:488 set: Unset optional value from type SMPTE2086
01-19 21:11:10.097 16750 17205 E IMGMapper: set:488 set: Unset optional value from type CTA861_3
01-19 21:11:10.115 16750 17205 E IMGMapper: set:488 set: Unset optional value from type SMPTE2086
01-19 21:11:10.115 16750 17205 E IMGMapper: set:488 set: Unset optional value from type CTA861_3
01-19 21:11:11.561 16750 17205 E IMGMapper: set:488 set: Unset optional value from type SMPTE2086
01-19 21:11:11.561 16750 17205 E IMGMapper: set:488 set: Unset optional value from type CTA861_3
01-19 21:11:11.579 16750 17205 E IMGMapper: set:488 set: Unset optional value from type SMPTE2086
01-19 21:11:11.579 16750 17205 E IMGMapper: set:488 set: Unset optional value from type CTA861_3
01-19 21:11:11.587 16750 17205 E IMGMapper: set:488 set: Unset optional value from type SMPTE2086
01-19 21:11:11.587 16750 17205 E IMGMapper: set:488 set: Unset optional value from type CTA861_3
01-19 21:11:11.602 16750 17205 E IMGMapper: set:488 set: Unset optional value from type SMPTE2086
01-19 21:11:11.602 16750 17205 E IMGMapper: set:488 set: Unset optional value from type CTA861_3
01-19 21:11:11.618 16750 17205 E IMGMapper: set:488 set: Unset optional value from type SMPTE2086
01-19 21:11:11.618 16750 17205 E IMGMapper: set:488 set: Unset optional value from type CTA861_3
01-19 21:11:11.635 16750 17205 E IMGMapper: set:488 set: Unset optional value from type SMPTE2086
01-19 21:11:11.635 16750 17205 E IMGMapper: set:488 set: Unset optional value from type CTA861_3
01-19 21:11:11.654 16750 17205 E IMGMapper: set:488 set: Unset optional value from type SMPTE2086
01-19 21:11:11.654 16750 17205 E IMGMapper: set:488 set: Unset optional value from type CTA861_3
01-19 21:11:11.674 16750 17205 E IMGMapper: set:488 set: Unset optional value from type SMPTE2086
01-19 21:11:11.674 16750 17205 E IMGMapper: set:488 set: Unset optional value from type CTA861_3
01-19 21:11:11.688 16750 17205 E IMGMapper: set:488 set: Unset optional value from type SMPTE2086
01-19 21:11:11.688 16750 17205 E IMGMapper: set:488 set: Unset optional value from type CTA861_3
01-19 21:11:11.705 16750 17205 E IMGMapper: set:488 set: Unset optional value from type SMPTE2086
01-19 21:11:11.705 16750 17205 E IMGMapper: set:488 set: Unset optional value from type CTA861_3
01-19 21:11:11.723 16750 17205 E IMGMapper: set:488 set: Unset optional value from type SMPTE2086
01-19 21:11:11.723 16750 17205 E IMGMapper: set:488 set: Unset optional value from type CTA861_3
01-19 21:11:11.740 16750 17205 E IMGMapper: set:488 set: Unset optional value from type SMPTE2086
01-19 21:11:11.740 16750 17205 E IMGMapper: set:488 set: Unset optional value from type CTA861_3
01-19 21:11:11.757 16750 17205 E IMGMapper: set:488 set: Unset optional value from type SMPTE2086
01-19 21:11:11.757 16750 17205 E IMGMapper: set:488 set: Unset optional value from type CTA861_3
01-19 21:11:11.773 16750 17205 E IMGMapper: set:488 set: Unset optional value from type SMPTE2086
01-19 21:11:11.773 16750 17205 E IMGMapper: set:488 set: Unset optional value from type CTA861_3
01-19 21:11:11.789 16750 17205 E IMGMapper: set:488 set: Unset optional value from type SMPTE2086
01-19 21:11:11.789 16750 17205 E IMGMapper: set:488 set: Unset optional value from type CTA861_3
01-19 21:11:11.807 16750 17205 E IMGMapper: set:488 set: Unset optional value from type SMPTE2086
01-19 21:11:11.807 16750 17205 E IMGMapper: set:488 set: Unset optional value from type CTA861_3
01-19 21:11:11.824 16750 17205 E IMGMapper: set:488 set: Unset optional value from type SMPTE2086
01-19 21:11:11.824 16750 17205 E IMGMapper: set:488 set: Unset optional value from type CTA861_3
01-19 21:11:11.840 16750 17205 E IMGMapper: set:488 set: Unset optional value from type SMPTE2086
01-19 21:11:11.840 16750 17205 E IMGMapper: set:488 set: Unset optional value from type CTA861_3
01-19 21:11:11.857 16750 17205 E IMGMapper: set:488 set: Unset optional value from type SMPTE2086
01-19 21:11:11.857 16750 17205 E IMGMapper: set:488 set: Unset optional value from type CTA861_3
01-19 21:11:11.873 16750 17205 E IMGMapper: set:488 set: Unset optional value from type SMPTE2086
01-19 21:11:11.873 16750 17205 E IMGMapper: set:488 set: Unset optional value from type CTA861_3
01-19 21:11:11.890 16750 17205 E IMGMapper: set:488 set: Unset optional value from type SMPTE2086
01-19 21:11:11.890 16750 17205 E IMGMapper: set:488 set: Unset optional value from type CTA861_3
01-19 21:11:11.907 16750 17205 E IMGMapper: set:488 set: Unset optional value from type SMPTE2086
01-19 21:11:11.907 16750 17205 E IMGMapper: set:488 set: Unset optional value from type CTA861_3
01-19 21:11:11.923 16750 17205 E IMGMapper: set:488 set: Unset optional value from type SMPTE2086
01-19 21:11:11.923 16750 17205 E IMGMapper: set:488 set: Unset optional value from type CTA861_3
01-19 21:11:12.145 16750 17205 E IMGMapper: set:488 set: Unset optional value from type SMPTE2086
01-19 21:11:12.145 16750 17205 E IMGMapper: set:488 set: Unset optional value from type CTA861_3
01-19 21:11:12.149 16750 17205 W Parcel : Expecting binder but got null!
01-19 21:11:12.250 16750 17205 E IMGMapper: set:488 set: Unset optional value from type SMPTE2086
01-19 21:11:12.251 16750 17205 E IMGMapper: set:488 set: Unset optional value from type CTA861_3
01-19 21:11:12.262 16750 17205 E IMGMapper: set:488 set: Unset optional value from type SMPTE2086
01-19 21:11:12.262 16750 17205 E IMGMapper: set:488 set: Unset optional value from type CTA861_3
01-19 21:11:12.559 16750 17205 E IMGMapper: set:488 set: Unset optional value from type SMPTE2086
01-19 21:11:12.559 16750 17205 E IMGMapper: set:488 set: Unset optional value from type CTA861_3
01-19 21:11:13.064 16750 17205 E IMGMapper: set:488 set: Unset optional value from type SMPTE2086
01-19 21:11:13.064 16750 17205 E IMGMapper: set:488 set: Unset optional value from type CTA861_3
01-19 21:11:13.563 16750 17205 E IMGMapper: set:488 set: Unset optional value from type SMPTE2086
01-19 21:11:13.563 16750 17205 E IMGMapper: set:488 set: Unset optional value from type CTA861_3
01-19 21:11:13.670 16750 17205 E IMGMapper: set:488 set: Unset optional value from type SMPTE2086
01-19 21:11:13.670 16750 17205 E IMGMapper: set:488 set: Unset optional value from type CTA861_3
01-19 21:11:13.695 16750 17205 E IMGMapper: set:488 set: Unset optional value from type SMPTE2086
01-19 21:11:13.696 16750 17205 E IMGMapper: set:488 set: Unset optional value from type CTA861_3
01-19 21:11:14.078 16750 16750 W OnBackInvokedCallback: OnBackInvokedCallback is not enabled for the application.
01-19 21:11:14.078 16750 16750 W OnBackInvokedCallback: Set 'android:enableOnBackInvokedCallback="true"' in the application manifest.
01-19 21:11:14.185 16750 17205 E IMGMapper: set:488 set: Unset optional value from type SMPTE2086
01-19 21:11:14.185 16750 17205 E IMGMapper: set:488 set: Unset optional value from type CTA861_3
01-19 21:11:14.221 16750 17205 E IMGMapper: set:488 set: Unset optional value from type SMPTE2086
01-19 21:11:14.221 16750 17205 E IMGMapper: set:488 set: Unset optional value from type CTA861_3
01-19 21:11:14.227 16750 17205 E IMGMapper: set:488 set: Unset optional value from type SMPTE2086
01-19 21:11:14.228 16750 17205 E IMGMapper: set:488 set: Unset optional value from type CTA861_3
01-19 21:11:14.241 16750 17205 E IMGMapper: set:488 set: Unset optional value from type SMPTE2086
01-19 21:11:14.241 16750 17205 E IMGMapper: set:488 set: Unset optional value from type CTA861_3
01-19 21:11:14.260 16750 17205 E IMGMapper: set:488 set: Unset optional value from type SMPTE2086
01-19 21:11:14.261 16750 17205 E IMGMapper: set:488 set: Unset optional value from type CTA861_3
01-19 21:11:14.272 16750 17205 E IMGMapper: set:488 set: Unset optional value from type SMPTE2086
01-19 21:11:14.272 16750 17205 E IMGMapper: set:488 set: Unset optional value from type CTA861_3
01-19 21:11:14.291 16750 17205 E IMGMapper: set:488 set: Unset optional value from type SMPTE2086
01-19 21:11:14.291 16750 17205 E IMGMapper: set:488 set: Unset optional value from type CTA861_3
01-19 21:11:14.307 16750 17205 E IMGMapper: set:488 set: Unset optional value from type SMPTE2086
01-19 21:11:14.307 16750 17205 E IMGMapper: set:488 set: Unset optional value from type CTA861_3
01-19 21:11:14.322 16750 17205 E IMGMapper: set:488 set: Unset optional value from type SMPTE2086
01-19 21:11:14.322 16750 17205 E IMGMapper: set:488 set: Unset optional value from type CTA861_3
01-19 21:11:14.340 16750 17205 E IMGMapper: set:488 set: Unset optional value from type SMPTE2086
01-19 21:11:14.340 16750 17205 E IMGMapper: set:488 set: Unset optional value from type CTA861_3
01-19 21:11:14.357 16750 17205 E IMGMapper: set:488 set: Unset optional value from type SMPTE2086
01-19 21:11:14.357 16750 17205 E IMGMapper: set:488 set: Unset optional value from type CTA861_3
01-19 21:11:14.373 16750 17205 E IMGMapper: set:488 set: Unset optional value from type SMPTE2086
01-19 21:11:14.373 16750 17205 E IMGMapper: set:488 set: Unset optional value from type CTA861_3
01-19 21:11:14.389 16750 17205 E IMGMapper: set:488 set: Unset optional value from type SMPTE2086
01-19 21:11:14.389 16750 17205 E IMGMapper: set:488 set: Unset optional value from type CTA861_3
01-19 21:11:14.602 16750 17205 E IMGMapper: set:488 set: Unset optional value from type SMPTE2086
01-19 21:11:14.602 16750 17205 E IMGMapper: set:488 set: Unset optional value from type CTA861_3
01-19 21:11:14.629 16750 17205 E IMGMapper: set:488 set: Unset optional value from type SMPTE2086
01-19 21:11:14.629 16750 17205 E IMGMapper: set:488 set: Unset optional value from type CTA861_3
01-19 21:11:14.632 16750 17205 W Parcel : Expecting binder but got null!
01-19 21:11:14.673 16750 17205 E IMGMapper: set:488 set: Unset optional value from type SMPTE2086
01-19 21:11:14.673 16750 17205 E IMGMapper: set:488 set: Unset optional value from type CTA861_3
01-19 21:11:14.675 16750 17205 W Parcel : Expecting binder but got null!
01-19 21:11:14.699 16750 17205 E IMGMapper: set:488 set: Unset optional value from type SMPTE2086
01-19 21:11:14.699 16750 17205 E IMGMapper: set:488 set: Unset optional value from type CTA861_3
01-19 21:11:14.702 16750 17205 W Parcel : Expecting binder but got null!
01-19 21:11:14.728 16750 17205 E IMGMapper: set:488 set: Unset optional value from type SMPTE2086
01-19 21:11:14.728 16750 17205 E IMGMapper: set:488 set: Unset optional value from type CTA861_3
01-19 21:11:14.743 16750 17205 E IMGMapper: set:488 set: Unset optional value from type SMPTE2086
01-19 21:11:14.744 16750 17205 E IMGMapper: set:488 set: Unset optional value from type CTA861_3
01-19 21:11:14.757 16750 17205 E IMGMapper: set:488 set: Unset optional value from type SMPTE2086
01-19 21:11:14.757 16750 17205 E IMGMapper: set:488 set: Unset optional value from type CTA861_3
01-19 21:11:14.768 16750 17205 E IMGMapper: set:488 set: Unset optional value from type SMPTE2086
01-19 21:11:14.768 16750 17205 E IMGMapper: set:488 set: Unset optional value from type CTA861_3
01-19 21:11:14.775 16750 17205 E IMGMapper: set:488 set: Unset optional value from type SMPTE2086
01-19 21:11:14.775 16750 17205 E IMGMapper: set:488 set: Unset optional value from type CTA861_3
01-19 21:11:14.781 16750 17205 E IMGMapper: set:488 set: Unset optional value from type SMPTE2086
01-19 21:11:14.781 16750 17205 E IMGMapper: set:488 set: Unset optional value from type CTA861_3
01-19 21:11:14.787 16750 17205 E IMGMapper: set:488 set: Unset optional value from type SMPTE2086
01-19 21:11:14.787 16750 17205 E IMGMapper: set:488 set: Unset optional value from type CTA861_3
01-19 21:11:14.793 16750 17205 E IMGMapper: set:488 set: Unset optional value from type SMPTE2086
01-19 21:11:14.793 16750 17205 E IMGMapper: set:488 set: Unset optional value from type CTA861_3
01-19 21:11:14.814 16750 17205 E IMGMapper: set:488 set: Unset optional value from type SMPTE2086
01-19 21:11:14.814 16750 17205 E IMGMapper: set:488 set: Unset optional value from type CTA861_3
01-19 21:11:14.830 16750 17205 E IMGMapper: set:488 set: Unset optional value from type SMPTE2086
01-19 21:11:14.830 16750 17205 E IMGMapper: set:488 set: Unset optional value from type CTA861_3
01-19 21:11:14.846 16750 17205 E IMGMapper: set:488 set: Unset optional value from type SMPTE2086
01-19 21:11:14.847 16750 17205 E IMGMapper: set:488 set: Unset optional value from type CTA861_3
01-19 21:11:14.958 16750 17205 E IMGMapper: set:488 set: Unset optional value from type SMPTE2086
01-19 21:11:14.958 16750 17205 E IMGMapper: set:488 set: Unset optional value from type CTA861_3
01-19 21:11:14.976 16750 17205 E IMGMapper: set:488 set: Unset optional value from type SMPTE2086
01-19 21:11:14.976 16750 17205 E IMGMapper: set:488 set: Unset optional value from type CTA861_3
01-19 21:11:14.994 16750 17205 E IMGMapper: set:488 set: Unset optional value from type SMPTE2086
01-19 21:11:14.994 16750 17205 E IMGMapper: set:488 set: Unset optional value from type CTA861_3
01-19 21:11:15.006 16750 17205 E IMGMapper: set:488 set: Unset optional value from type SMPTE2086
01-19 21:11:15.006 16750 17205 E IMGMapper: set:488 set: Unset optional value from type CTA861_3
01-19 21:11:15.024 16750 17205 E IMGMapper: set:488 set: Unset optional value from type SMPTE2086
01-19 21:11:15.024 16750 17205 E IMGMapper: set:488 set: Unset optional value from type CTA861_3
01-19 21:11:15.040 16750 17205 E IMGMapper: set:488 set: Unset optional value from type SMPTE2086
01-19 21:11:15.040 16750 17205 E IMGMapper: set:488 set: Unset optional value from type CTA861_3
01-19 21:11:15.057 16750 17205 E IMGMapper: set:488 set: Unset optional value from type SMPTE2086
01-19 21:11:15.058 16750 17205 E IMGMapper: set:488 set: Unset optional value from type CTA861_3
01-19 21:11:15.074 16750 17205 E IMGMapper: set:488 set: Unset optional value from type SMPTE2086
01-19 21:11:15.074 16750 17205 E IMGMapper: set:488 set: Unset optional value from type CTA861_3
01-19 21:11:15.091 16750 17205 E IMGMapper: set:488 set: Unset optional value from type SMPTE2086
01-19 21:11:15.091 16750 17205 E IMGMapper: set:488 set: Unset optional value from type CTA861_3
01-19 21:11:15.112 16750 17205 E IMGMapper: set:488 set: Unset optional value from type SMPTE2086
01-19 21:11:15.112 16750 17205 E IMGMapper: set:488 set: Unset optional value from type CTA861_3
01-19 21:11:15.123 16750 17205 E IMGMapper: set:488 set: Unset optional value from type SMPTE2086
01-19 21:11:15.123 16750 17205 E IMGMapper: set:488 set: Unset optional value from type CTA861_3
01-19 21:11:15.128 16750 17205 E IMGMapper: set:488 set: Unset optional value from type SMPTE2086
01-19 21:11:15.128 16750 17205 E IMGMapper: set:488 set: Unset optional value from type CTA861_3
01-19 21:11:15.138 16750 17205 E IMGMapper: set:488 set: Unset optional value from type SMPTE2086
01-19 21:11:15.138 16750 17205 E IMGMapper: set:488 set: Unset optional value from type CTA861_3
01-19 21:11:15.143 16750 17205 E IMGMapper: set:488 set: Unset optional value from type SMPTE2086
01-19 21:11:15.143 16750 17205 E IMGMapper: set:488 set: Unset optional value from type CTA861_3
01-19 21:11:15.155 16750 17205 E IMGMapper: set:488 set: Unset optional value from type SMPTE2086
01-19 21:11:15.155 16750 17205 E IMGMapper: set:488 set: Unset optional value from type CTA861_3
01-19 21:11:15.160 16750 17205 E IMGMapper: set:488 set: Unset optional value from type SMPTE2086
01-19 21:11:15.160 16750 17205 E IMGMapper: set:488 set: Unset optional value from type CTA861_3
01-19 21:11:15.173 16750 17205 E IMGMapper: set:488 set: Unset optional value from type SMPTE2086
01-19 21:11:15.173 16750 17205 E IMGMapper: set:488 set: Unset optional value from type CTA861_3
01-19 21:11:15.190 16750 17205 E IMGMapper: set:488 set: Unset optional value from type SMPTE2086
01-19 21:11:15.190 16750 17205 E IMGMapper: set:488 set: Unset optional value from type CTA861_3
01-19 21:11:15.193 16750 17205 E IMGMapper: set:488 set: Unset optional value from type SMPTE2086
01-19 21:11:15.193 16750 17205 E IMGMapper: set:488 set: Unset optional value from type CTA861_3
01-19 21:11:15.206 16750 17205 E IMGMapper: set:488 set: Unset optional value from type SMPTE2086
01-19 21:11:15.206 16750 17205 E IMGMapper: set:488 set: Unset optional value from type CTA861_3
01-19 21:11:15.210 16750 17205 E IMGMapper: set:488 set: Unset optional value from type SMPTE2086
01-19 21:11:15.210 16750 17205 E IMGMapper: set:488 set: Unset optional value from type CTA861_3
01-19 21:11:15.268 16750 17205 E IMGMapper: set:488 set: Unset optional value from type SMPTE2086
01-19 21:11:15.268 16750 17205 E IMGMapper: set:488 set: Unset optional value from type CTA861_3
01-19 21:11:15.275 16750 17205 E IMGMapper: set:488 set: Unset optional value from type SMPTE2086
01-19 21:11:15.275 16750 17205 E IMGMapper: set:488 set: Unset optional value from type CTA861_3
01-19 21:11:15.282 16750 17205 E IMGMapper: set:488 set: Unset optional value from type SMPTE2086
01-19 21:11:15.282 16750 17205 E IMGMapper: set:488 set: Unset optional value from type CTA861_3
01-19 21:11:15.287 16750 17205 E IMGMapper: set:488 set: Unset optional value from type SMPTE2086
01-19 21:11:15.287 16750 17205 E IMGMapper: set:488 set: Unset optional value from type CTA861_3
01-19 21:11:15.297 16750 17205 E IMGMapper: set:488 set: Unset optional value from type SMPTE2086
01-19 21:11:15.297 16750 17205 E IMGMapper: set:488 set: Unset optional value from type CTA861_3
01-19 21:11:15.312 16750 17205 E IMGMapper: set:488 set: Unset optional value from type SMPTE2086
01-19 21:11:15.312 16750 17205 E IMGMapper: set:488 set: Unset optional value from type CTA861_3
01-19 21:11:15.331 16750 17205 E IMGMapper: set:488 set: Unset optional value from type SMPTE2086
01-19 21:11:15.331 16750 17205 E IMGMapper: set:488 set: Unset optional value from type CTA861_3
01-19 21:11:15.344 16750 17205 E IMGMapper: set:488 set: Unset optional value from type SMPTE2086
01-19 21:11:15.344 16750 17205 E IMGMapper: set:488 set: Unset optional value from type CTA861_3
01-19 21:11:15.348 16750 17205 E IMGMapper: set:488 set: Unset optional value from type SMPTE2086
01-19 21:11:15.349 16750 17205 E IMGMapper: set:488 set: Unset optional value from type CTA861_3
01-19 21:11:15.382 16750 17205 E IMGMapper: set:488 set: Unset optional value from type SMPTE2086
01-19 21:11:15.382 16750 17205 E IMGMapper: set:488 set: Unset optional value from type CTA861_3
01-19 21:11:15.531 16750 17205 E IMGMapper: set:488 set: Unset optional value from type SMPTE2086
01-19 21:11:15.531 16750 17205 E IMGMapper: set:488 set: Unset optional value from type CTA861_3
01-19 21:11:15.543 16750 17205 E IMGMapper: set:488 set: Unset optional value from type SMPTE2086
01-19 21:11:15.543 16750 17205 E IMGMapper: set:488 set: Unset optional value from type CTA861_3
01-19 21:11:15.762 16750 17205 E IMGMapper: set:488 set: Unset optional value from type SMPTE2086
01-19 21:11:15.763 16750 17205 E IMGMapper: set:488 set: Unset optional value from type CTA861_3
01-19 21:11:15.777 16750 17205 E IMGMapper: set:488 set: Unset optional value from type SMPTE2086
01-19 21:11:15.778 16750 17205 E IMGMapper: set:488 set: Unset optional value from type CTA861_3
01-19 21:11:16.031 16750 17205 E IMGMapper: set:488 set: Unset optional value from type SMPTE2086
01-19 21:11:16.031 16750 17205 E IMGMapper: set:488 set: Unset optional value from type CTA861_3
01-19 21:11:16.047 16750 17205 E IMGMapper: set:488 set: Unset optional value from type SMPTE2086
01-19 21:11:16.047 16750 17205 E IMGMapper: set:488 set: Unset optional value from type CTA861_3
01-19 21:11:16.367 16750 17205 E IMGMapper: set:488 set: Unset optional value from type SMPTE2086
01-19 21:11:16.367 16750 17205 E IMGMapper: set:488 set: Unset optional value from type CTA861_3
01-19 21:11:16.381 16750 17205 E IMGMapper: set:488 set: Unset optional value from type SMPTE2086
01-19 21:11:16.381 16750 17205 E IMGMapper: set:488 set: Unset optional value from type CTA861_3
01-19 21:11:16.652 16750 17205 E IMGMapper: set:488 set: Unset optional value from type SMPTE2086
01-19 21:11:16.652 16750 17205 E IMGMapper: set:488 set: Unset optional value from type CTA861_3
01-19 21:11:16.668 16750 17205 E IMGMapper: set:488 set: Unset optional value from type SMPTE2086
01-19 21:11:16.668 16750 17205 E IMGMapper: set:488 set: Unset optional value from type CTA861_3
01-19 21:11:16.953 16750 17205 E IMGMapper: set:488 set: Unset optional value from type SMPTE2086
01-19 21:11:16.953 16750 17205 E IMGMapper: set:488 set: Unset optional value from type CTA861_3
01-19 21:11:16.968 16750 17205 E IMGMapper: set:488 set: Unset optional value from type SMPTE2086
01-19 21:11:16.968 16750 17205 E IMGMapper: set:488 set: Unset optional value from type CTA861_3
01-19 21:11:17.255 16750 17205 E IMGMapper: set:488 set: Unset optional value from type SMPTE2086
01-19 21:11:17.255 16750 17205 E IMGMapper: set:488 set: Unset optional value from type CTA861_3
01-19 21:11:17.270 16750 17205 E IMGMapper: set:488 set: Unset optional value from type SMPTE2086
01-19 21:11:17.270 16750 17205 E IMGMapper: set:488 set: Unset optional value from type CTA861_3
01-19 21:11:17.424 16750 17205 E IMGMapper: set:488 set: Unset optional value from type SMPTE2086
01-19 21:11:17.424 16750 17205 E IMGMapper: set:488 set: Unset optional value from type CTA861_3
01-19 21:11:17.439 16750 17205 E IMGMapper: set:488 set: Unset optional value from type SMPTE2086
01-19 21:11:17.439 16750 17205 E IMGMapper: set:488 set: Unset optional value from type CTA861_3
01-19 21:11:17.641 16750 17205 E IMGMapper: set:488 set: Unset optional value from type SMPTE2086
01-19 21:11:17.641 16750 17205 E IMGMapper: set:488 set: Unset optional value from type CTA861_3
01-19 21:11:17.656 16750 17205 E IMGMapper: set:488 set: Unset optional value from type SMPTE2086
01-19 21:11:17.657 16750 17205 E IMGMapper: set:488 set: Unset optional value from type CTA861_3
01-19 21:11:17.877 16750 17205 E IMGMapper: set:488 set: Unset optional value from type SMPTE2086
01-19 21:11:17.877 16750 17205 E IMGMapper: set:488 set: Unset optional value from type CTA861_3
01-19 21:11:18.344 16750 17205 E IMGMapper: set:488 set: Unset optional value from type SMPTE2086
01-19 21:11:18.345 16750 17205 E IMGMapper: set:488 set: Unset optional value from type CTA861_3
01-19 21:11:18.362 16750 17205 E IMGMapper: set:488 set: Unset optional value from type SMPTE2086
01-19 21:11:18.362 16750 17205 E IMGMapper: set:488 set: Unset optional value from type CTA861_3
01-19 21:11:18.379 16750 17205 E IMGMapper: set:488 set: Unset optional value from type SMPTE2086
01-19 21:11:18.379 16750 17205 E IMGMapper: set:488 set: Unset optional value from type CTA861_3
01-19 21:11:18.397 16750 17205 E IMGMapper: set:488 set: Unset optional value from type SMPTE2086
01-19 21:11:18.397 16750 17205 E IMGMapper: set:488 set: Unset optional value from type CTA861_3
01-19 21:11:18.413 16750 17205 E IMGMapper: set:488 set: Unset optional value from type SMPTE2086
01-19 21:11:18.413 16750 17205 E IMGMapper: set:488 set: Unset optional value from type CTA861_3
01-19 21:11:18.430 16750 17205 E IMGMapper: set:488 set: Unset optional value from type SMPTE2086
01-19 21:11:18.430 16750 17205 E IMGMapper: set:488 set: Unset optional value from type CTA861_3
01-19 21:11:18.434 16750 16750 W Settings: Setting show_button_background has moved from android.provider.Settings.System to android.provider.Settings.Global, returning read-only value.
01-19 21:11:18.446 16750 17205 E IMGMapper: set:488 set: Unset optional value from type SMPTE2086
01-19 21:11:18.446 16750 17205 E IMGMapper: set:488 set: Unset optional value from type CTA861_3
01-19 21:11:18.464 16750 17205 E IMGMapper: set:488 set: Unset optional value from type SMPTE2086
01-19 21:11:18.464 16750 17205 E IMGMapper: set:488 set: Unset optional value from type CTA861_3
01-19 21:11:18.481 16750 17205 E IMGMapper: set:488 set: Unset optional value from type SMPTE2086
01-19 21:11:18.481 16750 17205 E IMGMapper: set:488 set: Unset optional value from type CTA861_3
01-19 21:11:18.501 16750 17205 E IMGMapper: set:488 set: Unset optional value from type SMPTE2086
01-19 21:11:18.501 16750 17205 E IMGMapper: set:488 set: Unset optional value from type CTA861_3
01-19 21:11:18.503 16750 17205 W Parcel : Expecting binder but got null!
01-19 21:11:18.507 16750 17205 E IMGMapper: set:488 set: Unset optional value from type SMPTE2086
01-19 21:11:18.507 16750 17205 E IMGMapper: set:488 set: Unset optional value from type CTA861_3
01-19 21:11:18.516 16750 17205 E IMGMapper: set:488 set: Unset optional value from type SMPTE2086
01-19 21:11:18.516 16750 17205 E IMGMapper: set:488 set: Unset optional value from type CTA861_3
01-19 21:11:18.521 16750 17205 E IMGMapper: set:488 set: Unset optional value from type SMPTE2086
01-19 21:11:18.521 16750 17205 E IMGMapper: set:488 set: Unset optional value from type CTA861_3
01-19 21:11:18.533 16750 17205 E IMGMapper: set:488 set: Unset optional value from type SMPTE2086
01-19 21:11:18.533 16750 17205 E IMGMapper: set:488 set: Unset optional value from type CTA861_3
01-19 21:11:18.538 16750 17205 E IMGMapper: set:488 set: Unset optional value from type SMPTE2086
