Download as TXT, PDF, TXT or read online from Scribd
Download as txt, pdf, or txt
You are on page 1of 8
--------- beginning of main
03-26 17:55:14.028 15611 15611 E com.mbwhatsapp: Not starting debugger since
process cannot load the jdwp agent.
03-26 17:55:14.041 15611 15611 W ziparchive: Unable to open '/system_ext/framework/unisoc-framework.dm': No such file or directory
03-26 17:55:14.041 15611 15611 W ziparchive: Unable to open '/system_ext/framework/unisoc-framework.dm': No such file or directory
03-26 17:55:14.066 15611 15627 E com.mbwhatsapp: Could not write anonymous vdex /system_ext/framework/oat/arm64/unisoc-framework.vdex: Could not open /system_ext/framework/oat/arm64/unisoc-framework.vdex for writing
03-26 17:55:14.206 15611 15611 W System.err: java.lang.ClassNotFoundException: mbmodsd.mbmodsw.ui.views.btn.BtnBK
03-26 17:55:14.206 15611 15611 W System.err: at java.lang.Runtime.nativeLoad(Native Method)
03-26 17:55:14.206 15611 15611 W System.err: at java.lang.Runtime.nativeLoad(Runtime.java:1126)
03-26 17:55:14.206 15611 15611 W System.err: at java.lang.Runtime.loadLibrary0(Runtime.java:1080)
03-26 17:55:14.206 15611 15611 W System.err: at java.lang.Runtime.loadLibrary0(Runtime.java:1003)
03-26 17:55:14.206 15611 15611 W System.err: at java.lang.System.loadLibrary(System.java:1661)
03-26 17:55:14.206 15611 15611 W System.err: at arm.EpicVm.<clinit>(Unknown Source:2)
03-26 17:55:14.206 15611 15611 W System.err: at java.lang.Class.newInstance(Native Method)
03-26 17:55:14.206 15611 15611 W System.err: at android.app.AppComponentFactory.instantiateApplication(AppComponentFactory.java:76)
03-26 17:55:14.206 15611 15611 W System.err: at androidx.core.app.CoreComponentFactory.instantiateApplication(Unknown Source:0)
03-26 17:55:14.206 15611 15611 W System.err: at android.app.Instrumentation.newApplication(Instrumentation.java:1236)
03-26 17:55:14.206 15611 15611 W System.err: at android.app.LoadedApk.makeApplicationInner(LoadedApk.java:1466)
03-26 17:55:14.206 15611 15611 W System.err: at android.app.LoadedApk.makeApplicationInner(LoadedApk.java:1403)
03-26 17:55:14.206 15611 15611 W System.err: at android.app.ActivityThread.handleBindApplication(ActivityThread.java:6992)
03-26 17:55:14.206 15611 15611 W System.err: at android.app.ActivityThread.-$ $Nest$mhandleBindApplication(Unknown Source:0)
03-26 17:55:14.206 15611 15611 W System.err: at android.app.ActivityThread$H.handleMessage(ActivityThread.java:2260)
03-26 17:55:14.206 15611 15611 W System.err: at android.os.Handler.dispatchMessage(Handler.java:106)
03-26 17:55:14.206 15611 15611 W System.err: at android.os.Looper.loopOnce(Looper.java:201)
03-26 17:55:14.206 15611 15611 W System.err: at android.os.Looper.loop(Looper.java:288)
03-26 17:55:14.206 15611 15611 W System.err: at android.app.ActivityThread.main(ActivityThread.java:8194)
03-26 17:55:14.206 15611 15611 W System.err: at java.lang.reflect.Method.invoke(Native Method)
03-26 17:55:14.206 15611 15611 W System.err: at com.android.internal.os.RuntimeInit$MethodAndArgsCaller.run(RuntimeInit.java:703)
03-26 17:55:14.206 15611 15611 W System.err: at com.android.internal.os.ZygoteInit.main(ZygoteInit.java:911)
03-26 17:55:14.311 15611 15611 E CustomActivityOnCrash: IMPORTANT WARNING! You already have an UncaughtExceptionHandler, are you sure this is correct? If you use a custom UncaughtExceptionHandler, you must initialize it AFTER CustomActivityOnCrash! Installing anyway, but your original handler will not be called.
03-26 17:55:14.910 15660 15660 E com.mbwhatsapp: Not starting debugger since process cannot load the jdwp agent.
03-26 17:55:14.918 15660 15660 W ziparchive: Unable to open '/system_ext/framework/unisoc-framework.dm': No such file or directory
03-26 17:55:14.918 15660 15660 W ziparchive: Unable to open '/system_ext/framework/unisoc-framework.dm': No such file or directory
03-26 17:55:14.932 15660 15677 E com.mbwhatsapp: Could not write anonymous vdex /system_ext/framework/oat/arm64/unisoc-framework.vdex: Could not open /system_ext/framework/oat/arm64/unisoc-framework.vdex for writing
03-26 17:55:14.994 15660 15660 W System.err: java.lang.ClassNotFoundException: mbmodsd.mbmodsw.ui.views.btn.BtnBK
03-26 17:55:14.994 15660 15660 W System.err: at java.lang.Runtime.nativeLoad(Native Method)
03-26 17:55:14.994 15660 15660 W System.err: at java.lang.Runtime.nativeLoad(Runtime.java:1126)
03-26 17:55:14.994 15660 15660 W System.err: at java.lang.Runtime.loadLibrary0(Runtime.java:1080)
03-26 17:55:14.994 15660 15660 W System.err: at java.lang.Runtime.loadLibrary0(Runtime.java:1003)
03-26 17:55:14.994 15660 15660 W System.err: at java.lang.System.loadLibrary(System.java:1661)
03-26 17:55:14.994 15660 15660 W System.err: at arm.EpicVm.<clinit>(Unknown Source:2)
03-26 17:55:14.994 15660 15660 W System.err: at java.lang.Class.newInstance(Native Method)
03-26 17:55:14.994 15660 15660 W System.err: at android.app.AppComponentFactory.instantiateApplication(AppComponentFactory.java:76)
03-26 17:55:14.994 15660 15660 W System.err: at androidx.core.app.CoreComponentFactory.instantiateApplication(Unknown Source:0)
03-26 17:55:14.994 15660 15660 W System.err: at android.app.Instrumentation.newApplication(Instrumentation.java:1236)
03-26 17:55:14.994 15660 15660 W System.err: at android.app.LoadedApk.makeApplicationInner(LoadedApk.java:1466)
03-26 17:55:14.994 15660 15660 W System.err: at android.app.LoadedApk.makeApplicationInner(LoadedApk.java:1403)
03-26 17:55:14.994 15660 15660 W System.err: at android.app.ActivityThread.handleBindApplication(ActivityThread.java:6992)
03-26 17:55:14.994 15660 15660 W System.err: at android.app.ActivityThread.-$ $Nest$mhandleBindApplication(Unknown Source:0)
03-26 17:55:14.994 15660 15660 W System.err: at android.app.ActivityThread$H.handleMessage(ActivityThread.java:2260)
03-26 17:55:14.994 15660 15660 W System.err: at android.os.Handler.dispatchMessage(Handler.java:106)
03-26 17:55:14.994 15660 15660 W System.err: at android.os.Looper.loopOnce(Looper.java:201)
03-26 17:55:14.994 15660 15660 W System.err: at android.os.Looper.loop(Looper.java:288)
03-26 17:55:14.994 15660 15660 W System.err: at android.app.ActivityThread.main(ActivityThread.java:8194)
03-26 17:55:14.994 15660 15660 W System.err: at java.lang.reflect.Method.invoke(Native Method)
03-26 17:55:14.994 15660 15660 W System.err: at com.android.internal.os.RuntimeInit$MethodAndArgsCaller.run(RuntimeInit.java:703)
03-26 17:55:14.994 15660 15660 W System.err: at com.android.internal.os.ZygoteInit.main(ZygoteInit.java:911)
03-26 17:55:15.047 15660 15660 E CustomActivityOnCrash: IMPORTANT WARNING! You already have an UncaughtExceptionHandler, are you sure this is correct? If you use a custom UncaughtExceptionHandler, you must initialize it AFTER CustomActivityOnCrash! Installing anyway, but your original handler will not be called.
03-26 17:55:15.255 15660 15660 W com.mbwhatsapp: Accessing hidden method Lcom/android/org/conscrypt/OpenSSLSocketImpl;->setUseSessionTickets(Z)V (max- target-q,core-platform-api, reflection, denied)
03-26 17:55:15.255 15660 15660 W com.mbwhatsapp: Accessing hidden method Lcom/android/org/conscrypt/AbstractConscryptSocket;->setUseSessionTickets(Z)V (max- target-q, reflection, denied)
03-26 17:55:15.275 15696 15696 W logcat : type=1400 audit(0.0:142779): avc: denied { ioctl } for path="/storage/emulated/0/Download/FMThemes/MBLogs/logcat.txt" dev="fuse" ino=51563 ioctlcmd=0xf50d scontext=u:r:untrusted_app:s0:c211,c256,c512,c768 tcontext=u:object_r:fuse:s0 tclass=file permissive=0 app=com.mbwhatsapp
03-26 17:55:15.761 15660 15682 W LibraryVersion: Failed to get app version for libraryName: firebase-iid
03-26 17:55:16.279 15660 15660 W CheckTime: App running slow: Executing handleBindApplication : callApplicationOnCreate took 1207ms
03-26 17:55:16.280 15660 15716 W com.mbwhatsapp: Method void X.2rL.A03(java.lang.Integer) failed lock verification and will run slower.
03-26 17:55:16.280 15660 15716 W com.mbwhatsapp: Common causes for lock verification issues are non-optimized dex code
03-26 17:55:16.280 15660 15716 W com.mbwhatsapp: and incorrect proguard optimizations.
03-26 17:55:16.292 15660 15660 W com.mbwhatsapp: Method void X.0eU.A0h(X.0tK, boolean) failed lock verification and will run slower.
03-26 17:55:16.619 15660 15660 E com.mbwhatsapp: Invalid ID 0x00000000.
03-26 17:55:16.623 15660 15660 W System.err: android.content.res.Resources$NotFoundException: String resource ID #0x0
03-26 17:55:16.623 15660 15660 W System.err: at android.content.res.Resources.getText(Resources.java:453)
03-26 17:55:16.623 15660 15660 W System.err: at android.content.res.Resources.getString(Resources.java:546)
03-26 17:55:16.623 15660 15660 W System.err: at X.35t.A0E(Unknown Source:46)
03-26 17:55:16.623 15660 15660 W System.err: at com.mbwhatsapp.yo.yo.getString(Native Method)
03-26 17:55:16.623 15660 15660 W System.err: at com.mbwhatsapp.yo.yo.getString(Native Method)
03-26 17:55:16.623 15660 15660 W System.err: at com.mbwhatsapp.youbasha.task.utils.requestAllFilesAccess14(Native Method)
03-26 17:55:16.623 15660 15660 W System.err: at com.mbwhatsapp.yo.dep.showStoragePermissionRequest(Native Method)
03-26 17:55:16.623 15660 15660 W System.err: at com.mbwhatsapp.registration.EULA.onCreate(Unknown Source:248)
03-26 17:55:16.623 15660 15660 W System.err: at android.app.Activity.performCreate(Activity.java:8353)
03-26 17:55:16.623 15660 15660 W System.err: at android.app.Activity.performCreate(Activity.java:8332)
03-26 17:55:16.623 15660 15660 W System.err: at android.app.Instrumentation.callActivityOnCreate(Instrumentation.java:1388)
03-26 17:55:16.623 15660 15660 W System.err: at android.app.ActivityThread.performLaunchActivity(ActivityThread.java:3849)
03-26 17:55:16.623 15660 15660 W System.err: at android.app.ActivityThread.handleLaunchActivity(ActivityThread.java:4006)
03-26 17:55:16.624 15660 15660 W System.err: at android.app.servertransaction.LaunchActivityItem.execute(LaunchActivityItem.java:10 1)
03-26 17:55:16.624 15660 15660 W System.err: at android.app.servertransaction.TransactionExecutor.executeCallbacks(TransactionExecu tor.java:137)
03-26 17:55:16.624 15660 15660 W System.err: at android.app.servertransaction.TransactionExecutor.execute(TransactionExecutor.java: 97)
03-26 17:55:16.624 15660 15660 W System.err: at android.app.ActivityThread$H.handleMessage(ActivityThread.java:2434)
03-26 17:55:16.624 15660 15660 W System.err: at android.os.Handler.dispatchMessage(Handler.java:106)
03-26 17:55:16.624 15660 15660 W System.err: at android.os.Looper.loopOnce(Looper.java:201)
03-26 17:55:16.624 15660 15660 W System.err: at android.os.Looper.loop(Looper.java:288)
03-26 17:55:16.624 15660 15660 W System.err: at android.app.ActivityThread.main(ActivityThread.java:8194)
03-26 17:55:16.624 15660 15660 W System.err: at java.lang.reflect.Method.invoke(Native Method)
03-26 17:55:16.624 15660 15660 W System.err: at com.android.internal.os.RuntimeInit$MethodAndArgsCaller.run(RuntimeInit.java:703)
03-26 17:55:16.624 15660 15660 W System.err: at com.android.internal.os.ZygoteInit.main(ZygoteInit.java:911)
03-26 17:55:16.740 15660 15660 W Activity: Can request only one set of permissions at a time
03-26 17:55:16.804 15660 15734 E RenderScript: Failed to find hal setup entry points: undefined symbol: rsdHalAbort
03-26 17:55:16.804 15660 15734 E RenderScript: Failed to load runtime , loading default
03-26 17:55:16.856 15660 15660 E ArmVmp : Match on catch block at 0x0a in for 0x76a555404d
03-26 17:55:16.866 15660 15660 W libc : Access denied finding property "ro.vendor.game_aisr_enable"
03-26 17:55:16.870 15660 15660 W SystemServiceRegistry: No service published for: tran_pwhub
03-26 17:55:16.908 15660 15660 W SystemServiceRegistry: No service published for: tran_pwhub
03-26 17:55:17.112 15660 15726 W Parcel : Expecting binder but got null!
03-26 17:55:17.743 15660 15726 W Parcel : Expecting binder but got null!
03-26 17:55:18.138 15660 15660 E com.mbwhatsapp: Invalid ID 0x00000000.
03-26 17:55:18.138 15660 15660 E com.mbwhatsapp: Invalid ID 0x00000000.
03-26 17:55:18.139 15660 15660 E com.mbwhatsapp: Invalid ID 0x00000000.
03-26 17:55:18.140 15660 15660 E com.mbwhatsapp: Invalid ID 0x00000000.
03-26 17:55:18.141 15660 15660 E com.mbwhatsapp: Invalid ID 0x00000000.
03-26 17:55:18.141 15660--------- beginning of main
03-26 17:55:24.930 15660 15660 E WindowManager: android.view.WindowLeaked: Activity com.mbwhatsapp.registration.EULA has leaked window DecorView@89045fe[EULA] that was originally added here
03-26 17:55:24.930 15660 15660 E WindowManager: at android.view.ViewRootImpl.<init>(ViewRootImpl.java:960)
03-26 17:55:24.930 15660 15660 E WindowManager: at android.view.ViewRootImpl.<init>(ViewRootImpl.java:944)
03-26 17:55:24.930 15660 15660 E WindowManager: at android.view.UnisocViewRootImpl.<init>(UnisocViewRootImpl.java:35)
03-26 17:55:24.930 15660 15660 E WindowManager: at android.view.UnisocViewRootImplFactory.makeViewRootImpl(UnisocViewRootImplFactory.j ava:19)
03-26 17:55:24.930 15660 15660 E WindowManager: at android.view.WindowManagerGlobal.addView(WindowManagerGlobal.java:389)
03-26 17:55:24.930 15660 15660 E WindowManager: at android.view.WindowManagerImpl.addView(WindowManagerImpl.java:148)
03-26 17:55:24.930 15660 15660 E WindowManager: at android.app.Dialog.show(Dialog.java:414)
03-26 17:55:24.930 15660 15660 E WindowManager: at mbmodsd.mbmodsw.mbdialog.mbdialogios.iOSDark.show(Native Method)
03-26 17:55:24.930 15660 15660 E WindowManager: at mbmodsd.mbmodsw.mbutils.mbiosdialog.mb_allfiles(Native Method)
03-26 17:55:24.930 15660 15660 E WindowManager: at com.mbwhatsapp.registration.EULA.onStart(Unknown Source:6)
03-26 17:55:24.930 15660 15660 E WindowManager: at android.app.Instrumentation.callActivityOnStart(Instrumentation.java:1514)
03-26 17:55:24.930 15660 15660 E WindowManager: at android.app.Activity.performStart(Activity.java:8389)
03-26 17:55:24.930 15660 15660 E WindowManager: at android.app.ActivityThread.handleStartActivity(ActivityThread.java:3894)
03-26 17:55:24.930 15660 15660 E WindowManager: at android.app.servertransaction.TransactionExecutor.performLifecycleSequence(Transact ionExecutor.java:223)
03-26 17:55:24.930 15660 15660 E WindowManager: at android.app.servertransaction.TransactionExecutor.cycleToPath(TransactionExecutor.j ava:203)
03-26 17:55:24.930 15660 15660 E WindowManager: at android.app.servertransaction.TransactionExecutor.executeLifecycleState(Transaction Executor.java:175)
03-26 17:55:24.930 15660 15660 E WindowManager: at android.app.servertransaction.TransactionExecutor.execute(TransactionExecutor.java: 99)
03-26 17:55:24.930 15660 15660 E WindowManager: at android.app.ActivityThread$H.handleMessage(ActivityThread.java:2434)
03-26 17:55:24.930 15660 15660 E WindowManager: at android.os.Handler.dispatchMessage(Handler.java:106)
03-26 17:55:24.930 15660 15660 E WindowManager: at android.os.Looper.loopOnce(Looper.java:201)
03-26 17:55:24.930 15660 15660 E WindowManager: at android.os.Looper.loop(Looper.java:288)
03-26 17:55:24.930 15660 15660 E WindowManager: at android.app.ActivityThread.main(ActivityThread.java:8194)
03-26 17:55:24.930 15660 15660 E WindowManager: at java.lang.reflect.Method.invoke(Native Method)
03-26 17:55:24.930 15660 15660 E WindowManager: at com.android.internal.os.RuntimeInit$MethodAndArgsCaller.run(RuntimeInit.java:703)
03-26 17:55:24.930 15660 15660 E WindowManager: at com.android.internal.os.ZygoteInit.main(ZygoteInit.java:911)
03-26 17:55:26.182 15871 15871 E com.mbwhatsapp: Not starting debugger since process cannot load the jdwp agent.
03-26 17:55:26.193 15871 15871 W ziparchive: Unable to open '/system_ext/framework/unisoc-framework.dm': No such file or directory
03-26 17:55:26.193 15871 15871 W ziparchive: Unable to open '/system_ext/framework/unisoc-framework.dm': No such file or directory
03-26 17:55:26.205 15871 15887 E com.mbwhatsapp: Could not write anonymous vdex /system_ext/framework/oat/arm64/unisoc-framework.vdex: Could not open /system_ext/framework/oat/arm64/unisoc-framework.vdex for writing
03-26 17:55:26.296 15871 15871 W System.err: java.lang.ClassNotFoundException: mbmodsd.mbmodsw.ui.views.btn.BtnBK
03-26 17:55:26.297 15871 15871 W System.err: at java.lang.Runtime.nativeLoad(Native Method)
03-26 17:55:26.297 15871 15871 W System.err: at java.lang.Runtime.nativeLoad(Runtime.java:1126)
03-26 17:55:26.297 15871 15871 W System.err: at java.lang.Runtime.loadLibrary0(Runtime.java:1080)
03-26 17:55:26.297 15871 15871 W System.err: at java.lang.Runtime.loadLibrary0(Runtime.java:1003)
03-26 17:55:26.297 15871 15871 W System.err: at java.lang.System.loadLibrary(System.java:1661)
03-26 17:55:26.297 15871 15871 W System.err: at arm.EpicVm.<clinit>(Unknown Source:2)
03-26 17:55:26.297 15871 15871 W System.err: at java.lang.Class.newInstance(Native Method)
03-26 17:55:26.297 15871 15871 W System.err: at android.app.AppComponentFactory.instantiateApplication(AppComponentFactory.java:76)
03-26 17:55:26.297 15871 15871 W System.err: at androidx.core.app.CoreComponentFactory.instantiateApplication(Unknown Source:0)
03-26 17:55:26.297 15871 15871 W System.err: at android.app.Instrumentation.newApplication(Instrumentation.java:1236)
03-26 17:55:26.297 15871 15871 W System.err: at android.app.LoadedApk.makeApplicationInner(LoadedApk.java:1466)
03-26 17:55:26.297 15871 15871 W System.err: at android.app.LoadedApk.makeApplicationInner(LoadedApk.java:1403)
03-26 17:55:26.297 15871 15871 W System.err: at android.app.ActivityThread.handleBindApplication(ActivityThread.java:6992)
03-26 17:55:26.297 15871 15871 W System.err: at android.app.ActivityThread.-$ $Nest$mhandleBindApplication(Unknown Source:0)
03-26 17:55:26.297 15871 15871 W System.err: at android.app.ActivityThread$H.handleMessage(ActivityThread.java:2260)
03-26 17:55:26.297 15871 15871 W System.err: at android.os.Handler.dispatchMessage(Handler.java:106)
03-26 17:55:26.297 15871 15871 W System.err: at android.os.Looper.loopOnce(Looper.java:201)
03-26 17:55:26.297 15871 15871 W System.err: at android.os.Looper.loop(Looper.java:288)
03-26 17:55:26.297 15871 15871 W System.err: at android.app.ActivityThread.main(ActivityThread.java:8194)
03-26 17:55:26.297 15871 15871 W System.err: at java.lang.reflect.Method.invoke(Native Method)
03-26 17:55:26.297 15871 15871 W System.err: at com.android.internal.os.RuntimeInit$MethodAndArgsCaller.run(RuntimeInit.java:703)
03-26 17:55:26.297 15871 15871 W System.err: at com.android.internal.os.ZygoteInit.main(ZygoteInit.java:911)
03-26 17:55:26.302 15871 15871 E CustomActivityOnCrash: IMPORTANT WARNING! You already have an UncaughtExceptionHandler, are you sure this is correct? If you use a custom UncaughtExceptionHandler, you must initialize it AFTER CustomActivityOnCrash! Installing anyway, but your original handler will not be called.
03-26 17:55:26.449 15871 15871 W com.mbwhatsapp: Accessing hidden method Lcom/android/org/conscrypt/OpenSSLSocketImpl;->setUseSessionTickets(Z)V (max- target-q,core-platform-api, reflection, denied)
03-26 17:55:26.449 15871 15871 W com.mbwhatsapp: Accessing hidden method Lcom/android/org/conscrypt/AbstractConscryptSocket;->setUseSessionTickets(Z)V (max- target-q, reflection, denied)
03-26 17:55:26.726 15871 15871 W Activity: Can request only one set of permissions at a time
03-26 17:55:26.743 15871 15871 W libc : Access denied finding property "ro.vendor.game_aisr_enable"
03-26 17:55:26.746 15871 15871 W SystemServiceRegistry: No service published for: tran_pwhub
03-26 17:55:27.022 15871 15926 W Parcel : Expecting binder but got null!
03-26 17:55:27.066 15871 15871 W libc : Access denied finding property "persist.unipnp.debug"
03-26 17:55:27.066 15871 15871 W libc : Access denied finding property "persist.unipnp.debug"
03-26 17:55:27.067 15871 15871 W ziparchive: Unable to open '/system_ext/framework/unipnp-framework.dm': No such file or directory
03-26 17:55:27.067 15871 15871 W ziparchive: Unable to open '/system_ext/framework/unipnp-framework.dm': No such file or directory
03-26 17:55:29.790 15871 15976 E ShortcutInfoCompatSaver: Failed to load saved values from file /data/user/0/com.mbwhatsapp/files/ShortcutInfoCompatSaver_share_targets/ targets.xml. Old state removed, new added
03-26 17:55:29.790 15871 15976 E ShortcutInfoCompatSaver: java.io.FileNotFoundException: /data/user/0/com.mbwhatsapp/files/ShortcutInfoCompatSaver_share_targets/ targets.xml: open failed: ENOENT (No such file or directory)
03-26 17:55:29.790 15871 15976 E ShortcutInfoCompatSaver: at libcore.io.IoBridge.open(IoBridge.java:574)
03-26 17:55:29.790 15871 15976 E ShortcutInfoCompatSaver: at java.io.FileInputStream.<init>(FileInputStream.java:160)
03-26 17:55:29.790 15871 15976 E ShortcutInfoCompatSaver: at X.0nz.run(Unknown Source:82)
03-26 17:55:29.790 15871 15976 E ShortcutInfoCompatSaver: at java.util.concurrent.Executors$RunnableAdapter.call(Executors.java:487)
03-26 17:55:29.790 15871 15976 E ShortcutInfoCompatSaver: at java.util.concurrent.FutureTask.run(FutureTask.java:264)
03-26 17:55:29.790 15871 15976 E ShortcutInfoCompatSaver: at java.util.concurrent.ThreadPoolExecutor.runWorker(ThreadPoolExecutor.java:1145)
03-26 17:55:29.790 15871 15976 E ShortcutInfoCompatSaver: at java.util.concurrent.ThreadPoolExecutor$Worker.run(ThreadPoolExecutor.java:644)
03-26 17:55:29.790 15871 15976 E ShortcutInfoCompatSaver: at java.lang.Thread.run(Thread.java:1012)
03-26 17:55:29.790 15871 15976 E ShortcutInfoCompatSaver: Caused by: android.system.ErrnoException: open failed: ENOENT (No such file or directory)
03-26 17:55:29.790 15871 15976 E ShortcutInfoCompatSaver: at libcore.io.Linux.open(Native Method)
03-26 17:55:29.790 15871 15976 E ShortcutInfoCompatSaver: at libcore.io.ForwardingOs.open(ForwardingOs.java:563)
03-26 17:55:29.790 15871 15976 E ShortcutInfoCompatSaver: at libcore.io.BlockGuardOs.open(BlockGuardOs.java:274)
03-26 17:55:29.790 15871 15976 E ShortcutInfoCompatSaver: at libcore.io.ForwardingOs.open(ForwardingOs.java:563)
03-26 17:55:29.790 15871 15976 E ShortcutInfoCompatSaver: at android.app.ActivityThread$AndroidOs.open(ActivityThread.java:8052)
03-26 17:55:29.790 15871 15976 E ShortcutInfoCompatSaver: at libcore.io.IoBridge.open(IoBridge.java:560)
03-26 17:55:29.790 15871 15976 E ShortcutInfoCompatSaver: ... 7 more
03-26 17:55:29.866 15871 15926 E FrameEvents: updateAcquireFence: Did not find frame.
03-26 17:55:29.882 15871 15926 E FrameEvents: updateAcquireFence: Did not find frame.
03-26 17:55:29.888 15871 15926 E FrameEvents: updateAcquireFence: Did not find frame.
03-26 17:55:29.895 15871 15871 W com.mbwhatsapp: type=1400 audit(0.0:142917): avc: denied { read } for name="osrelease" dev="proc" ino=11573092 scontext=u:r:untrusted_app:s0:c211,c256,c512,c768 tcontext=u:object_r:proc:s0 tclass=file permissive=0 app=com.mbwhatsapp
03-26 17:55:29.895 15871 15871 W com.mbwhatsapp: type=1400 audit(0.0:142918): avc: denied { read } for name="version" dev="proc" ino=11573093 scontext=u:r:untrusted_app:s0:c211,c256,c512,c768 tcontext=u:object_r:proc:s0 tclass=file permissive=0 app=com.mbwhatsapp
03-26 17:55:40.141 15871 15871 W SystemServiceRegistry: No service published for: tran_pwhub
03-26 17:55:40.255 15871 15926 W Parcel : Expecting binder but got null!
03-26 17:55:42.488 15871 15871 W OnBackInvokedCallback: OnBackInvokedCallback is not enabled for the application.
03-26 17:55:42.488 15871 15871 W OnBackInvokedCallback: Set 'android:enableOnBackInvokedCallback="true"' in the application manifest.
03-26 17:55:52.771 15871 15871 W SystemServiceRegistry: No service published for: tran_pwhub
03-26 17:55:52.820 15871 15926 W Parcel : Expecting binder but got null!
03-26 17:55:53.876 15871 15909 E PlayCore: UID: [10211] PID: [15871] StandardIntegrity : Phonesky is not installed.
03-26 17:55:55.095 15871 15871 W SystemServiceRegistry: No service published for: tran_pwhub
03-26 17:55:55.141 15871 15926 W Parcel : Expecting binder but got null!
03-26 17:55:58.139 15871 15871 W OnBackInvokedCallback: OnBackInvokedCallback is not enabled for the application.
03-26 17:55:58.139 15871 15871 W OnBackInvokedCallback: Set 'android:enableOnBackInvokedCallback="true"' in the application manifest.
03-26 17:55:58.194 15871 15871 W SystemServiceRegistry: No service published for: tran_pwhub
03-26 17:55:58.256 15871 15926 W Parcel : Expecting binder but got null!
03-26 17:55:58.323 15871 15871 W OnBackInvokedCallback: OnBackInvokedCallback is not enabled for the application.
03-26 17:55:58.323 15871 15871 W OnBackIn