02-26 13:27:02.021 7775 2188 W BufferQueueProducer: [SurfaceTexture-0-7775-7] (id:1e5f0000005a,api:3,p:7775,c:7775) detachBuffer: slot 57 is not owned by the producer (state = FREE)
02-26 13:27:02.021 7775 2188 W BufferQueueProducer: [SurfaceTexture-0-7775-7] (id:1e5f0000005a,api:3,p:7775,c:7775) detachBuffer: slot 58 is not owned by the producer (state = FREE)
02-26 13:27:02.021 7775 2188 W BufferQueueProducer: [SurfaceTexture-0-7775-7] (id:1e5f0000005a,api:3,p:7775,c:7775) detachBuffer: slot 59 is not owned by the producer (state = FREE)
02-26 13:27:02.021 7775 2188 W BufferQueueProducer: [SurfaceTexture-0-7775-7] (id:1e5f0000005a,api:3,p:7775,c:7775) detachBuffer: slot 60 is not owned by the producer (state = FREE)
02-26 13:27:02.021 7775 2188 W BufferQueueProducer: [SurfaceTexture-0-7775-7] (id:1e5f0000005a,api:3,p:7775,c:7775) detachBuffer: slot 61 is not owned by the producer (state = FREE)
02-26 13:27:02.021 7775 2188 W BufferQueueProducer: [SurfaceTexture-0-7775-7] (id:1e5f0000005a,api:3,p:7775,c:7775) detachBuffer: slot 62 is not owned by the producer (state = FREE)
02-26 13:27:02.021 7775 2188 W BufferQueueProducer: [SurfaceTexture-0-7775-7] (id:1e5f0000005a,api:3,p:7775,c:7775) detachBuffer: slot 63 is not owned by the producer (state = FREE)
02-26 13:27:02.034 7775 2744 W BufferQueueProducer: [MediaCodec.release] (id:1e5f0000005b,api:3,p:7775,c:7775) detachBuffer: slot 0 is not owned by the producer (state = FREE)
02-26 13:27:02.034 7775 2744 W BufferQueueProducer: [MediaCodec.release] (id:1e5f0000005b,api:3,p:7775,c:7775) detachBuffer: slot 1 is not owned by the producer (state = FREE)
02-26 13:27:02.034 7775 2744 W BufferQueueProducer: [MediaCodec.release] (id:1e5f0000005b,api:3,p:7775,c:7775) detachBuffer: slot 2 is not owned by the producer (state = FREE)
02-26 13:27:02.034 7775 2744 W BufferQueueProducer: [MediaCodec.release] (id:1e5f0000005b,api:3,p:7775,c:7775) detachBuffer: slot 3 is not owned by the producer (state = FREE)
02-26 13:27:02.034 7775 2744 W BufferQueueProducer: [MediaCodec.release] (id:1e5f0000005b,api:3,p:7775,c:7775) detachBuffer: slot 4 is not owned by the producer (state = FREE)
02-26 13:27:02.034 7775 2744 W BufferQueueProducer: [MediaCodec.release] (id:1e5f0000005b,api:3,p:7775,c:7775) detachBuffer: slot 5 is not owned by the producer (state = FREE)
02-26 13:27:02.035 7775 2744 W BufferQueueProducer: [MediaCodec.release] (id:1e5f0000005b,api:3,p:7775,c:7775) detachBuffer: slot 6 is not owned by the producer (state = FREE)
02-26 13:27:02.035 7775 2744 W BufferQueueProducer: [MediaCodec.release] (id:1e5f0000005b,api:3,p:7775,c:7775) detachBuffer: slot 7 is not owned by the producer (state = FREE)
02-26 13:27:02.035 7775 2744 W BufferQueueProducer: [MediaCodec.release] (id:1e5f0000005b,api:3,p:7775,c:7775) detachBuffer: slot 8 is not owned by the producer (state = FREE)
02-26 13:27:02.035 7775 2744 W BufferQueueProducer: [MediaCodec.release] (id:1e5f0000005b,api:3,p:7775,c:7775) detachBuffer: slot 9 is not owned by the producer (state = FREE)
02-26 13:27:02.035 7775 2744 W BufferQueueProducer: [MediaCodec.release] (id:1e5f0000005b,api:3,p:7775,c:7775) detachBuffer: slot 10 is not owned by the producer (state = FREE)
02-26 13:27:02.035 7775 2744 W BufferQueueProducer: [MediaCodec.release] (id:1e5f0000005b,api:3,p:7775,c:7775) detachBuffer: slot 11 is not owned by the producer (state = FREE)
02-26 13:27:02.035 7775 2744 W BufferQueueProducer: [MediaCodec.release] (id:1e5f0000005b,api:3,p:7775,c:7775) detachBuffer: slot 12 is not owned by the producer (state = FREE)
02-26 13:27:02.035 7775 2744 W BufferQueueProducer: [MediaCodec.release] (id:1e5f0000005b,api:3,p:7775,c:7775) detachBuffer: slot 13 is not owned by the producer (state = FREE)
02-26 13:27:02.035 7775 2744 W BufferQueueProducer: [MediaCodec.release] (id:1e5f0000005b,api:3,p:7775,c:7775) detachBuffer: slot 14 is not owned by the producer (state = FREE)
02-26 13:27:02.035 7775 2744 W BufferQueueProducer: [MediaCodec.release] (id:1e5f0000005b,api:3,p:7775,c:7775) detachBuffer: slot 15 is not owned by the producer (state = FREE)
02-26 13:27:02.035 7775 2744 W BufferQueueProducer: [MediaCodec.release] (id:1e5f0000005b,api:3,p:7775,c:7775) detachBuffer: slot 16 is not owned by the producer (state = FREE)
02-26 13:27:02.035 7775 2744 W BufferQueueProducer: [MediaCodec.release] (id:1e5f0000005b,api:3,p:7775,c:7775) detachBuffer: slot 17 is not owned by the producer (state = FREE)
02-26 13:27:02.035 7775 2744 W BufferQueueProducer: [MediaCodec.release] (id:1e5f0000005b,api:3,p:7775,c:7775) detachBuffer: slot 18 is not owned by the producer (state = FREE)
02-26 13:27:02.035 7775 2744 W BufferQueueProducer: [MediaCodec.release] (id:1e5f0000005b,api:3,p:7775,c:7775) detachBuffer: slot 19 is not owned by the producer (state = FREE)
02-26 13:27:02.035 7775 2744 W BufferQueueProducer: [MediaCodec.release] (id:1e5f0000005b,api:3,p:7775,c:7775) detachBuffer: slot 20 is not owned by the producer (state = FREE)
02-26 13:27:02.035 7775 2744 W BufferQueueProducer: [MediaCodec.release] (id:1e5f0000005b,api:3,p:7775,c:7775) detachBuffer: slot 21 is not owned by the producer (state = FREE)
02-26 13:27:02.035 7775 2744 W BufferQueueProducer: [MediaCodec.release] (id:1e5f0000005b,api:3,p:7775,c:7775) detachBuffer: slot 22 is not owned by the producer (state = FREE)
02-26 13:27:02.036 7775 2744 W BufferQueueProducer: [MediaCodec.release] (id:1e5f0000005b,api:3,p:7775,c:7775) detachBuffer: slot 23 is not owned by the producer (state = FREE)
02-26 13:27:02.036 7775 2744 W BufferQueueProducer: [MediaCodec.release] (id:1e5f0000005b,api:3,p:7775,c:7775) detachBuffer: slot 24 is not owned by the producer (state = FREE)
02-26 13:27:02.036 7775 2744 W BufferQueueProducer: [MediaCodec.release] (id:1e5f0000005b,api:3,p:7775,c:7775) detachBuffer: slot 25 is not owned by the producer (state = FREE)
02-26 13:27:02.036 7775 2744 W BufferQueueProducer: [MediaCodec.release] (id:1e5f0000005b,api:3,p:7775,c:7775) detachBuffer: slot 26 is not owned by the producer (state = FREE)
02-26 13:27:02.036 7775 2744 W BufferQueueProducer: [MediaCodec.release] (id:1e5f0000005b,api:3,p:7775,c:7775) detachBuffer: slot 27 is not owned by the producer (state = FREE)
02-26 13:27:02.036 7775 2744 W BufferQueueProducer: [MediaCodec.release] (id:1e5f0000005b,api:3,p:7775,c:7775) detachBuffer: slot 28 is not owned by the producer (state = FREE)
02-26 13:27:02.036 7775 2744 W BufferQueueProducer: [MediaCodec.release] (id:1e5f0000005b,api:3,p:7775,c:7775) detachBuffer: slot 29 is not owned by the producer (state = FREE)
02-26 13:27:02.036 7775 2744 W BufferQueueProducer: [MediaCodec.release] (id:1e5f0000005b,api:3,p:7775,c:7775) detachBuffer: slot 30 is not owned by the producer (state = FREE)
02-26 13:27:02.036 7775 2744 W BufferQueueProducer: [MediaCodec.release] (id:1e5f0000005b,api:3,p:7775,c:7775) detachBuffer: slot 31 is not owned by the producer (state = FREE)
02-26 13:27:02.036 7775 2744 W BufferQueueProducer: [MediaCodec.release] (id:1e5f0000005b,api:3,p:7775,c:7775) detachBuffer: slot 32 is not owned by the producer (state = FREE)
02-26 13:27:02.036 7775 2744 W BufferQueueProducer: [MediaCodec.release] (id:1e5f0000005b,api:3,p:7775,c:7775) detachBuffer: slot 33 is not owned by the producer (state = FREE)
02-26 13:27:02.036 7775 2744 W BufferQueueProducer: [MediaCodec.release] (id:1e5f0000005b,api:3,p:7775,c:7775) detachBuffer: slot 34 is not owned by the producer (state = FREE)
02-26 13:27:02.036 7775 2744 W BufferQueueProducer: [MediaCodec.release] (id:1e5f0000005b,api:3,p:7775,c:7775) detachBuffer: slot 35 is not owned by the producer (state = FREE)
02-26 13:27:02.036 7775 2744 W BufferQueueProducer: [MediaCodec.release] (id:1e5f0000005b,api:3,p:7775,c:7775) detachBuffer: slot 36 is not owned by the producer (state = FREE)
02-26 13:27:02.036 7775 2744 W BufferQueueProducer: [MediaCodec.release] (id:1e5f0000005b,api:3,p:7775,c:7775) detachBuffer: slot 37 is not owned by the producer (state = FREE)
02-26 13:27:02.036 7775 2744 W BufferQueueProducer: [MediaCodec.release] (id:1e5f0000005b,api:3,p:7775,c:7775) detachBuffer: slot 38 is not owned by the producer (state = FREE)
02-26 13:27:02.036 7775 2744 W BufferQueueProducer: [MediaCodec.release] (id:1e5f0000005b,api:3,p:7775,c:7775) detachBuffer: slot 39 is not owned by the producer (state = FREE)
02-26 13:27:02.036 7775 2744 W BufferQueueProducer: [MediaCodec.release] (id:1e5f0000005b,api:3,p:7775,c:7775) detachBuffer: slot 40 is not owned by the producer (state = FREE)
02-26 13:27:02.037 7775 2744 W BufferQueueProducer: [MediaCodec.release] (id:1e5f0000005b,api:3,p:7775,c:7775) detachBuffer: slot 41 is not owned by the producer (state = FREE)
02-26 13:27:02.037 7775 2744 W BufferQueueProducer: [MediaCodec.release] (id:1e5f0000005b,api:3,p:7775,c:7775) detachBuffer: slot 42 is not owned by the producer (state = FREE)
02-26 13:27:02.037 7775 2744 W BufferQueueProducer: [MediaCodec.release] (id:1e5f0000005b,api:3,p:7775,c:7775) detachBuffer: slot 43 is not owned by the producer (state = FREE)
02-26 13:27:02.037 7775 2744 W BufferQueueProducer: [MediaCodec.release] (id:1e5f0000005b,api:3,p:7775,c:7775) detachBuffer: slot 44 is not owned by the producer (state = FREE)
02-26 13:27:02.037 7775 2744 W BufferQueueProducer: [MediaCodec.release] (id:1e5f0000005b,api:3,p:7775,c:7775) detachBuffer: slot 45 is not owned by the producer (state = FREE)
02-26 13:27:02.037 7775 2744 W BufferQueueProducer: [MediaCodec.release] (id:1e5f0000005b,api:3,p:7775,c:7775) detachBuffer: slot 46 is not owned by the producer (state = FREE)
02-26 13:27:02.037 7775 2744 W BufferQueueProducer: [MediaCodec.release] (id:1e5f0000005b,api:3,p:7775,c:7775) detachBuffer: slot 47 is not owned by the producer (state = FREE)
02-26 13:27:02.037 7775 2744 W BufferQueueProducer: [MediaCodec.release] (id:1e5f0000005b,api:3,p:7775,c:7775) detachBuffer: slot 48 is not owned by the producer (state = FREE)
02-26 13:27:02.037 7775 2744 W BufferQueueProducer: [MediaCodec.release] (id:1e5f0000005b,api:3,p:7775,c:7775) detachBuffer: slot 49 is not owned by the producer (state = FREE)
02-26 13:27:02.037 7775 2744 W BufferQueueProducer: [MediaCodec.release] (id:1e5f0000005b,api:3,p:7775,c:7775) detachBuffer: slot 50 is not owned by the producer (state = FREE)
02-26 13:27:02.037 7775 2744 W BufferQueueProducer: [MediaCodec.release] (id:1e5f0000005b,api:3,p:7775,c:7775) detachBuffer: slot 51 is not owned by the producer (state = FREE)
02-26 13:27:02.037 7775 2744 W BufferQueueProducer: [MediaCodec.release] (id:1e5f0000005b,api:3,p:7775,c:7775) detachBuffer: slot 52 is not owned by the producer (state = FREE)
02-26 13:27:02.037 7775 2744 W BufferQueueProducer: [MediaCodec.release] (id:1e5f0000005b,api:3,p:7775,c:7775) detachBuffer: slot 53 is not owned by the producer (state = FREE)
02-26 13:27:02.038 7775 2744 W BufferQueueProducer: [MediaCodec.release] (id:1e5f0000005b,api:3,p:7775,c:7775) detachBuffer: slot 54 is not owned by the producer (state = FREE)
02-26 13:27:02.038 7775 2744 W BufferQueueProducer: [MediaCodec.release] (id:1e5f0000005b,api:3,p:7775,c:7775) detachBuffer: slot 55 is not owned by the producer (state = FREE)
02-26 13:27:02.038 7775 2744 W BufferQueueProducer: [MediaCodec.release] (id:1e5f0000005b,api:3,p:7775,c:7775) detachBuffer: slot 56 is not owned by the producer (state = FREE)
02-26 13:27:02.038 7775 2744 W BufferQueueProducer: [MediaCodec.release] (id:1e5f0000005b,api:3,p:7775,c:7775) detachBuffer: slot 57 is not owned by the producer (state = FREE)
02-26 13:27:02.041 7775 2744 W BufferQueueProducer: [MediaCodec.release] (id:1e5f0000005b,api:3,p:7775,c:7775) detachBuffer: slot 58 is not owned by the producer (state = FREE)
02-26 13:27:02.041 7775 2744 W BufferQueueProducer: [MediaCodec.release] (id:1e5f0000005b,api:3,p:7775,c:7775) detachBuffer: slot 59 is not owned by the producer (state = FREE)
02-26 13:27:02.042 7775 2744 W BufferQueueProducer: [MediaCodec.release] (id:1e5f0000005b,api:3,p:7775,c:7775) detachBuffer: slot 60 is not owned by the producer (state = FREE)
02-26 13:27:02.042 7775 2744 W BufferQueueProducer: [MediaCodec.release] (id:1e5f0000005b,api:3,p:7775,c:7775) detachBuffer: slot 61 is not owned by the producer (state = FREE)
02-26 13:27:02.042 7775 2744 W BufferQueueProducer: [MediaCodec.release] (id:1e5f0000005b,api:3,p:7775,c:7775) detachBuffer: slot 62 is not owned by the producer (state = FREE)
02-26 13:27:02.042 7775 2744 W BufferQueueProducer: [MediaCodec.release] (id:1e5f0000005b,api:3,p:7775,c:7775) detachBuffer: slot 63 is not owned by the producer (state = FREE)
02-26 13:27:02.054 7775 7775 E ArmVmp : Match on catch block at 0xc3 in for 0x159
02-26 13:27:02.063 7775 7775 E ArmVmp : Match on catch block at 0xc3 in for 0x155
02-26 13:27:02.081 7775 7775 E ArmVmp : Match on catch block at 0xc3 in for 0x149
02-26 13:27:02.084 7775 7775 E ArmVmp : Match on catch block at 0xc3 in for 0x145
02-26 13:27:02.111 7775 7775 W OnBackInvokedCallback: OnBackInvokedCallback is not enabled for the application.
02-26 13:27:02.111 7775 7775 W OnBackInvokedCallback: Set 'android:enableOnBackInvokedCallback="true"' in the application manifest.
02-26 13:27:02.141 7775 7775 E ArmVmp : Match on catch block at 0xc3 in for 0x155
02-26 13:27:02.144 7775 7775 E ArmVmp : Match on catch block at 0xc3 in for 0x151
02-26 13:27:02.159 7775 7775 E ArmVmp : Match on catch block at 0xc3 in for 0x155
02-26 13:27:02.165 7775 7775 E ArmVmp : Match on catch block at 0xc3 in for 0x151
02-26 13:27:02.175 7775 7775 E ArmVmp : Match on catch block at 0xc3 in for 0x145
02-26 13:27:02.177 7775 7775 E ArmVmp : Match on catch block at 0xc3 in for 0x141
02-26 13:27:02.397 7775 7775 E ArmVmp : Match on catch block at 0xc3 in for 0x14d
02-26 13:27:02.401 7775 7775 E ArmVmp : Match on catch block at 0xc3 in for 0x149
02-26 13:27:02.418 7775 7775 E ArmVmp : Match on catch block at 0xc3 in for 0x159
02-26 13:27:02.422 7775 7775 E ArmVmp : Match on catch block at 0xc3 in for 0x155
02-26 13:27:02.486 7775 7775 E ArmVmp : Match on catch block at 0xc3 in for 0x149
02-26 13:27:02.491 7775 7775 E ArmVmp : Match on catch block at 0xc3 in for 0x145
02-26 13:27:02.550 7775 7775 E ArmVmp : Match on catch block at 0xc3 in for 0x155
02-26 13:27:02.551 7775 7775 E ArmVmp : Match on catch block at 0xc3 in for 0x151
02-26 13:27:02.622 7775 7775 E ArmVmp : Match on catch block at 0xc3 in for 0x145
02-26 13:27:02.625 7775 7775 E ArmVmp : Match on catch block at 0xc3 in for 0x141
02-26 13:27:02.682 7775 7775 E ArmVmp : Match on catch block at 0xc3 in for 0x151
02-26 13:27:02.685 7775 7775 E ArmVmp : Match on catch block at 0xc3 in for 0x14d
02-26 13:27:02.749 7775 7775 E ArmVmp : Match on catch block at 0xc3 in for 0x141
02-26 13:27:02.752 7775 7775 E ArmVmp : Match on catch block at 0xc3 in for 0x159
02-26 13:27:02.821 7775 7775 E ArmVmp : Match on catch block at 0xc3 in for 0x14d
02-26 13:27:02.827 7775 7775 E ArmVmp : Match on catch block at 0xc3 in for 0x149
02-26 13:27:02.849 7775 7775 E ArmVmp : Match on catch block at 0xc3 in for 0x159
02-26 13:27:02.857 7775 7775 E ArmVmp : Match on catch block at 0xc3 in for 0x155
02-26 13:29:31.448 7775 7775 E ArmVmp : Match on catch block at 0x0a in for 0x189
02-26 13:29:31.451 7775 7775 E ArmVmp : Match on catch block at 0x0a in for 0x181
02-26 13:29:31.488 7775 7775 E ArmVmp : Match on catch block at 0xc3 in for 0x159
02-26 13:29:31.489 7775 7775 E ArmVmp : Match on catch block at 0xc3 in for 0x155
02-26 13:29:31.510 7775 7775 E ArmVmp : Match on catch block at 0xc3 in for 0x145
02-26 13:29:31.511 7775 7775 E ArmVmp : Match on catch block at 0xc3 in for 0x141
02-26 13:29:31.527 7775 7775 E ArmVmp : Match on catch block at 0xc3 in for 0x159
02-26 13:29:31.530 7775 7775 E ArmVmp : Match on catch block at 0xc3 in for 0x155
02-26 13:29:31.539 7775 7775 E ArmVmp : Match on catch block at 0xc3 in for 0x149
02-26 13:29:31.541 7775 7775 E ArmVmp : Match on catch block at 0xc3 in for 0x145
02-26 13:29:31.607 7775 7775 E ArmVmp : Match on catch block at 0xc3 in for 0x155
02-26 13:29:31.610 7775 7775 E ArmVmp : Match on catch block at 0xc3 in for 0x151
02-26 13:29:31.672 7775 7775 E ArmVmp : Match on catch block at 0xc3 in for 0x145
02-26 13:29:31.675 7775 7775 E ArmVmp : Match on catch block at 0xc3 in for 0x141
02-26 13:29:31.740 7775 7775 E ArmVmp : Match on catch block at 0xc3 in for 0x151
02-26 13:29:31.743 7775 7775 E ArmVmp : Match on catch block at 0xc3 in for 0x14d
02-26 13:29:31.806 7775 7775 E ArmVmp : Match on catch block at 0xc3 in for 0x141
02-26 13:29:31.809 7775 7775 E ArmVmp : Match on catch block at 0xc3 in for 0x159
02-26 13:29:31.864 7775 7775 E ArmVmp : Match on catch block at 0xc3 in for 0x14d
02-26 13:29:31.866 7775 7775 E ArmVmp : Match on catch block at 0xc3 in for 0x149
02-26 13:29:31.931 7775 7775 E ArmVmp : Match on catch block at 0xc3 in for 0x159
02-26 13:29:31.932 7775 7775 E ArmVmp : Match on catch block at 0xc3 in for 0x155
02-26 13:29:31.998 7775 7775 E ArmVmp : Match on catch block at 0xc3 in for 0x14d
02-26 13:29:31.999 7775 7775 E ArmVmp : Match on catch block at 0xc3 in for 0x149
02-26 13:29:32.023 7775 7775 E ArmVmp : Match on catch block at 0xc3 in for 0x149
02-26 13:29:32.024 7775 7775 E ArmVmp : Match on catch block at 0xc3 in for 0x145
02-26 13:29:32.064 7775 7775 E ArmVmp : Match on catch block at 0xc3 in for 0x155
02-26 13:29:32.066 7775 7775 E ArmVmp : Match on catch block at 0xc3 in for 0x151
02-26 13:29:32.132 7775 7775 E ArmVmp : Match on catch block at 0xc3 in for 0x145
02-26 13:29:32.135 7775 7775 E ArmVmp : Match on catch block at 0xc3 in for 0x141
02-26 13:29:32.199 7775 7775 E ArmVmp : Match on catch block at 0xc3 in for 0x145
02-26 13:29:32.202 7775 7775 E ArmVmp : Match on catch block at 0xc3 in for 0x141
02-26 13:29:32.275 7775 7775 E ArmVmp : Match on catch block at 0xc3 in for 0x14d
02-26 13:29:32.277 7775 7775 E ArmVmp : Match on catch block at 0xc3 in for 0x149
02-26 13:29:32.293 7775 7775 E ArmVmp : Match on catch block at 0xc3 in for 0x159
02-26 13:29:32.295 7775 7775 E ArmVmp : Match on catch block at 0xc3 in for 0x155
02-26 13:29:32.395 7775 7775 E ArmVmp : Match on catch block at 0xc3 in for 0x159
02-26 13:29:32.397 7775 7775 E ArmVmp : Match on catch block at 0xc3 in for 0x155
02-26 13:29:32.429 7775 11782 W Parcel : Expecting binder but got null!
02-26 13:29:32.442 7775 7775 E ArmVmp : Match on catch block at 0xc3 in for 0x159
02-26 13:29:32.444 7775 7775 E ArmVmp : Match on catch block at 0xc3 in for 0x155
02-26 13:29:32.466 7775 7775 E ArmVmp : Match on catch block at 0xc3 in for 0x151
02-26 13:29:32.469 7775 7775 E ArmVmp : Match on catch block at 0xc3 in for 0x14d
02-26 13:29:32.541 7775 7775 E ArmVmp : Match on catch block at 0xc3 in for 0x145
02-26 13:29:32.543 7775 7775 E ArmVmp : Match on catch block at 0xc3 in for 0x141
02-26 13:29:32.608 7775 7775 E ArmVmp : Match on catch block at 0xc3 in for 0x151
02-26 13:29:32.610 7775 7775 E ArmVmp : Match on catch block at 0xc3 in for 0x14d
02-26 13:29:32.675 7775 7775 W AudioManager: Use of stream types is deprecated for operations other than volume control
02-26 13:29:32.675 7775 7775 W AudioManager: See the documentation of requestAudioFocus() for what to use instead with android.media.AudioAttributes to qualify your playback use case
02-26 13:29:32.686 7775 7775 E ArmVmp : Match on catch block at 0xc3 in for 0x159
02-26 13:29:32.689 7775 7775 E ArmVmp : Match on catch block at 0xc3 in for 0x155
02-26 13:29:32.701 7775 4156 W ColorUtils: expected specified color aspects (0:0:255:255)
02-26 13:29:32.704 7775 4156 W Codec2Client: query -- param skipped: index = 1107298332.
02-26 13:29:32.704 7775 4156 W CCodec : This behavior is subject to change. It is recommended that app developers double check whether the requested max input size is in reasonable range.
02-26 13:29:32.713 7775 4156 W Codec2Client: query -- param skipped: index = 1342179345.
02-26 13:29:32.713 7775 4156 W Codec2Client: query -- param skipped: index = 2415921170.
02-26 13:29:32.713 7775 4156 W Codec2Client: query -- param skipped: index = 1610614798.
02-26 13:29:32.749 7775 7775 E ArmVmp : Match on catch block at 0xc3 in for 0x149
02-26 13:29:32.751 7775 7775 E ArmVmp : Match on catch block at 0xc3 in for 0x145
02-26 13:29:32.751 7775 4163 W Codec2Client: query -- param skipped: index = 1107298332.
02-26 13:29:32.751 7775 4163 W CCodec : This behavior is subject to change. It is recommended that app developers double check whether the requested max input size is in reasonable range.
02-26 13:29:32.753 7775 4163 W Codec2Client: query -- param skipped: index = 1342179345.
02-26 13:29:32.754 7775 4163 W Codec2Client: query -- param skipped: index = 2415921170.
02-26 13:29:32.754 7775 4163 W Codec2Client: query -- param skipped: index = 1610614798.
02-26 13:29:32.818 7775 7775 E ArmVmp : Match on catch block at 0xc3 in for 0x155
02-26 13:29:32.820 7775 7775 E ArmVmp : Match on catch block at 0xc3 in for 0x151
02-26 13:29:32.899 7775 7775 E ArmVmp : Match on catch block at 0xc3 in for 0x149
02-26 13:29:32.903 7775 7775 E ArmVmp : Match on catch block at 0xc3 in for 0x145
02-26 13:29:32.934 7775 7775 E ArmVmp : Match on catch block at 0xc3 in for 0x155
02-26 13:29:32.936 7775 7775 E ArmVmp : Match on catch block at 0xc3 in for 0x151
02-26 13:29:32.976 7775 7775 E ArmVmp : Match on catch block at 0xc3 in for 0x155
02-26 13:29:32.979 7775 7775 E ArmVmp : Match on catch block at 0xc3 in for 0x151
02-26 13:29:32.986 7775 7775 E ArmVmp : Match on catch block at 0xc3 in for 0x145
02-26 13:29:32.988 7775 7775 E ArmVmp : Match on catch block at 0xc3 in for 0x141
02-26 13:29:32.993 7775 7775 E ArmVmp : Match on catch block at 0xc3 in for 0x151
02-26 13:29:32.994 7775 7775 E ArmVmp : Match on catch block at 0xc3 in for 0x14d
02-26 13:29:32.999 7775 7775 E ArmVmp : Match on catch block at 0xc3 in for 0x141
02-26 13:29:33.002 7775 7775 E ArmVmp : Match on catch block at 0xc3 in for 0x159
02-26 13:29:33.008 7775 7775 E ArmVmp : Match on catch block at 0xc3 in for 0x14d
02-26 13:29:33.010 7775 7775 E ArmVmp : Match on catch block at 0xc3 in for 0x149
02-26 13:29:33.017 7775 7775 E ArmVmp : Match on catch block at 0xc3 in for 0x159
02-26 13:29:33.021 7775 7775 E ArmVmp : Match on catch block at 0xc3 in for 0x155
02-26 13:29:33.026 7775 7775 E ArmVmp : Match on catch block at 0xc3 in for 0x149
02-26 13:29:33.028 7775 7775 E ArmVmp : Match on catch block at 0xc3 in for 0x145
02-26 13:29:33.033 7775 7775 E ArmVmp : Match on catch block at 0xc3 in for 0x155
02-26 13:29:33.035 7775 7775 E ArmVmp : Match on catch block at 0xc3 in for 0x151
02-26 13:29:33.041 7775 7775 E ArmVmp : Match on catch block at 0xc3 in for 0x145
02-26 13:29:33.045 7775 7775 E ArmVmp : Match on catch block at 0xc3 in for 0x141
02-26 13:29:33.056 7775 7775 E ArmVmp : Match on catch block at 0xc3 in for 0x151
02-26 13:29:33.059 7775 7775 E ArmVmp : Match on catch block at 0xc3 in for 0x14d
02-26 13:29:33.065 7775 7775 E ArmVmp : Match on catch block at 0xc3 in for 0x141
02-26 13:29:33.066 7775 7775 E ArmVmp : Match on catch block at 0xc3 in for 0x159
02-26 13:29:33.071 7775 7775 E ArmVmp : Match on catch block at 0xc3 in for 0x14d
02-26 13:29:33.072 7775 7775 E ArmVmp : Match on catch block at 0xc3 in for 0x149
02-26 13:29:33.078 7775 7775 E ArmVmp : Match on catch block at 0xc3 in for 0x159
02-26 13:29:33.080 7775 7775 E ArmVmp : Match on catch block at 0xc3 in for 0x155
02-26 13:29:33.085 7775 7775 E ArmVmp : Match on catch block at 0xc3 in for 0x149
02-26 13:29:33.086 7775 7775 E ArmVmp : Match on catch block at 0xc3 in for 0x145
02-26 13:29:33.092 7775 7775 E ArmVmp : Match on catch block at 0xc3 in for 0x155
02-26 13:29:33.094 7775 7775 E ArmVmp : Match on catch block at 0xc3 in for 0x151
02-26 13:29:33.100 7775 7775 E ArmVmp : Match on catch block at 0xc3 in for 0x145
02-26 13:29:33.102 7775 7775 E ArmVmp : Match on catch block at 0xc3 in for 0x141
02-26 13:29:33.107 7775 7775 E ArmVmp : Match on catch block at 0xc3 in for 0x151
02-26 13:29:33.109 7775 7775 E ArmVmp : Match on catch block at 0xc3 in for 0x14d
02-26 13:29:33.116 7775 7775 E ArmVmp : Match on catch block at 0xc3 in for 0x141
02-26 13:29:33.118 7775 7775 E ArmVmp : Match on catch block at 0xc3 in for 0x159
02-26 13:29:33.125 7775 7775 E ArmVmp : Match on catch block at 0xc3 in for 0x14d
02-26 13:29:33.129 7775 7775 E ArmVmp : Match on catch block at 0xc3 in for 0x149
02-26 13:29:33.140 7775 7775 E ArmVmp : Match on catch block at 0xc3 in for 0x159
02-26 13:29:33.142 7775 7775 E ArmVmp : Match on catch block at 0xc3 in for 0x155
02-26 13:29:33.146 7775 7775 E ArmVmp : Match on catch block at 0xc3 in for 0x149
02-26 13:29:33.148 7775 7775 E ArmVmp : Match on catch block at 0xc3 in for 0x145
02-26 13:29:33.152 7775 7775 E ArmVmp : Match on catch block at 0xc3 in for 0x155
02-26 13:29:33.154 7775 7775 E ArmVmp : Match on catch block at 0xc3 in for 0x151
02-26 13:29:33.158 7775 7775 E ArmVmp : Match on catch block at 0xc3 in for 0x145
02-26 13:29:33.160 7775 7775 E ArmVmp : Match on catch block at 0xc3 in for 0x141
02-26 13:29:33.166 7775 7775 E ArmVmp : Match on catch block at 0xc3 in for 0x151
02-26 13:29:33.167 7775 7775 E ArmVmp : Match on catch block at 0xc3 in for 0x14d
02-26 13:29:33.175 7775 7775 E ArmVmp : Match on catch block at 0xc3 in for 0x141
02-26 13:29:33.176 7775 7775 E ArmVmp : Match on catch block at 0xc3 in for 0x159
02-26 13:29:33.183 7775 7775 E ArmVmp : Match on catch block at 0xc3 in for 0x14d
02-26 13:29:33.185 7775 7775 E ArmVmp : Match on catch block at 0xc3 in for 0x149
02-26 13:29:33.191 7775 7775 E ArmVmp : Match on catch block at 0xc3 in for 0x159
02-26 13:29:33.193 7775 7775 E ArmVmp : Match on catch block at 0xc3 in for 0x155
02-26 13:29:33.200 7775 7775 E ArmVmp : Match on catch block at 0xc3 in for 0x149
02-26 13:29:33.202 7775 7775 E ArmVmp : Match on catch block at 0xc3 in for 0x145
02-26 13:29:33.274 7775 7775 E ArmVmp : Match on catch block at 0xc3 in for 0x159
02-26 13:29:33.277 7775 7775 E ArmVmp : Match on catch block at 0xc3 in for 0x155
02-26 13:29:33.342 7775 7775 E ArmVmp : Match on catch block at 0xc3 in for 0x14d
02-26 13:29:33.346 7775 7775 E ArmVmp : Match on catch block at 0xc3 in for 0x149
02-26 13:29:33.407 7775 7775 E ArmVmp : Match on catch block at 0xc3 in for 0x145
02-26 13:29:33.415 7775 7775 E ArmVmp : Match on catch block at 0xc3 in for 0x141
02-26 13:29:33.459 7775 7775 E ArmVmp : Match on catch block at 0xc3 in for 0x155
02-26 13:29:33.462 7775 7775 E ArmVmp : Match on catch block at 0xc3 in for 0x151
02-26 13:29:33.484 7775 7775 E ArmVmp : Match on catch block at 0xc3 in for 0x14d
02-26 13:29:33.487 7775 7775 E ArmVmp : Match on catch block at 0xc3 in for 0x149
02-26 13:29:33.549 7775 7775 E ArmVmp : Match on catch block at 0xc3 in for 0x159
02-26 13:29:33.552 7775 7775 E ArmVmp : Match on catch block at 0xc3 in for 0x155
02-26 13:29:33.617 7775 7775 E ArmVmp : Match on catch block at 0xc3 in for 0x149
02-26 13:29:33.620 7775 7775 E ArmVmp : Match on catch block at 0xc3 in for 0x145
02-26 13:29:33.684 7775 7775 E ArmVmp : Match on catch block at 0xc3 in for 0x155
02-26 13:29:33.689 7775 7775 E ArmVmp : Match on catch block at 0xc3 in for 0x151
02-26 13:29:33.750 7775 7775 E ArmVmp : Match on catch block at 0xc3 in for 0x155
02-26 13:29:33.752 7775 7775 E ArmVmp : Match on catch block at 0xc3 in for 0x151
02-26 13:29:33.816 7775 7775 E ArmVmp : Match on catch block at 0xc3 in for 0x14d
02-26 13:29:33.821 7775 7775 E ArmVmp : Match on catch block at 0xc3 in for 0x149
02-26 13:29:33.883 7775 7775 E ArmVmp : Match on catch block at 0xc3 in for 0x145
02-26 13:29:33.886 7775 7775 E ArmVmp : Match on catch block at 0xc3 in for 0x141
02-26 13:29:33.951 7775 7775 E ArmVmp : Match on catch block at 0xc3 in for 0x159
02-26 13:29:33.953 7775 7775 E ArmVmp : Match on catch block at 0xc3 in for 0x155
02-26 13:29:34.016 7775 7775 E ArmVmp : Match on catch block at 0xc3 in for 0x151
02-26 13:29:34.019 7775 7775 E ArmVmp : Match on catch block at 0xc3 in for 0x14d
02-26 13:29:34.084 7775 7775 E ArmVmp : Match on catch block at 0xc3 in for 0x149
02-26 13:29:34.089 7775 7775 E ArmVmp : Match on catch block at 0xc3 in for 0x145
02-26 13:29:34.151 7775 7775 E ArmVmp : Match on catch block at 0xc3 in for 0x141
02-26 13:29:34.154 7775 7775 E ArmVmp : Match on catch block at 0xc3 in for 0x159
02-26 13:29:34.216 7775 7775 E ArmVmp : Match on catch block at 0xc3 in for 0x155
02-26 13:29:34.220 7775 7775 E ArmVmp : Match on catch block at 0xc3 in for 0x151
02-26 13:29:34.282 7775 7775 E ArmVmp : Match on catch block at 0xc3 in for 0x14d
02-26 13:29:34.284 7775 7775 E ArmVmp : Match on catch block at 0xc3 in for 0x149
02-26 13:29:34.351 7775 7775 E ArmVmp : Match on catch block at 0xc3 in for 0x145
02-26 13:29:34.354 7775 7775 E ArmVmp : Match on catch block at 0xc3 in for 0x141
02-26 13:29:34.416 7775 7775 E ArmVmp : Match on catch block at 0xc3 in for 0x159
02-26 13:29:34.418 7775 7775 E ArmVmp : Match on catch block at 0xc3 in for 0x155
02-26 13:29:34.484 7775 7775 E ArmVmp : Match on catch block at 0xc3 in for 0x151
02-26 13:29:34.489 7775 7775 E ArmVmp : Match on catch block at 0xc3 in for 0x14d
02-26 13:29:34.550 7775 7775 E ArmVmp : Match on catch block at 0xc3 in for 0x149
02-26 13:29:34.553 7775 7775 E ArmVmp : Match on catch block at 0xc3 in for 0x145
02-26 13:29:34.616 7775 7775 E ArmVmp : Match on catch block at 0xc3 in for 0x141
02-26 13:29:34.619 7775 7775 E ArmVmp : Match on catch block at 0xc3 in for 0x159
02-26 13:29:34.684 7775 7775 E ArmVmp : Match on catch block at 0xc3 in for 0x155
02-26 13:29:34.689 7775 7775 E ArmVmp : Match on catch block at 0xc3 in for 0x151
02-26 13:29:34.751 7775 7775 E ArmVmp : Match on catch block at 0xc3 in for 0x14d
02-26 13:29:34.753 7775 7775 E ArmVmp : Match on catch block at 0xc3 in for 0x149
02-26 13:29:34.817 7775 7775 E ArmVmp : Match on catch block at 0xc3 in for 0x145
02-26 13:29:34.821 7775 7775 E ArmVmp : Match on catch block at 0xc3 in for 0x141
02-26 13:29:34.884 7775 7775 E ArmVmp : Match on catch block at 0xc3 in for 0x159
02-26 13:29:34.888 7775 7775 E ArmVmp : Match on catch block at 0xc3 in for 0x155
02-26 13:29:34.952 7775 7775 E ArmVmp : Match on catch block at 0xc3 in for 0x151
02-26 13:29:34.954 7775 7775 E ArmVmp : Match on catch block at 0xc3 in for 0x14d
02-26 13:29:35.018 7775 7775 E ArmVmp : Match on catch block at 0xc3 in for 0x149
02-26 13:29:35.022 7775 7775 E ArmVmp : Match on catch block at 0xc3 in for 0x145
02-26 13:29:35.085 7775 7775 E ArmVmp : Match on catch block at 0xc3 in for 0x141
02-26 13:29:35.089 7775 7775 E ArmVmp : Match on catch block at 0xc3 in for 0x159
02-26 13:29:35.151 7775 7775 E ArmVmp : Match on catch block at 0xc3 in for 0x155
02-26 13:29:35.154 7775 7775 E ArmVmp : Match on catch block at 0xc3 in for 0x151
02-26 13:29:35.216 7775 7775 E ArmVmp : Match on catch block at 0xc3 in for 0x14d
02-26 13:29:35.218 7775 7775 E ArmVmp : Match on catch block at 0xc3 in for 0x149
02-26 13:29:35.275 7775 7775 E ArmVmp : Match on catch block at 0xc3 in for 0x145
02-26 13:29:35.279 7775 7775 E ArmVmp : Match on catch block at 0xc3 in for 0x141
02-26 13:29:35.353 7775 7775 E ArmVmp : Match on catch block at 0xc3 in for 0x145
02-26 13:29:35.357 7775 7775 E ArmVmp : Match on catch block at 0xc3 in for 0x141
02-26 13:29:35.417 7775 7775 E ArmVmp : Match on catch block at 0xc3 in for 0x159
02-26 13:29:35.420 7775 7775 E ArmVmp : Match on catch block at 0xc3 in for 0x155
02-26 13:29:35.484 7775 7775 E ArmVmp : Match on catch block at 0xc3 in for 0x151
02-26 13:29:35.488 7775 7775 E ArmVmp : Match on catch block at 0xc3 in for 0x14d
02-26 13:29:35.532 7775 7775 E ArmVmp : Match on catch block at 0xc3 in for 0x159
02-26 13:29:35.534 7775 7775 E ArmVmp : Match on catch block at 0xc3 in for 0x155
02-26 13:29:35.559 7775 7775 E ArmVmp : Match on catch block at 0xc3 in for 0x14d
02-26 13:29:35.561 7775 7775 E ArmVmp : Match on catch block at 0xc3 in for 0x149
02-26 13:29:35.577 7775 11782 W Parcel : Expecting binder but got null!
02-26 13:29:35.612 7775 7775 E ArmVmp : Match on catch block at 0xc3 in for 0x159
02-26 13:29:35.614 7775 7775 E ArmVmp : Match on catch block at 0xc3 in for 0x155
02-26 13:29:35.622 7775 7775 E ArmVmp : Match on catch block at 0xc3 in for 0x14d
02-26 13:29:35.624 7775 7775 E ArmVmp : Match on catch block at 0xc3 in for 0x149
02-26 13:29:35.630 7775 7775 E ArmVmp : Match on catch block at 0xc3 in for 0x159
02-26 13:29:35.632 7775 7775 E ArmVmp : Match on catch block at 0xc3 in for 0x155
02-26 13:29:35.637 7775 7775 E ArmVmp : Match on catch block at 0xc3 in for 0x149
02-26 13:29:35.638 7775 7775 E ArmVmp : Match on catch block at 0xc3 in for 0x145
02-26 13:29:35.645 7775 7775 E ArmVmp : Match on catch block at 0xc3 in for 0x155
02-26 13:29:35.647 7775 7775 E ArmVmp : Match on catch block at 0xc3 in for 0x151
02-26 13:29:35.651 7775 7775 E ArmVmp : Match on catch block at 0xc3 in for 0x145
02-26 13:29:35.653 7775 7775 E ArmVmp : Match on catch block at 0xc3 in for 0x141
02-26 13:29:35.658 7775 7775 E ArmVmp : Match on catch block at 0xc3 in for 0x151
02-26 13:29:35.661 7775 7775 E ArmVmp : Match on catch block at 0xc3 in for 0x14d
02-26 13:29:35.668 7775 7775 E ArmVmp : Match on catch block at 0xc3 in for 0x141
02-26 13:29:35.669 7775 7775 E ArmVmp : Match on catch block at 0xc3 in for 0x159
02-26 13:29:35.675 7775 7775 E ArmVmp : Match on catch block at 0xc3 in for 0x14d
02-26 13:29:35.676 7775 7775 E ArmVmp : Match on catch block at 0xc3 in for 0x149
02-26 13:29:35.683 7775 7775 E ArmVmp : Match on catch block at 0xc3 in for 0x159
02-26 13:29:35.686 7775 7775 E ArmVmp : Match on catch block at 0xc3 in for 0x155
02-26 13:29:35.692 7775 7775 E ArmVmp : Match on catch block at 0xc3 in for 0x149
02-26 13:29:35.695 7775 7775 E ArmVmp : Match on catch block at 0xc3 in for 0x145
02-26 13:29:35.703 7775 7775 E ArmVmp : Match on catch block at 0xc3 in for 0x155
02-26 13:29:35.705 7775 7775 E ArmVmp : Match on catch block at 0xc3 in for 0x151
02-26 13:29:35.711 7775 7775 E ArmVmp : Match on catch block at 0xc3 in for 0x145
02-26 13:29:35.713 7775 7775 E ArmVmp : Match on catch block at 0xc3 in for 0x141
02-26 13:29:35.717 7775 7775 E ArmVmp : Match on catch block at 0xc3 in for 0x151
02-26 13:29:35.718 7775 7775 E ArmVmp : Match on catch block at 0xc3 in for 0x14d
02-26 13:29:35.725 7775 7775 E ArmVmp : Match on catch block at 0xc3 in for 0x141
02-26 13:29:35.727 7775 7775 E ArmVmp : Match on catch block at 0xc3 in for 0x159
02-26 13:29:35.734 7775 7775 E ArmVmp : Match on catch block at 0xc3 in for 0x14d
02-26 13:29:35.737 7775 7775 E ArmVmp : Match on catch block at 0xc3 in for 0x149
02-26 13:29:35.745 7775 7775 E ArmVmp : Match on catch block at 0xc3 in for 0x159
02-26 13:29:35.748 7775 7775 E ArmVmp : Match on catch block at 0xc3 in for 0x155
02-26 13:29:35.754 7775 7775 E ArmVmp : Match on catch block at 0xc3 in for 0x149
02-26 13:29:35.757 7775 7775 E ArmVmp : Match on catch block at 0xc3 in for 0x145
02-26 13:29:35.764 7775 7775 E ArmVmp : Match on catch block at 0xc3 in for 0x155
02-26 13:29:35.768 7775 7775 E ArmVmp : Match on catch block at 0xc3 in for 0x151
02-26 13:29:35.776 7775 7775 E ArmVmp : Match on catch block at 0xc3 in for 0x145
02-26 13:29:35.779 7775 7775 E ArmVmp : Match on catch block at 0xc3 in for 0x141
02-26 13:29:35.785 7775 7775 E ArmVmp : Match on catch block at 0xc3 in for 0x151
02-26 13:29:35.787 7775 7775 E ArmVmp : Match on catch block at 0xc3 in for 0x14d
02-26 13:29:35.793 7775 7775 E ArmVmp : Match on catch block at 0xc3 in for 0x141
02-26 13:29:35.796 7775 7775 E ArmVmp : Match on catch block at 0xc3 in for 0x159
02-26 13:29:35.802 7775 7775 E ArmVmp : Match on catch block at 0xc3 in for 0x14d
02-26 13:29:35.805 7775 7775 E ArmVmp : Match on catch block at 0xc3 in for 0x149
02-26 13:29:35.815 7775 7775 E ArmVmp : Match on catch block at 0xc3 in for 0x159
02-26 13:29:35.820 7775 7775 E ArmVmp : Match on catch block at 0xc3 in for 0x155
02-26 13:29:35.828 7775 7775 E ArmVmp : Match on catch block at 0xc3 in for 0x149
02-26 13:29:35.830 7775 7775 E ArmVmp : Match on catch block at 0xc3 in for 0x145
02-26 13:29:35.860 7775 7775 E ArmVmp : Match on catch block at 0xc3 in for 0x145
02-26 13:29:35.864 7775 7775 E ArmVmp : Match on catch block at 0xc3 in for 0x141
02-26 13:29:35.884 7775 7775 E ArmVmp : Match on catch block at 0xc3 in for 0x159
02-26 13:29:35.886 7775 7775 E ArmVmp : Match on catch block at 0xc3 in for 0x155
02-26 13:29:35.952 7775 7775 E ArmVmp : Match on catch block at 0xc3 in for 0x149
02-26 13:29:35.954 7775 7775 E ArmVmp : Match on catch block at 0xc3 in for 0x145
02-26 13:29:36.019 7775 7775 E ArmVmp : Match on catch block at 0xc3 in for 0x155
02-26 13:29:36.021 7775 7775 E ArmVmp : Match on catch block at 0xc3 in for 0x151
02-26 13:29:36.085 7775 7775 E ArmVmp : Match on catch block at 0xc3 in for 0x145
02-26 13:29:36.088 7775 7775 E ArmVmp : Match on catch block at 0xc3 in for 0x141
02-26 13:29:36.151 7775 7775 E ArmVmp : Match on catch block at 0xc3 in for 0x151
02-26 13:29:36.155 7775 7775 E ArmVmp : Match on catch block at 0xc3 in for 0x14d
02-26 13:29:36.218 7775 7775 E ArmVmp : Match on catch block at 0xc3 in for 0x141
02-26 13:29:36.222 7775 7775 E ArmVmp : Match on catch block at 0xc3 in for 0x159
02-26 13:29:36.304 7775 7775 E ArmVmp : Match on catch block at 0xc3 in for 0x14d
02-26 13:29:36.307 7775 7775 E ArmVmp : Match on catch block at 0xc3 in for 0x149
02-26 13:29:36.376 7775 7775 E ArmVmp : Match on catch block at 0xc3 in for 0x14d
02-26 13:29:36.378 7775 7775 E ArmVmp : Match on catch block at 0xc3 in for 0x149
02-26 13:29:36.461 7775 7775 E ArmVmp : Match on catch block at 0xc3 in for 0x149
02-26 13:29:36.463 7775 7775 E ArmVmp : Match on catch block at 0xc3 in for 0x145
02-26 13:29:36.543 7775 7775 E ArmVmp : Match on catch block at 0xc3 in for 0x155
02-26 13:29:36.545 7775 7775 E ArmVmp : Match on catch block at 0xc3 in for 0x151
02-26 13:29:36.602 7775 7775 E ArmVmp : Match on catch block at 0xc3 in for 0x151
02-26 13:29:36.606 7775 7775 E ArmVmp : Match on catch block at 0xc3 in for 0x14d
02-26 13:29:36.668 7775 7775 E ArmVmp : Match on catch block at 0xc3 in for 0x149
02-26 13:29:36.673 7775 7775 E ArmVmp : Match on catch block at 0xc3 in for 0x145
02-26 13:29:36.737 7775 7775 E ArmVmp : Match on catch block at 0xc3 in for 0x159
02-26 13:29:36.739 7775 7775 E ArmVmp : Match on catch block at 0xc3 in for 0x155
02-26 13:29:36.802 7775 7775 E ArmVmp : Match on catch block at 0xc3 in for 0x151
02-26 13:29:36.807 7775 7775 E ArmVmp : Match on catch block at 0xc3 in for 0x14d
02-26 13:29:36.868 7775 7775 E ArmVmp : Match on catch block at 0xc3 in for 0x145
02-26 13:29:36.871 7775 7775 E ArmVmp : Match on catch block at 0xc3 in for 0x141
02-26 13:29:36.934 7775 7775 E ArmVmp : Match on catch block at 0xc3 in for 0x155
02-26 13:29:36.940 7775 7775 E ArmVmp : Match on catch block at 0xc3 in for 0x151
02-26 13:29:36.993 7775 7775 E ArmVmp : Match on catch block at 0xc3 in for 0x14d
02-26 13:29:36.999 7775 7775 E ArmVmp : Match on catch block at 0xc3 in for 0x149
02-26 13:29:37.060 7775 7775 E ArmVmp : Match on catch block at 0xc3 in for 0x145
02-26 13:29:37.064 7775 7775 E ArmVmp : Match on catch block at 0xc3 in for 0x141
02-26 13:29:37.126 7775 7775 E ArmVmp : Match on catch block at 0xc3 in for 0x159
02-26 13:29:37.130 7775 7775 E ArmVmp : Match on catch block at 0xc3 in for 0x155
02-26 13:29:37.194 7775 7775 E ArmVmp : Match on catch block at 0xc3 in for 0x151
02-26 13:29:37.202 7775 7775 E ArmVmp : Match on catch block at 0xc3 in for 0x14d
02-26 13:29:37.261 7775 7775 E ArmVmp : Match on catch block at 0xc3 in for 0x149
02-26 13:29:37.265 7775 7775 E ArmVmp : Match on catch block at 0xc3 in for 0x145
02-26 13:29:37.327 7775 7775 E ArmVmp : Match on catch block at 0xc3 in for 0x141
02-26 13:29:37.330 7775 7775 E ArmVmp : Match on catch block at 0xc3 in for 0x159
02-26 13:29:37.385 7775 7775 E ArmVmp : Match on catch block at 0xc3 in for 0x155
02-26 13:29:37.389 7775 7775 E ArmVmp : Match on catch block at 0xc3 in for 0x151
02-26 13:29:37.451 7775 7775 E ArmVmp : Match on catch block at 0xc3 in for 0x14d
02-26 13:29:37.456 7775 7775 E ArmVmp : Match on catch block at 0xc3 in for 0x149
02-26 13:29:37.519 7775 7775 E ArmVmp : Match on catch block at 0xc3 in for 0x145
02-26 13:29:37.522 7775 7775 E ArmVmp : Match on catch block at 0xc3 in for 0x141
02-26 13:29:37.595 7775 11782 W Parcel : Expecting binder but got null!
02-26 13:29:37.600 7775 7775 E ArmVmp : Match on catch block at 0xc3 in for 0x151
02-26 13:29:37.602 7775 7775 E ArmVmp : Match on catch block at 0xc3 in for 0x14d
02-26 13:29:37.678 7775 7775 E ArmVmp : Match on catch block at 0xc3 in for 0x149
02-26 13:29:37.681 7775 7775 E ArmVmp : Match on catch block at 0xc3 in for 0x145
02-26 13:29:37.751 7775 7775 E ArmVmp : Match on catch block at 0xc3 in for 0x159
02-26 13:29:37.753 7775 7775 E ArmVmp : Match on catch block at 0xc3 in for 0x155
02-26 13:29:37.819 7775 7775 E ArmVmp : Match on catch block at 0xc3 in for 0x149
02-26 13:29:37.823 7775 7775 E ArmVmp : Match on catch block at 0xc3 in for 0x145
02-26 13:29:37.897 7775 7775 E ArmVmp : Match on catch block at 0xc3 in for 0x159
02-26 13:29:37.902 7775 7775 E ArmVmp : Match on catch block at 0xc3 in for 0x155
02-26 13:29:37.960 7775 7775 E ArmVmp : Match on catch block at 0xc3 in for 0x149
02-26 13:29:37.962 7775 7775 E ArmVmp : Match on catch block at 0xc3 in for 0x145
02-26 13:29:38.026 7775 7775 E ArmVmp : Match on catch block at 0xc3 in for 0x155
02-26 13:29:38.028 7775 7775 E ArmVmp : Match on catch block at 0xc3 in for 0x151
02-26 13:29:38.096 7775 7775 E ArmVmp : Match on catch block at 0xc3 in for 0x145
02-26 13:29:38.101 7775 7775 E ArmVmp : Match on catch block at 0xc3 in for 0x141
02-26 13:29:38.161 7775 7775 E ArmVmp : Match on catch block at 0xc3 in for 0x159
02-26 13:29:38.163 7775 7775 E ArmVmp : Match on catch block at 0xc3 in for 0x155
02-26 13:29:38.219 7775 7775 E ArmVmp : Match on catch block at 0xc3 in for 0x151
02-26 13:29:38.223 7775 7775 E ArmVmp : Match on catch block at 0xc3 in for 0x14d
02-26 13:29:38.286 7775 7775 E ArmVmp : Match on catch block at 0xc3 in for 0x149
02-26 13:29:38.290 7775 7775 E ArmVmp : Match on catch block at 0xc3 in for 0x145
02-26 13:29:38.353 7775 7775 E ArmVmp : Match on catch block at 0xc3 in for 0x141
02-26 13:29:38.358 7775 7775 E ArmVmp : Match on catch block at 0xc3 in for 0x159
02-26 13:29:38.419 7775 7775 E ArmVmp : Match on catch block at 0xc3 in for 0x155
02-26 13:29:38.424 7775 7775 E ArmVmp : Match on catch block at 0xc3 in for 0x151
02-26 13:29:38.485 7775 7775 E ArmVmp : Match on catch block at 0xc3 in for 0x14d
02-26 13:29:38.490 7775 7775 E ArmVmp : Match on catch block at 0xc3 in for 0x149
02-26 13:29:38.552 7775 7775 E ArmVmp : Match on catch block at 0xc3 in for 0x145
02-26 13:29:38.556 7775 7775 E ArmVmp : Match on catch block at 0xc3 in for 0x141
02-26 13:29:38.619 7775 7775 E ArmVmp : Match on catch block at 0xc3 in for 0x159
02-26 13:29:38.623 7775 7775 E ArmVmp : Match on catch block at 0xc3 in for 0x155
02-26 13:29:38.677 7775 7775 E ArmVmp : Match on catch block at 0xc3 in for 0x151
02-26 13:29:38.682 7775 7775 E ArmVmp : Match on catch block at 0xc3 in for 0x14d
02-26 13:29:38.752 7775 7775 E ArmVmp : Match on catch block at 0xc3 in for 0x149
02-26 13:29:38.754 7775 7775 E ArmVmp : Match on catch block at 0xc3 in for 0x145
02-26 13:29:38.819 7775 7775 E ArmVmp : Match on catch block at 0xc3 in for 0x141
02-26 13:29:38.822 7775 7775 E ArmVmp : Match on catch block at 0xc3 in for 0x159
02-26 13:29:38.885 7775 7775 E ArmVmp : Match on catch block at 0xc3 in for 0x155
02-26 13:29:38.889 7775 7775 E ArmVmp : Match on catch block at 0xc3 in for 0x151
02-26 13:29:38.952 7775 7775 E ArmVmp : Match on catch block at 0xc3 in for 0x14d
02-26 13:29:38.955 7775 7775 E ArmVmp : Match on catch block at 0xc3 in for 0x149
02-26 13:29:39.021 7775 7775 E ArmVmp : Match on catch block at 0xc3 in for 0x145
02-26 13:29:39.024 7775 7775 E ArmVmp : Match on catch block at 0xc3 in for 0x141
02-26 13:29:39.085 7775 7775 E ArmVmp : Match on catch block at 0xc3 in for 0x159
02-26 13:29:39.089 7775 7775 E ArmVmp : Match on catch block at 0xc3 in for 0x155
02-26 13:29:39.152 7775 7775 E ArmVmp : Match on catch block at 0xc3 in for 0x151
02-26 13:29:39.155 7775 7775 E ArmVmp : Match on catch block at 0xc3 in for 0x14d
02-26 13:29:39.218 7775 7775 E ArmVmp : Match on catch block at 0xc3 in for 0x149
02-26 13:29:39.220 7775 7775 E ArmVmp : Match on catch block at 0xc3 in for 0x145
02-26 13:29:39.286 7775 7775 E ArmVmp : Match on catch block at 0xc3 in for 0x141
02-26 13:29:39.289 7775 7775 E ArmVmp : Match on catch block at 0xc3 in for 0x159
02-26 13:29:39.352 7775 7775 E ArmVmp : Match on catch block at 0xc3 in for 0x155
02-26 13:29:39.354 7775 7775 E ArmVmp : Match on catch block at 0xc3 in for 0x151
02-26 13:29:39.419 7775 7775 E ArmVmp : Match on catch block at 0xc3 in for 0x14d
02-26 13:29:39.424 7775 7775 E ArmVmp : Match on catch block at 0xc3 in for 0x149
02-26 13:29:39.485 7775 7775 E ArmVmp : Match on catch block at 0xc3 in for 0x145
02-26 13:29:39.489 7775 7775 E ArmVmp : Match on catch block at 0xc3 in for 0x141
02-26 13:29:39.570 7775 7775 E ArmVmp : Match on catch block at 0xc3 in for 0x145
02-26 13:29:39.572 7775 7775 E ArmVmp : Match on catch block at 0xc3 in for 0x141
02-26 13:29:39.632 7775 11782 W Parcel : Expecting binder but got null!
02-26 13:29:39.636 7775 7775 E ArmVmp : Match on catch block at 0xc3 in for 0x14d
02-26 13:29:39.642 7775 7775 E ArmVmp : Match on catch block at 0xc3 in for 0x149
02-26 13:29:39.713 7775 7775 E ArmVmp : Match on catch block at 0xc3 in for 0x141
02-26 13:29:39.716 7775 7775 E ArmVmp : Match on catch block at 0xc3 in for 0x159
02-26 13:29:39.778 7775 7775 E ArmVmp : Match on catch block at 0xc3 in for 0x145
02-26 13:29:39.784 7775 7775 E ArmVmp : Match on catch block at 0xc3 in for 0x141
02-26 13:29:39.799 7775 7775 E ArmVmp : Match on catch block at 0xc3 in for 0x151
02-26 13:29:39.802 7775 7775 E ArmVmp : Match on catch block at 0xc3 in for 0x14d
02-26 13:29:39.808 7775 7775 E ArmVmp : Match on catch block at 0xc3 in for 0x141
02-26 13:29:39.815 7775 7775 E ArmVmp : Match on catch block at 0xc3 in for 0x159
02-26 13:29:39.825 7775 7775 E ArmVmp : Match on catch block at 0xc3 in for 0x14d
02-26 13:29:39.828 7775 7775 E ArmVmp : Match on catch block at 0xc3 in for 0x149
02-26 13:29:39.833 7775 7775 E ArmVmp : Match on catch block at 0xc3 in for 0x159
02-26 13:29:39.835 7775 7775 E ArmVmp : Match on catch block at 0xc3 in for 0x155
02-26 13:29:39.841 7775 7775 E ArmVmp : Match on catch block at 0xc3 in for 0x149
02-26 13:29:39.843 7775 7775 E ArmVmp : Match on catch block at 0xc3 in for 0x145
02-26 13:29:39.848 7775 7775 E ArmVmp : Match on catch block at 0xc3 in for 0x155
02-26 13:29:39.853 7775 7775 E ArmVmp : Match on catch block at 0xc3 in for 0x151
02-26 13:29:39.862 7775 7775 E ArmVmp : Match on catch block at 0xc3 in for 0x145
02-26 13:29:39.864 7775 7775 E ArmVmp : Match on catch block at 0xc3 in for 0x141
02-26 13:29:39.870 7775 7775 E ArmVmp : Match on catch block at 0xc3 in for 0x151
02-26 13:29:39.872 7775 7775 E ArmVmp : Match on catch block at 0xc3 in for 0x14d
02-26 13:29:39.878 7775 7775 E ArmVmp : Match on catch block at 0xc3 in for 0x141
02-26 13:29:39.881 7775 7775 E ArmVmp : Match on catch block at 0xc3 in for 0x159
02-26 13:29:39.888 7775 7775 E ArmVmp : Match on catch block at 0xc3 in for 0x14d
02-26 13:29:39.891 7775 7775 E ArmVmp : Match on catch block at 0xc3 in for 0x149
02-26 13:29:39.899 7775 7775 E ArmVmp : Match on catch block at 0xc3 in for 0x159
02-26 13:29:39.903 7775 7775 E ArmVmp : Match on catch block at 0xc3 in for 0x155
02-26 13:29:39.910 7775 7775 E ArmVmp : Match on catch block at 0xc3 in for 0x149
02-26 13:29:39.912 7775 7775 E ArmVmp : Match on catch block at 0xc3 in for 0x145
02-26 13:29:39.919 7775 7775 E ArmVmp : Match on catch block at 0xc3 in for 0x155
02-26 13:29:39.921 7775 7775 E ArmVmp : Match on catch block at 0xc3 in for 0x151
02-26 13:29:39.931 7775 7775 E ArmVmp : Match on catch block at 0xc3 in for 0x145
02-26 13:29:39.936 7775 7775 E ArmVmp : Match on catch block at 0xc3 in for 0x141
02-26 13:29:39.944 7775 7775 E ArmVmp : Match on catch block at 0xc3 in for 0x151
02-26 13:29:39.946 7775 7775 E ArmVmp : Match on catch block at 0xc3 in for 0x14d
02-26 13:29:39.957 7775 4155 W Codec2Client: query -- param skipped: index = 1342179345.
02-26 13:29:39.957 7775 4155 W Codec2Client: query -- param skipped: index = 2415921170.
02-26 13:29:39.957 7775 4155 W Codec2Client: query -- param skipped: index = 1610614798.
02-26 13:29:39.958 7775 7775 E ArmVmp : Match on catch block at 0xc3 in for 0x141
02-26 13:29:39.960 7775 4163 W Codec2Client: query -- param skipped: index = 1342179345.
02-26 13:29:39.960 7775 4163 W Codec2Client: query -- param skipped: index = 2415921170.
02-26 13:29:39.960 7775 4163 W Codec2Client: query -- param skipped: index = 1610614798.
02-26 13:29:39.962 7775 7775 E ArmVmp : Match on catch block at 0xc3 in for 0x159
02-26 13:29:39.969 7775 7775 E ArmVmp : Match on catch block at 0xc3 in for 0x14d
02-26 13:29:39.972 7775 7775 E ArmVmp : Match on catch block at 0xc3 in for 0x149
02-26 13:29:39.978 7775 7775 E ArmVmp : Match on catch block at 0xc3 in for 0x159
02-26 13:29:39.983 7775 7775 E ArmVmp : Match on catch block at 0xc3 in for 0x155
02-26 13:29:39.991 7775 7775 E ArmVmp : Match on catch block at 0xc3 in for 0x149
02-26 13:29:39.995 7775 7775 E ArmVmp : Match on catch block at 0xc3 in for 0x145
02-26 13:29:40.004 7775 7775 E ArmVmp : Match on catch block at 0xc3 in for 0x155
02-26 13:29:40.007 7775 7775 E ArmVmp : Match on catch block at 0xc3 in for 0x151
02-26 13:29:40.020 7775 7775 E ArmVmp : Match on catch block at 0xc3 in for 0x145
02-26 13:29:40.022 7775 7775 E ArmVmp : Match on catch block at 0xc3 in for 0x141
02-26 13:29:40.027 7775 7775 E ArmVmp : Match on catch block at 0xc3 in for 0x151
