02-26 08:38:41.745 26535 26934 E SQLiteDatabase: at android.database.sqlite.SQLiteStatement.executeInsert(SQLiteStatement.java:89)
02-26 08:38:41.745 26535 26934 E SQLiteDatabase: at android.database.sqlite.SQLiteDatabase.insertWithOnConflict(SQLiteDatabase.java:241 0)
02-26 08:38:41.745 26535 26934 E SQLiteDatabase: at android.database.sqlite.SQLiteDatabase.insert(SQLiteDatabase.java:2279)
02-26 08:38:41.745 26535 26934 E SQLiteDatabase: at X.2tm.A08(Unknown Source:6)
02-26 08:38:41.745 26535 26934 E SQLiteDatabase: at X.35Y.A07(Unknown Source:212)
02-26 08:38:41.745 26535 26934 E SQLiteDatabase: at X.3QF.A14(Unknown Source:470)
02-26 08:38:41.745 26535 26934 E SQLiteDatabase: at X.3gU.run(Unknown Source:982)
02-26 08:38:41.745 26535 26934 E SQLiteDatabase: at android.os.Handler.handleCallback(Handler.java:942)
02-26 08:38:41.745 26535 26934 E SQLiteDatabase: at android.os.Handler.dispatchMessage(Handler.java:99)
02-26 08:38:41.745 26535 26934 E SQLiteDatabase: at X.0zq.dispatchMessage(Unknown Source:4)
02-26 08:38:41.745 26535 26934 E SQLiteDatabase: at android.os.Looper.loopOnce(Looper.java:226)
02-26 08:38:41.745 26535 26934 E SQLiteDatabase: at android.os.Looper.loop(Looper.java:313)
02-26 08:38:41.745 26535 26934 E SQLiteDatabase: at android.os.HandlerThread.run(HandlerThread.java:67)
02-26 08:38:41.902 26535 26934 E SQLiteDatabase: Error inserting transferred=0 media_job_uuid=e558cd26-60b8-4680-97fd-0ea28e079c4b transcoded=0 gif_attribution=0 first_scan_length=0 direct_path=/v/t62.7161- 24/40940228_645299931014215_3620356348805218187_n.enc?ccb=11- 4&oh=01_AdSpmFVnVvccOj5hTWvwRCDs0sZydV77j6i9NvPL6F0gNg&oe=66040D54&_nc_sid=5e03e0 thumbnail_height_width_ratio=1.7777778 is_animated_sticker=0 file_hash=/YD3P6mKgMroly9agPKoDGeBouaiXXWaRrrDaLTptG0= file_path=null file_size=0 partial_media_hash=null face_x=0 face_y=0 height=1024 trim_to=0 media_key_timestamp=1708954498000 message_url=https://mmg.whatsapp.net/v/t62.7161- 24/40940228_645299931014215_3620356348805218187_n.enc?ccb=11- 4&oh=01_AdSpmFVnVvccOj5hTWvwRCDs0sZydV77j6i9NvPL6F0gNg&oe=66040D54&_nc_sid=5e03e0&m ms3=true media_caption=null trim_from=0 mime_type=video/mp4 partial_media_enc_hash=null width=576 original_file_hash=null has_streaming_sidecar=1 autotransfer_retry_enabled=1 media_upload_handle=null message_row_id=300 multicast_id=null enc_file_hash=dEv/SMo6R0YBPM4oeklkxqG0BslcDvBcO8Gs7ywnYcM= mute_video=0 page_count=0 first_scan_sidecar=null suspicious_content=0 file_length=2372959 media_name=null media_duration=16 chat_row_id=29 media_key=[B@164ffb0
02-26 08:38:41.902 26535 26934 E SQLiteDatabase: android.database.sqlite.SQLiteConstraintException: UNIQUE constraint failed: message_media.message_row_id (code 1555 SQLITE_CONSTRAINT_PRIMARYKEY[1555])
02-26 08:38:41.902 26535 26934 E SQLiteDatabase: at android.database.sqlite.SQLiteConnection.nativeExecuteForLastInsertedRowId(Native Method)
02-26 08:38:41.902 26535 26934 E SQLiteDatabase: at android.database.sqlite.SQLiteConnection.executeForLastInsertedRowId(SQLiteConnecti on.java:1275)
02-26 08:38:41.902 26535 26934 E SQLiteDatabase: at android.database.sqlite.SQLiteSession.executeForLastInsertedRowId(SQLiteSession.jav a:790)
02-26 08:38:41.902 26535 26934 E SQLiteDatabase: at android.database.sqlite.SQLiteStatement.executeInsert(SQLiteStatement.java:89)
02-26 08:38:41.902 26535 26934 E SQLiteDatabase: at android.database.sqlite.SQLiteDatabase.insertWithOnConflict(SQLiteDatabase.java:241 0)
02-26 08:38:41.902 26535 26934 E SQLiteDatabase: at android.database.sqlite.SQLiteDatabase.insert(SQLiteDatabase.java:2279)
02-26 08:38:41.902 26535 26934 E SQLiteDatabase: at X.2tm.A08(Unknown Source:6)
02-26 08:38:41.902 26535 26934 E SQLiteDatabase: at X.35Y.A07(Unknown Source:212)
02-26 08:38:41.902 26535 26934 E SQLiteDatabase: at X.3QF.A14(Unknown Source:470)
02-26 08:38:41.902 26535 26934 E SQLiteDatabase: at X.3gU.run(Unknown Source:982)
02-26 08:38:41.902 26535 26934 E SQLiteDatabase: at android.os.Handler.handleCallback(Handler.java:942)
02-26 08:38:41.902 26535 26934 E SQLiteDatabase: at android.os.Handler.dispatchMessage(Handler.java:99)
02-26 08:38:41.902 26535 26934 E SQLiteDatabase: at X.0zq.dispatchMessage(Unknown Source:4)
02-26 08:38:41.902 26535 26934 E SQLiteDatabase: at android.os.Looper.loopOnce(Looper.java:226)
02-26 08:38:41.902 26535 26934 E SQLiteDatabase: at android.os.Looper.loop(Looper.java:313)
02-26 08:38:41.902 26535 26934 E SQLiteDatabase: at android.os.HandlerThread.run(HandlerThread.java:67)
02-26 08:38:42.301 26535 26934 E SQLiteDatabase: Error inserting transferred=1 media_job_uuid=081fe85c-f1a3-4bd5-9a3f-047f9428464e transcoded=0 gif_attribution=0 first_scan_length=0 direct_path=/v/t62.7118- 24/19434997_3809840032629521_8398969990845015209_n.enc?ccb=11- 4&oh=01_AdSgwHsdrZ1byylCsQMMK6DNdJOoXQMdgrKcFNSQrNvxIg&oe=6603E66C&_nc_sid=5e03e0 thumbnail_height_width_ratio=1.0 is_animated_sticker=0 file_hash=WR6nEF07NLvlTyUz7tVZWwn6oupf6nVGiyceae4wmqw= file_path=Media/.Statuses/a3f4aa48219244f782b5de9202a158fb.jpg file_size=170580 partial_media_hash=null face_x=0 face_y=0 height=2000 trim_to=0 media_key_timestamp=1708949310000 message_url=https://mmg.whatsapp.net/v/t62.7118- 24/19434997_3809840032629521_8398969990845015209_n.enc?ccb=11- 4&oh=01_AdSgwHsdrZ1byylCsQMMK6DNdJOoXQMdgrKcFNSQrNvxIg&oe=6603E66C&_nc_sid=5e03e0&m ms3=true media_caption=null trim_from=0 mime_type=image/jpeg partial_media_enc_hash=null width=2000 original_file_hash=null has_streaming_sidecar=0 autotransfer_retry_enabled=1 media_upload_handle=null message_row_id=66 multicast_id=null enc_file_hash=v7fpucAD4IMxUlz7nPX4LAKkfTXHfmv/S6u4XG6p2ho= mute_video=0 page_count=0 first_scan_sidecar=null suspicious_content=0 file_length=170580 media_name=null media_duration=0 chat_row_id=29 media_key=[B@65ceb66
02-26 08:38:42.301 26535 26934 E SQLiteDatabase: android.database.sqlite.SQLiteConstraintException: UNIQUE constraint failed: message_media.message_row_id (code 1555 SQLITE_CONSTRAINT_PRIMARYKEY[1555])
02-26 08:38:42.301 26535 26934 E SQLiteDatabase: at android.database.sqlite.SQLiteConnection.nativeExecuteForLastInsertedRowId(Native Method)
02-26 08:38:42.301 26535 26934 E SQLiteDatabase: at android.database.sqlite.SQLiteConnection.executeForLastInsertedRowId(SQLiteConnecti on.java:1275)
02-26 08:38:42.301 26535 26934 E SQLiteDatabase: at android.database.sqlite.SQLiteSession.executeForLastInsertedRowId(SQLiteSession.jav a:790)
02-26 08:38:42.301 26535 26934 E SQLiteDatabase: at android.database.sqlite.SQLiteStatement.executeInsert(SQLiteStatement.java:89)
02-26 08:38:42.301 26535 26934 E SQLiteDatabase: at android.database.sqlite.SQLiteDatabase.insertWithOnConflict(SQLiteDatabase.java:241 0)
02-26 08:38:42.301 26535 26934 E SQLiteDatabase: at android.database.sqlite.SQLiteDatabase.insert(SQLiteDatabase.java:2279)
02-26 08:38:42.301 26535 26934 E SQLiteDatabase: at X.2tm.A08(Unknown Source:6)
02-26 08:38:42.301 26535 26934 E SQLiteDatabase: at X.35Y.A07(Unknown Source:212)
02-26 08:38:42.301 26535 26934 E SQLiteDatabase: at X.3QF.A14(Unknown Source:470)
02-26 08:38:42.301 26535 26934 E SQLiteDatabase: at X.3gU.run(Unknown Source:982)
02-26 08:38:42.301 26535 26934 E SQLiteDatabase: at android.os.Handler.handleCallback(Handler.java:942)
02-26 08:38:42.301 26535 26934 E SQLiteDatabase: at android.os.Handler.dispatchMessage(Handler.java:99)
02-26 08:38:42.301 26535 26934 E SQLiteDatabase: at X.0zq.dispatchMessage(Unknown Source:4)
02-26 08:38:42.301 26535 26934 E SQLiteDatabase: at android.os.Looper.loopOnce(Looper.java:226)
02-26 08:38:42.301 26535 26934 E SQLiteDatabase: at android.os.Looper.loop(Looper.java:313)
02-26 08:38:42.301 26535 26934 E SQLiteDatabase: at android.os.HandlerThread.run(HandlerThread.java:67)
02-26 08:38:43.110 26535 26535 W BottomSheetBehavior: BottomSheetBehavior now supports multiple callbacks. `setBottomSheetCallback()` removes all existing callbacks, including ones set internally by library authors, which may result in unintended behavior. This may change in the future. Please use `addBottomSheetCallback()` and `removeBottomSheetCallback()` instead to set your own callbacks.
02-26 08:38:43.110 26535 26535 W BottomSheetBehavior: BottomSheetBehavior now supports multiple callbacks. `setBottomSheetCallback()` removes all existing callbacks, including ones set internally by library authors, which may result in unintended behavior. This may change in the future. Please use `addBottomSheetCallback()` and `removeBottomSheetCallback()` instead to set your own callbacks.
02-26 08:38:43.115 26535 26535 E RecyclerView: No adapter attached; skipping layout
02-26 08:38:43.360 26535 26934 E SQLiteDatabase: Error inserting transferred=0 media_job_uuid=252bd245-91a8-4b0c-bce7-9a4ea30b189f transcoded=0 gif_attribution=0 first_scan_length=0 direct_path=/v/t62.7161- 24/40067043_2331226620602325_6392231651676538197_n.enc?ccb=11-4&oh=01_AdSJsqW- RLk2t8Mqf8hwxK3I9yTCgrWsu3t0_pu6K2IX9g&oe=6603E4A4&_nc_sid=5e03e0 thumbnail_height_width_ratio=0.0 is_animated_sticker=0 file_hash=gUra8+E81APF6M2VVbOo8N5454LaxvxCiXIH7D6hQC0= file_path=null file_size=0 partial_media_hash=null face_x=0 face_y=0 height=640 trim_to=0 media_key_timestamp=1708953542000 message_url=https://mmg.whatsapp.net/v/t62.7161- 24/40067043_2331226620602325_6392231651676538197_n.enc?ccb=11-4&oh=01_AdSJsqW- RLk2t8Mqf8hwxK3I9yTCgrWsu3t0_pu6K2IX9g&oe=6603E4A4&_nc_sid=5e03e0&mms3=true media_caption=null trim_from=0 mime_type=video/mp4 partial_media_enc_hash=null width=360 original_file_hash=null has_streaming_sidecar=1 autotransfer_retry_enabled=1 media_upload_handle=null message_row_id=68 multicast_id=null enc_file_hash=m0VOS/Q+8OvQKsZOWPlTHa1En6AVMwzBe1FLWq8JYvQ= mute_video=0 page_count=0 first_scan_sidecar=null suspicious_content=0 file_length=1647903 media_name=null media_duration=11 chat_row_id=29 media_key=[B@aaef0bd
02-26 08:38:43.360 26535 26934 E SQLiteDatabase: android.database.sqlite.SQLiteConstraintException: UNIQUE constraint failed: message_media.message_row_id (code 1555 SQLITE_CONSTRAINT_PRIMARYKEY[1555])
02-26 08:38:43.360 26535 26934 E SQLiteDatabase: at android.database.sqlite.SQLiteConnection.nativeExecuteForLastInsertedRowId(Native Method)
02-26 08:38:43.360 26535 26934 E SQLiteDatabase: at android.database.sqlite.SQLiteConnection.executeForLastInsertedRowId(SQLiteConnecti on.java:1275)
02-26 08:38:43.360 26535 26934 E SQLiteDatabase: at android.database.sqlite.SQLiteSession.executeForLastInsertedRowId(SQLiteSession.jav a:790)
02-26 08:38:43.360 26535 26934 E SQLiteDatabase: at android.database.sqlite.SQLiteStatement.executeInsert(SQLiteStatement.java:89)
02-26 08:38:43.360 26535 26934 E SQLiteDatabase: at android.database.sqlite.SQLiteDatabase.insertWithOnConflict(SQLiteDatabase.java:241 0)
02-26 08:38:43.360 26535 26934 E SQLiteDatabase: at android.database.sqlite.SQLiteDatabase.insert(SQLiteDatabase.java:2279)
02-26 08:38:43.360 26535 26934 E SQLiteDatabase: at X.2tm.A08(Unknown Source:6)
02-26 08:38:43.360 26535 26934 E SQLiteDatabase: at X.35Y.A07(Unknown Source:212)
02-26 08:38:43.360 26535 26934 E SQLiteDatabase: at X.3QF.A14(Unknown Source:470)
02-26 08:38:43.360 26535 26934 E SQLiteDatabase: at X.3gU.run(Unknown Source:982)
02-26 08:38:43.360 26535 26934 E SQLiteDatabase: at android.os.Handler.handleCallback(Handler.java:942)
02-26 08:38:43.360 26535 26934 E SQLiteDatabase: at android.os.Handler.dispatchMessage(Handler.java:99)
02-26 08:38:43.360 26535 26934 E SQLiteDatabase: at X.0zq.dispatchMessage(Unknown Source:4)
02-26 08:38:43.360 26535 26934 E SQLiteDatabase: at android.os.Looper.loopOnce(Looper.java:226)
02-26 08:38:43.360 26535 26934 E SQLiteDatabase: at android.os.Looper.loop(Looper.java:313)
02-26 08:38:43.360 26535 26934 E SQLiteDatabase: at android.os.HandlerThread.run(HandlerThread.java:67)
02-26 08:38:43.593 26535 26934 E SQLiteDatabase: Error inserting transferred=1 media_job_uuid=c81f3082-f0e5-4cee-b334-22efc9c0f408 transcoded=0 gif_attribution=0 first_scan_length=0 direct_path=/v/t62.7118- 24/34806859_1082616696376910_464972029660376220_n.enc?ccb=11- 4&oh=01_AdS8n79x9eTz11utf-CSEvK_b6-qJ5ZNjoPpzQr59kLRtA&oe=66040D19&_nc_sid=5e03e0 thumbnail_height_width_ratio=0.6666667 is_animated_sticker=0 file_hash=WSmcrzB91PwCTJbhA9RChGutGKkdO+YCg2dZZCZqZsk= file_path=Media/.Statuses/eb438291c3ea4273a45bf829f9e78a5d.jpg file_size=15619 partial_media_hash=null face_x=0 face_y=0 height=319 trim_to=0 media_key_timestamp=1708953874000 message_url=https://mmg.whatsapp.net/v/t62.7118- 24/34806859_1082616696376910_464972029660376220_n.enc?ccb=11- 4&oh=01_AdS8n79x9eTz11utf-CSEvK_b6- qJ5ZNjoPpzQr59kLRtA&oe=66040D19&_nc_sid=5e03e0&mms3=true media_caption=null trim_from=0 mime_type=image/jpeg partial_media_enc_hash=null width=478 original_file_hash=null has_streaming_sidecar=0 autotransfer_retry_enabled=1 media_upload_handle=null message_row_id=65 multicast_id=null enc_file_hash=2cX86jsTMlFPfjUqVRbcgRmdAftod6/oxyym7/Y78OY= mute_video=0 page_count=0 first_scan_sidecar=null suspicious_content=0 file_length=15619 media_name=null media_duration=0 chat_row_id=29 media_key=[B@71b0a5b
02-26 08:38:43.593 26535 26934 E SQLiteDatabase: android.database.sqlite.SQLiteConstraintException: UNIQUE constraint failed: message_media.message_row_id (code 1555 SQLITE_CONSTRAINT_PRIMARYKEY[1555])
02-26 08:38:43.593 26535 26934 E SQLiteDatabase: at android.database.sqlite.SQLiteConnection.nativeExecuteForLastInsertedRowId(Native Method)
02-26 08:38:43.593 26535 26934 E SQLiteDatabase: at android.database.sqlite.SQLiteConnection.executeForLastInsertedRowId(SQLiteConnecti on.java:1275)
02-26 08:38:43.593 26535 26934 E SQLiteDatabase: at android.database.sqlite.SQLiteSession.executeForLastInsertedRowId(SQLiteSession.jav a:790)
02-26 08:38:43.593 26535 26934 E SQLiteDatabase: at android.database.sqlite.SQLiteStatement.executeInsert(SQLiteStatement.java:89)
02-26 08:38:43.593 26535 26934 E SQLiteDatabase: at android.database.sqlite.SQLiteDatabase.insertWithOnConflict(SQLiteDatabase.java:241 0)
02-26 08:38:43.593 26535 26934 E SQLiteDatabase: at android.database.sqlite.SQLiteDatabase.insert(SQLiteDatabase.java:2279)
02-26 08:38:43.593 26535 26934 E SQLiteDatabase: at X.2tm.A08(Unknown Source:6)
02-26 08:38:43.593 26535 26934 E SQLiteDatabase: at X.35Y.A07(Unknown Source:212)
02-26 08:38:43.593 26535 26934 E SQLiteDatabase: at X.3QF.A14(Unknown Source:470)
02-26 08:38:43.593 26535 26934 E SQLiteDatabase: at X.3gU.run(Unknown Source:982)
02-26 08:38:43.593 26535 26934 E SQLiteDatabase: at android.os.Handler.handleCallback(Handler.java:942)
02-26 08:38:43.593 26535 26934 E SQLiteDatabase: at android.os.Handler.dispatchMessage(Handler.java:99)
02-26 08:38:43.593 26535 26934 E SQLiteDatabase: at X.0zq.dispatchMessage(Unknown Source:4)
02-26 08:38:43.593 26535 26934 E SQLiteDatabase: at android.os.Looper.loopOnce(Looper.java:226)
02-26 08:38:43.593 26535 26934 E SQLiteDatabase: at android.os.Looper.loop(Looper.java:313)
02-26 08:38:43.593 26535 26934 E SQLiteDatabase: at android.os.HandlerThread.run(HandlerThread.java:67)
02-26 08:38:51.462 26535 26535 W BottomSheetBehavior: BottomSheetBehavior now supports multiple callbacks. `setBottomSheetCallback()` removes all existing callbacks, including ones set internally by library authors, which may result in unintended behavior. This may change in the future. Please use `addBottomSheetCallback()` and `removeBottomSheetCallback()` instead to set your own callbacks.
02-26 08:38:51.462 26535 26535 W BottomSheetBehavior: BottomSheetBehavior now supports multiple callbacks. `setBottomSheetCallback()` removes all existing callbacks, including ones set internally by library authors, which may result in unintended behavior. This may change in the future. Please use `addBottomSheetCallback()` and `removeBottomSheetCallback()` instead to set your own callbacks.
02-26 08:38:51.468 26535 26535 E RecyclerView: No adapter attached; skipping layout
02-26 08:38:51.804 26535 26535 E RecyclerView: No adapter attached; skipping layout
02-26 08:38:51.930 26535 26934 E SQLiteDatabase: Error inserting transferred=1 media_job_uuid=e423d4b6-16ab-45cd-be32-66a40663e819 transcoded=0 gif_attribution=0 first_scan_length=7259 direct_path=/v/t62.7118- 24/29537353_1326538341368899_1210207491238793081_n.enc?ccb=11- 4&oh=01_AdTmrp3iadU70PfMfzh0-oaVmPSK8_-K1Fw9TFMVjr02zQ&oe=66040692&_nc_sid=5e03e0 thumbnail_height_width_ratio=1.0 is_animated_sticker=0 file_hash=bafRlIwaBQJrIVV/P6hNO8Hx28TesjzHUpSAqGa2Fxw= file_path=Media/.Statuses/72a49e1d061547c0a2a6950c0a325daf.jpg file_size=44419 partial_media_hash=2DdAZXW9ZaOMBFxEx31VRjDdgw27uvFLLR9dlAGpRg8= face_x=0 face_y=0 height=1024 trim_to=0 media_key_timestamp=1708953875000 message_url=https://mmg.whatsapp.net/v/t62.7118- 24/29537353_1326538341368899_1210207491238793081_n.enc?ccb=11- 4&oh=01_AdTmrp3iadU70PfMfzh0-oaVmPSK8_- K1Fw9TFMVjr02zQ&oe=66040692&_nc_sid=5e03e0&mms3=true media_caption=null trim_from=0 mime_type=image/jpeg partial_media_enc_hash=null width=1024 original_file_hash=null has_streaming_sidecar=1 autotransfer_retry_enabled=1 media_upload_handle=null message_row_id=64 multicast_id=null enc_file_hash=16vcnum3Msc4xR6LFRx7m2aMieC6WNkrc1Ep+RR8hcc= mute_video=0 page_count=0 first_scan_sidecar=[B@ae6de69 suspicious_content=0 file_length=44419 media_name=null media_duration=0 chat_row_id=29 media_key=[B@a46e0ee
02-26 08:38:51.930 26535 26934 E SQLiteDatabase: android.database.sqlite.SQLiteConstraintException: UNIQUE constraint failed: message_media.message_row_id (code 1555 SQLITE_CONSTRAINT_PRIMARYKEY[1555])
02-26 08:38:51.930 26535 26934 E SQLiteDatabase: at android.database.sqlite.SQLiteConnection.nativeExecuteForLastInsertedRowId(Native Method)
02-26 08:38:51.930 26535 26934 E SQLiteDatabase: at android.database.sqlite.SQLiteConnection.executeForLastInsertedRowId(SQLiteConnecti on.java:1275)
02-26 08:38:51.930 26535 26934 E SQLiteDatabase: at android.database.sqlite.SQLiteSession.executeForLastInsertedRowId(SQLiteSession.jav a:790)
02-26 08:38:51.930 26535 26934 E SQLiteDatabase: at android.database.sqlite.SQLiteStatement.executeInsert(SQLiteStatement.java:89)
02-26 08:38:51.930 26535 26934 E SQLiteDatabase: at android.database.sqlite.SQLiteDatabase.insertWithOnConflict(SQLiteDatabase.java:241 0)
02-26 08:38:51.930 26535 26934 E SQLiteDatabase: at android.database.sqlite.SQLiteDatabase.insert(SQLiteDatabase.java:2279)
02-26 08:38:51.930 26535 26934 E SQLiteDatabase: at X.2tm.A08(Unknown Source:6)
02-26 08:38:51.930 26535 26934 E SQLiteDatabase: at X.35Y.A07(Unknown Source:212)
02-26 08:38:51.930 26535 26934 E SQLiteDatabase: at X.3QF.A14(Unknown Source:470)
02-26 08:38:51.930 26535 26934 E SQLiteDatabase: at X.3gU.run(Unknown Source:982)
02-26 08:38:51.930 26535 26934 E SQLiteDatabase: at android.os.Handler.handleCallback(Handler.java:942)
02-26 08:38:51.930 26535 26934 E SQLiteDatabase: at android.os.Handler.dispatchMessage(Handler.java:99)
02-26 08:38:51.930 26535 26934 E SQLiteDatabase: at X.0zq.dispatchMessage(Unknown Source:4)
02-26 08:38:51.930 26535 26934 E SQLiteDatabase: at android.os.Looper.loopOnce(Looper.java:226)
02-26 08:38:51.930 26535 26934 E SQLiteDatabase: at android.os.Looper.loop(Looper.java:313)
02-26 08:38:51.930 26535 26934 E SQLiteDatabase: at android.os.HandlerThread.run(HandlerThread.java:67)
02-26 08:38:52.491 26535 26535 W BottomSheetBehavior: BottomSheetBehavior now supports multiple callbacks. `setBottomSheetCallback()` removes all existing callbacks, including ones set internally by library authors, which may result in unintended behavior. This may change in the future. Please use `addBottomSheetCallback()` and `removeBottomSheetCallback()` instead to set your own callbacks.
02-26 08:38:52.491 26535 26535 W BottomSheetBehavior: BottomSheetBehavior now supports multiple callbacks. `setBottomSheetCallback()` removes all existing callbacks, including ones set internally by library authors, which may result in unintended behavior. This may change in the future. Please use `addBottomSheetCallback()` and `removeBottomSheetCallback()` instead to set your own callbacks.
02-26 08:38:52.962 26535 26535 E RecyclerView: No adapter attached; skipping layout
02-26 08:39:13.956 26535 26535 W SoundPool: Use of stream types is deprecated for operations other than volume control
02-26 08:39:13.956 26535 26535 W SoundPool: See the documentation of SoundPool() for what to use instead with android.media.AudioAttributes to qualify your playback use case
02-26 08:39:13.974 26535 26535 W BottomSheetBehavior: BottomSheetBehavior now supports multiple callbacks. `setBottomSheetCallback()` removes all existing callbacks, including ones set internally by library authors, which may result in unintended behavior. This may change in the future. Please use `addBottomSheetCallback()` and `removeBottomSheetCallback()` instead to set your own callbacks.
02-26 08:39:14.042 26535 26975 W Parcel : Expecting binder but got null!
02-26 08:39:14.378 26535 26535 W OnBackInvokedCallback: OnBackInvokedCallback is not enabled for the application.
02-26 08:39:14.378 26535 26535 W OnBackInvokedCallback: Set 'android:enableOnBackInvokedCallback="true"' in the application manifest.
02-26 08:49:37.975 26535 26975 W Adreno-AppProfiles: Could not find QSPM HAL service. Skipping adreno profile processing.
02-26 08:49:38.525 26535 26535 W OnBackInvokedCallback: OnBackInvokedCallback is not enabled for the application.
02-26 08:49:38.525 26535 26535 W OnBackInvokedCallback: Set 'android:enableOnBackInvokedCallback="true"' in the application manifest.
02-26 08:49:43.684 26535 26535 E ArmVmp : Match on catch block at 0x0a in for 0x1f1
02-26 08:49:43.708 26535 26975 W Parcel : Expecting binder but got null!
02-26 08:49:46.034 26535 26535 W InputEventReceiver: Attempted to finish an input event but the input event receiver has already been disposed.
02-26 08:49:46.251 26535 26975 W Parcel : Expecting binder but got null!
02-26 08:49:56.041 26535 26535 W Settings: Setting show_button_background has moved from android.provider.Settings.System to android.provider.Settings.Global, returning read-only value.
02-26 08:49:56.082 26535 26975 W Parcel : Expecting binder but got null!
02-26 08:49:57.088 26535 26535 W InputEventReceiver: Attempted to finish an input event but the input event receiver has already been disposed.
02-26 08:49:57.690 26535 26535 E ArmVmp : Match on catch block at 0x0a in for 0x1c9
02-26 08:49:57.705 26535 26535 E ArmVmp : Match on catch block at 0x0a in for 0x1b9
02-26 08:49:57.782 26535 26975 W Parcel : Expecting binder but got null!
02-26 08:50:02.637 26535 26535 W InputEventReceiver: Attempted to finish an input event but the input event receiver has already been disposed.
02-26 08:50:28.209 26535 26975 W Parcel : Expecting binder but got null!
02-26 08:50:29.680 26535 26535 W OnBackInvokedCallback: OnBackInvokedCallback is not enabled for the application.
02-26 08:50:29.680 26535 26535 W OnBackInvokedCallback: Set 'android:enableOnBackInvokedCallback="true"' in the application manifest.
02-26 08:50:36.122 26535 26975 W Parcel : Expecting binder but got null!
02-26 08:50:36.206 26535 26975 W Parcel : Expecting binder but got null!
02-26 08:50:39.002 26535 26975 W Parcel : Expecting binder but got null!
02-26 08:50:39.072 26535 26975 W Parcel : Expecting binder but got null!
02-26 08:50:40.800 26535 26535 W OnBackInvokedCallback: OnBackInvokedCallback is not enabled for the application.
02-26 08:50:40.800 26535 26535 W OnBackInvokedCallback: Set 'android:enableOnBackInvokedCallback="true"' in the application manifest. --------- beginning of system
02-26 08:50:40.812 26535 26535 W TelecomFramework: SelfManagedConnectionService: onCallAudioStateChanged - Cannot find conference TC@90_1: (TSI.pC->CM.fOCP- >CM.sOCPA->CM.dSMCP->CM.dSPA->CM.sRCQ->CM.pASP- >CARSM.pM_UPDATE_SYSTEM_AUDIO_ROUTE)->CS.cASC->H.CS.cASC(cm/cast)@E-yw8
02-26 08:50:41.025 26535 26535 W SoundPool: Use of stream types is deprecated for operations other than volume control
02-26 08:50:41.025 26535 26535 W SoundPool: See the documentation of SoundPool() for what to use instead with android.media.AudioAttributes to qualify your playback use case
02-26 08:50:41.675 26535 26975 W Parcel : Expecting binder but got null!
02-26 08:50:41.728 26535 26975 W Parcel : Expecting binder but got null!
02-26 08:50:41.731 26535 26535 W BottomSheetBehavior: BottomSheetBehavior now supports multiple callbacks. `setBottomSheetCallback()` removes all existing callbacks, including ones set internally by library authors, which may result in unintended behavior. This may change in the future. Please use `addBottomSheetCallback()` and `removeBottomSheetCallback()` instead to set your own callbacks.
02-26 08:50:41.846 26535 26535 W OnBackInvokedCallback: OnBackInvokedCallback is not enabled for the application.
02-26 08:50:41.846 26535 26535 W OnBackInvokedCallback: Set 'android:enableOnBackInvokedCallback="true"' in the application manifest.
02-26 08:50:41.962 26535 26535 W RemoteInputConnectionImpl: requestCursorAnchorInfo on inactive InputConnection
02-26 08:50:42.786 26--------- beginning of main
02-26 08:50:42.947 26535 26975 W Parcel : Expecting binder but got null!
02-26 08:51:22.315 26535 26535 W OnBackInvokedCallback: OnBackInvokedCallback is not enabled for the application.
02-26 08:51:22.315 26535 26535 W OnBackInvokedCallback: Set 'android:enableOnBackInvokedCallback="true"' in the application manifest.
02-26 08:51:29.121 26535 26548 W System : A resource failed to call AbstractCursor.close.
02-26 08:51:29.122 26535 26548 W System : A resource failed to call CursorWrapperInner.close.
02-26 08:52:21.565 26535 26975 W Parcel : Expecting binder but got null!
02-26 08:52:23.440 26535 26535 W InputEventReceiver: Attempted to finish an input event but the input event receiver has already been disposed. --------- beginning of system
02-26 08:52:23.440 26535 26535 W ViewRootImpl@d64fa06[PopupWindow:927cce1]: Dropping event due to root view being removed: MotionEvent { action=ACTION_MOVE, actionButton=0, id[0]=0, x[0]=-285.75977, y[0]=-2.3701172, toolType[0]=TOOL_TYPE_FINGER, buttonState=0, classification=NONE, metaState=0, flags=0x0, edgeFlags=0x0, pointerCount=1, historySize=0, eventTime=386973599, downTime=386973593, deviceId=7, source=0x1002, displayId=0, eventId=27807430 }
02-26 08:52:23.440 26535 26535 E ViewRootImpl@d64fa06[PopupWindow:927cce1]: mStopped=false mHasWindowFocus=true mPausedForTransition=false
02-26 08:52:23.440 26535 26535 W InputEventReceiver: Attempted to finish an input event but the input event receiver has already been disposed.
02-26 08:52:25.455 26535 26535 E ArmVmp : Match on catch block at 0x0a in for 0x2e5
02-26 08:52:25.498 26535 26975 W Parcel : Expecting binder but got null!
02-26 08:52:26.362 26535 26535 W InputEventReceiver: Attempted to finish an input event but the input event receiver has already been disposed.
02-26 08:52:27.207 26535 26535 E ArmVmp : Match on catch block at 0x0a in for 0x1d1
02-26 08:52:27.230 26535 26535 E ArmVmp : Match on catch block at 0x0a in for 0x1a9
02-26 08:52:27.262 26535 26975 W Parcel : Expecting binder but got null!
02-26 08:52:37.912 26535 26535 E ArmVmp : Match on catch block at 0x0a in for 0x271
02-26 08:52:37.961 26535 26975 W Parcel : Expecting binder but got null!
02-26 08:52:39.621 20785 20785 E com.mbwhatsapp: Not starting debugger since process cannot load the jdwp agent.
02-26 08:52:39.684 20785 20785 W System.err: java.lang.ClassNotFoundException: mbmodsd.mbmodsw.ui.views.btn.BtnBK
02-26 08:52:39.685 20785 20785 W System.err: at java.lang.Runtime.nativeLoad(Native Method)
02-26 08:52:39.685 20785 20785 W System.err: at java.lang.Runtime.nativeLoad(Runtime.java:1121)
02-26 08:52:39.685 20785 20785 W System.err: at java.lang.Runtime.loadLibrary0(Runtime.java:1075)
02-26 08:52:39.685 20785 20785 W System.err: at java.lang.Runtime.loadLibrary0(Runtime.java:998)
02-26 08:52:39.685 20785 20785 W System.err: at java.lang.System.loadLibrary(System.java:1661)
02-26 08:52:39.685 20785 20785 W System.err: at arm.EpicVm.<clinit>(Unknown Source:2)
02-26 08:52:39.685 20785 20785 W System.err: at java.lang.Class.newInstance(Native Method)
02-26 08:52:39.685 20785 20785 W System.err: at android.app.AppComponentFactory.instantiateApplication(AppComponentFactory.java:76)
02-26 08:52:39.685 20785 20785 W System.err: at androidx.core.app.CoreComponentFactory.instantiateApplication(Unknown Source:0)
02-26 08:52:39.685 20785 20785 W System.err: at android.app.Instrumentation.newApplication(Instrumentation.java:1232)
02-26 08:52:39.685 20785 20785 W System.err: at android.app.LoadedApk.makeApplicationInner(LoadedApk.java:1566)
02-26 08:52:39.685 20785 20785 W System.err: at android.app.LoadedApk.makeApplicationInner(LoadedApk.java:1503)
02-26 08:52:39.685 20785 20785 W System.err: at android.app.ActivityThread.handleBindApplication(ActivityThread.java:7558)
02-26 08:52:39.685 20785 20785 W System.err: at android.app.ActivityThread.-$ $Nest$mhandleBindApplication(Unknown Source:0)
02-26 08:52:39.685 20785 20785 W System.err: at android.app.ActivityThread$H.handleMessage(ActivityThread.java:2400)
02-26 08:52:39.685 20785 20785 W System.err: at android.os.Handler.dispatchMessage(Handler.java:106)
02-26 08:52:39.685 20785 20785 W System.err: at android.os.Looper.loopOnce(Looper.java:226)
02-26 08:52:39.685 20785 20785 W System.err: at android.os.Looper.loop(Looper.java:313)
02-26 08:52:39.685 20785 20785 W System.err: at android.app.ActivityThread.main(ActivityThread.java:8762)
02-26 08:52:39.685 20785 20785 W System.err: at java.lang.reflect.Method.invoke(Native Method)
02-26 08:52:39.685 20785 20785 W System.err: at com.android.internal.os.RuntimeInit$MethodAndArgsCaller.run(RuntimeInit.java:604)
02-26 08:52:39.685 20785 20785 W System.err: at com.android.internal.os.ZygoteInit.main(ZygoteInit.java:1067)
02-26 08:52:39.698 20785 20785 E CustomActivityOnCrash: IMPORTANT WARNING! You already have an UncaughtExceptionHandler, are you sure this is correct? If you use a custom UncaughtExceptionHandler, you must initialize it AFTER CustomActivityOnCrash! Installing anyway, but your original handler will not be called.
02-26 08:52:39.801 20785 20811 W LibraryVersion: Failed to get app version for libraryName: firebase-iid
02-26 08:52:39.988 20834 20834 E com.mbwhatsapp: Not starting debugger since process cannot load the jdwp agent.
02-26 08:52:40.047 20834 20834 W System.err: java.lang.ClassNotFoundException: mbmodsd.mbmodsw.ui.views.btn.BtnBK
02-26 08:52:40.047 20834 20834 W System.err: at java.lang.Runtime.nativeLoad(Native Method)
02-26 08:52:40.047 20834 20834 W System.err: at java.lang.Runtime.nativeLoad(Runtime.java:1121)
02-26 08:52:40.047 20834 20834 W System.err: at java.lang.Runtime.loadLibrary0(Runtime.java:1075)
02-26 08:52:40.047 20834 20834 W System.err: at java.lang.Runtime.loadLibrary0(Runtime.java:998)
02-26 08:52:40.047 20834 20834 W System.err: at java.lang.System.loadLibrary(System.java:1661)
02-26 08:52:40.047 20834 20834 W System.err: at arm.EpicVm.<clinit>(Unknown Source:2)
02-26 08:52:40.047 20834 20834 W System.err: at java.lang.Class.newInstance(Native Method)
02-26 08:52:40.047 20834 20834 W System.err: at android.app.AppComponentFactory.instantiateApplication(AppComponentFactory.java:76)
02-26 08:52:40.047 20834 20834 W System.err: at androidx.core.app.CoreComponentFactory.instantiateApplication(Unknown Source:0)
02-26 08:52:40.047 20834 20834 W System.err: at android.app.Instrumentation.newApplication(Instrumentation.java:1232)
02-26 08:52:40.047 20834 20834 W System.err: at android.app.LoadedApk.makeApplicationInner(LoadedApk.java:1566)
02-26 08:52:40.047 20834 20834 W System.err: at android.app.LoadedApk.makeApplicationInner(LoadedApk.java:1503)
02-26 08:52:40.047 20834 20834 W System.err: at android.app.ActivityThread.handleBindApplication(ActivityThread.java:7558)
02-26 08:52:40.047 20834 20834 W System.err: at android.app.ActivityThread.-$ $Nest$mhandleBindApplication(Unknown Source:0)
02-26 08:52:40.047 20834 20834 W System.err: at android.app.ActivityThread$H.handleMessage(ActivityThread.java:2400)
02-26 08:52:40.047 20834 20834 W System.err: at android.os.Handler.dispatchMessage(Handler.java:106)
02-26 08:52:40.047 20834 20834 W System.err: at android.os.Looper.loopOnce(Looper.java:226)
02-26 08:52:40.047 20834 20834 W System.err: at android.os.Looper.loop(Looper.java:313)
02-26 08:52:40.047 20834 20834 W System.err: at android.app.ActivityThread.main(ActivityThread.java:8762)
02-26 08:52:40.047 20834 20834 W System.err: at java.lang.reflect.Method.invoke(Native Method)
02-26 08:52:40.047 20834 20834 W System.err: at com.android.internal.os.RuntimeInit$MethodAndArgsCaller.run(RuntimeInit.java:604)
02-26 08:52:40.047 20834 20834 W System.err: at com.android.internal.os.ZygoteInit.main(ZygoteInit.java:1067)
02-26 08:52:40.061 20834 20834 E CustomActivityOnCrash: IMPORTANT WARNING! You already have an UncaughtExceptionHandler, are you sure this is correct? If you use a custom UncaughtExceptionHandler, you must initialize it AFTER CustomActivityOnCrash! Installing anyway, but your original handler will not be called.
02-26 08:52:40.090 20834 20864 W LibraryVersion: Failed to get app version for libraryName: firebase-iid
02-26 08:52:40.156 20834 20834 W com.mbwhatsapp: Accessing hidden method Lcom/android/org/conscrypt/OpenSSLSocketImpl;->setUseSessionTickets(Z)V (max- target-q,core-platform-api, reflection, denied)
02-26 08:52:40.156 20834 20834 W com.mbwhatsapp: Accessing hidden method Lcom/android/org/conscrypt/AbstractConscryptSocket;->setUseSessionTickets(Z)V (max- target-q, reflection, denied)
02-26 08:52:40.175 20882 20882 W libprocessgroup: JoinCgroup: controller schedtune is not found
02-26 08:52:40.209 20834 20834 W com.mbwhatsapp: Method void X.0eU.A0h(X.0tK, boolean) failed lock verification and will run slower.
02-26 08:52:40.209 20834 20834 W com.mbwhatsapp: Common causes for lock verification issues are non-optimized dex code
02-26 08:52:40.209 20834 20834 W com.mbwhatsapp: and incorrect proguard optimizations.
02-26 08:52:40.246 20834 20913 W com.mbwhatsapp: Method void X.2rL.A03(java.lang.Integer) failed lock verification and will run slower.
02-26 08:52:40.340 20834 20834 W com.mbwhatsapp: Method void com.mbwhatsapp.HomeActivity.A6e() failed lock verification and will run slower.
02-26 08:52:40.352 20834 20932 W Adreno-AppProfiles: Could not find QSPM HAL service. Skipping adreno profile processing.
02-26 08:52:40.481 20834 20834 E ArmVmp : Match on catch block at 0x0a in for 0x185
02-26 08:52:40.491 20834 20834 E ArmVmp : Match on catch block at 0x0a in for 0x265
02-26 08:52:40.519 20834 20834 W Activity: Can request only one set of permissions at a time
02-26 08:52:40.522 20834 20942 W com.mbwhatsapp: Accessing hidden method Lcom/android/org/conscrypt/ConscryptEngineSocket;->setUseSessionTickets(Z)V (max- target-q,core-platform-api, reflection, denied)
02-26 08:52:40.522 20834 20942 W com.mbwhatsapp: Accessing hidden method Lcom/android/org/conscrypt/OpenSSLSocketImpl;->setUseSessionTickets(Z)V (max- target-q,core-platform-api, reflection, denied)
02-26 08:52:40.522 20834 20942 W com.mbwhatsapp: Accessing hidden method Lcom/android/org/conscrypt/AbstractConscryptSocket;->setUseSessionTickets(Z)V (max- target-q, reflection, denied)
02-26 08:52:40.522 20834 20942 W com.mbwhatsapp: Accessing hidden method Lcom/android/org/conscrypt/ConscryptEngineSocket;->setHostname(Ljava/lang/String;)V (max-target-q,core-platform-api, reflection, denied)
02-26 08:52:40.522 20834 20942 W com.mbwhatsapp: Accessing hidden method Lcom/android/org/conscrypt/OpenSSLSocketImpl;->setHostname(Ljava/lang/String;)V (max-target-q,core-platform-api, reflection, denied)
02-26 08:52:40.522 20834 20942 W com.mbwhatsapp: Accessing hidden method Lcom/android/org/conscrypt/AbstractConscryptSocket;->setHostname(Ljava/lang/ String;)V (max-target-q, reflection, denied)
02-26 08:52:40.522 20834 20942 W com.mbwhatsapp: Accessing hidden method Lcom/android/org/conscrypt/OpenSSLSocketImpl;->setAlpnProtocols([B)V (max-target- q,core-platform-api, reflection, denied)
02-26 08:52:40.522 20834 20942 W com.mbwhatsapp: Accessing hidden method Lcom/android/org/conscrypt/AbstractConscryptSocket;->setAlpnProtocols([B)V (max- target-q, reflection, denied)
02-26 08:52:40.599 20834 20942 W com.mbwhatsapp: Accessing hidden method Lcom/android/org/conscrypt/OpenSSLSocketImpl;->getAlpnSelectedProtocol()[B (max- target-q,core-platform-api, reflection, denied)
02-26 08:52:40.599 20834 20942 W com.mbwhatsapp: Accessing hidden method Lcom/android/org/conscrypt/AbstractConscryptSocket;->getAlpnSelectedProtocol()[B (max-target-q, reflection, denied)
02-26 08:52:40.688 20834 20834 E BufferQueueProducer: Unable to open libpenguin.so: dlopen failed: library "libpenguin.so" not found.
02-26 08:52:40.927 20834 20932 W Parcel : Expecting binder but got null!
02-26 08:52:40.946 20834 20834 W View : requestLayout() improperly called by androidx.appcompat.view.menu.ActionMenuItemView{5257d7c VFED..C.. ......ID 270,0- 406,0 #7f0b0f8a app:id/menuitem_search} during layout: running second layout pass
02-26 08:52:40.946 20834 20834 W View : requestLayout() improperly called by androidx.appcompat.widget.ActionMenuView{71a6605 V.E...... ....--------- beginning of main
02-26 08:52:40.952 20834 20834 E ArmVmp : Match on catch block at 0x0a in for 0x1b9
02-26 08:52:40.991 20834 20834 W View : requestLayout() improperly called by DecorView@e4b6d49[HomeActivity] during second layout pass: posting in next frame
02-26 08:52:41.070 20834 21002 W LOTTIE : Animation contains merge paths. Merge paths are only supported on KitKat+ and must be manually enabled by calling enableMergePathsForKitKatAndAbove().
02-26 08:52:41.156 20834 20834 W LOTTIE : Animation contains merge paths but they are disabled.
02-26 08:52:43.461 20834 20834 E ArmVmp : Match on catch block at 0x0a in for 0x1c5
02-26 08:52:43.481 20834 20834 E ArmVmp : Match on catch block at 0x0a in for 0x1ad
02-26 08:52:43.517 20834 20932 W Parcel : Expecting binder but got null!
02-26 08:52:46.407 20834 20834 E ArmVmp : Match on catch block at 0x0a in for 0x279
02-26 08:52:46.485 20834 20932 W Parcel : Expecting binder but got null!
02-26 08:52:58.126 20834 20842 W com.mbwhatsapp: Cleared Reference was only reachable from finalizer (only reported once)
02-26 08:52:58.144 20834 21022 E WM-WorkerWrapper: Work [ id=13dbfcd6-950d-4e81- 8b26-c66baf12154e, tags={ com.mbwhatsapp.privacy.protocol.xmpp.DisclosureGetStageByIdsWorker, tag.whatsapp.privacy.GetDisclosureStageByIds } ] failed because it threw an exception/error
02-26 08:52:58.144 20834 21022 E WM-WorkerWrapper: java.util.concurrent.ExecutionException: X.0pD: The completer object was garbage collected - this future would otherwise never complete. The tag was: Failure {mOutputData=Data {}}
02-26 08:52:58.144 20834 21022 E WM-WorkerWrapper: at X.0i9.A02(Unknown Source:20)
02-26 08:52:58.144 20834 21022 E WM-WorkerWrapper: at X.0i9.get(Unknown Source:47)
02-26 08:52:58.144 20834 21022 E WM-WorkerWrapper: at X.0lz.run(Unknown Source:4)
02-26 08:52:58.144 20834 21022 E WM-WorkerWrapper: at X.0m4.run(Unknown Source:2)
02-26 08:52:58.144 20834 21022 E WM-WorkerWrapper: at java.util.concurrent.ThreadPoolExecutor.runWorker(ThreadPoolExecutor.java:1137)
02-26 08:52:58.144 20834 21022 E WM-WorkerWrapper: at java.util.concurrent.ThreadPoolExecutor$Worker.run(ThreadPoolExecutor.java:637)
02-26 08:52:58.144 20834 21022 E WM-WorkerWrapper: at java.lang.Thread.run(Thread.java:1012)
02-26 08:52:58.144 20834 21022 E WM-WorkerWrapper: Caused by: X.0pD: The completer object was garbage collected - this future would otherwise never complete. The tag was: Failure {mOutputData=Data {}}
02-26 08:52:58.422 21127 21127 E com.mbwhatsapp: Not starting debugger since process cannot load the jdwp agent.
02-26 08:52:58.469 21127 21127 W System.err: java.lang.ClassNotFoundException: mbmodsd.mbmodsw.ui.views.btn.BtnBK
02-26 08:52:58.469 21127 21127 W System.err: at java.lang.Runtime.nativeLoad(Native Method)
02-26 08:52:58.469 21127 21127 W System.err: at java.lang.Runtime.nativeLoad(Runtime.java:1121)
02-26 08:52:58.469 21127 21127 W System.err: at java.lang.Runtime.loadLibrary0(Runtime.java:1075)
02-26 08:52:58.469 21127 21127 W System.err: at java.lang.Runtime.loadLibrary0(Runtime.java:998)
02-26 08:52:58.469 21127 21127 W System.err: at java.lang.System.loadLibrary(System.java:1661)
02-26 08:52:58.469 21127 21127 W System.err: at arm.EpicVm.<clinit>(Unknown Source:2)
02-26 08:52:58.469 21127 21127 W System.err: at java.lang.Class.newInstance(Native Method)
02-26 08:52:58.469 21127 21127 W System.err: at android.app.AppComponentFactory.instantiateApplication(AppComponentFactory.java:76)
02-26 08:52:58.469 21127 21127 W System.err: at androidx.core.app.CoreComponentFactory.instantiateApplication(Unknown Source:0)
02-26 08:52:58.469 21127 21127 W System.err: at android.app.Instrumentation.newApplication(Instrumentation.java:1232)
02-26 08:52:58.469 21127 21127 W System.err: at android.app.LoadedApk.makeApplicationInner(LoadedApk.java:1566)
02-26 08:52:58.469 21127 21127 W System.err: at android.app.LoadedApk.makeApplicationInner(LoadedApk.java:1503)
02-26 08:52:58.469 21127 21127 W System.err: at android.app.ActivityThread.handleBindApplication(ActivityThread.java:7558)
02-26 08:52:58.469 21127 21127 W System.err: at android.app.ActivityThread.-$ $Nest$mhandleBindApplication(Unknown Source:0)
02-26 08:52:58.469 21127 21127 W System.err: at android.app.ActivityThread$H.handleMessage(ActivityThread.java:2400)
02-26 08:52:58.469 21127 21127 W System.err: at android.os.Handler.dispatchMessage(Handler.java:106)
02-26 08:52:58.469 21127 21127 W System.err: at android.os.Looper.loopOnce(Looper.java:226)
02-26 08:52:58.469 21127 21127 W System.err: at android.os.Looper.loop(Looper.java:313)
02-26 08:52:58.469 21127 21127 W System.err: at android.app.ActivityThread.main(ActivityThread.java:8762)
02-26 08:52:58.469 21127 21127 W System.err: at java.lang.reflect.Method.invoke(Native Method)
02-26 08:52:58.469 21127 21127 W System.err: at com.android.internal.os.RuntimeInit$MethodAndArgsCaller.run(RuntimeInit.java:604)
02-26 08:52:58.469 21127 21127 W System.err: at com.android.internal.os.ZygoteInit.main(ZygoteInit.java:1067)
02-26 08:52:58.481 21127 21127 E CustomActivityOnCrash: IMPORTANT WARNING! You already have an UncaughtExceptionHandler, are you sure this is correct? If you use a custom UncaughtExceptionHandler, you must initialize it AFTER CustomActivityOnCrash! Installing anyway, but your original handler will not be called.
02-26 08:52:58.512 21127 21150 W LibraryVersion: Failed to get app version for libraryName: firebase-iid
02-26 08:52:58.610 21189 21189 E com.mbwhatsapp: Not starting debugger since process cannot load the jdwp agent.
02-26 08:52:58.657 21189 21189 W System.err: java.lang.ClassNotFoundException: mbmodsd.mbmodsw.ui.views.btn.BtnBK
02-26 08:52:58.657 21189 21189 W System.err: at java.lang.Runtime.nativeLoad(Native Method)
02-26 08:52:58.657 21189 21189 W System.err: at java.lang.Runtime.nativeLoad(Runtime.java:1121)
02-26 08:52:58.657 21189 21189 W System.err: at java.lang.Runtime.loadLibrary0(Runtime.java:1075)
02-26 08:52:58.657 21189 21189 W System.err: at java.lang.Runtime.loadLibrary0(Runtime.java:998)
02-26 08:52:58.657 21189 21189 W System.err: at java.lang.System.loadLibrary(System.java:1661)
02-26 08:52:58.657 21189 21189 W System.err: at arm.EpicVm.<clinit>(Unknown Source:2)
02-26 08:52:58.657 21189 21189 W System.err: at java.lang.Class.newInstance(Native Method)
02-26 08:52:58.657 21189 21189 W System.err: at android.app.AppComponentFactory.instantiateApplication(AppComponentFactory.java:76)
02-26 08:52:58.657 21189 21189 W System.err: at androidx.core.app.CoreComponentFactory.instantiateApplication(Unknown Source:0)
02-26 08:52:58.657 21189 21189 W System.err: at android.app.Instrumentation.newApplication(Instrumentation.java:1232)
02-26 08:52:58.657 21189 21189 W System.err: at android.app.LoadedApk.makeApplicationInner(LoadedApk.java:1566)
02-26 08:52:58.657 21189 21189 W System.err: at android.app.LoadedApk.makeApplicationInner(LoadedApk.java:1503)
02-26 08:52:58.657 21189 21189 W System.err: at android.app.ActivityThread.handleBindApplication(ActivityThread.java:7558)
02-26 08:52:58.657 21189 21189 W System.err: at android.app.ActivityThread.-$ $Nest$mhandleBindApplication(Unknown Source:0)
02-26 08:52:58.657 21189 21189 W System.err: at android.app.ActivityThread$H.handleMessage(ActivityThread.java:2400)
02-26 08:52:58.657 21189 21189 W System.err: at android.os.Handler.dispatchMessage(Handler.java:106)
02-26 08:52:58.657 21189 21189 W System.err: at android.os.Looper.loopOnce(Looper.java:226)
02-26 08:52:58.657 21189 21189 W System.err: at android.os.Looper.loop(Looper.java:313)
02-26 08:52:58.657 21189 21189 W System.err: at android.app.ActivityThread.main(ActivityThread.java:8762)
02-26 08:52:58.657 21189 21189 W System.err: at java.lang.reflect.Method.invoke(Native Method)
02-26 08:52:58.657 21189 21189 W System.err: at com.android.internal.os.RuntimeInit$MethodAndArgsCaller.run(RuntimeInit.java:604)
02-26 08:52:58.657 21189 21189 W System.err: at com.android.internal.os.ZygoteInit.main(ZygoteInit.java:1067)
02-26 08:52:58.670 21189 21189 E CustomActivityOnCrash: IMPORTANT WARNING! You already have an UncaughtExceptionHandler, are you sure this is correct? If you use a custom UncaughtExceptionHandler, you must initialize it AFTER CustomActivityOnCrash! Installing anyway, but your original handler will not be called.
02-26 08:52:58.710 21189 21214 W LibraryVersion: Failed to get app version for libraryName: firebase-iid
02-26 08:52:58.800 21189 21189 W com.mbwhatsapp: Accessing hidden method Lcom/android/org/conscrypt/OpenSSLSocketImpl;->setUseSessionTickets(Z)V (max- target-q,core-platform-api, reflection, denied)
02-26 08:52:58.800 21189 21189 W com.mbwhatsapp: Accessing hidden method Lcom/android/org/conscrypt/AbstractConscryptSocket;->setUseSessionTickets(Z)V (max- target-q, reflection, denied)
02-26 08:52:58.818 21241 21241 W libprocessgroup: JoinCgroup: controller schedtune is not found
02-26 08:52:58.857 21189 21189 W com.mbwhatsapp: Method void X.0eU.A0h(X.0tK, boolean) failed lock verification and will run slower.
02-26 08:52:58.857 21189 21189 W com.mbwhatsapp: Common causes for lock verification issues are non-optimized dex code
02-26 08:52:58.857 21189 21189 W com.mbwhatsapp: and incorrect proguard optimizations.
02-26 08:52:58.897 21189 21270 W com.mbwhatsapp: Method void X.2rL.A03(java.lang.Integer) failed lock verification and will run slower.
02-26 08:52:58.947 21189 21189 W com.mbwhatsapp: Method void com.mbwhatsapp.HomeActivity.A6e() failed lock verification and will run slower.
02-26 08:52:58.955 21189 21299 W Adreno-AppProfiles: Could not find QSPM HAL service. Skipping adreno profile processing.
02-26 08:52:59.073 21189 21189 E ArmVmp : Match on catch block at 0x0a in for 0x181
02-26 08:52:59.084 21189 21189 E ArmVmp : Match on catch block at 0x0a in for 0x261
02-26 08:52:59.114 21189 21189 W Activity: Can request only one set of permissions at a time
02-26 08:52:59.122 21189 21320 W com.mbwhatsapp: Accessing hidden method Lcom/android/org/conscrypt/ConscryptEngineSocket;->setUseSessionTickets(Z)V (max- target-q,core-platform-api, reflection, denied)
02-26 08:52:59.122 21189 21320 W com.mbwhatsapp: Accessing hidden method Lcom/android/org/conscrypt/OpenSSLSocketImpl;->setUseSessionTickets(Z)V (max- target-q,core-platform-api, reflection, denied)
02-26 08:52:59.122 21189 21320 W com.mbwhatsapp: Accessing hidden method Lcom/android/org/conscrypt/AbstractConscryptSocket;->setUseSessionTickets(Z)V (max- target-q, reflection, denied)
02-26 08:52:59.122 21189 21320 W com.mbwhatsapp: Accessing hidden method Lcom/android/org/conscrypt/ConscryptEngineSocket;->setHostname(Ljava/lang/String;)V (max-target-q,core-platform-api, reflection, denied)
02-26 08:52:59.122 21189 21320 W com.mbwhatsapp: Accessing hidden method Lcom/android/org/conscrypt/OpenSSLSocketImpl;->setHostname(Ljava/lang/String;)V (max-target-q,core-platform-api, reflection, denied)
02-26 08:52:59.122 21189 21320 W com.mbwhatsapp: Accessing hidden method Lcom/android/org/conscrypt/AbstractConscryptSocket;->setHostname(Ljava/lang/ String;)V (max-target-q, reflection, denied)
02-26 08:52:59.122 21189 21320 W com.mbwhatsapp: Accessing hidden method Lcom/android/org/conscrypt/OpenSSLSocketImpl;->setAlpnProtocols([B)V (max-target- q,core-platform-api, reflection, denied)
02-26 08:52:59.122 21189 21320 W com.mbwhatsapp: Accessing hidden method Lcom/android/org/conscrypt/AbstractConscryptSocket;->setAlpnProtocols([B)V (max- target-q, reflection, denied)
02-26 08:52:59.207 21189 21320 W com.mbwhatsapp: Accessing hidden method Lcom/android/org/conscrypt/OpenSSLSocketImpl;->getAlpnSelectedProtocol()[B (max- target-q,core-platform-api, reflection, denied)
02-26 08:52:59.207 21189 21320 W com.mbwhatsapp: Accessing hidden method Lcom/android/org/conscrypt/AbstractConscryptSocket;->getAlpnSelectedProtocol()[B (max-target-q, reflection, denied)
02-26 08:52:59.287 21189 21189 E BufferQueueProducer: Unable to open libpenguin.so: dlopen failed: library "libpenguin.so" not found.
02-26 08:52:59.468 21189 21299 W Parcel : Expecting binder but got null!
02-26 08:52:59.485 21189 21189 W View : requestLayout() improperly called by androidx.appcompat.view.menu.ActionMenuItemView{28d577 VFED..C.. ......ID 270,0- 406,0 #7f0b0f8a app:id/menuitem_search} during layout: running second layout pass
02-26 08:52:59.485 21189 21189 W View : requestLayout() improperly called by androidx.appcompat.widget.ActionMenuView{37755e4 V.E...... ......ID 462,351- 1128,351} during layout: running second layout pass
02-26 08:52:59.492 21189 21189 E ArmVmp : Match on catch block at 0x0a in for 0x1ad
