02-26 09:25:38.499 21189 21189 E ArmVmp : Match on catch block at 0xc3 in for 0x141
02-26 09:25:38.505 21189 21189 E ArmVmp : Match on catch block at 0xc3 in for 0x151
02-26 09:25:38.507 21189 21189 E ArmVmp : Match on catch block at 0xc3 in for 0x14d
02-26 09:25:38.513 21189 21189 E ArmVmp : Match on catch block at 0xc3 in for 0x141
02-26 09:25:38.516 21189 21189 E ArmVmp : Match on catch block at 0xc3 in for 0x159
02-26 09:25:38.522 21189 21189 E ArmVmp : Match on catch block at 0xc3 in for 0x14d
02-26 09:25:38.525 21189 21189 E ArmVmp : Match on catch block at 0xc3 in for 0x149
02-26 09:25:38.530 21189 21189 E ArmVmp : Match on catch block at 0xc3 in for 0x159
02-26 09:25:38.533 21189 21189 E ArmVmp : Match on catch block at 0xc3 in for 0x155
02-26 09:25:38.538 21189 21189 E ArmVmp : Match on catch block at 0xc3 in for 0x149
02-26 09:25:38.541 21189 21189 E ArmVmp : Match on catch block at 0xc3 in for 0x145
02-26 09:25:38.546 21189 21189 E ArmVmp : Match on catch block at 0xc3 in for 0x155
02-26 09:25:38.550 21189 21189 E ArmVmp : Match on catch block at 0xc3 in for 0x151
02-26 09:25:38.581 21189 21189 E ArmVmp : Match on catch block at 0xc3 in for 0x151
02-26 09:25:38.585 21189 21189 E ArmVmp : Match on catch block at 0xc3 in for 0x14d
02-26 09:25:38.904 21189 21189 E ArmVmp : Match on catch block at 0xc3 in for 0x155
02-26 09:25:38.907 21189 21189 E ArmVmp : Match on catch block at 0xc3 in for 0x151
02-26 09:25:38.923 21189 21189 E ArmVmp : Match on catch block at 0xc3 in for 0x159
02-26 09:25:38.926 21189 21189 E ArmVmp : Match on catch block at 0xc3 in for 0x155
02-26 09:25:38.931 21189 21189 E ArmVmp : Match on catch block at 0xc3 in for 0x149
02-26 09:25:38.934 21189 21189 E ArmVmp : Match on catch block at 0xc3 in for 0x145
02-26 09:25:38.947 21189 21189 E ArmVmp : Match on catch block at 0xc3 in for 0x155
02-26 09:25:38.950 21189 21189 E ArmVmp : Match on catch block at 0xc3 in for 0x151
02-26 09:25:38.966 21189 21189 E ArmVmp : Match on catch block at 0xc3 in for 0x145
02-26 09:25:38.969 21189 21189 E ArmVmp : Match on catch block at 0xc3 in for 0x141
02-26 09:25:38.982 21189 21189 E ArmVmp : Match on catch block at 0xc3 in for 0x159
02-26 09:25:38.986 21189 21189 E ArmVmp : Match on catch block at 0xc3 in for 0x155
02-26 09:25:38.999 21189 21189 E ArmVmp : Match on catch block at 0xc3 in for 0x149
02-26 09:25:39.003 21189 21189 E ArmVmp : Match on catch block at 0xc3 in for 0x145
02-26 09:25:39.018 21189 21189 E ArmVmp : Match on catch block at 0xc3 in for 0x155
02-26 09:25:39.023 21189 21189 E ArmVmp : Match on catch block at 0xc3 in for 0x151
02-26 09:25:39.033 21189 21189 E ArmVmp : Match on catch block at 0xc3 in for 0x145
02-26 09:25:39.039 21189 21189 E ArmVmp : Match on catch block at 0xc3 in for 0x141
02-26 09:25:39.048 21189 21189 E ArmVmp : Match on catch block at 0xc3 in for 0x151
02-26 09:25:39.052 21189 21189 E ArmVmp : Match on catch block at 0xc3 in for 0x14d
02-26 09:25:39.065 21189 21189 E ArmVmp : Match on catch block at 0xc3 in for 0x141
02-26 09:25:39.078 21189 21189 E ArmVmp : Match on catch block at 0xc3 in for 0x159
02-26 09:25:39.084 21189 21189 E ArmVmp : Match on catch block at 0xc3 in for 0x14d
02-26 09:25:39.090 21189 21189 E ArmVmp : Match on catch block at 0xc3 in for 0x149
02-26 09:25:39.100 21189 21189 E ArmVmp : Match on catch block at 0xc3 in for 0x159
02-26 09:25:39.103 21189 21189 E ArmVmp : Match on catch block at 0xc3 in for 0x155
02-26 09:25:39.116 21189 21189 E ArmVmp : Match on catch block at 0xc3 in for 0x151
02-26 09:25:39.121 21189 21189 E ArmVmp : Match on catch block at 0xc3 in for 0x14d
02-26 09:25:39.181 21189 21189 E ArmVmp : Match on catch block at 0xc3 in for 0x14d
02-26 09:25:39.184 21189 21189 E ArmVmp : Match on catch block at 0xc3 in for 0x149
02-26 09:25:39.382 21189 21189 E ArmVmp : Match on catch block at 0xc3 in for 0x145
02-26 09:25:39.385 21189 21189 E ArmVmp : Match on catch block at 0xc3 in for 0x141
02-26 09:25:39.566 21189 21189 E ArmVmp : Match on catch block at 0xc3 in for 0x159
02-26 09:25:39.570 21189 21189 E ArmVmp : Match on catch block at 0xc3 in for 0x155
02-26 09:25:39.683 21189 21189 E ArmVmp : Match on catch block at 0xc3 in for 0x151
02-26 09:25:39.691 21189 21189 E ArmVmp : Match on catch block at 0xc3 in for 0x14d
02-26 09:25:39.749 21189 21189 E ArmVmp : Match on catch block at 0xc3 in for 0x149
02-26 09:25:39.753 21189 21189 E ArmVmp : Match on catch block at 0xc3 in for 0x145
02-26 09:25:39.931 21189 21189 E ArmVmp : Match on catch block at 0xc3 in for 0x141
02-26 09:25:39.934 21189 21189 E ArmVmp : Match on catch block at 0xc3 in for 0x159
02-26 09:25:39.975 21189 21299 W Parcel : Expecting binder but got null!
02-26 09:25:40.052 21189 21189 E ArmVmp : Match on catch block at 0xc3 in for 0x145
02-26 09:25:40.054 21189 21189 E ArmVmp : Match on catch block at 0xc3 in for 0x141
02-26 09:25:40.107 21189 21189 E ArmVmp : Match on catch block at 0xc3 in for 0x151
02-26 09:25:40.109 21189 21189 E ArmVmp : Match on catch block at 0xc3 in for 0x14d
02-26 09:25:40.294 21189 21189 E ArmVmp : Match on catch block at 0xc3 in for 0x14d
02-26 09:25:40.296 21189 21189 E ArmVmp : Match on catch block at 0xc3 in for 0x149
02-26 09:25:40.304 21189 21189 E ArmVmp : Match on catch block at 0xc3 in for 0x155
02-26 09:25:40.306 21189 28139 W MediaPlayer: Use of stream types is deprecated for operations other than volume control
02-26 09:25:40.306 21189 28139 W MediaPlayer: See the documentation of setAudioStreamType() for what to use instead with android.media.AudioAttributes to qualify your playback use case
02-26 09:25:40.308 21189 21189 E ArmVmp : Match on catch block at 0xc3 in for 0x151
02-26 09:25:40.332 21189 25849 W MediaPlayerNative: info/warning (10973, 0)
02-26 09:25:40.450 21189 21189 E ArmVmp : Match on catch block at 0xc3 in for 0x141
02-26 09:25:40.458 21189 21189 E ArmVmp : Match on catch block at 0xc3 in for 0x159
02-26 09:25:40.483 21189 21189 E ArmVmp : Match on catch block at 0xc3 in for 0x155
02-26 09:25:40.486 21189 21189 E ArmVmp : Match on catch block at 0xc3 in for 0x151
02-26 09:25:40.636 21189 21189 E ArmVmp : Match on catch block at 0xc3 in for 0x145
02-26 09:25:40.638 21189 21189 E ArmVmp : Match on catch block at 0xc3 in for 0x141
02-26 09:25:40.966 21189 21189 E ArmVmp : Match on catch block at 0xc3 in for 0x149
02-26 09:25:40.969 21189 21189 E ArmVmp : Match on catch block at 0xc3 in for 0x145
02-26 09:25:40.979 21189 21189 E ArmVmp : Match on catch block at 0xc3 in for 0x145
02-26 09:25:40.982 21189 21189 E ArmVmp : Match on catch block at 0xc3 in for 0x141
02-26 09:25:41.004 21189 21189 E ArmVmp : Match on catch block at 0xc3 in for 0x14d
02-26 09:25:41.008 21189 21189 E ArmVmp : Match on catch block at 0xc3 in for 0x149
02-26 09:25:41.021 21189 21189 E ArmVmp : Match on catch block at 0xc3 in for 0x159
02-26 09:25:41.023 21189 21189 E ArmVmp : Match on catch block at 0xc3 in for 0x155
02-26 09:25:41.034 21189 21189 E ArmVmp : Match on catch block at 0xc3 in for 0x155
02-26 09:25:41.037 21189 21189 E ArmVmp : Match on catch block at 0xc3 in for 0x151
02-26 09:25:41.047 21189 21189 E ArmVmp : Match on catch block at 0xc3 in for 0x151
02-26 09:25:41.049 21189 21189 E ArmVmp : Match on catch block at 0xc3 in for 0x14d
02-26 09:25:41.055 21189 21189 E ArmVmp : Match on catch block at 0xc3 in for 0x141
02-26 09:25:41.058 21189 21189 E ArmVmp : Match on catch block at 0xc3 in for 0x159
02-26 09:25:41.065 21189 21189 E ArmVmp : Match on catch block at 0xc3 in for 0x14d
02-26 09:25:41.068 21189 21189 E ArmVmp : Match on catch block at 0xc3 in for 0x149
02-26 09:25:41.074 21189 21189 E ArmVmp : Match on catch block at 0xc3 in for 0x159
02-26 09:25:41.076 21189 21189 E ArmVmp : Match on catch block at 0xc3 in for 0x155
02-26 09:25:41.081 21189 21189 E ArmVmp : Match on catch block at 0xc3 in for 0x149
02-26 09:25:41.096 21189 21189 E ArmVmp : Match on catch block at 0xc3 in for 0x145
02-26 09:25:41.105 21189 21189 E ArmVmp : Match on catch block at 0xc3 in for 0x155
02-26 09:25:41.118 21189 21189 E ArmVmp : Match on catch block at 0xc3 in for 0x151
02-26 09:25:41.122 21189 21189 E ArmVmp : Match on catch block at 0xc3 in for 0x145
02-26 09:25:41.126 21189 21189 E ArmVmp : Match on catch block at 0xc3 in for 0x141
02-26 09:25:41.130 21189 21189 E ArmVmp : Match on catch block at 0xc3 in for 0x151
02-26 09:25:41.132 21189 21189 E ArmVmp : Match on catch block at 0xc3 in for 0x14d
02-26 09:25:41.139 21189 21189 E ArmVmp : Match on catch block at 0xc3 in for 0x141
02-26 09:25:41.141 21189 21189 E ArmVmp : Match on catch block at 0xc3 in for 0x159
02-26 09:25:41.147 21189 21189 E ArmVmp : Match on catch block at 0xc3 in for 0x14d
02-26 09:25:41.149 21189 21189 E ArmVmp : Match on catch block at 0xc3 in for 0x149
02-26 09:25:41.155 21189 21189 E ArmVmp : Match on catch block at 0xc3 in for 0x159
02-26 09:25:41.157 21189 21189 E ArmVmp : Match on catch block at 0xc3 in for 0x155
02-26 09:25:41.215 21189 21189 E ArmVmp : Match on catch block at 0xc3 in for 0x145
02-26 09:25:41.217 21189 21189 E ArmVmp : Match on catch block at 0xc3 in for 0x141
02-26 09:25:41.226 21189 28139 W MediaPlayer: Use of stream types is deprecated for operations other than volume control
02-26 09:25:41.226 21189 28139 W MediaPlayer: See the documentation of setAudioStreamType() for what to use instead with android.media.AudioAttributes to qualify your playback use case
02-26 09:25:41.243 21189 21203 W MediaPlayerNative: info/warning (10973, 0)
02-26 09:25:41.482 21189 21189 E ArmVmp : Match on catch block at 0xc3 in for 0x155
02-26 09:25:41.485 21189 21189 E ArmVmp : Match on catch block at 0xc3 in for 0x151
02-26 09:25:41.819 21189 21189 E ArmVmp : Match on catch block at 0xc3 in for 0x141
02-26 09:25:41.824 21189 21189 E ArmVmp : Match on catch block at 0xc3 in for 0x159
02-26 09:25:41.833 21189 21189 E ArmVmp : Match on catch block at 0xc3 in for 0x149
02-26 09:25:41.835 21189 21189 E ArmVmp : Match on catch block at 0xc3 in for 0x145
02-26 09:25:41.840 21189 21189 E ArmVmp : Match on catch block at 0xc3 in for 0x155
02-26 09:25:41.842 21189 21189 E ArmVmp : Match on catch block at 0xc3 in for 0x151
02-26 09:25:41.857 21189 21189 E ArmVmp : Match on catch block at 0xc3 in for 0x145
02-26 09:25:41.860 21189 21189 E ArmVmp : Match on catch block at 0xc3 in for 0x141
02-26 09:25:41.874 21189 21189 E ArmVmp : Match on catch block at 0xc3 in for 0x151
02-26 09:25:41.878 21189 21189 E ArmVmp : Match on catch block at 0xc3 in for 0x14d
02-26 09:25:41.891 21189 21189 E ArmVmp : Match on catch block at 0xc3 in for 0x141
02-26 09:25:41.894 21189 21189 E ArmVmp : Match on catch block at 0xc3 in for 0x159
02-26 09:25:41.908 21189 21189 E ArmVmp : Match on catch block at 0xc3 in for 0x14d
02-26 09:25:41.912 21189 21189 E ArmVmp : Match on catch block at 0xc3 in for 0x149
02-26 09:25:41.925 21189 21189 E ArmVmp : Match on catch block at 0xc3 in for 0x159
02-26 09:25:41.928 21189 21189 E ArmVmp : Match on catch block at 0xc3 in for 0x155
02-26 09:25:41.943 21189 21189 E ArmVmp : Match on catch block at 0xc3 in for 0x149
02-26 09:25:41.950 21189 21189 E ArmVmp : Match on catch block at 0xc3 in for 0x145
02-26 09:25:41.987 21189 21189 E ArmVmp : Match on catch block at 0xc3 in for 0x155
02-26 09:25:41.991 21189 21189 E ArmVmp : Match on catch block at 0xc3 in for 0x151
02-26 09:25:42.026 21189 21299 W Parcel : Expecting binder but got null!
02-26 09:25:42.027 21189 21189 E ArmVmp : Match on catch block at 0xc3 in for 0x14d
02-26 09:25:42.030 21189 21189 E ArmVmp : Match on catch block at 0xc3 in for 0x149
02-26 09:25:42.039 21189 21189 E ArmVmp : Match on catch block at 0xc3 in for 0x145
02-26 09:25:42.043 21189 21189 E ArmVmp : Match on catch block at 0xc3 in for 0x141
02-26 09:25:42.049 21189 21189 E ArmVmp : Match on catch block at 0xc3 in for 0x151
02-26 09:25:42.052 21189 21189 E ArmVmp : Match on catch block at 0xc3 in for 0x14d
02-26 09:25:42.218 21189 21189 E ArmVmp : Match on catch block at 0xc3 in for 0x149
02-26 09:25:42.225 21189 21189 E ArmVmp : Match on catch block at 0xc3 in for 0x145
02-26 09:25:42.233 21189 21189 E ArmVmp : Match on catch block at 0xc3 in for 0x149
02-26 09:25:42.236 21189 21189 E ArmVmp : Match on catch block at 0xc3 in for 0x145
02-26 09:25:42.245 21189 21189 E ArmVmp : Match on catch block at 0xc3 in for 0x151
02-26 09:25:42.247 21189 21189 E ArmVmp : Match on catch block at 0xc3 in for 0x14d
02-26 09:25:42.255 21189 21189 E ArmVmp : Match on catch block at 0xc3 in for 0x141
02-26 09:25:42.259 21189 21189 E ArmVmp : Match on catch block at 0xc3 in for 0x159
02-26 09:25:42.273 21189 21189 E ArmVmp : Match on catch block at 0xc3 in for 0x14d
02-26 09:25:42.277 21189 21189 E ArmVmp : Match on catch block at 0xc3 in for 0x149
02-26 09:25:42.281 21189 21189 E ArmVmp : Match on catch block at 0xc3 in for 0x159
02-26 09:25:42.286 21189 21189 E ArmVmp : Match on catch block at 0xc3 in for 0x155
02-26 09:25:42.290 21189 21189 E ArmVmp : Match on catch block at 0xc3 in for 0x151
02-26 09:25:42.294 21189 21189 E ArmVmp : Match on catch block at 0xc3 in for 0x14d
02-26 09:25:42.299 21189 21189 E ArmVmp : Match on catch block at 0xc3 in for 0x141
02-26 09:25:42.302 21189 21189 E ArmVmp : Match on catch block at 0xc3 in for 0x159
02-26 09:25:42.308 21189 21189 E ArmVmp : Match on catch block at 0xc3 in for 0x14d
02-26 09:25:42.311 21189 21189 E ArmVmp : Match on catch block at 0xc3 in for 0x149
02-26 09:25:42.317 21189 21189 E ArmVmp : Match on catch block at 0xc3 in for 0x159
02-26 09:25:42.320 21189 21189 E ArmVmp : Match on catch block at 0xc3 in for 0x155
02-26 09:25:42.326 21189 21189 E ArmVmp : Match on catch block at 0xc3 in for 0x149
02-26 09:25:42.328 21189 21189 E ArmVmp : Match on catch block at 0xc3 in for 0x145
02-26 09:25:42.334 21189 21189 E ArmVmp : Match on catch block at 0xc3 in for 0x155
02-26 09:25:42.337 21189 21189 E ArmVmp : Match on catch block at 0xc3 in for 0x151
02-26 09:25:42.342 21189 21189 E ArmVmp : Match on catch block at 0xc3 in for 0x145
02-26 09:25:42.346 21189 21189 E ArmVmp : Match on catch block at 0xc3 in for 0x141
02-26 09:25:42.351 21189 21189 E ArmVmp : Match on catch block at 0xc3 in for 0x151
02-26 09:25:42.354 21189 21189 E ArmVmp : Match on catch block at 0xc3 in for 0x14d
02-26 09:25:42.359 21189 21189 E ArmVmp : Match on catch block at 0xc3 in for 0x141
02-26 09:25:42.363 21189 21189 E ArmVmp : Match on catch block at 0xc3 in for 0x159
02-26 09:25:42.379 21189 21189 E ArmVmp : Match on catch block at 0xc3 in for 0x14d
02-26 09:25:42.392 21189 21189 E ArmVmp : Match on catch block at 0xc3 in for 0x149
02-26 09:25:42.397 21189 21189 E ArmVmp : Match on catch block at 0xc3 in for 0x159
02-26 09:25:42.399 21189 21189 E ArmVmp : Match on catch block at 0xc3 in for 0x155
02-26 09:25:42.412 21189 21189 E ArmVmp : Match on catch block at 0xc3 in for 0x149
02-26 09:25:42.417 21189 21189 E ArmVmp : Match on catch block at 0xc3 in for 0x145
02-26 09:25:42.428 21189 21189 E ArmVmp : Match on catch block at 0xc3 in for 0x155
02-26 09:25:42.430 21189 21189 E ArmVmp : Match on catch block at 0xc3 in for 0x151
02-26 09:25:42.451 21189 21189 E ArmVmp : Match on catch block at 0xc3 in for 0x145
02-26 09:25:42.454 21189 21189 E ArmVmp : Match on catch block at 0xc3 in for 0x141
02-26 09:25:42.461 21189 21189 E ArmVmp : Match on catch block at 0xc3 in for 0x151
02-26 09:25:42.466 21189 21189 E ArmVmp : Match on catch block at 0xc3 in for 0x14d
02-26 09:25:42.478 21189 21189 E ArmVmp : Match on catch block at 0xc3 in for 0x141
02-26 09:25:42.490 21189 21189 E ArmVmp : Match on catch block at 0xc3 in for 0x159
02-26 09:25:42.494 21189 21189 E ArmVmp : Match on catch block at 0xc3 in for 0x14d
02-26 09:25:42.497 21189 21189 E ArmVmp : Match on catch block at 0xc3 in for 0x149
02-26 09:25:42.508 21189 21189 E ArmVmp : Match on catch block at 0xc3 in for 0x159
02-26 09:25:42.510 21189 21189 E ArmVmp : Match on catch block at 0xc3 in for 0x155
02-26 09:25:42.526 21189 21189 E ArmVmp : Match on catch block at 0xc3 in for 0x149
02-26 09:25:42.529 21189 21189 E ArmVmp : Match on catch block at 0xc3 in for 0x145
02-26 09:25:42.541 21189 21189 E ArmVmp : Match on catch block at 0xc3 in for 0x155
02-26 09:25:42.547 21189 21189 E ArmVmp : Match on catch block at 0xc3 in for 0x151
02-26 09:25:42.558 21189 21189 E ArmVmp : Match on catch block at 0xc3 in for 0x145
02-26 09:25:42.569 21189 21189 E ArmVmp : Match on catch block at 0xc3 in for 0x141
02-26 09:25:42.575 21189 21189 E ArmVmp : Match on catch block at 0xc3 in for 0x151
02-26 09:25:42.579 21189 21189 E ArmVmp : Match on catch block at 0xc3 in for 0x14d
02-26 09:25:42.592 21189 21189 E ArmVmp : Match on catch block at 0xc3 in for 0x141
02-26 09:25:42.599 21189 21189 E ArmVmp : Match on catch block at 0xc3 in for 0x159
02-26 09:25:42.609 21189 21189 E ArmVmp : Match on catch block at 0xc3 in for 0x14d
02-26 09:25:42.617 21189 21189 E ArmVmp : Match on catch block at 0xc3 in for 0x149
02-26 09:25:42.625 21189 21189 E ArmVmp : Match on catch block at 0xc3 in for 0x159
02-26 09:25:42.627 21189 21189 E ArmVmp : Match on catch block at 0xc3 in for 0x155
02-26 09:25:42.643 21189 21189 E ArmVmp : Match on catch block at 0xc3 in for 0x149
02-26 09:25:42.646 21189 21189 E ArmVmp : Match on catch block at 0xc3 in for 0x145
02-26 09:25:42.657 21189 21189 E ArmVmp : Match on catch block at 0xc3 in for 0x155
02-26 09:25:42.661 21189 21189 E ArmVmp : Match on catch block at 0xc3 in for 0x151
02-26 09:25:42.824 21189 21189 E ArmVmp : Match on catch block at 0xc3 in for 0x14d
02-26 09:25:42.826 21189 21189 E ArmVmp : Match on catch block at 0xc3 in for 0x149
02-26 09:25:42.834 21189 21189 E ArmVmp : Match on catch block at 0xc3 in for 0x14d
02-26 09:25:42.836 21189 21189 E ArmVmp : Match on catch block at 0xc3 in for 0x149
02-26 09:25:42.853 21189 21189 E ArmVmp : Match on catch block at 0xc3 in for 0x145
02-26 09:25:42.857 21189 21189 E ArmVmp : Match on catch block at 0xc3 in for 0x141
02-26 09:25:42.862 21189 21189 E ArmVmp : Match on catch block at 0xc3 in for 0x151
02-26 09:25:42.864 21189 21189 E ArmVmp : Match on catch block at 0xc3 in for 0x14d
02-26 09:25:42.877 21189 21189 E ArmVmp : Match on catch block at 0xc3 in for 0x14d
02-26 09:25:42.880 21189 21189 E ArmVmp : Match on catch block at 0xc3 in for 0x149
02-26 09:25:42.887 21189 21189 E ArmVmp : Match on catch block at 0xc3 in for 0x149
02-26 09:25:42.890 21189 21189 E ArmVmp : Match on catch block at 0xc3 in for 0x145
02-26 09:25:42.894 21189 21189 E ArmVmp : Match on catch block at 0xc3 in for 0x145
02-26 09:25:42.896 21189 21189 E ArmVmp : Match on catch block at 0xc3 in for 0x141
02-26 09:25:42.898 21189 21189 E ArmVmp : Match on catch block at 0xc3 in for 0x151
02-26 09:25:42.899 21189 21189 E ArmVmp : Match on catch block at 0xc3 in for 0x14d
02-26 09:25:42.906 21189 21189 E ArmVmp : Match on catch block at 0xc3 in for 0x141
02-26 09:25:42.908 21189 21189 E ArmVmp : Match on catch block at 0xc3 in for 0x159
02-26 09:25:42.915 21189 21189 E ArmVmp : Match on catch block at 0xc3 in for 0x14d
02-26 09:25:42.918 21189 21189 E ArmVmp : Match on catch block at 0xc3 in for 0x149
02-26 09:25:42.923 21189 21189 E ArmVmp : Match on catch block at 0xc3 in for 0x159
02-26 09:25:42.925 21189 21189 E ArmVmp : Match on catch block at 0xc3 in for 0x155
02-26 09:25:42.931 21189 21189 E ArmVmp : Match on catch block at 0xc3 in for 0x149
02-26 09:25:42.933 21189 21189 E ArmVmp : Match on catch block at 0xc3 in for 0x145
02-26 09:25:42.940 21189 21189 E ArmVmp : Match on catch block at 0xc3 in for 0x155
02-26 09:25:42.942 21189 21189 E ArmVmp : Match on catch block at 0xc3 in for 0x151
02-26 09:25:42.948 21189 21189 E ArmVmp : Match on catch block at 0xc3 in for 0x145
02-26 09:25:42.950 21189 21189 E ArmVmp : Match on catch block at 0xc3 in for 0x141
02-26 09:25:42.956 21189 21189 E ArmVmp : Match on catch block at 0xc3 in for 0x151
02-26 09:25:42.958 21189 21189 E ArmVmp : Match on catch block at 0xc3 in for 0x14d
02-26 09:25:42.965 21189 21189 E ArmVmp : Match on catch block at 0xc3 in for 0x141
02-26 09:25:42.967 21189 21189 E ArmVmp : Match on catch block at 0xc3 in for 0x159
02-26 09:25:42.973 21189 21189 E ArmVmp : Match on catch block at 0xc3 in for 0x14d
02-26 09:25:42.975 21189 21189 E ArmVmp : Match on catch block at 0xc3 in for 0x149
02-26 09:25:42.981 21189 21189 E ArmVmp : Match on catch block at 0xc3 in for 0x159
02-26 09:25:42.983 21189 21189 E ArmVmp : Match on catch block at 0xc3 in for 0x155
02-26 09:25:42.990 21189 21189 E ArmVmp : Match on catch block at 0xc3 in for 0x149
02-26 09:25:42.993 21189 21189 E ArmVmp : Match on catch block at 0xc3 in for 0x145
02-26 09:25:42.998 21189 21189 E ArmVmp : Match on catch block at 0xc3 in for 0x155
02-26 09:25:43.001 21189 21189 E ArmVmp : Match on catch block at 0xc3 in for 0x151
02-26 09:25:43.006 21189 21189 E ArmVmp : Match on catch block at 0xc3 in for 0x145
02-26 09:25:43.009 21189 21189 E ArmVmp : Match on catch block at 0xc3 in for 0x141
02-26 09:25:43.015 21189 21189 E ArmVmp : Match on catch block at 0xc3 in for 0x151
02-26 09:25:43.018 21189 21189 E ArmVmp : Match on catch block at 0xc3 in for 0x14d
02-26 09:25:43.059 21189 21189 E ArmVmp : Match on catch block at 0xc3 in for 0x14d
02-26 09:25:43.061 21189 21189 E ArmVmp : Match on catch block at 0xc3 in for 0x149
02-26 09:25:43.072 21189 28139 W MediaPlayer: Use of stream types is deprecated for operations other than volume control
02-26 09:25:43.072 21189 28139 W MediaPlayer: See the documentation of setAudioStreamType() for what to use instead with android.media.AudioAttributes to qualify your playback use case
02-26 09:25:43.090 21189 21203 W MediaPlayerNative: info/warning (10973, 0)
02-26 09:25:43.336 21189 21189 E ArmVmp : Match on catch block at 0xc3 in for 0x155
02-26 09:25:43.340 21189 21189 E ArmVmp : Match on catch block at 0xc3 in for 0x151
02-26 09:25:43.375 21189 21189 E ArmVmp : Match on catch block at 0xc3 in for 0x141
02-26 09:25:43.379 21189 21189 E ArmVmp : Match on catch block at 0xc3 in for 0x159
02-26 09:25:43.384 21189 21189 E ArmVmp : Match on catch block at 0xc3 in for 0x14d
02-26 09:25:43.386 21189 21189 E ArmVmp : Match on catch block at 0xc3 in for 0x149
02-26 09:25:43.784 21189 21189 E ArmVmp : Match on catch block at 0xc3 in for 0x159
02-26 09:25:43.786 21189 21189 E ArmVmp : Match on catch block at 0xc3 in for 0x155
02-26 09:25:43.825 21189 21189 E ArmVmp : Match on catch block at 0xc3 in for 0x141
02-26 09:25:43.827 21189 21189 E ArmVmp : Match on catch block at 0xc3 in for 0x159
02-26 09:25:43.833 21189 21189 E ArmVmp : Match on catch block at 0xc3 in for 0x141
02-26 09:25:43.835 21189 21189 E ArmVmp : Match on catch block at 0xc3 in for 0x159
02-26 09:25:43.840 21189 21189 E ArmVmp : Match on catch block at 0xc3 in for 0x159
02-26 09:25:43.842 21189 21189 E ArmVmp : Match on catch block at 0xc3 in for 0x155
02-26 09:25:43.848 21189 21189 E ArmVmp : Match on catch block at 0xc3 in for 0x149
02-26 09:25:43.850 21189 21189 E ArmVmp : Match on catch block at 0xc3 in for 0x145
02-26 09:25:43.857 21189 21189 E ArmVmp : Match on catch block at 0xc3 in for 0x155
02-26 09:25:43.859 21189 21189 E ArmVmp : Match on catch block at 0xc3 in for 0x151
02-26 09:25:43.865 21189 21189 E ArmVmp : Match on catch block at 0xc3 in for 0x145
02-26 09:25:43.867 21189 21189 E ArmVmp : Match on catch block at 0xc3 in for 0x141
02-26 09:25:43.874 21189 21189 E ArmVmp : Match on catch block at 0xc3 in for 0x151
02-26 09:25:43.876 21189 21189 E ArmVmp : Match on catch block at 0xc3 in for 0x14d
02-26 09:25:43.882 21189 21189 E ArmVmp : Match on catch block at 0xc3 in for 0x141
02-26 09:25:43.885 21189 21189 E ArmVmp : Match on catch block at 0xc3 in for 0x159
02-26 09:25:43.890 21189 21189 E ArmVmp : Match on catch block at 0xc3 in for 0x14d
02-26 09:25:43.893 21189 21189 E ArmVmp : Match on catch block at 0xc3 in for 0x149
02-26 09:25:43.899 21189 21189 E ArmVmp : Match on catch block at 0xc3 in for 0x159
02-26 09:25:43.901 21189 21189 E ArmVmp : Match on catch block at 0xc3 in for 0x155
02-26 09:25:43.907 21189 21189 E ArmVmp : Match on catch block at 0xc3 in for 0x149
02-26 09:25:43.909 21189 21189 E ArmVmp : Match on catch block at 0xc3 in for 0x145
02-26 09:25:43.915 21189 21189 E ArmVmp : Match on catch block at 0xc3 in for 0x155
02-26 09:25:43.917 21189 21189 E ArmVmp : Match on catch block at 0xc3 in for 0x151
02-26 09:25:43.924 21189 21189 E ArmVmp : Match on catch block at 0xc3 in for 0x145
02-26 09:25:43.926 21189 21189 E ArmVmp : Match on catch block at 0xc3 in for 0x141
02-26 09:25:43.932 21189 21189 E ArmVmp : Match on catch block at 0xc3 in for 0x151
02-26 09:25:43.934 21189 21189 E ArmVmp : Match on catch block at 0xc3 in for 0x14d
02-26 09:25:43.940 21189 21189 E ArmVmp : Match on catch block at 0xc3 in for 0x141
02-26 09:25:43.943 21189 21189 E ArmVmp : Match on catch block at 0xc3 in for 0x159
02-26 09:25:43.949 21189 21189 E ArmVmp : Match on catch block at 0xc3 in for 0x14d
02-26 09:25:43.951 21189 21189 E ArmVmp : Match on catch block at 0xc3 in for 0x149
02-26 09:25:43.957 21189 21189 E ArmVmp : Match on catch block at 0xc3 in for 0x159
02-26 09:25:43.961 21189 21189 E ArmVmp : Match on catch block at 0xc3 in for 0x155
02-26 09:25:43.995 21189 21189 E ArmVmp : Match on catch block at 0xc3 in for 0x149
02-26 09:25:43.997 21189 21189 E ArmVmp : Match on catch block at 0xc3 in for 0x145
02-26 09:25:44.024 21189 21299 W Parcel : Expecting binder but got null!
02-26 09:25:44.026 21189 21189 E ArmVmp : Match on catch block at 0xc3 in for 0x141
02-26 09:25:44.028 21189 21189 E ArmVmp : Match on catch block at 0xc3 in for 0x159
02-26 09:25:44.039 21189 21189 E ArmVmp : Match on catch block at 0xc3 in for 0x14d
02-26 09:25:44.046 21189 21189 E ArmVmp : Match on catch block at 0xc3 in for 0x149
02-26 09:25:44.052 21189 21189 E ArmVmp : Match on catch block at 0xc3 in for 0x159
02-26 09:25:44.054 21189 21189 E ArmVmp : Match on catch block at 0xc3 in for 0x155
02-26 09:25:44.060 21189 21189 E ArmVmp : Match on catch block at 0xc3 in for 0x149
02-26 09:25:44.062 21189 21189 E ArmVmp : Match on catch block at 0xc3 in for 0x145
02-26 09:25:44.067 21189 21189 E ArmVmp : Match on catch block at 0xc3 in for 0x155
02-26 09:25:44.069 21189 21189 E ArmVmp : Match on catch block at 0xc3 in for 0x151
02-26 09:25:44.075 21189 21189 E ArmVmp : Match on catch block at 0xc3 in for 0x145
02-26 09:25:44.078 21189 21189 E ArmVmp : Match on catch block at 0xc3 in for 0x141
02-26 09:25:44.090 21189 21189 E ArmVmp : Match on catch block at 0xc3 in for 0x14d
02-26 09:25:44.092 21189 21189 E ArmVmp : Match on catch block at 0xc3 in for 0x149
02-26 09:25:44.098 21189 21189 E ArmVmp : Match on catch block at 0xc3 in for 0x151
02-26 09:25:44.101 21189 21189 E ArmVmp : Match on catch block at 0xc3 in for 0x14d
02-26 09:25:44.107 21189 21189 E ArmVmp : Match on catch block at 0xc3 in for 0x141
02-26 09:25:44.109 21189 21189 E ArmVmp : Match on catch block at 0xc3 in for 0x159
02-26 09:25:44.116 21189 21189 E ArmVmp : Match on catch block at 0xc3 in for 0x14d
02-26 09:25:44.118 21189 21189 E ArmVmp : Match on catch block at 0xc3 in for 0x149
02-26 09:25:44.124 21189 21189 E ArmVmp : Match on catch block at 0xc3 in for 0x159
02-26 09:25:44.127 21189 21189 E ArmVmp : Match on catch block at 0xc3 in for 0x155
02-26 09:25:44.133 21189 21189 E ArmVmp : Match on catch block at 0xc3 in for 0x149
02-26 09:25:44.135 21189 21189 E ArmVmp : Match on catch block at 0xc3 in for 0x145
02-26 09:25:44.141 21189 21189 E ArmVmp : Match on catch block at 0xc3 in for 0x155
02-26 09:25:44.146 21189 21189 E ArmVmp : Match on catch block at 0xc3 in for 0x151
02-26 09:25:44.154 21189 21189 E ArmVmp : Match on catch block at 0xc3 in for 0x149
02-26 09:25:44.157 21189 21189 E ArmVmp : Match on catch block at 0xc3 in for 0x145
02-26 09:25:44.172 21189 21189 E ArmVmp : Match on catch block at 0xc3 in for 0x141
02-26 09:25:44.175 21189 21189 E ArmVmp : Match on catch block at 0xc3 in for 0x159
02-26 09:25:44.182 21189 21189 E ArmVmp : Match on catch block at 0xc3 in for 0x14d
02-26 09:25:44.184 21189 21189 E ArmVmp : Match on catch block at 0xc3 in for 0x149
02-26 09:25:44.189 21189 21189 E ArmVmp : Match on catch block at 0xc3 in for 0x159
02-26 09:25:44.193 21189 21189 E ArmVmp : Match on catch block at 0xc3 in for 0x155
02-26 09:25:44.199 21189 21189 E ArmVmp : Match on catch block at 0xc3 in for 0x149
02-26 09:25:44.202 21189 21189 E ArmVmp : Match on catch block at 0xc3 in for 0x145
02-26 09:25:44.209 21189 21189 E ArmVmp : Match on catch block at 0xc3 in for 0x155
02-26 09:25:44.212 21189 21189 E ArmVmp : Match on catch block at 0xc3 in for 0x151
02-26 09:25:44.234 21189 21189 E ArmVmp : Match on catch block at 0xc3 in for 0x141
02-26 09:25:44.238 21189 21189 E ArmVmp : Match on catch block at 0xc3 in for 0x159
02-26 09:25:44.331 21189 21189 E ArmVmp : Match on catch block at 0xc3 in for 0x149
02-26 09:25:44.334 21189 21189 E ArmVmp : Match on catch block at 0xc3 in for 0x145
02-26 09:25:44.735 21189 21189 E ArmVmp : Match on catch block at 0xc3 in for 0x14d
02-26 09:25:44.737 21189 21189 E ArmVmp : Match on catch block at 0xc3 in for 0x149
02-26 09:25:46.022 21189 21299 W Parcel : Expecting binder but got null!
02-26 09:25:48.050 21189 21299 W Parcel : Expecting binder but got null!
02-26 09:25:50.071 21189 21299 W Parcel : Expecting binder but got null!
02-26 09:25:58.100 21189 21299 W Parcel : Expecting binder but got null!
02-26 09:26:07.630 21189 21189 E ArmVmp : Match on catch block at 0x0a in for 0x189
02-26 09:26:07.632 21189 21189 E ArmVmp : Match on catch block at 0x0a in for 0x181
02-26 09:26:07.752 21189 21189 E ArmVmp : Match on catch block at 0xc3 in for 0x161
02-26 09:26:07.756 21189 21189 E ArmVmp : Match on catch block at 0xc3 in for 0x175
02-26 09:26:07.775 21189 21299 W Parcel : Expecting binder but got null!
02-26 09:26:07.797 21189 21189 E ArmVmp : Match on catch block at 0xc3 in for 0x145
02-26 09:26:07.800 21189 21189 E ArmVmp : Match on catch block at 0xc3 in for 0x141
02-26 09:26:07.810 21189 21189 E ArmVmp : Match on catch block at 0xc3 in for 0x145
02-26 09:26:07.813 21189 21189 E ArmVmp : Match on catch block at 0xc3 in for 0x141
02-26 09:26:07.822 21189 21189 E ArmVmp : Match on catch block at 0xc3 in for 0x14d
02-26 09:26:07.824 21189 21189 E ArmVmp : Match on catch block at 0xc3 in for 0x149
02-26 09:26:07.827 21189 21189 E ArmVmp : Match on catch block at 0xc3 in for 0x151
02-26 09:26:07.831 21189 21189 E ArmVmp : Match on catch block at 0xc3 in for 0x14d
02-26 09:26:07.836 21189 21189 E ArmVmp : Match on catch block at 0xc3 in for 0x145
02-26 09:26:07.841 21189 21189 E ArmVmp : Match on catch block at 0xc3 in for 0x141
02-26 09:26:07.844 21189 21189 E ArmVmp : Match on catch block at 0xc3 in for 0x149
02-26 09:26:07.848 21189 21189 E ArmVmp : Match on catch block at 0xc3 in for 0x145
02-26 09:26:07.854 21189 21189 E ArmVmp : Match on catch block at 0xc3 in for 0x14d
02-26 09:26:07.858 21189 21189 E ArmVmp : Match on catch block at 0xc3 in for 0x149
02-26 09:26:07.897 21189 21189 E ArmVmp : Match on catch block at 0xc3 in for 0x141
02-26 09:26:07.899 21189 21189 E ArmVmp : Match on catch block at 0xc3 in for 0x159
02-26 09:26:08.142 21189 21299 W Parcel : Expecting binder but got null!
02-26 09:26:08.154 21189 21189 E ArmVmp : Match on catch block at 0xc3 in for 0x141
02-26 09:26:08.157 21189 21189 E ArmVmp : Match on catch block at 0xc3 in for 0x159
02-26 09:26:08.393 21189 21189 E ArmVmp : Match on catch block at 0xc3 in for 0x145
02-26 09:26:08.399 21189 21189 E ArmVmp : Match on catch block at 0xc3 in for 0x141
02-26 09:26:08.909 21189 21189 E ArmVmp : Match on catch block at 0xc3 in for 0x14d
02-26 09:26:08.911 21189 21189 E ArmVmp : Match on catch block at 0xc3 in for 0x149
02-26 09:26:09.408 21189 21189 E ArmVmp : Match on catch block at 0xc3 in for 0x141
02-26 09:26:09.414 21189 21189 E ArmVmp : Match on catch block at 0xc3 in for 0x159
02-26 09:26:09.644 21189 21189 E ArmVmp : Match on catch block at 0xc3 in for 0x141
02-26 09:26:09.646 21189 21189 E ArmVmp : Match on catch block at 0xc3 in for 0x159
02-26 09:26:09.675 21189 21189 W OnBackInvokedCallback: OnBackInvokedCallback is not enabled for the application.
02-26 09:26:09.675 21189 21189 W OnBackInvokedCallback: Set 'android:enableOnBackInvokedCallback="true"' in the application manifest.
02-26 09:26:09.752 21189 21189 E ArmVmp : Match on catch block at 0xc3 in for 0x14d
02-26 09:26:09.759 21189 21189 E ArmVmp : Match on catch block at 0xc3 in for 0x149
02-26 09:26:09.772 21189 21189 E ArmVmp : Match on catch block at 0xc3 in for 0x151
02-26 09:26:09.774 21189 21189 E ArmVmp : Match on catch block at 0xc3 in for 0x14d
02-26 09:26:09.906 21189 21189 E ArmVmp : Match on catch block at 0xc3 in for 0x155
02-26 09:26:09.910 21189 21189 E ArmVmp : Match on catch block at 0xc3 in for 0x151
02-26 09:26:09.956 21189 21189 E ArmVmp : Match on catch block at 0xc3 in for 0x159
02-26 09:26:09.959 21189 21189 E ArmVmp : Match on catch block at 0xc3 in for 0x155
02-26 09:26:10.407 21189 21189 E ArmVmp : Match on catch block at 0xc3 in for 0x145
02-26 09:26:10.415 21189 21189 E ArmVmp : Match on catch block at 0xc3 in for 0x141
02-26 09:26:10.796 21189 21189 W BottomSheetBehavior: BottomSheetBehavior now supports multiple callbacks. `setBottomSheetCallback()` removes all existing callbacks, including ones set internally by library authors, which may result in unintended behavior. This may change in the future. Please use `addBottomSheetCallback()` and `removeBottomSheetCallback()` instead to set your own callbacks.
02-26 09:26:10.841 21189 21189 E RecyclerView: No adapter attached; skipping layout
02-26 09:26:10.900 21189 21299 W Parcel : Expecting binder but got null!
02-26 09:26:10.903 21189 21189 E RecyclerView: No adapter attached; skipping layout
02-26 09:26:10.904 21189 21189 E ArmVmp : Match on catch block at 0xc3 in for 0x159
02-26 09:26:10.907 21189 21189 E ArmVmp : Match on catch block at 0xc3 in for 0x155
02-26 09:26:10.981 21189 21189 W OnBackInvokedCallback: OnBackInvokedCallback is not enabled for the application.
02-26 09:26:10.981 21189 21189 W OnBackInvokedCallback: Set 'android:enableOnBackInvokedCallback="true"' in the application manifest.
02-26 09:26:10.993 21189 21189 W RemoteInputConnectionImpl: requestCursorAnchorInfo on inactive InputConnection
02-26 09:26:11.031 21189 21189 E ArmVmp : Match on catch block at 0xc3 in for 0x141
02-26 09:26:11.037 21189 21189 E ArmVmp : Match on catch block at 0xc3 in for 0x159
02-26 09:26:11.051 21189 21189 E ArmVmp : Match on catch block at 0xc3 in for 0x145
02-26 09:26:11.053 21189 21189 E ArmVmp : Match on catch block at 0xc3 in for 0x141
02-26 09:26:11.345 21189 21189 E ArmVmp : Match on catch block at 0xc3 in for 0x159
02-26 09:26:11.348 21189 21189 E ArmVmp : Match on catch block at 0xc3 in for 0x155
02-26 09:26:12.488 21189 21267 E SQLiteDatabase: Error inserting transferred=0 media_job_uuid=8bd1a94f-db09-4037-b335-9a59d820a669 transcoded=1 gif_attribution=0 first_scan_length=0 direct_path=null thumbnail_height_width_ratio=2.1818182 is_animated_sticker=0 file_hash=null file_path=/data/user/0/com.mbwhatsapp/files/.Shared/3acaac39-c063-4151-ae82- 98f4391acc6c.jpg file_size=224457 partial_media_hash=null face_x=0 face_y=0 height=2316 trim_to=0 media_key_timestamp=0 message_url=null media_caption=null trim_from=0 mime_type=null partial_media_enc_hash=null width=1080 original_file_hash=yS36lOTHvGljLexQuVtnZcx1fSIgng7qwf45sIGpKTw= has_streaming_sidecar=0 autotransfer_retry_enabled=1 media_upload_handle=null message_row_id=355 multicast_id=null enc_file_hash=null mute_video=0 page_count=0 first_scan_sidecar=null suspicious_content=0 file_length=224457 media_name=3acaac39-c063-4151-ae82-98f4391acc6c.jpg media_duration=0 chat_row_id=8 media_key=null
02-26 09:26:12.488 21189 21267 E SQLiteDatabase: android.database.sqlite.SQLiteConstraintException: UNIQUE constraint failed: message_media.message_row_id (code 1555 SQLITE_CONSTRAINT_PRIMARYKEY[1555])
02-26 09:26:12.488 21189 21267 E SQLiteDatabase: at android.database.sqlite.SQLiteConnection.nativeExecuteForLastInsertedRowId(Native Method)
02-26 09:26:12.488 21189 21267 E SQLiteDatabase: at android.database.sqlite.SQLiteConnection.executeForLastInsertedRowId(SQLiteConnecti on.java:1275)
02-26 09:26:12.488 21189 21267 E SQLiteDatabase: at android.database.sqlite.SQLiteSession.executeForLastInsertedRowId(SQLiteSession.jav a:790)
02-26 09:26:12.488 21189 21267 E SQLiteDatabase: at android.database.sqlite.SQLiteStatement.executeInsert(SQLiteStatement.java:89)
02-26 09:26:12.488 21189 21267 E SQLiteDatabase: at android.database.sqlite.SQLiteDatabase.insertWithOnConflict(SQLiteDatabase.java:241 0)
02-26 09:26:12.488 21189 21267 E SQLiteDatabase: at android.database.sqlite.SQLiteDatabase.insert(SQLiteDatabase.java:2279)
02-26 09:26:12.488 21189 21267 E SQLiteDatabase: at X.2tm.A08(Unknown Source:6)
02-26 09:26:12.488 21189 21267 E SQLiteDatabase: at X.35Y.A07(Unknown Source:212)
02-26 09:26:12.488 21189 21267 E SQLiteDatabase: at X.3QF.A14(Unknown Source:470)
02-26 09:26:12.488 21189 21267 E SQLiteDatabase: at X.3gU.run(Unknown Source:982)
02-26 09:26:12.488 21189 21267 E SQLiteDatabase: at android.os.Handler.handleCallback(Handler.java:942)
02-26 09:26:12.488 21189 21267 E SQLiteDatabase: at android.os.Handler.dispatchMessage(Handler.java:99)
02-26 09:26:12.488 21189 21267 E SQLiteDatabase: at X.0zq.dispatchMessage(Unknown Source:4)
02-26 09:26:12.488 21189 21267 E SQLiteDatabase: at android.os.Looper.loopOnce(Looper.java:226)
02-26 09:26:12.488 21189 21267 E SQLiteDatabase: at android.os.Looper.loop(Looper.java:313)
02-26 09:26:12.488 21189 21267 E SQLiteDatabase: at android.os.HandlerThread.run(HandlerThread.java:67)
02-26 09:26:12.488 21189 21189 E ArmVmp : Match on catch block at 0x0a in for 0x191
02-26 09:26:12.491 21189 21189 E ArmVmp : Match on catch block at 0x0a in for 0x189
02-26 09:26:12.533 21189 21189 E ArmVmp : Match on catch block at 0xc3 in for 0x149
02-26 09:26:12.536 21189 21189 E ArmVmp : Match on catch block at 0xc3 in for 0x145
02-26 09:26:12.607 21189 21189 E ArmVmp : Match on catch block at 0xc3 in for 0x141
02-26 09:26:12.609 21189 21189 E ArmVmp : Match on catch block at 0xc3 in for 0x159
02-26 09:26:12.628 21189 21189 E ArmVmp : Match on catch block at 0xc3 in for 0x145
02-26 09:26:12.630 21189 21189 E ArmVmp : Match on catch block at 0xc3 in for 0x141
02-26 09:26:12.667 21189 21189 E ArmVmp : Match on catch block at 0xc3 in for 0x14d
02-26 09:26:12.670 21189 21189 E ArmVmp : Match on catch block at 0xc3 in for 0x149
02-26 09:26:12.678 21189 21189 E ArmVmp : Match on catch block at 0xc3 in for 0x149
02-26 09:26:12.681 21189 21189 E ArmVmp : Match on catch block at 0xc3 in for 0x145
02-26 09:26:12.690 21189 21189 E ArmVmp : Match on catch block at 0xc3 in for 0x149
02-26 09:26:12.695 21189 21189 E ArmVmp : Match on catch block at 0xc3 in for 0x145
02-26 09:26:12.700 21189 21189 E ArmVmp : Match on catch block at 0xc3 in for 0x14d
02-26 09:26:12.702 21189 21189 E ArmVmp : Match on catch block at 0xc3 in for 0x149
02-26 09:26:12.707 21189 21189 E ArmVmp : Match on catch block at 0xc3 in for 0x151
02-26 09:26:12.709 21189 21189 E ArmVmp : Match on catch block at 0xc3 in for 0x14d
02-26 09:26:12.715 21189 21189 E ArmVmp : Match on catch block at 0xc3 in for 0x155
02-26 09:26:12.717 21189 21189 E ArmVmp : Match on catch block at 0xc3 in for 0x151
02-26 09:26:12.724 21189 21189 E ArmVmp : Match on catch block at 0xc3 in for 0x159
02-26 09:26:12.726 21189 21189 E ArmVmp : Match on catch block at 0xc3 in for 0x155
02-26 09:26:12.732 21189 21189 E ArmVmp : Match on catch block at 0xc3 in for 0x141
02-26 09:26:12.734 21189 21189 E ArmVmp : Match on catch block at 0xc3 in for 0x159
02-26 09:26:12.740 21189 21189 E ArmVmp : Match on catch block at 0xc3 in for 0x145
02-26 09:26:12.742 21189 21189 E ArmVmp : Match on catch block at 0xc3 in for 0x141
02-26 09:26:12.748 21189 21189 E ArmVmp : Match on catch block at 0xc3 in for 0x149
02-26 09:26:12.750 21189 21189 E ArmVmp : Match on catch block at 0xc3 in for 0x145
02-26 09:26:12.757 21189 21189 E ArmVmp : Match on catch block at 0xc3 in for 0x14d
02-26 09:26:12.759 21189 21189 E ArmVmp : Match on catch block at 0xc3 in for 0x149
02-26 09:26:12.766 21189 21189 E ArmVmp : Match on catch block at 0xc3 in for 0x151
02-26 09:26:12.772 21189 21189 E ArmVmp : Match on catch block at 0xc3 in for 0x14d
02-26 09:26:12.782 21189 21189 E ArmVmp : Match on catch block at 0xc3 in for 0x155
02-26 09:26:12.786 21189 21189 E ArmVmp : Match on catch block at 0xc3 in for 0x151
02-26 09:26:12.790 21189 21189 E ArmVmp : Match on catch block at 0xc3 in for 0x159
02-26 09:26:12.792 21189 21189 E ArmVmp : Match on catch block at 0xc3 in for 0x155
02-26 09:26:12.798 21189 21189 E ArmVmp : Match on catch block at 0xc3 in for 0x141
02-26 09:26:12.801 21189 21189 E ArmVmp : Match on catch block at 0xc3 in for 0x159
02-26 09:26:12.808 21189 21189 E ArmVmp : Match on catch block at 0xc3 in for 0x145
02-26 09:26:12.815 21189 21189 E ArmVmp : Match on catch block at 0xc3 in for 0x141
02-26 09:26:12.824 21189 21189 E ArmVmp : Match on catch block at 0xc3 in for 0x149
02-26 09:26:12.826 21189 21189 E ArmVmp : Match on catch block at 0xc3 in for 0x145
02-26 09:26:12.832 21189 21189 E ArmVmp : Match on catch block at 0xc3 in for 0x14d
02-26 09:26:12.835 21189 21189 E ArmVmp : Match on catch block at 0xc3 in for 0x149
02-26 09:26:12.841 21189 21189 E ArmVmp : Match on catch block at 0xc3 in for 0x151
02-26 09:26:12.846 21189 21189 E ArmVmp : Match on catch block at 0xc3 in for 0x14d
02-26 09:26:12.849 21189 21189 E ArmVmp : Match on catch block at 0xc3 in for 0x155
02-26 09:26:12.852 21189 21189 E ArmVmp : Match on catch block at 0xc3 in for 0x151
02-26 09:26:12.857 21189 21189 E ArmVmp : Match on catch block at 0xc3 in for 0x159
02-26 09:26:12.859 21189 21189 E ArmVmp : Match on catch block at 0xc3 in for 0x155
02-26 09:26:12.865 21189 21189 E ArmVmp : Match on catch block at 0xc3 in for 0x141
02-26 09:26:12.867 21189 21189 E ArmVmp : Match on catch block at 0xc3 in for 0x159
02-26 09:26:12.874 21189 21189 E ArmVmp : Match on catch block at 0xc3 in for 0x145
02-26 09:26:12.875 21189 21189 E ArmVmp : Match on catch block at 0xc3 in for 0x141
02-26 09:26:12.883 21189 21189 E ArmVmp : Match on catch block at 0xc3 in for 0x141
02-26 09:26:12.885 21189 21189 E ArmVmp : Match on catch block at 0xc3 in for 0x159
02-26 09:26:12.890 21189 21189 E ArmVmp : Match on catch block at 0xc3 in for 0x145
02-26 09:26:12.893 21189 21189 E ArmVmp : Match on catch block at 0xc3 in for 0x141
02-26 09:26:12.899 21189 21189 E ArmVmp : Match on catch block at 0xc3 in for 0x149
02-26 09:26:12.902 21189 21189 E ArmVmp : Match on catch block at 0xc3 in for 0x145
02-26 09:26:12.907 21189 21189 E ArmVmp : Match on catch block at 0xc3 in for 0x14d
02-26 09:26:12.910 21189 21189 E ArmVmp : Match on catch block at 0xc3 in for 0x149
02-26 09:26:12.915 21189 21189 E ArmVmp : Match on catch block at 0xc3 in for 0x151
02-26 09:26:12.918 21189 21189 E ArmVmp : Match on catch block at 0xc3 in for 0x14d
02-26 09:26:12.926 21189 21189 E ArmVmp : Match on catch block at 0xc3 in for 0x155
02-26 09:26:12.931 21189 21189 E ArmVmp : Match on catch block at 0xc3 in for 0x151
02-26 09:26:12.940 21189 21189 E ArmVmp : Match on catch block at 0xc3 in for 0x159
02-26 09:26:12.942 21189 21189 E ArmVmp : Match on catch block at 0xc3 in for 0x155
02-26 09:26:12.948 21189 21189 E ArmVmp : Match on catch block at 0xc3 in for 0x151
02-26 09:26:12.951 21189 21189 E ArmVmp : Match on catch block at 0xc3 in for 0x14d
02-26 09:26:12.957 21189 21189 E ArmVmp : Match on catch block at 0xc3 in for 0x151
02-26 09:26:12.959 21189 21189 E ArmVmp : Match on catch block at 0xc3 in for 0x14d
02-26 09:26:12.966 21189 21189 E ArmVmp : Match on catch block at 0xc3 in for 0x155
02-26 09:26:12.969 21189 21189 E ArmVmp : Match on catch block at 0xc3 in for 0x151
02-26 09:26:12.974 21189 21189 E ArmVmp : Match on catch block at 0xc3 in for 0x159
02-26 09:26:12.976 21189 21189 E ArmVmp : Match on catch block at 0xc3 in for 0x155
02-26 09:26:12.989 21189 21189 W BottomSheetBehavior: BottomSheetBehavior now supports multiple callbacks. `setBottomSheetCallback()` removes all existing callbacks, including ones set internally by library authors, which may result in unintended behavior. This may change in the future. Please use `addBottomSheetCallback()` and `removeBottomSheetCallback()` instead to set your own callbacks.
02-26 09:26:12.996 21189 21189 E ArmVmp : Match on catch block at 0xc3 in for 0x149
02-26 09:26:12.998 21189 21189 E ArmVmp : Match on catch block at 0xc3 in for 0x145
02-26 09:26:13.007 21189 21189 E ArmVmp : Match on catch block at 0xc3 in for 0x14d
02-26 09:26:13.010 21189 21189 E ArmVmp : Match on catch block at 0xc3 in for 0x149
02-26 09:26:13.016 21189 21189 E ArmVmp : Match on catch block at 0xc3 in for 0x151
02-26 09:26:13.018 21189 21189 E ArmVmp : Match on catch block at 0xc3 in for 0x14d
02-26 09:26:13.024 21189 21189 E ArmVmp : Match on catch block at 0xc3 in for 0x155
02-26 09:26:13.027 21189 21189 E ArmVmp : Match on catch block at 0xc3 in for 0x151
02-26 09:26:13.032 21189 21189 E ArmVmp : Match on catch block at 0xc3 in for 0x159
02-26 09:26:13.034 21189 21189 E ArmVmp : Match on catch block at 0xc3 in for 0x155
02-26 09:26:13.041 21189 21189 E ArmVmp : Match on catch block at 0xc3 in for 0x141
02-26 09:26:13.043 21189 21189 E ArmVmp : Match on catch block at 0xc3 in for 0x159
02-26 09:26:13.049 21189 21189 E ArmVmp : Match on catch block at 0xc3 in for 0x145
02-26 09:26:13.053 21189 21189 E ArmVmp : Match on catch block at 0xc3 in for 0x141
02-26 09:26:13.058 21189 21189 E ArmVmp : Match on catch block at 0xc3 in for 0x149
02-26 09:26:13.062 21189 21189 E ArmVmp : Match on catch block at 0xc3 in for 0x145
02-26 09:26:13.065 21189 21189 E ArmVmp : Match on catch block at 0xc3 in for 0x14d
02-26 09:26:13.068 21189 21189 E ArmVmp : Match on catch block at 0xc3 in for 0x149
02-26 09:26:13.073 21189 21267 E SQLiteDatabase: Error inserting transferred=1 media_job_uuid=8bd1a94f-db09-4037-b335-9a59d820a669 transcoded=1 gif_attribution=0 first_scan_length=0 direct_path=/v/t62.7118- 24/32438081_775234764050915_1015727670095454772_n.enc?ccb=11- 4&oh=01_AdRn6vs3N8Q4sGbVbdAnWLC93GfecMMDOhppAxah3xmg8g&oe=66040ADC&_nc_sid=5e03e0 thumbnail_height_width_ratio=2.1818182 is_animated_sticker=0 file_hash=Mu9XiqA7mhhYP8UU97UlEF6WGKck3EcAS1rRgMUJnSQ= file_path=Media/MBWhatsApp Images/Sent/IMG-20240226-WA0002.jpg file_size=224457 partial_media_hash=iSV7cDI/DzAZiwIYYd7mTv/kyLwImb5lX9QYZQ5wE2w= face_x=0 face_y=0 height=2316 trim_to=0 media_key_timestamp=1708957572123 message_url=https://mmg.whatsapp.net/v/t62.7118- 24/32438081_775234764050915_1015727670095454772_n.enc?ccb=11- 4&oh=01_AdRn6vs3N8Q4sGbVbdAnWLC93GfecMMDOhppAxah3xmg8g&oe=66040ADC&_nc_sid=5e03e0&m ms3=true media_caption=null trim_from=0 mime_type=null partial_media_enc_hash=null width=1080 original_file_hash=yS36lOTHvGljLexQuVtnZcx1fSIgng7qwf45sIGpKTw= has_streaming_sidecar=1 autotransfer_retry_enabled=0 media_upload_handle=null message_row_id=355 multicast_id=null enc_file_hash=MwShm/QPQlWCkBdcEqteuPTOdtS3Kh36S8R1RctTpLk= mute_video=0 page_count=0 first_scan_sidecar=null suspicious_content=0 file_length=224457 media_name=3acaac39-c063-4151-ae82-98f4391acc6c.jpg media_duration=0 chat_row_id=8 media_key=[B@b4bf382
02-26 09:26:13.073 21189 21267 E SQLiteDatabase: android.database.sqlite.SQLiteConstraintException: UNIQUE constraint failed: message_media.message_row_id (code 1555 SQLITE_CONSTRAINT_PRIMARYKEY[1555])
02-26 09:26:13.073 21189 21267 E SQLiteDatabase: at android.database.sqlite.SQLiteConnection.nativeExecuteForLastInsertedRowId(Native Method)
02-26 09:26:13.073 21189 21267 E SQLiteDatabase: at android.database.sqlite.SQLiteConnection.executeForLastInsertedRowId(SQLiteConnecti on.java:1275)
02-26 09:26:13.073 21189 21267 E SQLiteDatabase: at android.database.sqlite.SQLiteSession.executeForLastInsertedRowId(SQLiteSession.jav a:790)
02-26 09:26:13.073 21189 21267 E SQLiteDatabase: at android.database.sqlite.SQLiteStatement.executeInsert(SQLiteStatement.java:89)
02-26 09:26:13.073 21189 21267 E SQLiteDatabase: at android.database.sqlite.SQLiteDatabase.insertWithOnConflict(SQLiteDatabase.java:241 0)
02-26 09:26:13.073 21189 21267 E SQLiteDatabase: at android.database.sqlite.SQLiteDatabase.insert(SQLiteDatabase.java:2279)
02-26 09:26:13.073 21189 21267 E SQLiteDatabase: at X.2tm.A08(Unknown Source:6)
02-26 09:26:13.073 21189 21267 E SQLiteDatabase: at X.35Y.A07(Unknown Source:212)
02-26 09:26:13.073 21189 21267 E SQLiteDatabase: at X.3QF.A14(Unknown Source:470)
02-26 09:26:13.073 21189 21267 E SQLiteDatabase: at X.3gU.run(Unknown Source:982)
02-26 09:26:13.073 21189 21267 E SQLiteDatabase: at android.os.Handler.handleCallback(Handler.java:942)
02-26 09:26:13.073 21189 21267 E SQLiteDatabase: at android.os.Handler.dispatchMessage(Handler.java:99)
02-26 09:26:13.073 21189 21267 E SQLiteDatabase: at X.0zq.dispatchMessage(Unknown Source:4)
02-26 09:26:13.073 21189 21267 E SQLiteDatabase: at android.os.Looper.loopOnce(Looper.java:226)
02-26 09:26:13.073 21189 21267 E SQLiteDatabase: at android.os.Looper.loop(Looper.java:313)
02-26 09:26:13.073 21189 21267 E SQLiteDatabase: at android.os.HandlerThread.run(HandlerThread.java:67)
02-26 09:26:13.075 21189 21189 E ArmVmp : Match on catch block at 0xc3 in for 0x14d
02-26 09:26:13.079 21189 21189 E ArmVmp : Match on catch block at 0xc3 in for 0x149
02-26 09:26:13.089 21189 21189 E ArmVmp : Match on catch block at 0xc3 in for 0x151
02-26 09:26:13.091 21189 21189 E ArmVmp : Match on catch block at 0xc3 in for 0x14d
02-26 09:26:13.115 21189 21189 E ArmVmp : Match on catch block at 0xc3 in for 0x141
02-26 09:26:13.117 21189 21189 E ArmVmp : Match on catch block at 0xc3 in for 0x159
