The log file records errors encountered during the startup of an Android application. It indicates that a class could not be found during initialization, resulting in a crash. Additional errors are shown during subsequent restart attempts, including an invalid string resource ID error.
The log file records errors encountered during the startup of an Android application. It indicates that a class could not be found during initialization, resulting in a crash. Additional errors are shown during subsequent restart attempts, including an invalid string resource ID error.
The log file records errors encountered during the startup of an Android application. It indicates that a class could not be found during initialization, resulting in a crash. Additional errors are shown during subsequent restart attempts, including an invalid string resource ID error.
The log file records errors encountered during the startup of an Android application. It indicates that a class could not be found during initialization, resulting in a crash. Additional errors are shown during subsequent restart attempts, including an invalid string resource ID error.
Download as TXT, PDF, TXT or read online from Scribd
Download as txt, pdf, or txt
You are on page 1of 9354
--------- beginning of main
02-26 08:13:54.624 26308 26308 E com.mbwhatsapp: Not starting debugger since
process cannot load the jdwp agent.
02-26 08:13:54.764 26308 26308 W System.err: java.lang.ClassNotFoundException: mbmodsd.mbmodsw.ui.views.btn.BtnBK
02-26 08:13:54.766 26308 26308 W System.err: at java.lang.Runtime.nativeLoad(Native Method)
02-26 08:13:54.766 26308 26308 W System.err: at java.lang.Runtime.nativeLoad(Runtime.java:1121)
02-26 08:13:54.766 26308 26308 W System.err: at java.lang.Runtime.loadLibrary0(Runtime.java:1075)
02-26 08:13:54.766 26308 26308 W System.err: at java.lang.Runtime.loadLibrary0(Runtime.java:998)
02-26 08:13:54.766 26308 26308 W System.err: at java.lang.System.loadLibrary(System.java:1661)
02-26 08:13:54.766 26308 26308 W System.err: at arm.EpicVm.<clinit>(Unknown Source:2)
02-26 08:13:54.766 26308 26308 W System.err: at java.lang.Class.newInstance(Native Method)
02-26 08:13:54.766 26308 26308 W System.err: at android.app.AppComponentFactory.instantiateApplication(AppComponentFactory.java:76)
02-26 08:13:54.766 26308 26308 W System.err: at androidx.core.app.CoreComponentFactory.instantiateApplication(Unknown Source:0)
02-26 08:13:54.766 26308 26308 W System.err: at android.app.Instrumentation.newApplication(Instrumentation.java:1232)
02-26 08:13:54.766 26308 26308 W System.err: at android.app.LoadedApk.makeApplicationInner(LoadedApk.java:1566)
02-26 08:13:54.766 26308 26308 W System.err: at android.app.LoadedApk.makeApplicationInner(LoadedApk.java:1503)
02-26 08:13:54.766 26308 26308 W System.err: at android.app.ActivityThread.handleBindApplication(ActivityThread.java:7558)
02-26 08:13:54.766 26308 26308 W System.err: at android.app.ActivityThread.-$ $Nest$mhandleBindApplication(Unknown Source:0)
02-26 08:13:54.766 26308 26308 W System.err: at android.app.ActivityThread$H.handleMessage(ActivityThread.java:2400)
02-26 08:13:54.766 26308 26308 W System.err: at android.os.Handler.dispatchMessage(Handler.java:106)
02-26 08:13:54.766 26308 26308 W System.err: at android.os.Looper.loopOnce(Looper.java:226)
02-26 08:13:54.766 26308 26308 W System.err: at android.os.Looper.loop(Looper.java:313)
02-26 08:13:54.766 26308 26308 W System.err: at android.app.ActivityThread.main(ActivityThread.java:8762)
02-26 08:13:54.766 26308 26308 W System.err: at java.lang.reflect.Method.invoke(Native Method)
02-26 08:13:54.766 26308 26308 W System.err: at com.android.internal.os.RuntimeInit$MethodAndArgsCaller.run(RuntimeInit.java:604)
02-26 08:13:54.766 26308 26308 W System.err: at com.android.internal.os.ZygoteInit.main(ZygoteInit.java:1067)
02-26 08:13:54.789 26308 26308 E CustomActivityOnCrash: IMPORTANT WARNING! You already have an UncaughtExceptionHandler, are you sure this is correct? If you use a custom UncaughtExceptionHandler, you must initialize it AFTER CustomActivityOnCrash! Installing anyway, but your original handler will not be called.
02-26 08:13:54.965 26308 26389 W LibraryVersion: Failed to get app version for libraryName: firebase-iid
02-26 08:13:55.673 26535 26535 E com.mbwhatsapp: Not starting debugger since process cannot load the jdwp agent.
02-26 08:13:55.827 26535 26535 W System.err: java.lang.ClassNotFoundException: mbmodsd.mbmodsw.ui.views.btn.BtnBK
02-26 08:13:55.827 26535 26535 W System.err: at java.lang.Runtime.nativeLoad(Native Method)
02-26 08:13:55.827 26535 26535 W System.err: at java.lang.Runtime.nativeLoad(Runtime.java:1121)
02-26 08:13:55.827 26535 26535 W System.err: at java.lang.Runtime.loadLibrary0(Runtime.java:1075)
02-26 08:13:55.827 26535 26535 W System.err: at java.lang.Runtime.loadLibrary0(Runtime.java:998)
02-26 08:13:55.827 26535 26535 W System.err: at java.lang.System.loadLibrary(System.java:1661)
02-26 08:13:55.827 26535 26535 W System.err: at arm.EpicVm.<clinit>(Unknown Source:2)
02-26 08:13:55.827 26535 26535 W System.err: at java.lang.Class.newInstance(Native Method)
02-26 08:13:55.827 26535 26535 W System.err: at android.app.AppComponentFactory.instantiateApplication(AppComponentFactory.java:76)
02-26 08:13:55.827 26535 26535 W System.err: at androidx.core.app.CoreComponentFactory.instantiateApplication(Unknown Source:0)
02-26 08:13:55.827 26535 26535 W System.err: at android.app.Instrumentation.newApplication(Instrumentation.java:1232)
02-26 08:13:55.827 26535 26535 W System.err: at android.app.LoadedApk.makeApplicationInner(LoadedApk.java:1566)
02-26 08:13:55.827 26535 26535 W System.err: at android.app.LoadedApk.makeApplicationInner(LoadedApk.java:1503)
02-26 08:13:55.827 26535 26535 W System.err: at android.app.ActivityThread.handleBindApplication(ActivityThread.java:7558)
02-26 08:13:55.827 26535 26535 W System.err: at android.app.ActivityThread.-$ $Nest$mhandleBindApplication(Unknown Source:0)
02-26 08:13:55.827 26535 26535 W System.err: at android.app.ActivityThread$H.handleMessage(ActivityThread.java:2400)
02-26 08:13:55.827 26535 26535 W System.err: at android.os.Handler.dispatchMessage(Handler.java:106)
02-26 08:13:55.827 26535 26535 W System.err: at android.os.Looper.loopOnce(Looper.java:226)
02-26 08:13:55.827 26535 26535 W System.err: at android.os.Looper.loop(Looper.java:313)
02-26 08:13:55.827 26535 26535 W System.err: at android.app.ActivityThread.main(ActivityThread.java:8762)
02-26 08:13:55.827 26535 26535 W System.err: at java.lang.reflect.Method.invoke(Native Method)
02-26 08:13:55.827 26535 26535 W System.err: at com.android.internal.os.RuntimeInit$MethodAndArgsCaller.run(RuntimeInit.java:604)
02-26 08:13:55.827 26535 26535 W System.err: at com.android.internal.os.ZygoteInit.main(ZygoteInit.java:1067)
02-26 08:13:55.847 26535 26535 E CustomActivityOnCrash: IMPORTANT WARNING! You already have an UncaughtExceptionHandler, are you sure this is correct? If you use a custom UncaughtExceptionHandler, you must initialize it AFTER CustomActivityOnCrash! Installing anyway, but your original handler will not be called.
02-26 08:13:55.955 26535 26590 W LibraryVersion: Failed to get app version for libraryName: firebase-iid
02-26 08:13:56.298 26535 26535 W com.mbwhatsapp: Accessing hidden method Lcom/android/org/conscrypt/OpenSSLSocketImpl;->setUseSessionTickets(Z)V (max- target-q,core-platform-api, reflection, denied)
02-26 08:13:56.299 26535 26535 W com.mbwhatsapp: Accessing hidden method Lcom/android/org/conscrypt/AbstractConscryptSocket;->setUseSessionTickets(Z)V (max- target-q, reflection, denied)
02-26 08:13:56.536 26802 26802 W libprocessgroup: JoinCgroup: controller schedtune is not found
02-26 08:13:57.582 26535 26535 W com.mbwhatsapp: Method void X.0eU.A0h(X.0tK, boolean) failed lock verification and will run slower.
02-26 08:13:57.582 26535 26535 W com.mbwhatsapp: Common causes for lock verification issues are non-optimized dex code
02-26 08:13:57.582 26535 26535 W com.mbwhatsapp: and incorrect proguard optimizations.
02-26 08:13:57.810 26535 26937 W com.mbwhatsapp: Method void X.2rL.A03(java.lang.Integer) failed lock verification and will run slower.
02-26 08:13:58.033 26535 26975 W Adreno-AppProfiles: Could not find QSPM HAL service. Skipping adreno profile processing.
02-26 08:13:58.195 26535 26535 E com.mbwhatsapp: Invalid ID 0x00000000.
02-26 08:13:58.196 26535 26535 W System.err: android.content.res.Resources$NotFoundException: String resource ID #0x0
02-26 08:13:58.196 26535 26535 W System.err:
02-26 08:13:58.196 26535 26535 W System.err: at android.content.res.Resources.getText(Resources.java:512)
02-26 08:13:58.196 26535 26535 W System.err:
02-26 08:13:58.196 26535 26535 W System.err: at android.content.res.Resources.getString(Resources.java:605)
02-26 08:13:58.196 26535 26535 W System.err:
02-26 08:13:58.196 26535 26535 W System.err: at X.35t.A0E(Unknown Source:46)
02-26 08:13:58.196 26535 26535 W System.err:
02-26 08:13:58.196 26535 26535 W System.err: at com.mbwhatsapp.yo.yo.getString(Native Method)
02-26 08:13:58.196 26535 26535 W System.err:
02-26 08:13:58.196 26535 26535 W System.err: at com.mbwhatsapp.yo.yo.getString(Native Method)
02-26 08:13:58.196 26535 26535 W System.err:
02-26 08:13:58.196 26535 26535 W System.err: at com.mbwhatsapp.youbasha.task.utils.requestAllFilesAccess14(Native Method)
02-26 08:13:58.196 26535 26535 W System.err:
02-26 08:13:58.196 26535 26535 W System.err: at com.mbwhatsapp.yo.dep.showStoragePermissionRequest(Native Method)
02-26 08:13:58.196 26535 26535 W System.err:
02-26 08:13:58.196 26535 26535 W System.err: at com.mbwhatsapp.registration.EULA.onCreate(Unknown Source:248)
02-26 08:13:58.196 26535 26535 W System.err:
02-26 08:13:58.196 26535 26535 W System.err: at android.app.Activity.performCreate(Activity.java:8591)
02-26 08:13:58.196 26535 26535 W System.err:
02-26 08:13:58.196 26535 26535 W System.err: at android.app.Activity.performCreate(Activity.java:8570)
02-26 08:13:58.196 26535 26535 W System.err:
02-26 08:13:58.196 26535 26535 W System.err: at android.app.Instrumentation.callActivityOnCreate(Instrumentation.java:1384)
02-26 08:13:58.196 26535 26535 W System.err:
02-26 08:13:58.196 26535 26535 W System.err: at android.app.ActivityThread.performLaunchActivity(ActivityThread.java:4150)
02-26 08:13:58.196 26535 26535 W System.err:
02-26 08:13:58.196 26535 26535 W System.err: at android.app.ActivityThread.handleLaunchActivity(ActivityThread.java:4325)
02-26 08:13:58.196 26535 26535 W System.err:
02-26 08:13:58.196 26535 26535 W System.err: at android.app.servertransaction.LaunchActivityItem.execute(LaunchActivityItem.java:10 1)
02-26 08:13:58.196 26535 26535 W System.err:
02-26 08:13:58.196 26535 26535 W System.err: at android.app.servertransaction.TransactionExecutor.executeCallbacks(TransactionExecu tor.java:135)
02-26 08:13:58.196 26535 26535 W System.err:
02-26 08:13:58.196 26535 26535 W System.err: at android.app.servertransaction.TransactionExecutor.execute(TransactionExecutor.java: 95)
02-26 08:13:58.196 26535 26535 W System.err:
02-26 08:13:58.196 26535 26535 W System.err: at android.app.ActivityThread$H.handleMessage(ActivityThread.java:2574)
02-26 08:13:58.196 26535 26535 W System.err:
02-26 08:13:58.196 26535 26535 W System.err: at android.os.Handler.dispatchMessage(Handler.java:106)
02-26 08:13:58.196 26535 26535 W System.err:
02-26 08:13:58.197 26535 26535 W System.err: at android.os.Looper.loopOnce(Looper.java:226)
02-26 08:13:58.197 26535 26535 W System.err:
02-26 08:13:58.197 26535 26535 W System.err: at android.os.Looper.loop(Looper.java:313)
02-26 08:13:58.197 26535 26535 W System.err:
02-26 08:13:58.197 26535 26535 W System.err: at android.app.ActivityThread.main(ActivityThread.java:8762)
02-26 08:13:58.197 26535 26535 W System.err:
02-26 08:13:58.197 26535 26535 W System.err: at java.lang.reflect.Method.invoke(Native Method)
02-26 08:13:58.197 26535 26535 W System.err:
02-26 08:13:58.197 26535 26535 W System.err: at com.android.internal.os.RuntimeInit$MethodAndArgsCaller.run(RuntimeInit.java:604)
02-26 08:13:58.197 26535 26535 W System.err:
02-26 08:13:58.197 26535 26535 W System.err: at com.android.internal.os.ZygoteInit.main(ZygoteInit.java:1067)
02-26 08:13:58.197 26535 26535 W System.err:
02-26 08:13:58.337 26535 26535 W Activity: Can request only one set of permissions at a time
02-26 08:13:58.452 26535 26535 E ArmVmp : Match on catch block at 0x0a in for 0x271
02-26 08:13:58.792 26535 26535 E BufferQueueProducer: Unable to open libpenguin.so: dlopen failed: library "libpenguin.so" not found.
02-26 08:13:58.968 26535 26975 W Parcel : Expecting binder but got null!
02-26 08:13:59.583 26535 26975 W Parcel : Expecting binder but got null!
02-26 08:14:00.892 26535 26535 E com.mbwhatsapp: Invalid ID 0x00000000.
02-26 08:14:00.893 26535 26535 E com.mbwhatsapp: Invalid ID 0x00000000.
02-26 08:14:00.893 26535 26535 E com.mbwhatsapp: Invalid ID 0x00000000.
02-26 08:14:00.902 26535 26535 E com.mbwhatsapp: Invalid ID 0x00000000.
02-26 08:14:00.907 26535 26535 E com.mbwhatsapp: Invalid ID 0x00000000.
02-26 08:14:00.907 26535 26535 E com.mbwhatsapp: Invalid ID 0x00000000.
02-26 08:14:00.907 26535 26535 E com.mbwhatsapp: Invalid ID 0x00000000.
02-26 08:14:00.911 26535 26535 E com.mbwhatsapp: Invalid ID 0x00000000.
02-26 08:14:05.248 26535 26546 W com.mbwhatsapp: Cleared Reference was only reachable from finalizer (only reported once)
02-26 08:14:13.539 26535 26535 W Activity: Can request only one set of permissions at a time
02-26 08:14:13.539 26535 26535 W Activity: Can request only one set of permissions at a time
02-26 08:14:27.450 26535 27529 E ShortcutInfoCompatSaver: Failed to load saved values from file /data/user/0/com.mbwhatsapp/files/ShortcutInfoCompatSaver_share_targets/ targets.xml. Old state removed, new added
02-26 08:14:27.450 26535 27529 E ShortcutInfoCompatSaver: java.io.FileNotFoundException: /data/user/0/com.mbwhatsapp/files/ShortcutInfoCompatSaver_share_targets/ targets.xml: open failed: ENOENT (No such file or directory)
02-26 08:14:27.450 26535 27529 E ShortcutInfoCompatSaver: at libcore.io.IoBridge.open(IoBridge.java:574)
02-26 08:14:27.450 26535 27529 E ShortcutInfoCompatSaver: at java.io.FileInputStream.<init>(FileInputStream.java:160)
02-26 08:14:27.450 26535 27529 E ShortcutInfoCompatSaver: at X.0nz.run(Unknown Source:82)
02-26 08:14:27.450 26535 27529 E ShortcutInfoCompatSaver: at java.util.concurrent.Executors$RunnableAdapter.call(Executors.java:463)
02-26 08:14:27.450 26535 27529 E ShortcutInfoCompatSaver: at java.util.concurrent.FutureTask.run(FutureTask.java:264)
02-26 08:14:27.450 26535 27529 E ShortcutInfoCompatSaver: at java.util.concurrent.ThreadPoolExecutor.runWorker(ThreadPoolExecutor.java:1137)
02-26 08:14:27.450 26535 27529 E ShortcutInfoCompatSaver: at java.util.concurrent.ThreadPoolExecutor$Worker.run(ThreadPoolExecutor.java:637)
02-26 08:14:27.450 26535 27529 E ShortcutInfoCompatSaver: at java.lang.Thread.run(Thread.java:1012)
02-26 08:14:27.450 26535 27529 E ShortcutInfoCompatSaver: Caused by: android.system.ErrnoException: open failed: ENOENT (No such file or directory)
02-26 08:14:27.450 26535 27529 E ShortcutInfoCompatSaver: at libcore.io.Linux.open(Native Method)
02-26 08:14:27.450 26535 27529 E ShortcutInfoCompatSaver: at libcore.io.ForwardingOs.open(ForwardingOs.java:563)
02-26 08:14:27.450 26535 27529 E ShortcutInfoCompatSaver: at libcore.io.BlockGuardOs.open(BlockGuardOs.java:274)
02-26 08:14:27.450 26535 27529 E ShortcutInfoCompatSaver: at libcore.io.ForwardingOs.open(ForwardingOs.java:563)
02-26 08:14:27.450 26535 27529 E ShortcutInfoCompatSaver: at android.app.ActivityThread$AndroidOs.open(ActivityThread.java:8624)
02-26 08:14:27.450 26535 27529 E ShortcutInfoCompatSaver: at libcore.io.IoBridge.open(IoBridge.java:560)
02-26 08:14:27.450 26535 27529 E ShortcutInfoCompatSaver: ... 7 more
02-26 08:14:27.507 26535 26975 E FrameEvents: updateAcquireFence: Did not find frame.
02-26 08:14:27.517 26535 26975 E FrameEvents: updateAcquireFence: Did not find frame.
02-26 08:14:27.522 26535 26975 E FrameEvents: updateAcquireFence: Did not find frame.
02-26 08:23:25.556 26535 26535 W Activity: Can request only one set of permissions at a time
02-26 08:23:25.632 26535 26975 W Adreno-AppProfiles: Could not find QSPM HAL service. Skipping adreno profile processing.
02-26 08:23:27.703 26535 26975 W Parcel : Expecting binder but got null!
02-26 08:23:36.996 26535 26535 W OnBackInvokedCallback: OnBackInvokedCallback is not enabled for the application.
02-26 08:23:36.996 26535 26535 W OnBackInvokedCallback: Set 'android:enableOnBackInvokedCallback="true"' in the application manifest.
02-26 08:23:39.347 26535 26975 W Parcel : Expecting binder but got null!
02-26 08:24:18.803 26535 26535 W OnBackInvokedCallback: OnBackInvokedCallback is not enabled for the application.
02-26 08:24:18.803 26535 26535 W OnBackInvokedCallback: Set 'android:enableOnBackInvokedCallback="true"' in the application manifest.
02-26 08:24:19.735 26535 26975 W Parcel : Expecting binder but got null!
02-26 08:24:19.793 26535 26535 W OnBackInvokedCallback: OnBackInvokedCallback is not enabled for the application.
02-26 08:24:19.793 26535 26535 W OnBackInvokedCallback: Set 'android:enableOnBackInvokedCallback="true"' in the application manifest.
02-26 08:24:19.801 26535 26535 W RemoteInputConnectionImpl: requestCursorAnchorInfo on inactive InputConnection
02-26 08:25:18.542 26535 1768 W SQLiteConnectionPool: The connection pool for database '+data+user+0+com_mbwhatsapp+databases+sync_db' has been unable to grant a connection to thread 25133 (SignalExecutor) with flags 0x2 for 4.0 seconds.
02-26 08:25:18.542 26535 1768 W SQLiteConnectionPool: Connections: 0 active, 1 idle, 1 available.
02-26 08:25:20.004 26535 5566 W SQLiteConnectionPool: The connection pool for database '+data+user+0+com_mbwhatsapp+databases+sync_db' has been unable to grant a connection to thread 25147 (JobRunner #2) with flags 0x2 for 4.0 seconds.
02-26 08:25:20.004 26535 5566 W SQLiteConnectionPool: Connections: 0 active, 1 idle, 1 available.
02-26 08:25:20.018 26535 26975 W Parcel : Expecting binder but got null!
02-26 08:25:20.136 26535 26937 W SQLiteConnectionPool: The connection pool for database '+data+user+0+com_mbwhatsapp+databases+sync_db' has been unable to grant a connection to thread 25069 (MBWhatsApp Worker #2) with flags 0x2 for 4.0 seconds.
02-26 08:25:20.136 26535 26937 W SQLiteConnectionPool: Connections: 0 active, 1 idle, 1 available.
02-26 08:25:20.142 26535 27013 E SQLiteDatabase: Error inserting dirty_version=-1 version=0 lt_hash=null collection_name=critical_unblock_low
02-26 08:25:20.142 26535 27013 E SQLiteDatabase: android.database.sqlite.SQLiteConstraintException: UNIQUE constraint failed: collection_versions.collection_name (code 1555 SQLITE_CONSTRAINT_PRIMARYKEY[1555])
02-26 08:25:20.142 26535 27013 E SQLiteDatabase: at android.database.sqlite.SQLiteConnection.nativeExecuteForLastInsertedRowId(Native Method)
02-26 08:25:20.142 26535 27013 E SQLiteDatabase: at android.database.sqlite.SQLiteConnection.executeForLastInsertedRowId(SQLiteConnecti on.java:1275)
02-26 08:25:20.142 26535 27013 E SQLiteDatabase: at android.database.sqlite.SQLiteSession.executeForLastInsertedRowId(SQLiteSession.jav a:790)
02-26 08:25:20.142 26535 27013 E SQLiteDatabase: at android.database.sqlite.SQLiteStatement.executeInsert(SQLiteStatement.java:89)
02-26 08:25:20.142 26535 27013 E SQLiteDatabase: at android.database.sqlite.SQLiteDatabase.insertWithOnConflict(SQLiteDatabase.java:241 0)
02-26 08:25:20.142 26535 27013 E SQLiteDatabase: at android.database.sqlite.SQLiteDatabase.insert(SQLiteDatabase.java:2279)
02-26 08:25:20.142 26535 27013 E SQLiteDatabase: at X.2tm.A08(Unknown Source:6)
02-26 08:25:20.142 26535 27013 E SQLiteDatabase: at X.2sR.A03(Unknown Source:39)
02-26 08:25:20.142 26535 27013 E SQLiteDatabase: at X.2sR.A05(Unknown Source:14)
02-26 08:25:20.142 26535 27013 E SQLiteDatabase: at X.32N.A07(Unknown Source:2205)
02-26 08:25:20.142 26535 27013 E SQLiteDatabase: at X.32N.A06(Unknown Source:507)
02-26 08:25:20.142 26535 27013 E SQLiteDatabase: at X.3eA.run(Unknown Source:2207)
02-26 08:25:20.142 26535 27013 E SQLiteDatabase: at java.util.concurrent.ThreadPoolExecutor.runWorker(ThreadPoolExecutor.java:1137)
02-26 08:25:20.142 26535 27013 E SQLiteDatabase: at java.util.concurrent.ThreadPoolExecutor$Worker.run(ThreadPoolExecutor.java:637)
02-26 08:25:20.142 26535 27013 E SQLiteDatabase: at X.3gH.run(Unknown Source:1548)
02-26 08:25:20.142 26535 27013 E SQLiteDatabase: at java.lang.Thread.run(Thread.java:1012)
02-26 08:25:20.154 26535 27013 E SQLiteDatabase: Error inserting dirty_version=-1 version=0 lt_hash=null collection_name=critical_unblock_low
02-26 08:25:20.154 26535 27013 E SQLiteDatabase: android.database.sqlite.SQLiteConstraintException: UNIQUE constraint failed: collection_versions.collection_name (code 1555 SQLITE_CONSTRAINT_PRIMARYKEY[1555])
02-26 08:25:20.154 26535 27013 E SQLiteDatabase: at android.database.sqlite.SQLiteConnection.nativeExecuteForLastInsertedRowId(Native Method)
02-26 08:25:20.154 26535 27013 E SQLiteDatabase: at android.database.sqlite.SQLiteConnection.executeForLastInsertedRowId(SQLiteConnecti on.java:1275)
02-26 08:25:20.154 26535 27013 E SQLiteDatabase: at android.database.sqlite.SQLiteSession.executeForLastInsertedRowId(SQLiteSession.jav a:790)
02-26 08:25:20.154 26535 27013 E SQLiteDatabase: at android.database.sqlite.SQLiteStatement.executeInsert(SQLiteStatement.java:89)
02-26 08:25:20.154 26535 27013 E SQLiteDatabase: at android.database.sqlite.SQLiteDatabase.insertWithOnConflict(SQLiteDatabase.java:241 0)
02-26 08:25:20.154 26535 27013 E SQLiteDatabase: at android.database.sqlite.SQLiteDatabase.insert(SQLiteDatabase.java:2279)
02-26 08:25:20.154 26535 27013 E SQLiteDatabase: at X.2tm.A08(Unknown Source:6)
02-26 08:25:20.154 26535 27013 E SQLiteDatabase: at X.2sR.A03(Unknown Source:39)
02-26 08:25:20.154 26535 27013 E SQLiteDatabase: at X.2sR.A05(Unknown Source:14)
02-26 08:25:20.154 26535 27013 E SQLiteDatabase: at X.32N.A07(Unknown Source:2205)
02-26 08:25:20.154 26535 27013 E SQLiteDatabase: at X.32N.A06(Unknown Source:507)
02-26 08:25:20.154 26535 27013 E SQLiteDatabase: at X.3eA.run(Unknown Source:2207)
02-26 08:25:20.154 26535 27013 E SQLiteDatabase: at java.util.concurrent.ThreadPoolExecutor.runWorker(ThreadPoolExecutor.java:1137)
02-26 08:25:20.154 26535 27013 E SQLiteDatabase: at java.util.concurrent.ThreadPoolExecutor$Worker.run(ThreadPoolExecutor.java:637)
02-26 08:25:20.154 26535 27013 E SQLiteDatabase: at X.3gH.run(Unknown Source:1548)
02-26 08:25:20.154 26535 27013 E SQLiteDatabase: at java.lang.Thread.run(Thread.java:1012)
02-26 08:25:20.470 26535 5489 E SQLiteDatabase: Error inserting dirty_version=-1 version=0 lt_hash=null collection_name=critical_block
02-26 08:25:20.470 26535 5489 E SQLiteDatabase: android.database.sqlite.SQLiteConstraintException: UNIQUE constraint failed: collection_versions.collection_name (code 1555 SQLITE_CONSTRAINT_PRIMARYKEY[1555])
02-26 08:25:20.470 26535 5489 E SQLiteDatabase: at android.database.sqlite.SQLiteConnection.nativeExecuteForLastInsertedRowId(Native Method)
02-26 08:25:20.470 26535 5489 E SQLiteDatabase: at android.database.sqlite.SQLiteConnection.executeForLastInsertedRowId(SQLiteConnecti on.java:1275)
02-26 08:25:20.470 26535 5489 E SQLiteDatabase: at android.database.sqlite.SQLiteSession.executeForLastInsertedRowId(SQLiteSession.jav a:790)
02-26 08:25:20.470 26535 5489 E SQLiteDatabase: at android.database.sqlite.SQLiteStatement.executeInsert(SQLiteStatement.java:89)
02-26 08:25:20.470 26535 5489 E SQLiteDatabase: at android.database.sqlite.SQLiteDatabase.insertWithOnConflict(SQLiteDatabase.java:241 0)
02-26 08:25:20.470 26535 5489 E SQLiteDatabase: at android.database.sqlite.SQLiteDatabase.insert(SQLiteDatabase.java:2279)
02-26 08:25:20.470 26535 5489 E SQLiteDatabase: at X.2tm.A08(Unknown Source:6)
02-26 08:25:20.470 26535 5489 E SQLiteDatabase: at X.2sR.A03(Unknown Source:39)
02-26 08:25:20.470 26535 5489 E SQLiteDatabase: at X.2sR.A05(Unknown Source:14)
02-26 08:25:20.470 26535 5489 E SQLiteDatabase: at X.32N.A07(Unknown Source:2205)
02-26 08:25:20.470 26535 5489 E SQLiteDatabase: at X.32N.A06(Unknown Source:507)
02-26 08:25:20.470 26535 5489 E SQLiteDatabase: at X.3eA.run(Unknown Source:2207)
02-26 08:25:20.470 26535 5489 E SQLiteDatabase: at java.util.concurrent.ThreadPoolExecutor.runWorker(ThreadPoolExecutor.java:1137)
02-26 08:25:20.470 26535 5489 E SQLiteDatabase: at java.util.concurrent.ThreadPoolExecutor$Worker.run(ThreadPoolExecutor.java:637)
02-26 08:25:20.470 26535 5489 E SQLiteDatabase: at X.3gH.run(Unknown Source:1548)
02-26 08:25:20.470 26535 5489 E SQLiteDatabase: at java.lang.Thread.run(Thread.java:1012)
02-26 08:25:21.479 26535 27013 W Kumiho-Kumiho: isSupportedFormat: Format is not supported
02-26 08:25:21.807 26535 26535 W Settings: Setting show_button_background has moved from android.provider.Settings.System to android.provider.Settings.Global, returning read-only value.
02-26 08:25:21.843 26535 5823 W ziparchive: Unable to open '/data/user_de/0/com.google.android.gms/app_chimera/m/000003c5/DynamiteLoader.dm': No such file or directory
02-26 08:25:21.843 26535 5823 W ziparchive: Unable to open '/data/user_de/0/com.google.android.gms/app_chimera/m/000003c5/DynamiteLoader.dm': No such file or directory
02-26 08:25:21.860 26535 5823 W System : ClassLoader referenced unknown path:
02-26 08:25:21.867 26535 5823 W ziparchive: Unable to open '/data/user_de/0/com.google.android.gms/app_chimera/m/000003c4/CronetDynamite.dm': No such file or directory
02-26 08:25:21.867 26535 5823 W ziparchive: Unable to open '/data/user_de/0/com.google.android.gms/app_chimera/m/000003c4/CronetDynamite.dm': No such file or directory
02-26 08:25:21.985 26535 5838 E chromium: [0226/082521.984092:ERROR:cronet_context.cc(158)] Invalid QUIC hint host: .whatsapp.com
02-26 08:25:21.985 26535 5838 E chromium: [0226/082521.985928:ERROR:cronet_context.cc(158)] Invalid QUIC hint host: .cdninstagram.com
02-26 08:25:21.985 26535 5838 E chromium: [0226/082521.985953:ERROR:cronet_context.cc(158)] Invalid QUIC hint host: .fbcdn.net
02-26 08:25:21.985 26535 5838 E chromium: [0226/082521.985962:ERROR:cronet_context.cc(158)] Invalid QUIC hint host: .facebook.com
02-26 08:25:21.985 26535 5838 E chromium: [0226/082521.985971:ERROR:cronet_context.cc(158)] Invalid QUIC hint host: .instagram.com
02-26 08:25:21.985 26535 5838 E chromium: [0226/082521.985978:ERROR:cronet_context.cc(158)] Invalid QUIC hint host: .whatsapp.net
02-26 08:25:22.078 26535 5489 E SQLiteDatabase: Error inserting dirty_version=-1 version=0 lt_hash=null collection_name=regular
02-26 08:25:22.078 26535 5489 E SQLiteDatabase: android.database.sqlite.SQLiteConstraintException: UNIQUE constraint failed: collection_versions.collection_name (code 1555 SQLITE_CONSTRAINT_PRIMARYKEY[1555])
02-26 08:25:22.078 26535 5489 E SQLiteDatabase: at android.database.sqlite.SQLiteConnection.nativeExecuteForLastInsertedRowId(Native Method)
02-26 08:25:22.078 26535 5489 E SQLiteDatabase: at android.database.sqlite.SQLiteConnection.executeForLastInsertedRowId(SQLiteConnecti on.java:1275)
02-26 08:25:22.078 26535 5489 E SQLiteDatabase: at android.database.sqlite.SQLiteSession.executeForLastInsertedRowId(SQLiteSession.jav a:790)
02-26 08:25:22.078 26535 5489 E SQLiteDatabase: at android.database.sqlite.SQLiteStatement.executeInsert(SQLiteStatement.java:89)
02-26 08:25:22.078 26535 5489 E SQLiteDatabase: at android.database.sqlite.SQLiteDatabase.insertWithOnConflict(SQLiteDatabase.java:241 0)
02-26 08:25:22.078 26535 5489 E SQLiteDatabase: at android.database.sqlite.SQLiteDatabase.insert(SQLiteDatabase.java:2279)
02-26 08:25:22.078 26535 5489 E SQLiteDatabase: at X.2tm.A08(Unknown Source:6)
02-26 08:25:22.078 26535 5489 E SQLiteDatabase: at X.2sR.A03(Unknown Source:39)
02-26 08:25:22.078 26535 5489 E SQLiteDatabase: at X.2sR.A05(Unknown Source:14)
02-26 08:25:22.078 26535 5489 E SQLiteDatabase: at X.32N.A07(Unknown Source:2205)
02-26 08:25:22.078 26535 5489 E SQLiteDatabase: at X.32N.A06(Unknown Source:507)
02-26 08:25:22.078 26535 5489 E SQLiteDatabase: at X.3eA.run(Unknown Source:2207)
02-26 08:25:22.078 26535 5489 E SQLiteDatabase: at java.util.concurrent.ThreadPoolExecutor.runWorker(ThreadPoolExecutor.java:1137)
02-26 08:25:22.078 26535 5489 E SQLiteDatabase: at java.util.concurrent.ThreadPoolExecutor$Worker.run(ThreadPoolExecutor.java:637)
02-26 08:25:22.078 26535 5489 E SQLiteDatabase: at X.3gH.run(Unknown Source:1548)
02-26 08:25:22.078 26535 5489 E SQLiteDatabase: at java.lang.Thread.run(Thread.java:1012)
02-26 08:25:22.088 26535 5489 E SQLiteDatabase: Error inserting dirty_version=-1 version=0 lt_hash=null collection_name=regular
02-26 08:25:22.088 26535 5489 E SQLiteDatabase: android.database.sqlite.SQLiteConstraintException: UNIQUE constraint failed: collection_versions.collection_name (code 1555 SQLITE_CONSTRAINT_PRIMARYKEY[1555])
02-26 08:25:22.088 26535 5489 E SQLiteDatabase: at android.database.sqlite.SQLiteConnection.nativeExecuteForLastInsertedRowId(Native Method)
02-26 08:25:22.088 26535 5489 E SQLiteDatabase: at android.database.sqlite.SQLiteConnection.executeForLastInsertedRowId(SQLiteConnecti on.java:1275)
02-26 08:25:22.088 26535 5489 E SQLiteDatabase: at android.database.sqlite.SQLiteSession.executeForLastInsertedRowId(SQLiteSession.jav a:790)
02-26 08:25:22.088 26535 5489 E SQLiteDatabase: at android.database.sqlite.SQLiteStatement.executeInsert(SQLiteStatement.java:89)
02-26 08:25:22.088 26535 5489 E SQLiteDatabase: at android.database.sqlite.SQLiteDatabase.insertWithOnConflict(SQLiteDatabase.java:241 0)
02-26 08:25:22.088 26535 5489 E SQLiteDatabase: at android.database.sqlite.SQLiteDatabase.insert(SQLiteDatabase.java:2279)
02-26 08:25:22.088 26535 5489 E SQLiteDatabase: at X.2tm.A08(Unknown Source:6)
02-26 08:25:22.088 26535 5489 E SQLiteDatabase: at X.2sR.A03(Unknown Source:39)
02-26 08:25:22.088 26535 5489 E SQLiteDatabase: at X.2sR.A05(Unknown Source:14)
02-26 08:25:22.088 26535 5489 E SQLiteDatabase: at X.32N.A07(Unknown Source:2205)
02-26 08:25:22.088 26535 5489 E SQLiteDatabase: at X.32N.A06(Unknown Source:507)
02-26 08:25:22.088 26535 5489 E SQLiteDatabase: at X.3eA.run(Unknown Source:2207)
02-26 08:25:22.088 26535 5489 E SQLiteDatabase: at java.util.concurrent.ThreadPoolExecutor.runWorker(ThreadPoolExecutor.java:1137)
02-26 08:25:22.088 26535 5489 E SQLiteDatabase: at java.util.concurrent.ThreadPoolExecutor$Worker.run(ThreadPoolExecutor.java:637)
02-26 08:25:22.088 26535 5489 E SQLiteDatabase: at X.3gH.run(Unknown Source:1548)
02-26 08:25:22.088 26535 5489 E SQLiteDatabase: at java.lang.Thread.run(Thread.java:1012)
02-26 08:25:22.093 26535 5489 E SQLiteDatabase: Error inserting dirty_version=-1 version=0 lt_hash=null collection_name=regular_low
02-26 08:25:22.093 26535 5489 E SQLiteDatabase: android.database.sqlite.SQLiteConstraintException: UNIQUE constraint failed: collection_versions.collection_name (code 1555 SQLITE_CONSTRAINT_PRIMARYKEY[1555])
02-26 08:25:22.093 26535 5489 E SQLiteDatabase: at android.database.sqlite.SQLiteConnection.nativeExecuteForLastInsertedRowId(Native Method)
02-26 08:25:22.093 26535 5489 E SQLiteDatabase: at android.database.sqlite.SQLiteConnection.executeForLastInsertedRowId(SQLiteConnecti on.java:1275)
02-26 08:25:22.093 26535 5489 E SQLiteDatabase: at android.database.sqlite.SQLiteSession.executeForLastInsertedRowId(SQLiteSession.jav a:790)
02-26 08:25:22.093 26535 5489 E SQLiteDatabase: at android.database.sqlite.SQLiteStatement.executeInsert(SQLiteStatement.java:89)
02-26 08:25:22.093 26535 5489 E SQLiteDatabase: at android.database.sqlite.SQLiteDatabase.insertWithOnConflict(SQLiteDatabase.java:241 0)
02-26 08:25:22.093 26535 5489 E SQLiteDatabase: at android.database.sqlite.SQLiteDatabase.insert(SQLiteDatabase.java:2279)
02-26 08:25:22.093 26535 5489 E SQLiteDatabase: at X.2tm.A08(Unknown Source:6)
02-26 08:25:22.093 26535 5489 E SQLiteDatabase: at X.2sR.A03(Unknown Source:39)
02-26 08:25:22.093 26535 5489 E SQLiteDatabase: at X.2sR.A05(Unknown Source:14)
02-26 08:25:22.093 26535 5489 E SQLiteDatabase: at X.32N.A07(Unknown Source:2205)
02-26 08:25:22.093 26535 5489 E SQLiteDatabase: at X.32N.A06(Unknown Source:507)
02-26 08:25:22.093 26535 5489 E SQLiteDatabase: at X.3eA.run(Unknown Source:2207)
02-26 08:25:22.093 26535 5489 E SQLiteDatabase: at java.util.concurrent.ThreadPoolExecutor.runWorker(ThreadPoolExecutor.java:1137)
02-26 08:25:22.093 26535 5489 E SQLiteDatabase: at java.util.concurrent.ThreadPoolExecutor$Worker.run(ThreadPoolExecutor.java:637)
02-26 08:25:22.093 26535 5489 E SQLiteDatabase: at X.3gH.run(Unknown Source:1548)
02-26 08:25:22.093 26535 5489 E SQLiteDatabase: at java.lang.Thread.run(Thread.java:1012)
02-26 08:25:22.099 26535 5489 E SQLiteDatabase: Error inserting dirty_version=-1 version=0 lt_hash=null collection_name=regular_low
02-26 08:25:22.099 26535 5489 E SQLiteDatabase: android.database.sqlite.SQLiteConstraintException: UNIQUE constraint failed: collection_versions.collection_name (code 1555 SQLITE_CONSTRAINT_PRIMARYKEY[1555])
02-26 08:25:22.099 26535 5489 E SQLiteDatabase: at android.database.sqlite.SQLiteConnection.nativeExecuteForLastInsertedRowId(Native Method)
02-26 08:25:22.099 26535 5489 E SQLiteDatabase: at android.database.sqlite.SQLiteConnection.executeForLastInsertedRowId(SQLiteConnecti on.java:1275)
02-26 08:25:22.099 26535 5489 E SQLiteDatabase: at android.database.sqlite.SQLiteSession.executeForLastInsertedRowId(SQLiteSession.jav a:790)
02-26 08:25:22.099 26535 5489 E SQLiteDatabase: at android.database.sqlite.SQLiteStatement.executeInsert(SQLiteStatement.java:89)
02-26 08:25:22.099 26535 5489 E SQLiteDatabase: at android.database.sqlite.SQLiteDatabase.insertWithOnConflict(SQLiteDatabase.java:241 0)
02-26 08:25:22.099 26535 5489 E SQLiteDatabase: at android.database.sqlite.SQLiteDatabase.insert(SQLiteDatabase.java:2279)
02-26 08:25:22.099 26535 5489 E SQLiteDatabase: at X.2tm.A08(Unknown Source:6)
02-26 08:25:22.099 26535 5489 E SQLiteDatabase: at X.2sR.A03(Unknown Source:39)
02-26 08:25:22.099 26535 5489 E SQLiteDatabase: at X.2sR.A05(Unknown Source:14)
02-26 08:25:22.099 26535 5489 E SQLiteDatabase: at X.32N.A07(Unknown Source:2205)
02-26 08:25:22.099 26535 5489 E SQLiteDatabase: at X.32N.A06(Unknown Source:507)
02-26 08:25:22.099 26535 5489 E SQLiteDatabase: at X.3eA.run(Unknown Source:2207)
02-26 08:25:22.099 26535 5489 E SQLiteDatabase: at java.util.concurrent.ThreadPoolExecutor.runWorker(ThreadPoolExecutor.java:1137)
02-26 08:25:22.099 26535 5489 E SQLiteDatabase: at java.util.concurrent.ThreadPoolExecutor$Worker.run(ThreadPoolExecutor.java:637)
02-26 08:25:22.099 26535 5489 E SQLiteDatabase: at X.3gH.run(Unknown Source:1548)
02-26 08:25:22.099 26535 5489 E SQLiteDatabase: at java.lang.Thread.run(Thread.java:1012)
02-26 08:25:24.161 26535 26535 W com.mbwhatsapp: Method void com.mbwhatsapp.HomeActivity.A6e() failed lock verification and will run slower.
02-26 08:25:24.355 26535 26535 E ArmVmp : Match on catch block at 0x0a in for 0x199
02-26 08:25:24.366 26535 26535 E ArmVmp : Match on catch block at 0x0a in for 0x271
02-26 08:25:24.444 26535 5861 W com.mbwhatsapp: Accessing hidden method Lcom/android/org/conscrypt/ConscryptEngineSocket;->setUseSessionTickets(Z)V (max- target-q,core-platform-api, reflection, denied)
02-26 08:25:24.445 26535 5861 W com.mbwhatsapp: Accessing hidden method Lcom/android/org/conscrypt/OpenSSLSocketImpl;->setUseSessionTickets(Z)V (max- target-q,core-platform-api, reflection, denied)
02-26 08:25:24.445 26535 5861 W com.mbwhatsapp: Accessing hidden method Lcom/android/org/conscrypt/AbstractConscryptSocket;->setUseSessionTickets(Z)V (max- target-q, reflection, denied)
02-26 08:25:24.445 26535 5861 W com.mbwhatsapp: Accessing hidden method Lcom/android/org/conscrypt/ConscryptEngineSocket;->setHostname(Ljava/lang/String;)V (max-target-q,core-platform-api, reflection, denied)
02-26 08:25:24.445 26535 5861 W com.mbwhatsapp: Accessing hidden method Lcom/android/org/conscrypt/OpenSSLSocketImpl;->setHostname(Ljava/lang/String;)V (max-target-q,core-platform-api, reflection, denied)
02-26 08:25:24.445 26535 5861 W com.mbwhatsapp: Accessing hidden method Lcom/android/org/conscrypt/AbstractConscryptSocket;->setHostname(Ljava/lang/ String;)V (max-target-q, reflection, denied)
02-26 08:25:24.445 26535 5861 W com.mbwhatsapp: Accessing hidden method Lcom/android/org/conscrypt/OpenSSLSocketImpl;->setAlpnProtocols([B)V (max-target- q,core-platform-api, reflection, denied)
02-26 08:25:24.445 26535 5861 W com.mbwhatsapp: Accessing hidden method Lcom/android/org/conscrypt/AbstractConscryptSocket;->setAlpnProtocols([B)V (max- target-q, reflection, denied)
02-26 08:25:24.447 26535 26535 W Activity: Can request only one set of permissions at a time
02-26 08:25:24.527 26535 5861 W com.mbwhatsapp: Accessing hidden method Lcom/android/org/conscrypt/OpenSSLSocketImpl;->getAlpnSelectedProtocol()[B (max- target-q,core-platform-api, reflection, denied)
02-26 08:25:24.527 26535 5861 W com.mbwhatsapp: Accessing hidden method Lcom/android/org/conscrypt/AbstractConscryptSocket;->getAlpnSelectedProtocol()[B (max-target-q, reflection, denied)
02-26 08:25:24.963 26535 26975 W Parcel : Expecting binder but got null!
02-26 08:25:24.969 26535 26535 E ArmVmp : Match on catch block at 0x0a in for 0x1ad
02-26 08:25:25.097 26535 27140 W Kumiho-Kumiho: isSupportedFormat: Format is not supported
02-26 08:25:25.197 26535 5894 W LOTTIE : Animation contains merge paths. Merge paths are only supported on KitKat+ and must be manually enabled by calling enableMergePathsForKitKatAndAbove().
02-26 08:25:25.372 26535 26535 W LOTTIE : Animation contains merge paths but they are disabled.
02-26 08:25:28.089 26535 26535 W ViewRootImpl: Not reporting timeline because gpuCompletedTime is 2.8784936372752435E11ms ahead of presentTime. FRAME_TIMELINE_VSYNC_ID=182300640, INPUT_EVENT_ID=555634946
02-26 08:25:28.149 26535 26535 W ViewRootImpl: Not reporting timeline because gpuCompletedTime is 2.878493636608379E11ms ahead of presentTime. FRAME_TIMELINE_VSYNC_ID=182300758, INPUT_EVENT_ID=723361000
02-26 08:25:28.149 26535 26535 W ViewRootImpl: Not reporting timeline because gpuCompletedTime is 2.8784936365250226E11ms ahead of presentTime. FRAME_TIMELINE_VSYNC_ID=182300803, INPUT_EVENT_ID=759385822
02-26 08:25:28.165 26535 26535 W ViewRootImpl: Not reporting timeline because gpuCompletedTime is 2.878493636441674E11ms ahead of presentTime. FRAME_TIMELINE_VSYNC_ID=182300818, INPUT_EVENT_ID=387701346
02-26 08:25:28.173 26535 26535 W ViewRootImpl: Not reporting timeline because gpuCompletedTime is 2.878493636358327E11ms ahead of presentTime. FRAME_TIMELINE_VSYNC_ID=182300840, INPUT_EVENT_ID=936355306
02-26 08:25:28.173 26535 26535 W ViewRootImpl: Not reporting timeline because gpuCompletedTime is 2.8784936362749786E11ms ahead of presentTime. FRAME_TIMELINE_VSYNC_ID=182300862, INPUT_EVENT_ID=514021963
02-26 08:25:28.183 26535 26535 W ViewRootImpl: Not reporting timeline because gpuCompletedTime is 2.878493636191637E11ms ahead of presentTime. FRAME_TIMELINE_VSYNC_ID=182300884, INPUT_EVENT_ID=969454589
02-26 08:26:30.968 26535 26975 W Parcel : Expecting binder but got null!
02-26 08:26:33.208 26535 26975 W Parcel : Expecting binder but got null!
02-26 08:26:36.418 26535 26975 W Parcel : Expecting binder but got null!
02-26 08:26:46.991 26535 26553 W MediaPlayerNative: info/warning (10973, 0)
02-26 08:26:47.041 26535 26553 W MediaPlayerNative: info/warning (10973, 0)
02-26 08:26:47.093 26535 26553 W MediaPlayerNative: info/warning (10973, 0)
02-26 08:26:47.181 26535 26975 W Parcel : Expecting binder but got null!
02-26 08:26:57.723 26535 26548 W MediaPlayer-JNI: MediaPlayer finalized without being released
02-26 08:26:57.732 26535 26548 W MediaPlayer-JNI: MediaPlayer finalized without being released
02-26 08:26:57.739 26535 26548 W MediaPlayer-JNI: MediaPlayer finalized without being released
02-26 08:26:59.380 26535 26975 W Parcel : Expecting binder but got null!
02-26 08:27:10.447 26535 26975 W Parcel : Expecting binder but got null!
02-26 08:27:12.653 26535 26975 W Parcel : Expecting binder but got null!
02-26 08:27:20.143 26535 26535 W View : requestLayout() improperly called by android.widget.Space{f07ff71 I.ED..... ......I. 34,102-45,113 #7f0b00ba app:id/action_tile_spacing} during layout: running second layout pass
02-26 08:27:20.143 26535 26535 W View : requestLayout() improperly called by android.widget.Space{8a26156 I.ED..... ......I. 34,102-45,113 #7f0b00ba app:id/action_tile_spacing} during layout: running second layout pass
02-26 08:27:20.143 26535 26535 W View : requestLayout() improperly called by android.widget.Space{54fd5d7 I.ED..... ......I. 34,102-45,113 #7f0b00ba app:id/action_tile_spacing} during layout: running second layout pass
02-26 08:27:20.163 26535 26975 W Parcel : Expecting binder but got null!
02-26 08:27:33.213 26535 26974 W MediaPlayerNative: info/warning (10973, 0)
02-26 08:27:33.262 26535 26974 W MediaPlayerNative: info/warning (10973, 0)
02-26 08:27:33.327 26535 27426 W MediaPlayerNative: info/warning (10973, 0)
02-26 08:27:33.413 26535 26975 W Parcel : Expecting binder but got null!
02-26 08:27:45.108 26535 26975 W Parcel : Expecting binder but got null!
02-26 08:27:49.315 26535 26535 E ArmVmp : Match on catch block at 0x0a in for 0x1cd
02-26 08:27:49.328 26535 26535 E ArmVmp : Match on catch block at 0x0a in for 0x1a1
02-26 08:27:49.386 26535 26535 E ArmVmp : Match on catch block at 0x0a in for 0x155
02-26 08:27:49.407 26535 26535 E ArmVmp : Match on catch block at 0x0a in for 0x185
02-26 08:27:49.414 26535 26548 W MediaPlayer-JNI: MediaPlayer finalized without being released
02-26 08:27:49.416 26535 26548 W MediaPlayer-JNI: MediaPlayer finalized without being released
02-26 08:27:49.419 26535 26548 W MediaPlayer-JNI: MediaPlayer finalized without being released
02-26 08:27:49.445 26535 26975 W Parcel : Expecting binder but got null!
02-26 08:28:26.964 26535 26535 E ArmVmp : Match on catch block at 0x0a in for 0x1a9
02-26 08:28:26.976 26535 26535 E ArmVmp : Match on catch block at 0x0a in for 0x199
02-26 08:28:27.016 26535 26535 E com.mbwhatsapp: Invalid ID 0x00000000.
02-26 08:28:27.016 26535 26535 W System.err: android.content.res.Resources$NotFoundException: Array resource ID #0x0
02-26 08:28:27.016 26535 26535 W System.err:
02-26 08:28:27.017 26535 26535 W System.err: at android.content.res.Resources.obtainTypedArray(Resources.java:790)
02-26 08:28:27.017 26535 26535 W System.err:
02-26 08:28:27.017 26535 26535 W System.err: at mbmodsd.mbmodsw.ui.views.settings.utils.ImLi_v2.<init>(Unknown Source:32)
02-26 08:28:27.017 26535 26535 W System.err:
02-26 08:28:27.017 26535 26535 W System.err: at java.lang.reflect.Constructor.newInstance0(Native Method)
02-26 08:28:27.017 26535 26535 W System.err:
02-26 08:28:27.017 26535 26535 W System.err: at java.lang.reflect.Constructor.newInstance(Constructor.java:343)
02-26 08:28:27.017 26535 26535 W System.err:
02-26 08:28:27.017 26535 26535 W System.err: at android.preference.GenericInflater.createItem(GenericInflater.java:392)
02-26 08:28:27.017 26535 26535 W System.err:
02-26 08:28:27.017 26535 26535 W System.err: at android.preference.GenericInflater.createItemFromTag(GenericInflater.java:439)
02-26 08:28:27.017 26535 26535 W System.err:
02-26 08:28:27.017 26535 26535 W System.err: at android.preference.GenericInflater.rInflate(GenericInflater.java:490)
02-26 08:28:27.017 26535 26535 W System.err:
02-26 08:28:27.017 26535 26535 W System.err: at android.preference.GenericInflater.rInflate(GenericInflater.java:502)
02-26 08:28:27.017 26535 26535 W System.err:
02-26 08:28:27.017 26535 26535 W System.err: at android.preference.GenericInflater.inflate(GenericInflater.java:334)
02-26 08:28:27.017 26535 26535 W System.err:
02-26 08:28:27.017 26535 26535 W System.err: at android.preference.GenericInflater.inflate(GenericInflater.java:271)
02-26 08:28:27.017 26535 26535 W System.err:
02-26 08:28:27.017 26535 26535 W System.err: at android.preference.PreferenceManager.inflateFromResource(PreferenceManager.java:343 )
02-26 08:28:27.017 26535 26535 W System.err:
02-26 08:28:27.017 26535 26535 W System.err: at android.preference.PreferenceActivity.addPreferencesFromResource(PreferenceActivity .java:1906)
02-26 08:28:27.017 26535 26535 W System.err:
02-26 08:28:27.017 26535 26535 W System.err: at mbmodsd.mbmodsw.mbsettings.others.OnlineNotifyActivity.onCreate(Native Method)
02-26 08:28:27.017 26535 26535 W System.err:
02-26 08:28:27.017 26535 26535 W System.err: at android.app.Activity.performCreate(Activity.java:8591)
02-26 08:28:27.017 26535 26535 W System.err:
02-26 08:28:27.017 26535 26535 W System.err: at android.app.Activity.performCreate(Activity.java:8570)
02-26 08:28:27.017 26535 26535 W System.err:
02-26 08:28:27.017 26535 26535 W System.err: at android.app.Instrumentation.callActivityOnCreate(Instrumentation.java:1384)
02-26 08:28:27.017 26535 26535 W System.err:
02-26 08:28:27.017 26535 26535 W System.err: at android.app.ActivityThread.performLaunchActivity(ActivityThread.java:4150)
02-26 08:28:27.017 26535 26535 W System.err:
02-26 08:28:27.018 26535 26535 W System.err: at android.app.ActivityThread.handleLaunchActivity(ActivityThread.java:4325)
02-26 08:28:27.018 26535 26535 W System.err:
02-26 08:28:27.018 26535 26535 W System.err: at android.app.servertransaction.LaunchActivityItem.execute(LaunchActivityItem.java:10 1)
02-26 08:28:27.018 26535 26535 W System.err:
02-26 08:28:27.018 26535 26535 W System.err: at android.app.servertransaction.TransactionExecutor.executeCallbacks(TransactionExecu tor.java:135)
02-26 08:28:27.018 26535 26535 W System.err:
02-26 08:28:27.018 26535 26535 W System.err: at android.app.servertransaction.TransactionExecutor.execute(TransactionExecutor.java: 95)
02-26 08:28:27.018 26535 26535 W System.err:
02-26 08:28:27.018 26535 26535 W System.err: at android.app.ActivityThread$H.handleMessage(ActivityThread.java:2574)
02-26 08:28:27.018 26535 26535 W System.err:
02-26 08:28:27.018 26535 26535 W System.err: at android.os.Handler.dispatchMessage(Handler.java:106)
02-26 08:28:27.018 26535 26535 W System.err:
02-26 08:28:27.018 26535 26535 W System.err: at android.os.Looper.loopOnce(Looper.java:226)
02-26 08:28:27.018 26535 26535 W System.err:
02-26 08:28:27.018 26535 26535 W System.err: at android.os.Looper.loop(Looper.java:313)
02-26 08:28:27.018 26535 26535 W System.err:
02-26 08:28:27.018 26535 26535 W System.err: at android.app.ActivityThread.main(ActivityThread.java:8762)
02-26 08:28:27.018 26535 26535 W System.err:
02-26 08:28:27.018 26535 26535 W System.err: at java.lang.reflect.Method.invoke(Native Method)
02-26 08:28:27.018 26535 26535 W System.err:
02-26 08:28:27.018 26535 26535 W System.err: at com.android.internal.os.RuntimeInit$MethodAndArgsCaller.run(RuntimeInit.java:604)
02-26 08:28:27.018 26535 26535 W System.err:
02-26 08:28:27.018 26535 26535 W System.err: at com.android.internal.os.ZygoteInit.main(ZygoteInit.java:1067)
02-26 08:28:27.018 26535 26535 W System.err:
02-26 08:28:27.018 26535 26535 E com.mbwhatsapp: Invalid ID 0x00000000.
02-26 08:28:27.018 26535 26535 W System.err: android.content.res.Resources$NotFoundException: Array resource ID #0x0
02-26 08:28:27.018 26535 26535 W System.err:
02-26 08:28:27.018 26535 26535 W System.err: at android.content.res.Resources.obtainTypedArray(Resources.java:790)
02-26 08:28:27.018 26535 26535 W System.err:
02-26 08:28:27.018 26535 26535 W System.err: at mbmodsd.mbmodsw.ui.views.settings.utils.ImLi_v2.<init>(Unknown Source:32)
02-26 08:28:27.018 26535 26535 W System.err:
02-26 08:28:27.018 26535 26535 W System.err: at java.lang.reflect.Constructor.newInstance0(Native Method)
02-26 08:28:27.018 26535 26535 W System.err:
02-26 08:28:27.018 26535 26535 W System.err: at java.lang.reflect.Constructor.newInstance(Constructor.java:343)
02-26 08:28:27.018 26535 26535 W System.err:
02-26 08:28:27.018 26535 26535 W System.err: at android.preference.GenericInflater.createItem(GenericInflater.java:392)
02-26 08:28:27.018 26535 26535 W System.err:
02-26 08:28:27.018 26535 26535 W System.err: at android.preference.GenericInflater.createItemFromTag(GenericInflater.java:439)
02-26 08:28:27.018 26535 26535 W System.err:
02-26 08:28:27.018 26535 26535 W System.err: at android.preference.GenericInflater.rInflate(GenericInflater.java:490)
02-26 08:28:27.018 26535 26535 W System.err:
02-26 08:28:27.018 26535 26535 W System.err: at android.preference.GenericInflater.rInflate(GenericInflater.java:502)
02-26 08:28:27.018 26535 26535 W System.err:
02-26 08:28:27.018 26535 26535 W System.err: at android.preference.GenericInflater.inflate(GenericInflater.java:334)
02-26 08:28:27.018 26535 26535 W System.err:
02-26 08:28:27.018 26535 26535 W System.err: at android.preference.GenericInflater.inflate(GenericInflater.java:271)
02-26 08:28:27.018 26535 26535 W System.err:
02-26 08:28:27.018 26535 26535 W System.err: at android.preference.PreferenceManager.inflateFromResource(PreferenceManager.java:343 )
02-26 08:28:27.018 26535 26535 W System.err:
02-26 08:28:27.019 26535 26535 W System.err: at android.preference.PreferenceActivity.addPreferencesFromResource(PreferenceActivity .java:1906)
02-26 08:28:27.019 26535 26535 W System.err:
02-26 08:28:27.019 26535 26535 W System.err: at mbmodsd.mbmodsw.mbsettings.others.OnlineNotifyActivity.onCreate(Native Method)
02-26 08:28:27.019 26535 26535 W System.err:
02-26 08:28:27.019 26535 26535 W System.err: at android.app.Activity.performCreate(Activity.java:8591)
02-26 08:28:27.019 26535 26535 W System.err:
02-26 08:28:27.019 26535 26535 W System.err: at android.app.Activity.performCreate(Activity.java:8570)
02-26 08:28:27.019 26535 26535 W System.err:
