02-26 09:26:47.900 21189 21189 E ArmVmp : Match on catch block at 0xc3 in for 0x155
02-26 09:26:47.903 21189 21189 E ArmVmp : Match on catch block at 0xc3 in for 0x151
02-26 09:26:47.908 21189 21189 E ArmVmp : Match on catch block at 0xc3 in for 0x159
02-26 09:26:47.911 21189 21189 E ArmVmp : Match on catch block at 0xc3 in for 0x155
02-26 09:26:47.916 21189 21189 E ArmVmp : Match on catch block at 0xc3 in for 0x141
02-26 09:26:47.920 21189 21189 E ArmVmp : Match on catch block at 0xc3 in for 0x159
02-26 09:26:47.925 21189 21189 E ArmVmp : Match on catch block at 0xc3 in for 0x145
02-26 09:26:47.929 21189 21189 E ArmVmp : Match on catch block at 0xc3 in for 0x141
02-26 09:26:47.933 21189 21189 E ArmVmp : Match on catch block at 0xc3 in for 0x149
02-26 09:26:47.936 21189 21189 E ArmVmp : Match on catch block at 0xc3 in for 0x145
02-26 09:26:47.941 21189 21189 E ArmVmp : Match on catch block at 0xc3 in for 0x14d
02-26 09:26:47.943 21189 21189 E ArmVmp : Match on catch block at 0xc3 in for 0x149
02-26 09:26:47.949 21189 21189 E ArmVmp : Match on catch block at 0xc3 in for 0x151
02-26 09:26:47.951 21189 21189 E ArmVmp : Match on catch block at 0xc3 in for 0x14d
02-26 09:26:47.958 21189 21189 E ArmVmp : Match on catch block at 0xc3 in for 0x155
02-26 09:26:47.961 21189 21189 E ArmVmp : Match on catch block at 0xc3 in for 0x151
02-26 09:26:47.966 21189 21189 E ArmVmp : Match on catch block at 0xc3 in for 0x159
02-26 09:26:47.970 21189 21189 E ArmVmp : Match on catch block at 0xc3 in for 0x155
02-26 09:26:47.974 21189 21189 E ArmVmp : Match on catch block at 0xc3 in for 0x141
02-26 09:26:47.978 21189 21189 E ArmVmp : Match on catch block at 0xc3 in for 0x159
02-26 09:26:47.983 21189 21189 E ArmVmp : Match on catch block at 0xc3 in for 0x145
02-26 09:26:47.986 21189 21189 E ArmVmp : Match on catch block at 0xc3 in for 0x141
02-26 09:26:47.991 21189 21189 E ArmVmp : Match on catch block at 0xc3 in for 0x149
02-26 09:26:47.995 21189 21189 E ArmVmp : Match on catch block at 0xc3 in for 0x145
02-26 09:26:47.999 21189 21189 E ArmVmp : Match on catch block at 0xc3 in for 0x14d
02-26 09:26:48.003 21189 21189 E ArmVmp : Match on catch block at 0xc3 in for 0x149
02-26 09:26:48.007 21189 21189 E ArmVmp : Match on catch block at 0xc3 in for 0x151
02-26 09:26:48.011 21189 21189 E ArmVmp : Match on catch block at 0xc3 in for 0x14d
02-26 09:26:48.016 21189 21189 E ArmVmp : Match on catch block at 0xc3 in for 0x155
02-26 09:26:48.018 21189 21189 E ArmVmp : Match on catch block at 0xc3 in for 0x151
02-26 09:26:48.024 21189 21189 E ArmVmp : Match on catch block at 0xc3 in for 0x159
02-26 09:26:48.027 21189 21189 E ArmVmp : Match on catch block at 0xc3 in for 0x155
02-26 09:26:48.033 21189 21189 E ArmVmp : Match on catch block at 0xc3 in for 0x141
02-26 09:26:48.037 21189 21189 E ArmVmp : Match on catch block at 0xc3 in for 0x159
02-26 09:26:48.042 21189 21189 E ArmVmp : Match on catch block at 0xc3 in for 0x145
02-26 09:26:48.045 21189 21189 E ArmVmp : Match on catch block at 0xc3 in for 0x141
02-26 09:26:48.049 21189 21189 E ArmVmp : Match on catch block at 0xc3 in for 0x149
02-26 09:26:48.051 21189 21189 E ArmVmp : Match on catch block at 0xc3 in for 0x145
02-26 09:26:48.057 21189 21189 E ArmVmp : Match on catch block at 0xc3 in for 0x14d
02-26 09:26:48.059 21189 21189 E ArmVmp : Match on catch block at 0xc3 in for 0x149
02-26 09:26:48.066 21189 21189 E ArmVmp : Match on catch block at 0xc3 in for 0x151
02-26 09:26:48.069 21189 21189 E ArmVmp : Match on catch block at 0xc3 in for 0x14d
02-26 09:26:48.075 21189 21189 E ArmVmp : Match on catch block at 0xc3 in for 0x155
02-26 09:26:48.078 21189 21189 E ArmVmp : Match on catch block at 0xc3 in for 0x151
02-26 09:26:48.083 21189 21189 E ArmVmp : Match on catch block at 0xc3 in for 0x159
02-26 09:26:48.086 21189 21189 E ArmVmp : Match on catch block at 0xc3 in for 0x155
02-26 09:26:48.091 21189 21189 E ArmVmp : Match on catch block at 0xc3 in for 0x141
02-26 09:26:48.096 21189 21189 E ArmVmp : Match on catch block at 0xc3 in for 0x159
02-26 09:26:48.099 21189 21189 E ArmVmp : Match on catch block at 0xc3 in for 0x145
02-26 09:26:48.103 21189 21189 E ArmVmp : Match on catch block at 0xc3 in for 0x141
02-26 09:26:48.108 21189 21189 E ArmVmp : Match on catch block at 0xc3 in for 0x149
02-26 09:26:48.111 21189 21189 E ArmVmp : Match on catch block at 0xc3 in for 0x145
02-26 09:26:48.117 21189 21189 E ArmVmp : Match on catch block at 0xc3 in for 0x14d
02-26 09:26:48.119 21189 21189 E ArmVmp : Match on catch block at 0xc3 in for 0x149
02-26 09:26:48.124 21189 21189 E ArmVmp : Match on catch block at 0xc3 in for 0x151
02-26 09:26:48.126 21189 21189 E ArmVmp : Match on catch block at 0xc3 in for 0x14d
02-26 09:26:48.132 21189 21189 E ArmVmp : Match on catch block at 0xc3 in for 0x155
02-26 09:26:48.134 21189 21189 E ArmVmp : Match on catch block at 0xc3 in for 0x151
02-26 09:26:48.141 21189 21189 E ArmVmp : Match on catch block at 0xc3 in for 0x159
02-26 09:26:48.143 21189 21189 E ArmVmp : Match on catch block at 0xc3 in for 0x155
02-26 09:26:48.149 21189 21189 E ArmVmp : Match on catch block at 0xc3 in for 0x155
02-26 09:26:48.152 21189 21189 E ArmVmp : Match on catch block at 0xc3 in for 0x151
02-26 09:26:48.158 21189 21189 E ArmVmp : Match on catch block at 0xc3 in for 0x159
02-26 09:26:48.161 21189 21189 E ArmVmp : Match on catch block at 0xc3 in for 0x155
02-26 09:26:48.167 21189 21189 E ArmVmp : Match on catch block at 0xc3 in for 0x145
02-26 09:26:48.171 21189 21189 E ArmVmp : Match on catch block at 0xc3 in for 0x141
02-26 09:26:48.174 21189 21189 E ArmVmp : Match on catch block at 0xc3 in for 0x149
02-26 09:26:48.178 21189 21189 E ArmVmp : Match on catch block at 0xc3 in for 0x145
02-26 09:26:48.209 21189 21189 E ArmVmp : Match on catch block at 0xc3 in for 0x151
02-26 09:26:48.213 21189 21189 E ArmVmp : Match on catch block at 0xc3 in for 0x14d
02-26 09:26:48.224 21189 21189 E ArmVmp : Match on catch block at 0xc3 in for 0x151
02-26 09:26:48.227 21189 21189 E ArmVmp : Match on catch block at 0xc3 in for 0x14d
02-26 09:26:48.232 21189 21189 E ArmVmp : Match on catch block at 0xc3 in for 0x159
02-26 09:26:48.234 21189 21189 E ArmVmp : Match on catch block at 0xc3 in for 0x155
02-26 09:26:48.249 21189 21189 E ArmVmp : Match on catch block at 0xc3 in for 0x151
02-26 09:26:48.251 21189 21189 E ArmVmp : Match on catch block at 0xc3 in for 0x14d
02-26 09:26:48.258 21189 21189 E ArmVmp : Match on catch block at 0xc3 in for 0x14d
02-26 09:26:48.269 21189 21189 E ArmVmp : Match on catch block at 0xc3 in for 0x149
02-26 09:26:48.274 21189 21189 E ArmVmp : Match on catch block at 0xc3 in for 0x149
02-26 09:26:48.276 21189 21189 E ArmVmp : Match on catch block at 0xc3 in for 0x145
02-26 09:26:48.282 21189 21189 E ArmVmp : Match on catch block at 0xc3 in for 0x141
02-26 09:26:48.284 21189 21189 E ArmVmp : Match on catch block at 0xc3 in for 0x159
02-26 09:26:48.291 21189 21189 E ArmVmp : Match on catch block at 0xc3 in for 0x149
02-26 09:26:48.293 21189 21189 E ArmVmp : Match on catch block at 0xc3 in for 0x145
02-26 09:26:48.307 21189 21189 E ArmVmp : Match on catch block at 0xc3 in for 0x141
02-26 09:26:48.310 21189 21189 E ArmVmp : Match on catch block at 0xc3 in for 0x159
02-26 09:26:48.316 21189 21189 E ArmVmp : Match on catch block at 0xc3 in for 0x141
02-26 09:26:48.318 21189 21189 E ArmVmp : Match on catch block at 0xc3 in for 0x159
02-26 09:26:48.324 21189 21189 E ArmVmp : Match on catch block at 0xc3 in for 0x155
02-26 09:26:48.327 21189 21189 E ArmVmp : Match on catch block at 0xc3 in for 0x151
02-26 09:26:48.333 21189 21189 E ArmVmp : Match on catch block at 0xc3 in for 0x14d
02-26 09:26:48.336 21189 21189 E ArmVmp : Match on catch block at 0xc3 in for 0x149
02-26 09:26:48.341 21189 21189 E ArmVmp : Match on catch block at 0xc3 in for 0x145
02-26 09:26:48.345 21189 21189 E ArmVmp : Match on catch block at 0xc3 in for 0x141
02-26 09:26:48.376 21189 21189 E ArmVmp : Match on catch block at 0xc3 in for 0x159
02-26 09:26:48.381 21189 21189 E ArmVmp : Match on catch block at 0xc3 in for 0x155
02-26 09:26:48.392 21189 21189 E ArmVmp : Match on catch block at 0xc3 in for 0x145
02-26 09:26:48.398 21189 21189 E ArmVmp : Match on catch block at 0xc3 in for 0x141
02-26 09:26:48.417 21189 21189 E ArmVmp : Match on catch block at 0xc3 in for 0x159
02-26 09:26:48.421 21189 21189 E ArmVmp : Match on catch block at 0xc3 in for 0x155
02-26 09:26:48.432 21189 21189 E ArmVmp : Match on catch block at 0xc3 in for 0x151
02-26 09:26:48.436 21189 21189 E ArmVmp : Match on catch block at 0xc3 in for 0x14d
02-26 09:26:48.442 21189 21189 E ArmVmp : Match on catch block at 0xc3 in for 0x145
02-26 09:26:48.445 21189 21189 E ArmVmp : Match on catch block at 0xc3 in for 0x141
02-26 09:26:48.449 21189 21189 E ArmVmp : Match on catch block at 0xc3 in for 0x151
02-26 09:26:48.451 21189 21189 E ArmVmp : Match on catch block at 0xc3 in for 0x14d
02-26 09:26:48.458 21189 21189 E ArmVmp : Match on catch block at 0xc3 in for 0x149
02-26 09:26:48.460 21189 21189 E ArmVmp : Match on catch block at 0xc3 in for 0x145
02-26 09:26:48.466 21189 21189 E ArmVmp : Match on catch block at 0xc3 in for 0x141
02-26 09:26:48.470 21189 21189 E ArmVmp : Match on catch block at 0xc3 in for 0x159
02-26 09:26:48.484 21189 21189 E ArmVmp : Match on catch block at 0xc3 in for 0x149
02-26 09:26:48.488 21189 21189 E ArmVmp : Match on catch block at 0xc3 in for 0x145
02-26 09:26:48.500 21189 21189 E ArmVmp : Match on catch block at 0xc3 in for 0x151
02-26 09:26:48.505 21189 21189 E ArmVmp : Match on catch block at 0xc3 in for 0x14d
02-26 09:26:48.517 21189 21189 E ArmVmp : Match on catch block at 0xc3 in for 0x141
02-26 09:26:48.523 21189 21189 E ArmVmp : Match on catch block at 0xc3 in for 0x159
02-26 09:26:48.534 21189 21189 E ArmVmp : Match on catch block at 0xc3 in for 0x159
02-26 09:26:48.538 21189 21189 E ArmVmp : Match on catch block at 0xc3 in for 0x155
02-26 09:26:48.551 21189 21189 E ArmVmp : Match on catch block at 0xc3 in for 0x149
02-26 09:26:48.557 21189 21189 E ArmVmp : Match on catch block at 0xc3 in for 0x145
02-26 09:26:48.566 21189 21189 E ArmVmp : Match on catch block at 0xc3 in for 0x141
02-26 09:26:48.570 21189 21189 E ArmVmp : Match on catch block at 0xc3 in for 0x159
02-26 09:26:48.575 21189 21189 E ArmVmp : Match on catch block at 0xc3 in for 0x145
02-26 09:26:48.578 21189 21189 E ArmVmp : Match on catch block at 0xc3 in for 0x141
02-26 09:26:48.583 21189 21189 E ArmVmp : Match on catch block at 0xc3 in for 0x149
02-26 09:26:48.586 21189 21189 E ArmVmp : Match on catch block at 0xc3 in for 0x145
02-26 09:26:48.591 21189 21189 E ArmVmp : Match on catch block at 0xc3 in for 0x14d
02-26 09:26:48.593 21189 21189 E ArmVmp : Match on catch block at 0xc3 in for 0x149
02-26 09:26:48.599 21189 21189 E ArmVmp : Match on catch block at 0xc3 in for 0x151
02-26 09:26:48.604 21189 21189 E ArmVmp : Match on catch block at 0xc3 in for 0x14d
02-26 09:26:48.611 21189 21189 E ArmVmp : Match on catch block at 0xc3 in for 0x155
02-26 09:26:48.613 21189 21189 E ArmVmp : Match on catch block at 0xc3 in for 0x151
02-26 09:26:48.616 21189 21189 E ArmVmp : Match on catch block at 0xc3 in for 0x159
02-26 09:26:48.617 21189 21189 E ArmVmp : Match on catch block at 0xc3 in for 0x155
02-26 09:26:48.624 21189 21189 E ArmVmp : Match on catch block at 0xc3 in for 0x141
02-26 09:26:48.626 21189 21189 E ArmVmp : Match on catch block at 0xc3 in for 0x159
02-26 09:26:48.632 21189 21189 E ArmVmp : Match on catch block at 0xc3 in for 0x145
02-26 09:26:48.634 21189 21189 E ArmVmp : Match on catch block at 0xc3 in for 0x141
02-26 09:26:48.642 21189 21189 E ArmVmp : Match on catch block at 0xc3 in for 0x149
02-26 09:26:48.645 21189 21189 E ArmVmp : Match on catch block at 0xc3 in for 0x145
02-26 09:26:48.650 21189 21189 E ArmVmp : Match on catch block at 0xc3 in for 0x14d
02-26 09:26:48.652 21189 21189 E ArmVmp : Match on catch block at 0xc3 in for 0x149
02-26 09:26:48.657 21189 21189 E ArmVmp : Match on catch block at 0xc3 in for 0x151
02-26 09:26:48.659 21189 21189 E ArmVmp : Match on catch block at 0xc3 in for 0x14d
02-26 09:26:48.666 21189 21189 E ArmVmp : Match on catch block at 0xc3 in for 0x155
02-26 09:26:48.668 21189 21189 E ArmVmp : Match on catch block at 0xc3 in for 0x151
02-26 09:26:48.674 21189 21189 E ArmVmp : Match on catch block at 0xc3 in for 0x159
02-26 09:26:48.676 21189 21189 E ArmVmp : Match on catch block at 0xc3 in for 0x155
02-26 09:26:48.686 21189 21189 E ArmVmp : Match on catch block at 0xc3 in for 0x14d
02-26 09:26:48.690 21189 21189 E ArmVmp : Match on catch block at 0xc3 in for 0x149
02-26 09:26:48.694 21189 21267 E SQLiteDatabase: Error inserting transferred=1 media_job_uuid=e8044313-80ef-482b-942d-8bc8960f57e0 transcoded=0 gif_attribution=0 first_scan_length=17099 direct_path=/o1/v/t62.7118-24/f1/m269/up-oil-image- c0e50c25-638a-428c-8fbb-afdd63e31b9d?ccb=9- 4&oh=01_AdSaZE9O03ihVCwBnxnqwgX72dACGNoowE794DQRo1k_nw&oe=66040AE0&_nc_sid=000000 thumbnail_height_width_ratio=1.3333334 is_animated_sticker=0 file_hash=NJWia18MelnykxyJa4c8+uArKUmEoY1Ju7jTP8542sI= file_path=Media/MBWhatsApp Images/IMG-20240226-WA0003.jpg file_size=272150 partial_media_hash=bQnssInXreNKpiz8Zco72kmMkLUC7Oe6IwuP2U+64Zc= face_x=0 face_y=0 height=1600 trim_to=0 media_key_timestamp=1708956865000 message_url=https://mmg.whatsapp.net/o1/v/t62.7118-24/f1/m269/up-oil-image- c0e50c25-638a-428c-8fbb-afdd63e31b9d?ccb=9- 4&oh=01_AdSaZE9O03ihVCwBnxnqwgX72dACGNoowE794DQRo1k_nw&oe=66040AE0&_nc_sid=000000&m ms3=true media_caption=null trim_from=0 mime_type=image/jpeg partial_media_enc_hash=null width=1200 original_file_hash=null has_streaming_sidecar=1 autotransfer_retry_enabled=1 media_upload_handle=null message_row_id=330 multicast_id=null enc_file_hash=F1NVgmEnItSLO2FljXnNB4oM9Il7aZOXP/xLpMVp+f0= mute_video=0 page_count=0 first_scan_sidecar=[B@6444ba0 suspicious_content=0 file_length=272150 media_name=null media_duration=0 chat_row_id=229 media_key=[B@7df2359
02-26 09:26:48.694 21189 21267 E SQLiteDatabase: android.database.sqlite.SQLiteConstraintException: UNIQUE constraint failed: message_media.message_row_id (code 1555 SQLITE_CONSTRAINT_PRIMARYKEY[1555])
02-26 09:26:48.694 21189 21267 E SQLiteDatabase: at android.database.sqlite.SQLiteConnection.nativeExecuteForLastInsertedRowId(Native Method)
02-26 09:26:48.694 21189 21267 E SQLiteDatabase: at android.database.sqlite.SQLiteConnection.executeForLastInsertedRowId(SQLiteConnecti on.java:1275)
02-26 09:26:48.694 21189 21267 E SQLiteDatabase: at android.database.sqlite.SQLiteSession.executeForLastInsertedRowId(SQLiteSession.jav a:790)
02-26 09:26:48.694 21189 21267 E SQLiteDatabase: at android.database.sqlite.SQLiteStatement.executeInsert(SQLiteStatement.java:89)
02-26 09:26:48.694 21189 21267 E SQLiteDatabase: at android.database.sqlite.SQLiteDatabase.insertWithOnConflict(SQLiteDatabase.java:241 0)
02-26 09:26:48.694 21189 21267 E SQLiteDatabase: at android.database.sqlite.SQLiteDatabase.insert(SQLiteDatabase.java:2279)
02-26 09:26:48.694 21189 21267 E SQLiteDatabase: at X.2tm.A08(Unknown Source:6)
02-26 09:26:48.694 21189 21267 E SQLiteDatabase: at X.35Y.A07(Unknown Source:212)
02-26 09:26:48.694 21189 21267 E SQLiteDatabase: at X.3QF.A14(Unknown Source:470)
02-26 09:26:48.694 21189 21267 E SQLiteDatabase: at X.3gU.run(Unknown Source:982)
02-26 09:26:48.694 21189 21267 E SQLiteDatabase: at android.os.Handler.handleCallback(Handler.java:942)
02-26 09:26:48.694 21189 21267 E SQLiteDatabase: at android.os.Handler.dispatchMessage(Handler.java:99)
02-26 09:26:48.694 21189 21267 E SQLiteDatabase: at X.0zq.dispatchMessage(Unknown Source:4)
02-26 09:26:48.694 21189 21267 E SQLiteDatabase: at android.os.Looper.loopOnce(Looper.java:226)
02-26 09:26:48.694 21189 21267 E SQLiteDatabase: at android.os.Looper.loop(Looper.java:313)
02-26 09:26:48.694 21189 21267 E SQLiteDatabase: at android.os.HandlerThread.run(HandlerThread.java:67)
02-26 09:26:48.708 21189 21189 E ArmVmp : Match on catch block at 0xc3 in for 0x151
02-26 09:26:48.711 21189 21189 E ArmVmp : Match on catch block at 0xc3 in for 0x14d
02-26 09:26:48.726 21189 21189 E ArmVmp : Match on catch block at 0xc3 in for 0x141
02-26 09:26:48.729 21189 21189 E ArmVmp : Match on catch block at 0xc3 in for 0x159
02-26 09:26:48.743 21189 21189 E ArmVmp : Match on catch block at 0xc3 in for 0x155
02-26 09:26:48.746 21189 21189 E ArmVmp : Match on catch block at 0xc3 in for 0x151
02-26 09:26:48.759 21189 21189 E ArmVmp : Match on catch block at 0xc3 in for 0x155
02-26 09:26:48.767 21189 21189 E ArmVmp : Match on catch block at 0xc3 in for 0x151
02-26 09:26:49.045 21189 21189 E ArmVmp : Match on catch block at 0xc3 in for 0x155
02-26 09:26:49.049 21189 21189 E ArmVmp : Match on catch block at 0xc3 in for 0x151
02-26 09:26:49.376 21189 21189 E ArmVmp : Match on catch block at 0xc3 in for 0x151
02-26 09:26:49.377 21189 21189 E ArmVmp : Match on catch block at 0xc3 in for 0x14d
02-26 09:26:49.390 21189 21299 E FrameEvents: updateAcquireFence: Did not find frame.
02-26 09:26:49.528 21189 21189 E ArmVmp : Match on catch block at 0xc3 in for 0x155
02-26 09:26:49.530 21189 21189 E ArmVmp : Match on catch block at 0xc3 in for 0x151
02-26 09:26:49.567 21189 21299 W Parcel : Expecting binder but got null!
02-26 09:26:49.587 21189 21189 E ArmVmp : Match on catch block at 0xc3 in for 0x145
02-26 09:26:49.590 21189 21189 E ArmVmp : Match on catch block at 0xc3 in for 0x141
02-26 09:26:50.915 21189 21299 W Parcel : Expecting binder but got null!
02-26 09:26:51.478 21189 21299 E FrameEvents: updateAcquireFence: Did not find frame.
02-26 09:26:51.482 21189 21189 E ArmVmp : Match on catch block at 0xc3 in for 0x14d
02-26 09:26:51.484 21189 21189 E ArmVmp : Match on catch block at 0xc3 in for 0x149
02-26 09:26:51.490 21189 21189 E ArmVmp : Match on catch block at 0xc3 in for 0x151
02-26 09:26:51.492 21189 21189 E ArmVmp : Match on catch block at 0xc3 in for 0x14d
02-26 09:26:51.584 21189 21201 W System : A resource failed to call HardwareBuffer.close.
02-26 09:26:51.793 21189 21189 E ArmVmp : Match on catch block at 0xc3 in for 0x151
02-26 09:26:51.795 21189 21189 E ArmVmp : Match on catch block at 0xc3 in for 0x14d
02-26 09:26:51.814 21189 21189 E ArmVmp : Match on catch block at 0xc3 in for 0x159
02-26 09:26:51.816 21189 21189 E ArmVmp : Match on catch block at 0xc3 in for 0x155
02-26 09:26:51.838 21189 21189 E ArmVmp : Match on catch block at 0xc3 in for 0x149
02-26 09:26:51.846 21189 21189 E ArmVmp : Match on catch block at 0xc3 in for 0x145
02-26 09:26:51.963 21189 21189 E ArmVmp : Match on catch block at 0xc3 in for 0x145
02-26 09:26:51.966 21189 21189 E ArmVmp : Match on catch block at 0xc3 in for 0x141
02-26 09:26:52.037 21189 21189 E ArmVmp : Match on catch block at 0xc3 in for 0x151
02-26 09:26:52.044 21189 21189 E ArmVmp : Match on catch block at 0xc3 in for 0x14d
02-26 09:26:52.211 21189 21189 E ArmVmp : Match on catch block at 0xc3 in for 0x155
02-26 09:26:52.214 21189 21189 E ArmVmp : Match on catch block at 0xc3 in for 0x151
02-26 09:26:52.412 21189 21189 E ArmVmp : Match on catch block at 0xc3 in for 0x149
02-26 09:26:52.425 21189 21189 E ArmVmp : Match on catch block at 0xc3 in for 0x145
02-26 09:26:52.996 21189 21299 W Parcel : Expecting binder but got null!
02-26 09:26:53.997 21189 21189 E ArmVmp : Match on catch block at 0x0a in for 0x181
02-26 09:26:53.999 21189 21189 E ArmVmp : Match on catch block at 0x0a in for 0x195
02-26 09:26:54.091 21189 21189 E ArmVmp : Match on catch block at 0xc3 in for 0x169
02-26 09:26:54.093 21189 21189 E ArmVmp : Match on catch block at 0xc3 in for 0x161
02-26 09:26:54.102 21189 21299 W Parcel : Expecting binder but got null!
02-26 09:26:54.115 21189 21189 E ArmVmp : Match on catch block at 0xc3 in for 0x14d
02-26 09:26:54.116 21189 21189 E ArmVmp : Match on catch block at 0xc3 in for 0x149
02-26 09:26:54.139 21189 21189 E ArmVmp : Match on catch block at 0xc3 in for 0x155
02-26 09:26:54.141 21189 21189 E ArmVmp : Match on catch block at 0xc3 in for 0x151
02-26 09:26:54.150 21189 21189 E ArmVmp : Match on catch block at 0xc3 in for 0x149
02-26 09:26:54.153 21189 21189 E ArmVmp : Match on catch block at 0xc3 in for 0x145
02-26 09:26:54.160 21189 21189 E ArmVmp : Match on catch block at 0xc3 in for 0x14d
02-26 09:26:54.165 21189 21189 E ArmVmp : Match on catch block at 0xc3 in for 0x149
02-26 09:26:54.167 21189 21189 E ArmVmp : Match on catch block at 0xc3 in for 0x151
02-26 09:26:54.170 21189 21189 E ArmVmp : Match on catch block at 0xc3 in for 0x14d
02-26 09:26:54.176 21189 21189 E ArmVmp : Match on catch block at 0xc3 in for 0x155
02-26 09:26:54.179 21189 21189 E ArmVmp : Match on catch block at 0xc3 in for 0x151
02-26 09:26:54.182 21189 21189 E ArmVmp : Match on catch block at 0xc3 in for 0x159
02-26 09:26:54.184 21189 21189 E ArmVmp : Match on catch block at 0xc3 in for 0x155
02-26 09:26:54.187 21189 21189 E ArmVmp : Match on catch block at 0xc3 in for 0x141
02-26 09:26:54.189 21189 21189 E ArmVmp : Match on catch block at 0xc3 in for 0x159
02-26 09:26:54.194 21189 21189 E ArmVmp : Match on catch block at 0xc3 in for 0x145
02-26 09:26:54.197 21189 21189 E ArmVmp : Match on catch block at 0xc3 in for 0x141
02-26 09:26:54.231 21189 21189 E ArmVmp : Match on catch block at 0xc3 in for 0x141
02-26 09:26:54.233 21189 21189 E ArmVmp : Match on catch block at 0xc3 in for 0x159
02-26 09:26:54.236 21189 21189 E ArmVmp : Match on catch block at 0xc3 in for 0x145
02-26 09:26:54.238 21189 21189 E ArmVmp : Match on catch block at 0xc3 in for 0x141
02-26 09:26:54.713 21189 21189 E ArmVmp : Match on catch block at 0xc3 in for 0x141
02-26 09:26:54.717 21189 21189 E ArmVmp : Match on catch block at 0xc3 in for 0x159
02-26 09:26:55.213 21189 21189 E ArmVmp : Match on catch block at 0xc3 in for 0x159
02-26 09:26:55.220 21189 21189 E ArmVmp : Match on catch block at 0xc3 in for 0x155
02-26 09:26:55.618 21189 21299 W Parcel : Expecting binder but got null!
02-26 09:26:55.725 21189 21189 E ArmVmp : Match on catch block at 0xc3 in for 0x145
02-26 09:26:55.729 21189 21189 E ArmVmp : Match on catch block at 0xc3 in for 0x141
02-26 09:26:55.838 21189 21189 E ArmVmp : Match on catch block at 0xc3 in for 0x151
02-26 09:26:55.843 21189 21189 E ArmVmp : Match on catch block at 0xc3 in for 0x14d
02-26 09:26:55.917 21189 21189 E ArmVmp : Match on catch block at 0xc3 in for 0x141
02-26 09:26:55.921 21189 21189 E ArmVmp : Match on catch block at 0xc3 in for 0x159
02-26 09:26:56.226 21189 21189 E ArmVmp : Match on catch block at 0xc3 in for 0x149
02-26 09:26:56.230 21189 21189 E ArmVmp : Match on catch block at 0xc3 in for 0x145
02-26 09:26:56.723 21189 21189 E ArmVmp : Match on catch block at 0xc3 in for 0x151
02-26 09:26:56.727 21189 21189 E ArmVmp : Match on catch block at 0xc3 in for 0x14d
02-26 09:26:57.223 21189 21189 E ArmVmp : Match on catch block at 0xc3 in for 0x141
02-26 09:26:57.227 21189 21189 E ArmVmp : Match on catch block at 0xc3 in for 0x159
02-26 09:26:57.651 21189 21299 W Parcel : Expecting binder but got null!
02-26 09:26:57.733 21189 21189 E ArmVmp : Match on catch block at 0xc3 in for 0x159
02-26 09:26:57.739 21189 21189 E ArmVmp : Match on catch block at 0xc3 in for 0x155
02-26 09:26:57.756 21189 21189 E ArmVmp : Match on catch block at 0xc3 in for 0x155
02-26 09:26:57.760 21189 21189 E ArmVmp : Match on catch block at 0xc3 in for 0x151
02-26 09:26:57.797 21189 21189 E ArmVmp : Match on catch block at 0xc3 in for 0x14d
02-26 09:26:57.800 21189 21189 E ArmVmp : Match on catch block at 0xc3 in for 0x149
02-26 09:26:57.812 21189 21299 E FrameEvents: updateAcquireFence: Did not find frame.
02-26 09:26:57.899 21189 21189 W ResourceType: Bad XML block: header size 18254 or total size 169478669 is larger than data size 380
02-26 09:26:57.900 21189 21189 W ResourceType: Bad XML block: header size 18254 or total size 169478669 is larger than data size 633
02-26 09:26:57.904 21189 21189 W ResourceType: Bad XML block: header size 18254 or total size 169478669 is larger than data size 677
02-26 09:26:57.905 21189 21189 W ResourceType: Bad XML block: header size 18254 or total size 169478669 is larger than data size 248
02-26 09:26:57.908 21189 21189 W ResourceType: Bad XML block: header size 18254 or total size 169478669 is larger than data size 571
02-26 09:26:57.909 21189 21189 W ResourceType: Bad XML block: header size 18254 or total size 169478669 is larger than data size 333
02-26 09:26:57.911 21189 21189 W ResourceType: Bad XML block: header size 18254 or total size 169478669 is larger than data size 650
02-26 09:26:57.912 21189 21189 W ResourceType: Bad XML block: header size 18254 or total size 169478669 is larger than data size 1150
02-26 09:26:57.914 21189 21189 W ResourceType: Bad XML block: header size 18254 or total size 169478669 is larger than data size 491
02-26 09:26:57.915 21189 21189 W ResourceType: Bad XML block: header size 18254 or total size 169478669 is larger than data size 1150
02-26 09:26:57.916 21189 21189 W ResourceType: Bad XML block: header size 18254 or total size 169478669 is larger than data size 659
02-26 09:26:57.917 21189 21189 W ResourceType: Bad XML block: header size 18254 or total size 169478669 is larger than data size 593
02-26 09:26:57.920 21189 21189 W ResourceType: Bad XML block: header size 18254 or total size 169478669 is larger than data size 1171
02-26 09:26:57.922 21189 21189 W ResourceType: Bad XML block: header size 18254 or total size 169478669 is larger than data size 510
02-26 09:26:57.942 21189 21189 W ResourceType: Bad XML block: header size 18254 or total size 169478669 is larger than data size 853
02-26 09:26:57.964 21189 21189 W ResourceType: Bad XML block: header size 18254 or total size 169478669 is larger than data size 650
02-26 09:26:57.983 21189 21189 E ArmVmp : Match on catch block at 0xc3 in for 0x14d
02-26 09:26:57.985 21189 21189 E ArmVmp : Match on catch block at 0xc3 in for 0x149
02-26 09:26:58.028 21189 21189 W View : requestLayout() improperly called by android.widget.Space{e83990d I.ED..... ......I. 34,102-45,113 #7f0b00ba app:id/action_tile_spacing} during layout: running second layout pass
02-26 09:26:58.028 21189 21189 W View : requestLayout() improperly called by android.widget.Space{3b850c2 I.ED..... ......I. 34,102-45,113 #7f0b00ba app:id/action_tile_spacing} during layout: running second layout pass
02-26 09:26:58.028 21189 21189 W View : requestLayout() improperly called by android.widget.Space{621aed3 I.ED..... ......I. 34,102-45,113 #7f0b00ba app:id/action_tile_spacing} during layout: running second layout pass
02-26 09:26:58.039 21189 21189 E ArmVmp : Match on catch block at 0xc3 in for 0x141
02-26 09:26:58.041 21189 21189 E ArmVmp : Match on catch block at 0xc3 in for 0x159
02-26 09:26:58.085 21189 21299 W Parcel : Expecting binder but got null!
02-26 09:26:58.100 21189 21189 E ArmVmp : Match on catch block at 0xc3 in for 0x149
02-26 09:26:58.102 21189 21189 E ArmVmp : Match on catch block at 0xc3 in for 0x145
02-26 09:26:58.386 21189 21189 E ArmVmp : Match on catch block at 0xc3 in for 0x159
02-26 09:26:58.389 21189 21189 E ArmVmp : Match on catch block at 0xc3 in for 0x155
02-26 09:26:58.516 21189 21189 W ResourceType: Bad XML block: header size 18254 or total size 169478669 is larger than data size 650
02-26 09:26:59.682 21189 21299 W Parcel : Expecting binder but got null!
02-26 09:27:00.843 21189 21299 W Parcel : Expecting binder but got null!
02-26 09:27:03.445 21189 21189 W View : requestLayout() improperly called by com.mbwhatsapp.TextEmojiLabel{cc2bb17 VFED..C.. ......ID 0,0-465,83 #7f0b06ab app:id/conversation_contact_name} during layout: running second layout pass
02-26 09:27:03.596 21189 21189 W View : requestLayout() improperly called by com.mbwhatsapp.TextEmojiLabel{cc2bb17 VFED..C.. ......ID 0,0-465,83 #7f0b06ab app:id/conversation_contact_name} during layout: running second layout pass
02-26 09:27:08.665 21189 21189 E ArmVmp : Match on catch block at 0x0a in for 0x191
02-26 09:27:08.666 21189 21189 E ArmVmp : Match on catch block at 0x0a in for 0x189
02-26 09:27:08.796 21189 21189 E ArmVmp : Match on catch block at 0xc3 in for 0x175
02-26 09:27:08.798 21189 21189 E ArmVmp : Match on catch block at 0xc3 in for 0x16d
02-26 09:27:08.814 21189 21299 W Parcel : Expecting binder but got null!
02-26 09:27:08.826 21189 21189 E ArmVmp : Match on catch block at 0xc3 in for 0x141
02-26 09:27:08.831 21189 21189 E ArmVmp : Match on catch block at 0xc3 in for 0x159
02-26 09:27:08.858 21189 21189 E ArmVmp : Match on catch block at 0xc3 in for 0x151
02-26 09:27:08.863 21189 21189 E ArmVmp : Match on catch block at 0xc3 in for 0x14d
02-26 09:27:08.875 21189 21189 E ArmVmp : Match on catch block at 0xc3 in for 0x145
02-26 09:27:08.879 21189 21189 E ArmVmp : Match on catch block at 0xc3 in for 0x141
02-26 09:27:08.890 21189 21189 W OnBackInvokedCallback: OnBackInvokedCallback is not enabled for the application.
02-26 09:27:08.890 21189 21189 W OnBackInvokedCallback: Set 'android:enableOnBackInvokedCallback="true"' in the application manifest.
02-26 09:27:08.892 21189 21189 E ArmVmp : Match on catch block at 0xc3 in for 0x149
02-26 09:27:08.894 21189 21189 E ArmVmp : Match on catch block at 0xc3 in for 0x145
02-26 09:27:08.899 21189 21189 E ArmVmp : Match on catch block at 0xc3 in for 0x159
02-26 09:27:08.901 21189 21189 E ArmVmp : Match on catch block at 0xc3 in for 0x155
02-26 09:27:08.908 21189 21189 E ArmVmp : Match on catch block at 0xc3 in for 0x141
02-26 09:27:08.911 21189 21189 E ArmVmp : Match on catch block at 0xc3 in for 0x159
02-26 09:27:08.916 21189 21189 E ArmVmp : Match on catch block at 0xc3 in for 0x145
02-26 09:27:08.919 21189 21189 E ArmVmp : Match on catch block at 0xc3 in for 0x141
02-26 09:27:08.924 21189 21189 E ArmVmp : Match on catch block at 0xc3 in for 0x149
02-26 09:27:08.931 21189 21189 E ArmVmp : Match on catch block at 0xc3 in for 0x145
02-26 09:27:08.942 21189 21189 E ArmVmp : Match on catch block at 0xc3 in for 0x14d
02-26 09:27:08.945 21189 21189 E ArmVmp : Match on catch block at 0xc3 in for 0x149
02-26 09:27:08.946 21189 21189 W OnBackInvokedCallback: OnBackInvokedCallback is not enabled for the application.
02-26 09:27:08.946 21189 21189 W OnBackInvokedCallback: Set 'android:enableOnBackInvokedCallback="true"' in the application manifest.
02-26 09:27:08.979 21189 21189 E ArmVmp : Match on catch block at 0xc3 in for 0x159
02-26 09:27:08.983 21189 21189 E ArmVmp : Match on catch block at 0xc3 in for 0x155
02-26 09:27:08.994 21189 21189 E ArmVmp : Match on catch block at 0xc3 in for 0x141
02-26 09:27:08.995 21189 21189 E ArmVmp : Match on catch block at 0xc3 in for 0x159
02-26 09:27:09.011 21189 21189 E ArmVmp : Match on catch block at 0xc3 in for 0x145
02-26 09:27:09.013 21189 21189 E ArmVmp : Match on catch block at 0xc3 in for 0x141
02-26 09:27:09.015 21189 21189 E ArmVmp : Match on catch block at 0xc3 in for 0x149
02-26 09:27:09.021 21189 21189 E ArmVmp : Match on catch block at 0xc3 in for 0x145
02-26 09:27:09.048 21189 21189 W OnBackInvokedCallback: OnBackInvokedCallback is not enabled for the application.
02-26 09:27:09.048 21189 21189 W OnBackInvokedCallback: Set 'android:enableOnBackInvokedCallback="true"' in the application manifest.
02-26 09:27:09.060 21189 21189 E ArmVmp : Match on catch block at 0xc3 in for 0x145
02-26 09:27:09.063 21189 21189 E ArmVmp : Match on catch block at 0xc3 in for 0x141
02-26 09:27:09.068 21189 21189 E ArmVmp : Match on catch block at 0xc3 in for 0x149
02-26 09:27:09.070 21189 21189 E ArmVmp : Match on catch block at 0xc3 in for 0x145
02-26 09:27:09.266 21189 21189 E ArmVmp : Match on catch block at 0xc3 in for 0x14d
02-26 09:27:09.269 21189 21189 E ArmVmp : Match on catch block at 0xc3 in for 0x149
02-26 09:27:09.460 21189 21189 E ArmVmp : Match on catch block at 0xc3 in for 0x159
02-26 09:27:09.463 21189 21189 E ArmVmp : Match on catch block at 0xc3 in for 0x155
02-26 09:27:09.960 21189 21189 E ArmVmp : Match on catch block at 0xc3 in for 0x141
02-26 09:27:09.964 21189 21189 E ArmVmp : Match on catch block at 0xc3 in for 0x159
02-26 09:27:10.299 21189 21189 E ArmVmp : Match on catch block at 0xc3 in for 0x159
02-26 09:27:10.305 21189 21189 E ArmVmp : Match on catch block at 0xc3 in for 0x155
02-26 09:27:10.326 21189 21189 E ArmVmp : Match on catch block at 0xc3 in for 0x141
02-26 09:27:10.328 21189 21189 E ArmVmp : Match on catch block at 0xc3 in for 0x159
02-26 09:27:10.460 21189 21189 E ArmVmp : Match on catch block at 0xc3 in for 0x145
02-26 09:27:10.463 21189 21189 E ArmVmp : Match on catch block at 0xc3 in for 0x141
02-26 09:27:10.778 21189 21189 E ArmVmp : Match on catch block at 0xc3 in for 0x149
02-26 09:27:10.781 21189 21189 E ArmVmp : Match on catch block at 0xc3 in for 0x145
02-26 09:27:10.894 21189 21189 E ArmVmp : Match on catch block at 0xc3 in for 0x151
02-26 09:27:10.896 21189 21189 E ArmVmp : Match on catch block at 0xc3 in for 0x14d
02-26 09:27:10.919 21189 21189 E ArmVmp : Match on catch block at 0xc3 in for 0x141
02-26 09:27:10.922 21189 21189 E ArmVmp : Match on catch block at 0xc3 in for 0x159
02-26 09:27:10.928 21189 21189 E ArmVmp : Match on catch block at 0xc3 in for 0x159
02-26 09:27:10.931 21189 21189 E ArmVmp : Match on catch block at 0xc3 in for 0x155
02-26 09:27:11.385 21189 21189 E ArmVmp : Match on catch block at 0xc3 in for 0x141
02-26 09:27:11.390 21189 21189 E ArmVmp : Match on catch block at 0xc3 in for 0x159
02-26 09:27:11.886 21189 21189 E ArmVmp : Match on catch block at 0xc3 in for 0x14d
02-26 09:27:11.891 21189 21189 E ArmVmp : Match on catch block at 0xc3 in for 0x149
02-26 09:27:11.974 21189 21189 E ArmVmp : Match on catch block at 0xc3 in for 0x151
02-26 09:27:11.978 21189 21189 E ArmVmp : Match on catch block at 0xc3 in for 0x14d
02-26 09:27:11.983 21189 21189 E ArmVmp : Match on catch block at 0xc3 in for 0x14d
02-26 09:27:11.987 21189 21189 E ArmVmp : Match on catch block at 0xc3 in for 0x149
02-26 09:27:11.991 21189 21189 E ArmVmp : Match on catch block at 0xc3 in for 0x141
02-26 09:27:11.995 21189 21189 E ArmVmp : Match on catch block at 0xc3 in for 0x159
02-26 09:27:12.000 21189 21189 E ArmVmp : Match on catch block at 0xc3 in for 0x151
02-26 09:27:12.003 21189 21189 E ArmVmp : Match on catch block at 0xc3 in for 0x14d
02-26 09:27:12.007 21189 21189 E ArmVmp : Match on catch block at 0xc3 in for 0x145
02-26 09:27:12.010 21189 21189 E ArmVmp : Match on catch block at 0xc3 in for 0x141
02-26 09:27:12.014 21189 21189 E ArmVmp : Match on catch block at 0xc3 in for 0x155
02-26 09:27:12.017 21189 21189 E ArmVmp : Match on catch block at 0xc3 in for 0x151
02-26 09:27:12.020 21189 21189 E ArmVmp : Match on catch block at 0xc3 in for 0x149
02-26 09:27:12.023 21189 21189 E ArmVmp : Match on catch block at 0xc3 in for 0x145
02-26 09:27:12.028 21189 21189 E ArmVmp : Match on catch block at 0xc3 in for 0x159
02-26 09:27:12.031 21189 21189 E ArmVmp : Match on catch block at 0xc3 in for 0x155
02-26 09:27:12.037 21189 21189 E ArmVmp : Match on catch block at 0xc3 in for 0x14d
02-26 09:27:12.040 21189 21189 E ArmVmp : Match on catch block at 0xc3 in for 0x149
02-26 09:27:12.045 21189 21189 E ArmVmp : Match on catch block at 0xc3 in for 0x141
02-26 09:27:12.049 21189 21189 E ArmVmp : Match on catch block at 0xc3 in for 0x159
02-26 09:27:12.054 21189 21189 E ArmVmp : Match on catch block at 0xc3 in for 0x151
02-26 09:27:12.058 21189 21189 E ArmVmp : Match on catch block at 0xc3 in for 0x14d
02-26 09:27:12.062 21189 21189 E ArmVmp : Match on catch block at 0xc3 in for 0x145
02-26 09:27:12.065 21189 21189 E ArmVmp : Match on catch block at 0xc3 in for 0x141
02-26 09:27:12.070 21189 21189 E ArmVmp : Match on catch block at 0xc3 in for 0x155
02-26 09:27:12.073 21189 21189 E ArmVmp : Match on catch block at 0xc3 in for 0x151
02-26 09:27:12.079 21189 21189 E ArmVmp : Match on catch block at 0xc3 in for 0x149
02-26 09:27:12.083 21189 21189 E ArmVmp : Match on catch block at 0xc3 in for 0x145
02-26 09:27:12.087 21189 21189 E ArmVmp : Match on catch block at 0xc3 in for 0x159
02-26 09:27:12.090 21189 21189 E ArmVmp : Match on catch block at 0xc3 in for 0x155
02-26 09:27:12.095 21189 21189 E ArmVmp : Match on catch block at 0xc3 in for 0x155
02-26 09:27:12.099 21189 21189 E ArmVmp : Match on catch block at 0xc3 in for 0x151
02-26 09:27:12.103 21189 21189 E ArmVmp : Match on catch block at 0xc3 in for 0x145
02-26 09:27:12.106 21189 21189 E ArmVmp : Match on catch block at 0xc3 in for 0x141
02-26 09:27:12.111 21189 21189 E ArmVmp : Match on catch block at 0xc3 in for 0x151
02-26 09:27:12.115 21189 21189 E ArmVmp : Match on catch block at 0xc3 in for 0x14d
02-26 09:27:12.120 21189 21189 E ArmVmp : Match on catch block at 0xc3 in for 0x141
02-26 09:27:12.123 21189 21189 E ArmVmp : Match on catch block at 0xc3 in for 0x159
02-26 09:27:12.128 21189 21189 E ArmVmp : Match on catch block at 0xc3 in for 0x14d
02-26 09:27:12.131 21189 21189 E ArmVmp : Match on catch block at 0xc3 in for 0x149
02-26 09:27:12.136 21189 21189 E ArmVmp : Match on catch block at 0xc3 in for 0x159
02-26 09:27:12.139 21189 21189 E ArmVmp : Match on catch block at 0xc3 in for 0x155
02-26 09:27:12.145 21189 21189 E ArmVmp : Match on catch block at 0xc3 in for 0x149
02-26 09:27:12.148 21189 21189 E ArmVmp : Match on catch block at 0xc3 in for 0x145
02-26 09:27:12.153 21189 21189 E ArmVmp : Match on catch block at 0xc3 in for 0x155
02-26 09:27:12.156 21189 21189 E ArmVmp : Match on catch block at 0xc3 in for 0x151
02-26 09:27:12.161 21189 21189 E ArmVmp : Match on catch block at 0xc3 in for 0x145
02-26 09:27:12.165 21189 21189 E ArmVmp : Match on catch block at 0xc3 in for 0x141
02-26 09:27:12.170 21189 21189 E ArmVmp : Match on catch block at 0xc3 in for 0x151
02-26 09:27:12.173 21189 21189 E ArmVmp : Match on catch block at 0xc3 in for 0x14d
02-26 09:27:12.178 21189 21189 E ArmVmp : Match on catch block at 0xc3 in for 0x141
02-26 09:27:12.181 21189 21189 E ArmVmp : Match on catch block at 0xc3 in for 0x159
02-26 09:27:12.186 21189 21189 E ArmVmp : Match on catch block at 0xc3 in for 0x14d
02-26 09:27:12.189 21189 21189 E ArmVmp : Match on catch block at 0xc3 in for 0x149
02-26 09:27:12.195 21189 21189 E ArmVmp : Match on catch block at 0xc3 in for 0x159
02-26 09:27:12.198 21189 21189 E ArmVmp : Match on catch block at 0xc3 in for 0x155
02-26 09:27:12.203 21189 21189 E ArmVmp : Match on catch block at 0xc3 in for 0x149
02-26 09:27:12.207 21189 21189 E ArmVmp : Match on catch block at 0xc3 in for 0x145
02-26 09:27:12.211 21189 21189 E ArmVmp : Match on catch block at 0xc3 in for 0x155
02-26 09:27:12.214 21189 21189 E ArmVmp : Match on catch block at 0xc3 in for 0x151
02-26 09:27:12.219 21189 21189 E ArmVmp : Match on catch block at 0xc3 in for 0x145
02-26 09:27:12.223 21189 21189 E ArmVmp : Match on catch block at 0xc3 in for 0x141
02-26 09:27:12.228 21189 21189 E ArmVmp : Match on catch block at 0xc3 in for 0x151
02-26 09:27:12.231 21189 21189 E ArmVmp : Match on catch block at 0xc3 in for 0x14d
02-26 09:27:12.237 21189 21189 E ArmVmp : Match on catch block at 0xc3 in for 0x141
02-26 09:27:12.240 21189 21189 E ArmVmp : Match on catch block at 0xc3 in for 0x159
02-26 09:27:12.245 21189 21189 E ArmVmp : Match on catch block at 0xc3 in for 0x14d
02-26 09:27:12.249 21189 21189 E ArmVmp : Match on catch block at 0xc3 in for 0x149
02-26 09:27:12.253 21189 21189 E ArmVmp : Match on catch block at 0xc3 in for 0x159
02-26 09:27:12.256 21189 21189 E ArmVmp : Match on catch block at 0xc3 in for 0x155
02-26 09:27:12.261 21189 21189 E ArmVmp : Match on catch block at 0xc3 in for 0x149
02-26 09:27:12.264 21189 21189 E ArmVmp : Match on catch block at 0xc3 in for 0x145
02-26 09:27:12.270 21189 21189 E ArmVmp : Match on catch block at 0xc3 in for 0x155
02-26 09:27:12.273 21189 21189 E ArmVmp : Match on catch block at 0xc3 in for 0x151
02-26 09:27:12.278 21189 21189 E ArmVmp : Match on catch block at 0xc3 in for 0x145
02-26 09:27:12.281 21189 21189 E ArmVmp : Match on catch block at 0xc3 in for 0x141
02-26 09:27:12.286 21189 21189 E ArmVmp : Match on catch block at 0xc3 in for 0x151
02-26 09:27:12.290 21189 21189 E ArmVmp : Match on catch block at 0xc3 in for 0x14d
02-26 09:27:12.295 21189 21189 E ArmVmp : Match on catch block at 0xc3 in for 0x141
02-26 09:27:12.298 21189 21189 E ArmVmp : Match on catch block at 0xc3 in for 0x159
02-26 09:27:12.303 21189 21189 E ArmVmp : Match on catch block at 0xc3 in for 0x14d
02-26 09:27:12.306 21189 21189 E ArmVmp : Match on catch block at 0xc3 in for 0x149
02-26 09:27:12.311 21189 21189 E ArmVmp : Match on catch block at 0xc3 in for 0x159
02-26 09:27:12.315 21189 21189 E ArmVmp : Match on catch block at 0xc3 in for 0x155
02-26 09:27:12.320 21189 21189 E ArmVmp : Match on catch block at 0xc3 in for 0x149
02-26 09:27:12.323 21189 21189 E ArmVmp : Match on catch block at 0xc3 in for 0x145
02-26 09:27:12.328 21189 21189 E ArmVmp : Match on catch block at 0xc3 in for 0x155
02-26 09:27:12.331 21189 21189 E ArmVmp : Match on catch block at 0xc3 in for 0x151
02-26 09:27:12.336 21189 21189 E ArmVmp : Match on catch block at 0xc3 in for 0x145
02-26 09:27:12.339 21189 21189 E ArmVmp : Match on catch block at 0xc3 in for 0x141
02-26 09:27:12.345 21189 21189 E ArmVmp : Match on catch block at 0xc3 in for 0x151
02-26 09:27:12.348 21189 21189 E ArmVmp : Match on catch block at 0xc3 in for 0x14d
02-26 09:27:12.353 21189 21189 E ArmVmp : Match on catch block at 0xc3 in for 0x141
02-26 09:27:12.356 21189 21189 E ArmVmp : Match on catch block at 0xc3 in for 0x159
02-26 09:27:12.361 21189 21189 E ArmVmp : Match on catch block at 0xc3 in for 0x14d
02-26 09:27:12.364 21189 21189 E ArmVmp : Match on catch block at 0xc3 in for 0x149
02-26 09:27:12.370 21189 21189 E ArmVmp : Match on catch block at 0xc3 in for 0x159
02-26 09:27:12.373 21189 21189 E ArmVmp : Match on catch block at 0xc3 in for 0x155
02-26 09:27:12.378 21189 21189 E ArmVmp : Match on catch block at 0xc3 in for 0x149
02-26 09:27:12.381 21189 21189 E ArmVmp : Match on catch block at 0xc3 in for 0x145
02-26 09:27:12.386 21189 21189 E ArmVmp : Match on catch block at 0xc3 in for 0x155
02-26 09:27:12.390 21189 21189 E ArmVmp : Match on catch block at 0xc3 in for 0x151
02-26 09:27:12.395 21189 21189 E ArmVmp : Match on catch block at 0xc3 in for 0x145
02-26 09:27:12.398 21189 21189 E ArmVmp : Match on catch block at 0xc3 in for 0x141
02-26 09:27:12.403 21189 21189 E ArmVmp : Match on catch block at 0xc3 in for 0x151
02-26 09:27:12.406 21189 21189 E ArmVmp : Match on catch block at 0xc3 in for 0x14d
02-26 09:27:12.412 21189 21189 E ArmVmp : Match on catch block at 0xc3 in for 0x141
02-26 09:27:12.414 21189 21189 E ArmVmp : Match on catch block at 0xc3 in for 0x159
02-26 09:27:12.420 21189 21189 E ArmVmp : Match on catch block at 0xc3 in for 0x14d
02-26 09:27:12.422 21189 21189 E ArmVmp : Match on catch block at 0xc3 in for 0x149
02-26 09:27:12.428 21189 21189 E ArmVmp : Match on catch block at 0xc3 in for 0x159
02-26 09:27:12.431 21189 21189 E ArmVmp : Match on catch block at 0xc3 in for 0x155
02-26 09:27:12.436 21189 21189 E ArmVmp : Match on catch block at 0xc3 in for 0x149
02-26 09:27:12.439 21189 21189 E ArmVmp : Match on catch block at 0xc3 in for 0x145
02-26 09:27:12.445 21189 21189 E ArmVmp : Match on catch block at 0xc3 in for 0x155
02-26 09:27:12.447 21189 21189 E ArmVmp : Match on catch block at 0xc3 in for 0x151
02-26 09:27:12.453 21189 21189 E ArmVmp : Match on catch block at 0xc3 in for 0x145
02-26 09:27:12.456 21189 21189 E ArmVmp : Match on catch block at 0xc3 in for 0x141
02-26 09:27:12.461 21189 21189 E ArmVmp : Match on catch block at 0xc3 in for 0x151
02-26 09:27:12.464 21189 21189 E ArmVmp : Match on catch block at 0xc3 in for 0x14d
02-26 09:27:12.470 21189 21189 E ArmVmp : Match on catch block at 0xc3 in for 0x141
02-26 09:27:12.473 21189 21189 E ArmVmp : Match on catch block at 0xc3 in for 0x159
02-26 09:27:12.478 21189 21189 E ArmVmp : Match on catch block at 0xc3 in for 0x14d
02-26 09:27:12.481 21189 21189 E ArmVmp : Match on catch block at 0xc3 in for 0x149
02-26 09:27:12.486 21189 21189 E ArmVmp : Match on catch block at 0xc3 in for 0x159
02-26 09:27:12.489 21189 21189 E ArmVmp : Match on catch block at 0xc3 in for 0x155
02-26 09:27:12.495 21189 21189 E ArmVmp : Match on catch block at 0xc3 in for 0x149
02-26 09:27:12.497 21189 21189 E ArmVmp : Match on catch block at 0xc3 in for 0x145
02-26 09:27:12.503 21189 21189 E ArmVmp : Match on catch block at 0xc3 in for 0x155
02-26 09:27:12.506 21189 21189 E ArmVmp : Match on catch block at 0xc3 in for 0x151
02-26 09:27:12.512 21189 21189 E ArmVmp : Match on catch block at 0xc3 in for 0x145
02-26 09:27:12.515 21189 21189 E ArmVmp : Match on catch block at 0xc3 in for 0x141
02-26 09:27:12.520 21189 21189 E ArmVmp : Match on catch block at 0xc3 in for 0x151
02-26 09:27:12.522 21189 21189 E ArmVmp : Match on catch block at 0xc3 in for 0x14d
02-26 09:27:12.528 21189 21189 E ArmVmp : Match on catch block at 0xc3 in for 0x141
02-26 09:27:12.531 21189 21189 E ArmVmp : Match on catch block at 0xc3 in for 0x159
02-26 09:27:12.536 21189 21189 E ArmVmp : Match on catch block at 0xc3 in for 0x14d
02-26 09:27:12.539 21189 21189 E ArmVmp : Match on catch block at 0xc3 in for 0x149
02-26 09:27:12.545 21189 21189 E ArmVmp : Match on catch block at 0xc3 in for 0x159
02-26 09:27:12.547 21189 21189 E ArmVmp : Match on catch block at 0xc3 in for 0x155
02-26 09:27:12.553 21189 21189 E ArmVmp : Match on catch block at 0xc3 in for 0x149
02-26 09:27:12.556 21189 21189 E ArmVmp : Match on catch block at 0xc3 in for 0x145
02-26 09:27:12.562 21189 21189 E ArmVmp : Match on catch block at 0xc3 in for 0x155
02-26 09:27:12.565 21189 21189 E ArmVmp : Match on catch block at 0xc3 in for 0x151
02-26 09:27:12.570 21189 21189 E ArmVmp : Match on catch block at 0xc3 in for 0x145
02-26 09:27:12.572 21189 21189 E ArmVmp : Match on catch block at 0xc3 in for 0x141
02-26 09:27:12.578 21189 21189 E ArmVmp : Match on catch block at 0xc3 in for 0x151
02-26 09:27:12.581 21189 21189 E ArmVmp : Match on catch block at 0xc3 in for 0x14d
02-26 09:27:12.586 21189 21189 E ArmVmp : Match on catch block at 0xc3 in for 0x141
02-26 09:27:12.589 21189 21189 E ArmVmp : Match on catch block at 0xc3 in for 0x159
02-26 09:27:12.595 21189 21189 E ArmVmp : Match on catch block at 0xc3 in for 0x14d
02-26 09:27:12.598 21189 21189 E ArmVmp : Match on catch block at 0xc3 in for 0x149
02-26 09:27:12.603 21189 21189 E ArmVmp : Match on catch block at 0xc3 in for 0x159
02-26 09:27:12.606 21189 21189 E ArmVmp : Match on catch block at 0xc3 in for 0x155
02-26 09:27:12.611 21189 21189 E ArmVmp : Match on catch block at 0xc3 in for 0x149
02-26 09:27:12.614 21189 21189 E ArmVmp : Match on catch block at 0xc3 in for 0x145
02-26 09:27:12.620 21189 21189 E ArmVmp : Match on catch block at 0xc3 in for 0x155
02-26 09:27:12.623 21189 21189 E ArmVmp : Match on catch block at 0xc3 in for 0x151
02-26 09:27:12.628 21189 21189 E ArmVmp : Match on catch block at 0xc3 in for 0x145
02-26 09:27:12.631 21189 21189 E ArmVmp : Match on catch block at 0xc3 in for 0x141
02-26 09:27:12.637 21189 21189 E ArmVmp : Match on catch block at 0xc3 in for 0x151
02-26 09:27:12.640 21189 21189 E ArmVmp : Match on catch block at 0xc3 in for 0x14d
02-26 09:27:12.645 21189 21189 E ArmVmp : Match on catch block at 0xc3 in for 0x141
02-26 09:27:12.648 21189 21189 E ArmVmp : Match on catch block at 0xc3 in for 0x159
02-26 09:27:12.653 21189 21189 E ArmVmp : Match on catch block at 0xc3 in for 0x14d
02-26 09:27:12.656 21189 21189 E ArmVmp : Match on catch block at 0xc3 in for 0x149
02-26 09:27:12.661 21189 21189 E ArmVmp : Match on catch block at 0xc3 in for 0x159
02-26 09:27:12.664 21189 21189 E ArmVmp : Match on catch block at 0xc3 in for 0x155
02-26 09:27:12.670 21189 21189 E ArmVmp : Match on catch block at 0xc3 in for 0x151
02-26 09:27:12.673 21189 21189 E ArmVmp : Match on catch block at 0xc3 in for 0x14d
02-26 09:27:12.678 21189 21189 E ArmVmp : Match on catch block at 0xc3 in for 0x141
02-26 09:27:12.681 21189 21189 E ArmVmp : Match on catch block at 0xc3 in for 0x159
02-26 09:27:12.687 21189 21189 E ArmVmp : Match on catch block at 0xc3 in for 0x159
02-26 09:27:12.690 21189 21189 E ArmVmp : Match on catch block at 0xc3 in for 0x155
02-26 09:27:12.695 21189 21189 E ArmVmp : Match on catch block at 0xc3 in for 0x155
02-26 09:27:12.698 21189 21189 E ArmVmp : Match on catch block at 0xc3 in for 0x151
02-26 09:27:12.704 21189 21189 E ArmVmp : Match on catch block at 0xc3 in for 0x151
02-26 09:27:12.706 21189 21189 E ArmVmp : Match on catch block at 0xc3 in for 0x14d
02-26 09:27:12.712 21189 21189 E ArmVmp : Match on catch block at 0xc3 in for 0x14d
02-26 09:27:12.715 21189 21189 E ArmVmp : Match on catch block at 0xc3 in for 0x149
02-26 09:27:12.721 21189 21189 E ArmVmp : Match on catch block at 0xc3 in for 0x149
02-26 09:27:12.724 21189 21189 E ArmVmp : Match on catch block at 0xc3 in for 0x145
02-26 09:27:12.729 21189 21189 E ArmVmp : Match on catch block at 0xc3 in for 0x145
02-26 09:27:12.731 21189 21189 E ArmVmp : Match on catch block at 0xc3 in for 0x141
02-26 09:27:12.737 21189 21189 E ArmVmp : Match on catch block at 0xc3 in for 0x141
02-26 09:27:12.740 21189 21189 E ArmVmp : Match on catch block at 0xc3 in for 0x159
02-26 09:27:12.745 21189 21189 E ArmVmp : Match on catch block at 0xc3 in for 0x159
02-26 09:27:12.748 21189 21189 E ArmVmp : Match on catch block at 0xc3 in for 0x155
02-26 09:27:12.754 21189 21189 E ArmVmp : Match on catch block at 0xc3 in for 0x14d
02-26 09:27:12.757 21189 21189 E ArmVmp : Match on catch block at 0xc3 in for 0x149
02-26 09:27:12.762 21189 21189 E ArmVmp : Match on catch block at 0xc3 in for 0x141
02-26 09:27:12.765 21189 21189 E ArmVmp : Match on catch block at 0xc3 in for 0x159
02-26 09:27:12.770 21189 21189 E ArmVmp : Match on catch block at 0xc3 in for 0x151
02-26 09:27:12.773 21189 21189 E ArmVmp : Match on catch block at 0xc3 in for 0x14d
02-26 09:27:12.779 21189 21189 E ArmVmp : Match on catch block at 0xc3 in for 0x145
