02-26 13:26:51.410 7775 1602 W BufferQueueProducer: [SurfaceTexture-1-7775-5] (id:1e5f00000052,api:3,p:7775,c:7775) detachBuffer: slot 39 is not owned by the producer (state = FREE)
02-26 13:26:51.410 7775 1602 W BufferQueueProducer: [SurfaceTexture-1-7775-5] (id:1e5f00000052,api:3,p:7775,c:7775) detachBuffer: slot 40 is not owned by the producer (state = FREE)
02-26 13:26:51.410 7775 1602 W BufferQueueProducer: [SurfaceTexture-1-7775-5] (id:1e5f00000052,api:3,p:7775,c:7775) detachBuffer: slot 41 is not owned by the producer (state = FREE)
02-26 13:26:51.410 7775 1602 W BufferQueueProducer: [SurfaceTexture-1-7775-5] (id:1e5f00000052,api:3,p:7775,c:7775) detachBuffer: slot 42 is not owned by the producer (state = FREE)
02-26 13:26:51.410 7775 1602 W BufferQueueProducer: [SurfaceTexture-1-7775-5] (id:1e5f00000052,api:3,p:7775,c:7775) detachBuffer: slot 43 is not owned by the producer (state = FREE)
02-26 13:26:51.410 7775 1602 W BufferQueueProducer: [SurfaceTexture-1-7775-5] (id:1e5f00000052,api:3,p:7775,c:7775) detachBuffer: slot 44 is not owned by the producer (state = FREE)
02-26 13:26:51.410 7775 1602 W BufferQueueProducer: [SurfaceTexture-1-7775-5] (id:1e5f00000052,api:3,p:7775,c:7775) detachBuffer: slot 45 is not owned by the producer (state = FREE)
02-26 13:26:51.410 7775 1602 W BufferQueueProducer: [SurfaceTexture-1-7775-5] (id:1e5f00000052,api:3,p:7775,c:7775) detachBuffer: slot 46 is not owned by the producer (state = FREE)
02-26 13:26:51.410 7775 1602 W BufferQueueProducer: [SurfaceTexture-1-7775-5] (id:1e5f00000052,api:3,p:7775,c:7775) detachBuffer: slot 47 is not owned by the producer (state = FREE)
02-26 13:26:51.410 7775 1602 W BufferQueueProducer: [SurfaceTexture-1-7775-5] (id:1e5f00000052,api:3,p:7775,c:7775) detachBuffer: slot 48 is not owned by the producer (state = FREE)
02-26 13:26:51.411 7775 1602 W BufferQueueProducer: [SurfaceTexture-1-7775-5] (id:1e5f00000052,api:3,p:7775,c:7775) detachBuffer: slot 49 is not owned by the producer (state = FREE)
02-26 13:26:51.411 7775 1602 W BufferQueueProducer: [SurfaceTexture-1-7775-5] (id:1e5f00000052,api:3,p:7775,c:7775) detachBuffer: slot 50 is not owned by the producer (state = FREE)
02-26 13:26:51.411 7775 1602 W BufferQueueProducer: [SurfaceTexture-1-7775-5] (id:1e5f00000052,api:3,p:7775,c:7775) detachBuffer: slot 51 is not owned by the producer (state = FREE)
02-26 13:26:51.411 7775 1602 W BufferQueueProducer: [SurfaceTexture-1-7775-5] (id:1e5f00000052,api:3,p:7775,c:7775) detachBuffer: slot 52 is not owned by the producer (state = FREE)
02-26 13:26:51.411 7775 1602 W BufferQueueProducer: [SurfaceTexture-1-7775-5] (id:1e5f00000052,api:3,p:7775,c:7775) detachBuffer: slot 53 is not owned by the producer (state = FREE)
02-26 13:26:51.411 7775 1602 W BufferQueueProducer: [SurfaceTexture-1-7775-5] (id:1e5f00000052,api:3,p:7775,c:7775) detachBuffer: slot 54 is not owned by the producer (state = FREE)
02-26 13:26:51.411 7775 1602 W BufferQueueProducer: [SurfaceTexture-1-7775-5] (id:1e5f00000052,api:3,p:7775,c:7775) detachBuffer: slot 55 is not owned by the producer (state = FREE)
02-26 13:26:51.411 7775 1602 W BufferQueueProducer: [SurfaceTexture-1-7775-5] (id:1e5f00000052,api:3,p:7775,c:7775) detachBuffer: slot 56 is not owned by the producer (state = FREE)
02-26 13:26:51.411 7775 1602 W BufferQueueProducer: [SurfaceTexture-1-7775-5] (id:1e5f00000052,api:3,p:7775,c:7775) detachBuffer: slot 57 is not owned by the producer (state = FREE)
02-26 13:26:51.411 7775 1602 W BufferQueueProducer: [SurfaceTexture-1-7775-5] (id:1e5f00000052,api:3,p:7775,c:7775) detachBuffer: slot 58 is not owned by the producer (state = FREE)
02-26 13:26:51.411 7775 1602 W BufferQueueProducer: [SurfaceTexture-1-7775-5] (id:1e5f00000052,api:3,p:7775,c:7775) detachBuffer: slot 59 is not owned by the producer (state = FREE)
02-26 13:26:51.411 7775 1602 W BufferQueueProducer: [SurfaceTexture-1-7775-5] (id:1e5f00000052,api:3,p:7775,c:7775) detachBuffer: slot 60 is not owned by the producer (state = FREE)
02-26 13:26:51.411 7775 1602 W BufferQueueProducer: [SurfaceTexture-1-7775-5] (id:1e5f00000052,api:3,p:7775,c:7775) detachBuffer: slot 61 is not owned by the producer (state = FREE)
02-26 13:26:51.411 7775 1602 W BufferQueueProducer: [SurfaceTexture-1-7775-5] (id:1e5f00000052,api:3,p:7775,c:7775) detachBuffer: slot 62 is not owned by the producer (state = FREE)
02-26 13:26:51.411 7775 1602 W BufferQueueProducer: [SurfaceTexture-1-7775-5] (id:1e5f00000052,api:3,p:7775,c:7775) detachBuffer: slot 63 is not owned by the producer (state = FREE)
02-26 13:26:51.424 7775 1922 W BufferQueueProducer: [MediaCodec.release] (id:1e5f00000058,api:3,p:7775,c:7775) detachBuffer: slot 0 is not owned by the producer (state = FREE)
02-26 13:26:51.424 7775 1922 W BufferQueueProducer: [MediaCodec.release] (id:1e5f00000058,api:3,p:7775,c:7775) detachBuffer: slot 1 is not owned by the producer (state = FREE)
02-26 13:26:51.424 7775 1922 W BufferQueueProducer: [MediaCodec.release] (id:1e5f00000058,api:3,p:7775,c:7775) detachBuffer: slot 2 is not owned by the producer (state = FREE)
02-26 13:26:51.424 7775 1922 W BufferQueueProducer: [MediaCodec.release] (id:1e5f00000058,api:3,p:7775,c:7775) detachBuffer: slot 3 is not owned by the producer (state = FREE)
02-26 13:26:51.424 7775 1922 W BufferQueueProducer: [MediaCodec.release] (id:1e5f00000058,api:3,p:7775,c:7775) detachBuffer: slot 4 is not owned by the producer (state = FREE)
02-26 13:26:51.424 7775 1922 W BufferQueueProducer: [MediaCodec.release] (id:1e5f00000058,api:3,p:7775,c:7775) detachBuffer: slot 5 is not owned by the producer (state = FREE)
02-26 13:26:51.424 7775 1922 W BufferQueueProducer: [MediaCodec.release] (id:1e5f00000058,api:3,p:7775,c:7775) detachBuffer: slot 6 is not owned by the producer (state = FREE)
02-26 13:26:51.424 7775 1922 W BufferQueueProducer: [MediaCodec.release] (id:1e5f00000058,api:3,p:7775,c:7775) detachBuffer: slot 7 is not owned by the producer (state = FREE)
02-26 13:26:51.425 7775 1922 W BufferQueueProducer: [MediaCodec.release] (id:1e5f00000058,api:3,p:7775,c:7775) detachBuffer: slot 8 is not owned by the producer (state = FREE)
02-26 13:26:51.425 7775 1922 W BufferQueueProducer: [MediaCodec.release] (id:1e5f00000058,api:3,p:7775,c:7775) detachBuffer: slot 9 is not owned by the producer (state = FREE)
02-26 13:26:51.425 7775 1922 W BufferQueueProducer: [MediaCodec.release] (id:1e5f00000058,api:3,p:7775,c:7775) detachBuffer: slot 10 is not owned by the producer (state = FREE)
02-26 13:26:51.425 7775 1922 W BufferQueueProducer: [MediaCodec.release] (id:1e5f00000058,api:3,p:7775,c:7775) detachBuffer: slot 11 is not owned by the producer (state = FREE)
02-26 13:26:51.425 7775 1922 W BufferQueueProducer: [MediaCodec.release] (id:1e5f00000058,api:3,p:7775,c:7775) detachBuffer: slot 12 is not owned by the producer (state = FREE)
02-26 13:26:51.425 7775 1922 W BufferQueueProducer: [MediaCodec.release] (id:1e5f00000058,api:3,p:7775,c:7775) detachBuffer: slot 13 is not owned by the producer (state = FREE)
02-26 13:26:51.425 7775 1922 W BufferQueueProducer: [MediaCodec.release] (id:1e5f00000058,api:3,p:7775,c:7775) detachBuffer: slot 14 is not owned by the producer (state = FREE)
02-26 13:26:51.425 7775 1922 W BufferQueueProducer: [MediaCodec.release] (id:1e5f00000058,api:3,p:7775,c:7775) detachBuffer: slot 15 is not owned by the producer (state = FREE)
02-26 13:26:51.425 7775 1922 W BufferQueueProducer: [MediaCodec.release] (id:1e5f00000058,api:3,p:7775,c:7775) detachBuffer: slot 16 is not owned by the producer (state = FREE)
02-26 13:26:51.425 7775 1922 W BufferQueueProducer: [MediaCodec.release] (id:1e5f00000058,api:3,p:7775,c:7775) detachBuffer: slot 17 is not owned by the producer (state = FREE)
02-26 13:26:51.425 7775 1922 W BufferQueueProducer: [MediaCodec.release] (id:1e5f00000058,api:3,p:7775,c:7775) detachBuffer: slot 18 is not owned by the producer (state = FREE)
02-26 13:26:51.425 7775 1922 W BufferQueueProducer: [MediaCodec.release] (id:1e5f00000058,api:3,p:7775,c:7775) detachBuffer: slot 19 is not owned by the producer (state = FREE)
02-26 13:26:51.425 7775 1922 W BufferQueueProducer: [MediaCodec.release] (id:1e5f00000058,api:3,p:7775,c:7775) detachBuffer: slot 20 is not owned by the producer (state = FREE)
02-26 13:26:51.425 7775 1922 W BufferQueueProducer: [MediaCodec.release] (id:1e5f00000058,api:3,p:7775,c:7775) detachBuffer: slot 21 is not owned by the producer (state = FREE)
02-26 13:26:51.425 7775 1922 W BufferQueueProducer: [MediaCodec.release] (id:1e5f00000058,api:3,p:7775,c:7775) detachBuffer: slot 22 is not owned by the producer (state = FREE)
02-26 13:26:51.425 7775 1922 W BufferQueueProducer: [MediaCodec.release] (id:1e5f00000058,api:3,p:7775,c:7775) detachBuffer: slot 23 is not owned by the producer (state = FREE)
02-26 13:26:51.425 7775 1922 W BufferQueueProducer: [MediaCodec.release] (id:1e5f00000058,api:3,p:7775,c:7775) detachBuffer: slot 24 is not owned by the producer (state = FREE)
02-26 13:26:51.425 7775 1922 W BufferQueueProducer: [MediaCodec.release] (id:1e5f00000058,api:3,p:7775,c:7775) detachBuffer: slot 25 is not owned by the producer (state = FREE)
02-26 13:26:51.425 7775 1922 W BufferQueueProducer: [MediaCodec.release] (id:1e5f00000058,api:3,p:7775,c:7775) detachBuffer: slot 26 is not owned by the producer (state = FREE)
02-26 13:26:51.426 7775 1922 W BufferQueueProducer: [MediaCodec.release] (id:1e5f00000058,api:3,p:7775,c:7775) detachBuffer: slot 27 is not owned by the producer (state = FREE)
02-26 13:26:51.426 7775 1922 W BufferQueueProducer: [MediaCodec.release] (id:1e5f00000058,api:3,p:7775,c:7775) detachBuffer: slot 28 is not owned by the producer (state = FREE)
02-26 13:26:51.426 7775 1922 W BufferQueueProducer: [MediaCodec.release] (id:1e5f00000058,api:3,p:7775,c:7775) detachBuffer: slot 29 is not owned by the producer (state = FREE)
02-26 13:26:51.426 7775 1922 W BufferQueueProducer: [MediaCodec.release] (id:1e5f00000058,api:3,p:7775,c:7775) detachBuffer: slot 30 is not owned by the producer (state = FREE)
02-26 13:26:51.426 7775 1922 W BufferQueueProducer: [MediaCodec.release] (id:1e5f00000058,api:3,p:7775,c:7775) detachBuffer: slot 31 is not owned by the producer (state = FREE)
02-26 13:26:51.426 7775 1922 W BufferQueueProducer: [MediaCodec.release] (id:1e5f00000058,api:3,p:7775,c:7775) detachBuffer: slot 32 is not owned by the producer (state = FREE)
02-26 13:26:51.426 7775 1922 W BufferQueueProducer: [MediaCodec.release] (id:1e5f00000058,api:3,p:7775,c:7775) detachBuffer: slot 33 is not owned by the producer (state = FREE)
02-26 13:26:51.426 7775 1922 W BufferQueueProducer: [MediaCodec.release] (id:1e5f00000058,api:3,p:7775,c:7775) detachBuffer: slot 34 is not owned by the producer (state = FREE)
02-26 13:26:51.426 7775 1922 W BufferQueueProducer: [MediaCodec.release] (id:1e5f00000058,api:3,p:7775,c:7775) detachBuffer: slot 35 is not owned by the producer (state = FREE)
02-26 13:26:51.426 7775 1922 W BufferQueueProducer: [MediaCodec.release] (id:1e5f00000058,api:3,p:7775,c:7775) detachBuffer: slot 36 is not owned by the producer (state = FREE)
02-26 13:26:51.426 7775 1922 W BufferQueueProducer: [MediaCodec.release] (id:1e5f00000058,api:3,p:7775,c:7775) detachBuffer: slot 37 is not owned by the producer (state = FREE)
02-26 13:26:51.426 7775 1922 W BufferQueueProducer: [MediaCodec.release] (id:1e5f00000058,api:3,p:7775,c:7775) detachBuffer: slot 38 is not owned by the producer (state = FREE)
02-26 13:26:51.426 7775 1922 W BufferQueueProducer: [MediaCodec.release] (id:1e5f00000058,api:3,p:7775,c:7775) detachBuffer: slot 39 is not owned by the producer (state = FREE)
02-26 13:26:51.426 7775 1922 W BufferQueueProducer: [MediaCodec.release] (id:1e5f00000058,api:3,p:7775,c:7775) detachBuffer: slot 40 is not owned by the producer (state = FREE)
02-26 13:26:51.426 7775 1922 W BufferQueueProducer: [MediaCodec.release] (id:1e5f00000058,api:3,p:7775,c:7775) detachBuffer: slot 41 is not owned by the producer (state = FREE)
02-26 13:26:51.427 7775 1922 W BufferQueueProducer: [MediaCodec.release] (id:1e5f00000058,api:3,p:7775,c:7775) detachBuffer: slot 42 is not owned by the producer (state = FREE)
02-26 13:26:51.427 7775 1922 W BufferQueueProducer: [MediaCodec.release] (id:1e5f00000058,api:3,p:7775,c:7775) detachBuffer: slot 43 is not owned by the producer (state = FREE)
02-26 13:26:51.427 7775 1922 W BufferQueueProducer: [MediaCodec.release] (id:1e5f00000058,api:3,p:7775,c:7775) detachBuffer: slot 44 is not owned by the producer (state = FREE)
02-26 13:26:51.427 7775 1922 W BufferQueueProducer: [MediaCodec.release] (id:1e5f00000058,api:3,p:7775,c:7775) detachBuffer: slot 45 is not owned by the producer (state = FREE)
02-26 13:26:51.427 7775 1922 W BufferQueueProducer: [MediaCodec.release] (id:1e5f00000058,api:3,p:7775,c:7775) detachBuffer: slot 46 is not owned by the producer (state = FREE)
02-26 13:26:51.427 7775 1922 W BufferQueueProducer: [MediaCodec.release] (id:1e5f00000058,api:3,p:7775,c:7775) detachBuffer: slot 47 is not owned by the producer (state = FREE)
02-26 13:26:51.427 7775 1922 W BufferQueueProducer: [MediaCodec.release] (id:1e5f00000058,api:3,p:7775,c:7775) detachBuffer: slot 48 is not owned by the producer (state = FREE)
02-26 13:26:51.427 7775 1922 W BufferQueueProducer: [MediaCodec.release] (id:1e5f00000058,api:3,p:7775,c:7775) detachBuffer: slot 49 is not owned by the producer (state = FREE)
02-26 13:26:51.427 7775 1922 W BufferQueueProducer: [MediaCodec.release] (id:1e5f00000058,api:3,p:7775,c:7775) detachBuffer: slot 50 is not owned by the producer (state = FREE)
02-26 13:26:51.427 7775 1922 W BufferQueueProducer: [MediaCodec.release] (id:1e5f00000058,api:3,p:7775,c:7775) detachBuffer: slot 51 is not owned by the producer (state = FREE)
02-26 13:26:51.427 7775 1922 W BufferQueueProducer: [MediaCodec.release] (id:1e5f00000058,api:3,p:7775,c:7775) detachBuffer: slot 52 is not owned by the producer (state = FREE)
02-26 13:26:51.427 7775 1922 W BufferQueueProducer: [MediaCodec.release] (id:1e5f00000058,api:3,p:7775,c:7775) detachBuffer: slot 53 is not owned by the producer (state = FREE)
02-26 13:26:51.427 7775 1922 W BufferQueueProducer: [MediaCodec.release] (id:1e5f00000058,api:3,p:7775,c:7775) detachBuffer: slot 54 is not owned by the producer (state = FREE)
02-26 13:26:51.427 7775 1922 W BufferQueueProducer: [MediaCodec.release] (id:1e5f00000058,api:3,p:7775,c:7775) detachBuffer: slot 55 is not owned by the producer (state = FREE)
02-26 13:26:51.427 7775 1922 W BufferQueueProducer: [MediaCodec.release] (id:1e5f00000058,api:3,p:7775,c:7775) detachBuffer: slot 56 is not owned by the producer (state = FREE)
02-26 13:26:51.427 7775 1922 W BufferQueueProducer: [MediaCodec.release] (id:1e5f00000058,api:3,p:7775,c:7775) detachBuffer: slot 57 is not owned by the producer (state = FREE)
02-26 13:26:51.427 7775 1922 W BufferQueueProducer: [MediaCodec.release] (id:1e5f00000058,api:3,p:7775,c:7775) detachBuffer: slot 58 is not owned by the producer (state = FREE)
02-26 13:26:51.427 7775 1922 W BufferQueueProducer: [MediaCodec.release] (id:1e5f00000058,api:3,p:7775,c:7775) detachBuffer: slot 59 is not owned by the producer (state = FREE)
02-26 13:26:51.427 7775 1922 W BufferQueueProducer: [MediaCodec.release] (id:1e5f00000058,api:3,p:7775,c:7775) detachBuffer: slot 60 is not owned by the producer (state = FREE)
02-26 13:26:51.428 7775 1922 W BufferQueueProducer: [MediaCodec.release] (id:1e5f00000058,api:3,p:7775,c:7775) detachBuffer: slot 61 is not owned by the producer (state = FREE)
02-26 13:26:51.428 7775 1922 W BufferQueueProducer: [MediaCodec.release] (id:1e5f00000058,api:3,p:7775,c:7775) detachBuffer: slot 62 is not owned by the producer (state = FREE)
02-26 13:26:51.428 7775 1922 W BufferQueueProducer: [MediaCodec.release] (id:1e5f00000058,api:3,p:7775,c:7775) detachBuffer: slot 63 is not owned by the producer (state = FREE)
02-26 13:26:51.446 7775 7775 E ArmVmp : Match on catch block at 0xc3 in for 0x159
02-26 13:26:51.449 7775 1936 E MPEG4Writer: Already have codec specific data
02-26 13:26:51.449 7775 7775 E ArmVmp : Match on catch block at 0xc3 in for 0x155
02-26 13:26:51.502 7775 7775 E ArmVmp : Match on catch block at 0xc3 in for 0x149
02-26 13:26:51.506 7775 7775 E ArmVmp : Match on catch block at 0xc3 in for 0x145
02-26 13:26:51.822 7775 1733 E MPEG4Writer: Stop() called but track is not started or stopped
02-26 13:26:51.845 7775 1830 W BufferQueueProducer: [SurfaceTexture-1-7775-6] (id:1e5f00000057,api:3,p:7775,c:7775) detachBuffer: slot 0 is not owned by the producer (state = FREE)
02-26 13:26:51.845 7775 1830 W BufferQueueProducer: [SurfaceTexture-1-7775-6] (id:1e5f00000057,api:3,p:7775,c:7775) detachBuffer: slot 1 is not owned by the producer (state = FREE)
02-26 13:26:51.846 7775 1830 W BufferQueueProducer: [SurfaceTexture-1-7775-6] (id:1e5f00000057,api:3,p:7775,c:7775) detachBuffer: slot 2 is not owned by the producer (state = FREE)
02-26 13:26:51.846 7775 1830 W BufferQueueProducer: [SurfaceTexture-1-7775-6] (id:1e5f00000057,api:3,p:7775,c:7775) detachBuffer: slot 3 is not owned by the producer (state = FREE)
02-26 13:26:51.846 7775 1830 W BufferQueueProducer: [SurfaceTexture-1-7775-6] (id:1e5f00000057,api:3,p:7775,c:7775) detachBuffer: slot 4 is not owned by the producer (state = ACQUIRED)
02-26 13:26:51.846 7775 1830 W BufferQueueProducer: [SurfaceTexture-1-7775-6] (id:1e5f00000057,api:3,p:7775,c:7775) detachBuffer: slot 5 is not owned by the producer (state = FREE)
02-26 13:26:51.846 7775 1830 W BufferQueueProducer: [SurfaceTexture-1-7775-6] (id:1e5f00000057,api:3,p:7775,c:7775) detachBuffer: slot 6 is not owned by the producer (state = FREE)
02-26 13:26:51.846 7775 1830 W BufferQueueProducer: [SurfaceTexture-1-7775-6] (id:1e5f00000057,api:3,p:7775,c:7775) detachBuffer: slot 7 is not owned by the producer (state = FREE)
02-26 13:26:51.846 7775 1830 W BufferQueueProducer: [SurfaceTexture-1-7775-6] (id:1e5f00000057,api:3,p:7775,c:7775) detachBuffer: slot 8 is not owned by the producer (state = FREE)
02-26 13:26:51.846 7775 1830 W BufferQueueProducer: [SurfaceTexture-1-7775-6] (id:1e5f00000057,api:3,p:7775,c:7775) detachBuffer: slot 9 is not owned by the producer (state = FREE)
02-26 13:26:51.846 7775 1830 W BufferQueueProducer: [SurfaceTexture-1-7775-6] (id:1e5f00000057,api:3,p:7775,c:7775) detachBuffer: slot 10 is not owned by the producer (state = FREE)
02-26 13:26:51.846 7775 1830 W BufferQueueProducer: [SurfaceTexture-1-7775-6] (id:1e5f00000057,api:3,p:7775,c:7775) detachBuffer: slot 11 is not owned by the producer (state = FREE)
02-26 13:26:51.846 7775 1830 W BufferQueueProducer: [SurfaceTexture-1-7775-6] (id:1e5f00000057,api:3,p:7775,c:7775) detachBuffer: slot 12 is not owned by the producer (state = FREE)
02-26 13:26:51.846 7775 1830 W BufferQueueProducer: [SurfaceTexture-1-7775-6] (id:1e5f00000057,api:3,p:7775,c:7775) detachBuffer: slot 13 is not owned by the producer (state = FREE)
02-26 13:26:51.846 7775 1830 W BufferQueueProducer: [SurfaceTexture-1-7775-6] (id:1e5f00000057,api:3,p:7775,c:7775) detachBuffer: slot 14 is not owned by the producer (state = FREE)
02-26 13:26:51.846 7775 1830 W BufferQueueProducer: [SurfaceTexture-1-7775-6] (id:1e5f00000057,api:3,p:7775,c:7775) detachBuffer: slot 15 is not owned by the producer (state = FREE)
02-26 13:26:51.846 7775 1830 W BufferQueueProducer: [SurfaceTexture-1-7775-6] (id:1e5f00000057,api:3,p:7775,c:7775) detachBuffer: slot 16 is not owned by the producer (state = FREE)
02-26 13:26:51.846 7775 1830 W BufferQueueProducer: [SurfaceTexture-1-7775-6] (id:1e5f00000057,api:3,p:7775,c:7775) detachBuffer: slot 17 is not owned by the producer (state = FREE)
02-26 13:26:51.846 7775 1830 W BufferQueueProducer: [SurfaceTexture-1-7775-6] (id:1e5f00000057,api:3,p:7775,c:7775) detachBuffer: slot 18 is not owned by the producer (state = FREE)
02-26 13:26:51.846 7775 1830 W BufferQueueProducer: [SurfaceTexture-1-7775-6] (id:1e5f00000057,api:3,p:7775,c:7775) detachBuffer: slot 19 is not owned by the producer (state = FREE)
02-26 13:26:51.846 7775 1830 W BufferQueueProducer: [SurfaceTexture-1-7775-6] (id:1e5f00000057,api:3,p:7775,c:7775) detachBuffer: slot 20 is not owned by the producer (state = FREE)
02-26 13:26:51.846 7775 1830 W BufferQueueProducer: [SurfaceTexture-1-7775-6] (id:1e5f00000057,api:3,p:7775,c:7775) detachBuffer: slot 21 is not owned by the producer (state = FREE)
02-26 13:26:51.847 7775 1830 W BufferQueueProducer: [SurfaceTexture-1-7775-6] (id:1e5f00000057,api:3,p:7775,c:7775) detachBuffer: slot 22 is not owned by the producer (state = FREE)
02-26 13:26:51.847 7775 1830 W BufferQueueProducer: [SurfaceTexture-1-7775-6] (id:1e5f00000057,api:3,p:7775,c:7775) detachBuffer: slot 23 is not owned by the producer (state = FREE)
02-26 13:26:51.847 7775 1830 W BufferQueueProducer: [SurfaceTexture-1-7775-6] (id:1e5f00000057,api:3,p:7775,c:7775) detachBuffer: slot 24 is not owned by the producer (state = FREE)
02-26 13:26:51.847 7775 1830 W BufferQueueProducer: [SurfaceTexture-1-7775-6] (id:1e5f00000057,api:3,p:7775,c:7775) detachBuffer: slot 25 is not owned by the producer (state = FREE)
02-26 13:26:51.847 7775 1830 W BufferQueueProducer: [SurfaceTexture-1-7775-6] (id:1e5f00000057,api:3,p:7775,c:7775) detachBuffer: slot 26 is not owned by the producer (state = FREE)
02-26 13:26:51.847 7775 1830 W BufferQueueProducer: [SurfaceTexture-1-7775-6] (id:1e5f00000057,api:3,p:7775,c:7775) detachBuffer: slot 27 is not owned by the producer (state = FREE)
02-26 13:26:51.847 7775 1830 W BufferQueueProducer: [SurfaceTexture-1-7775-6] (id:1e5f00000057,api:3,p:7775,c:7775) detachBuffer: slot 28 is not owned by the producer (state = FREE)
02-26 13:26:51.847 7775 1830 W BufferQueueProducer: [SurfaceTexture-1-7775-6] (id:1e5f00000057,api:3,p:7775,c:7775) detachBuffer: slot 29 is not owned by the producer (state = FREE)
02-26 13:26:51.847 7775 1830 W BufferQueueProducer: [SurfaceTexture-1-7775-6] (id:1e5f00000057,api:3,p:7775,c:7775) detachBuffer: slot 30 is not owned by the producer (state = FREE)
02-26 13:26:51.847 7775 1830 W BufferQueueProducer: [SurfaceTexture-1-7775-6] (id:1e5f00000057,api:3,p:7775,c:7775) detachBuffer: slot 31 is not owned by the producer (state = FREE)
02-26 13:26:51.847 7775 1830 W BufferQueueProducer: [SurfaceTexture-1-7775-6] (id:1e5f00000057,api:3,p:7775,c:7775) detachBuffer: slot 32 is not owned by the producer (state = FREE)
02-26 13:26:51.847 7775 1830 W BufferQueueProducer: [SurfaceTexture-1-7775-6] (id:1e5f00000057,api:3,p:7775,c:7775) detachBuffer: slot 33 is not owned by the producer (state = FREE)
02-26 13:26:51.847 7775 1830 W BufferQueueProducer: [SurfaceTexture-1-7775-6] (id:1e5f00000057,api:3,p:7775,c:7775) detachBuffer: slot 34 is not owned by the producer (state = FREE)
02-26 13:26:51.847 7775 1830 W BufferQueueProducer: [SurfaceTexture-1-7775-6] (id:1e5f00000057,api:3,p:7775,c:7775) detachBuffer: slot 35 is not owned by the producer (state = FREE)
02-26 13:26:51.847 7775 1830 W BufferQueueProducer: [SurfaceTexture-1-7775-6] (id:1e5f00000057,api:3,p:7775,c:7775) detachBuffer: slot 36 is not owned by the producer (state = FREE)
02-26 13:26:51.847 7775 1830 W BufferQueueProducer: [SurfaceTexture-1-7775-6] (id:1e5f00000057,api:3,p:7775,c:7775) detachBuffer: slot 37 is not owned by the producer (state = FREE)
02-26 13:26:51.847 7775 1830 W BufferQueueProducer: [SurfaceTexture-1-7775-6] (id:1e5f00000057,api:3,p:7775,c:7775) detachBuffer: slot 38 is not owned by the producer (state = FREE)
02-26 13:26:51.847 7775 1830 W BufferQueueProducer: [SurfaceTexture-1-7775-6] (id:1e5f00000057,api:3,p:7775,c:7775) detachBuffer: slot 39 is not owned by the producer (state = FREE)
02-26 13:26:51.848 7775 1830 W BufferQueueProducer: [SurfaceTexture-1-7775-6] (id:1e5f00000057,api:3,p:7775,c:7775) detachBuffer: slot 40 is not owned by the producer (state = FREE)
02-26 13:26:51.848 7775 1830 W BufferQueueProducer: [SurfaceTexture-1-7775-6] (id:1e5f00000057,api:3,p:7775,c:7775) detachBuffer: slot 41 is not owned by the producer (state = FREE)
02-26 13:26:51.848 7775 1830 W BufferQueueProducer: [SurfaceTexture-1-7775-6] (id:1e5f00000057,api:3,p:7775,c:7775) detachBuffer: slot 42 is not owned by the producer (state = FREE)
02-26 13:26:51.848 7775 1830 W BufferQueueProducer: [SurfaceTexture-1-7775-6] (id:1e5f00000057,api:3,p:7775,c:7775) detachBuffer: slot 43 is not owned by the producer (state = FREE)
02-26 13:26:51.848 7775 1830 W BufferQueueProducer: [SurfaceTexture-1-7775-6] (id:1e5f00000057,api:3,p:7775,c:7775) detachBuffer: slot 44 is not owned by the producer (state = FREE)
02-26 13:26:51.848 7775 1830 W BufferQueueProducer: [SurfaceTexture-1-7775-6] (id:1e5f00000057,api:3,p:7775,c:7775) detachBuffer: slot 45 is not owned by the producer (state = FREE)
02-26 13:26:51.848 7775 1830 W BufferQueueProducer: [SurfaceTexture-1-7775-6] (id:1e5f00000057,api:3,p:7775,c:7775) detachBuffer: slot 46 is not owned by the producer (state = FREE)
02-26 13:26:51.848 7775 1830 W BufferQueueProducer: [SurfaceTexture-1-7775-6] (id:1e5f00000057,api:3,p:7775,c:7775) detachBuffer: slot 47 is not owned by the producer (state = FREE)
02-26 13:26:51.848 7775 1830 W BufferQueueProducer: [SurfaceTexture-1-7775-6] (id:1e5f00000057,api:3,p:7775,c:7775) detachBuffer: slot 48 is not owned by the producer (state = FREE)
02-26 13:26:51.848 7775 1830 W BufferQueueProducer: [SurfaceTexture-1-7775-6] (id:1e5f00000057,api:3,p:7775,c:7775) detachBuffer: slot 49 is not owned by the producer (state = FREE)
02-26 13:26:51.848 7775 1830 W BufferQueueProducer: [SurfaceTexture-1-7775-6] (id:1e5f00000057,api:3,p:7775,c:7775) detachBuffer: slot 50 is not owned by the producer (state = FREE)
02-26 13:26:51.848 7775 1830 W BufferQueueProducer: [SurfaceTexture-1-7775-6] (id:1e5f00000057,api:3,p:7775,c:7775) detachBuffer: slot 51 is not owned by the producer (state = FREE)
02-26 13:26:51.848 7775 1830 W BufferQueueProducer: [SurfaceTexture-1-7775-6] (id:1e5f00000057,api:3,p:7775,c:7775) detachBuffer: slot 52 is not owned by the producer (state = FREE)
02-26 13:26:51.849 7775 1830 W BufferQueueProducer: [SurfaceTexture-1-7775-6] (id:1e5f00000057,api:3,p:7775,c:7775) detachBuffer: slot 53 is not owned by the producer (state = FREE)
02-26 13:26:51.849 7775 1830 W BufferQueueProducer: [SurfaceTexture-1-7775-6] (id:1e5f00000057,api:3,p:7775,c:7775) detachBuffer: slot 54 is not owned by the producer (state = FREE)
02-26 13:26:51.849 7775 1830 W BufferQueueProducer: [SurfaceTexture-1-7775-6] (id:1e5f00000057,api:3,p:7775,c:7775) detachBuffer: slot 55 is not owned by the producer (state = FREE)
02-26 13:26:51.849 7775 1830 W BufferQueueProducer: [SurfaceTexture-1-7775-6] (id:1e5f00000057,api:3,p:7775,c:7775) detachBuffer: slot 56 is not owned by the producer (state = FREE)
02-26 13:26:51.849 7775 1830 W BufferQueueProducer: [SurfaceTexture-1-7775-6] (id:1e5f00000057,api:3,p:7775,c:7775) detachBuffer: slot 57 is not owned by the producer (state = FREE)
02-26 13:26:51.849 7775 1830 W BufferQueueProducer: [SurfaceTexture-1-7775-6] (id:1e5f00000057,api:3,p:7775,c:7775) detachBuffer: slot 58 is not owned by the producer (state = FREE)
02-26 13:26:51.849 7775 1830 W BufferQueueProducer: [SurfaceTexture-1-7775-6] (id:1e5f00000057,api:3,p:7775,c:7775) detachBuffer: slot 59 is not owned by the producer (state = FREE)
02-26 13:26:51.849 7775 1830 W BufferQueueProducer: [SurfaceTexture-1-7775-6] (id:1e5f00000057,api:3,p:7775,c:7775) detachBuffer: slot 60 is not owned by the producer (state = FREE)
02-26 13:26:51.849 7775 1830 W BufferQueueProducer: [SurfaceTexture-1-7775-6] (id:1e5f00000057,api:3,p:7775,c:7775) detachBuffer: slot 61 is not owned by the producer (state = FREE)
02-26 13:26:51.849 7775 1830 W BufferQueueProducer: [SurfaceTexture-1-7775-6] (id:1e5f00000057,api:3,p:7775,c:7775) detachBuffer: slot 62 is not owned by the producer (state = FREE)
02-26 13:26:51.849 7775 1830 W BufferQueueProducer: [SurfaceTexture-1-7775-6] (id:1e5f00000057,api:3,p:7775,c:7775) detachBuffer: slot 63 is not owned by the producer (state = FREE)
02-26 13:26:52.002 7775 7775 E ArmVmp : Match on catch block at 0xc3 in for 0x155
02-26 13:26:52.004 7775 7775 E ArmVmp : Match on catch block at 0xc3 in for 0x151
02-26 13:26:52.168 7775 7884 E SQLiteDatabase: Error inserting transferred=0 media_job_uuid=d1111e81-281c-47f5-ae47-5760ea0526fe transcoded=1 gif_attribution=0 first_scan_length=0 direct_path=null thumbnail_height_width_ratio=1.8 is_animated_sticker=0 file_hash=null file_path=/data/user/0/com.mbwhatsapp/files/.Shared/8b2d4a55-af8d-4af4-9da0- c2eb22114fec.mp4 file_size=4555370 partial_media_hash=null face_x=0 face_y=0 height=0 trim_to=0 media_key_timestamp=0 message_url=null media_caption=null trim_from=0 mime_type=null partial_media_enc_hash=null width=0 original_file_hash=null has_streaming_sidecar=0 autotransfer_retry_enabled=1 media_upload_handle=null message_row_id=1250 multicast_id=null enc_file_hash=null mute_video=0 page_count=0 first_scan_sidecar=null suspicious_content=0 file_length=4555370 media_name=8b2d4a55-af8d-4af4-9da0-c2eb22114fec.mp4 media_duration=6 chat_row_id=5 media_key=null
02-26 13:26:52.168 7775 7884 E SQLiteDatabase: android.database.sqlite.SQLiteConstraintException: UNIQUE constraint failed: message_media.message_row_id (code 1555 SQLITE_CONSTRAINT_PRIMARYKEY[1555])
02-26 13:26:52.168 7775 7884 E SQLiteDatabase: at android.database.sqlite.SQLiteConnection.nativeExecuteForLastInsertedRowId(Native Method)
02-26 13:26:52.168 7775 7884 E SQLiteDatabase: at android.database.sqlite.SQLiteConnection.executeForLastInsertedRowId(SQLiteConnecti on.java:1275)
02-26 13:26:52.168 7775 7884 E SQLiteDatabase: at android.database.sqlite.SQLiteSession.executeForLastInsertedRowId(SQLiteSession.jav a:790)
02-26 13:26:52.168 7775 7884 E SQLiteDatabase: at android.database.sqlite.SQLiteStatement.executeInsert(SQLiteStatement.java:89)
02-26 13:26:52.168 7775 7884 E SQLiteDatabase: at android.database.sqlite.SQLiteDatabase.insertWithOnConflict(SQLiteDatabase.java:241 0)
02-26 13:26:52.168 7775 7884 E SQLiteDatabase: at android.database.sqlite.SQLiteDatabase.insert(SQLiteDatabase.java:2279)
02-26 13:26:52.168 7775 7884 E SQLiteDatabase: at X.2tm.A08(Unknown Source:6)
02-26 13:26:52.168 7775 7884 E SQLiteDatabase: at X.35Y.A07(Unknown Source:212)
02-26 13:26:52.168 7775 7884 E SQLiteDatabase: at X.3QF.A14(Unknown Source:470)
02-26 13:26:52.168 7775 7884 E SQLiteDatabase: at X.3gU.run(Unknown Source:982)
02-26 13:26:52.168 7775 7884 E SQLiteDatabase: at android.os.Handler.handleCallback(Handler.java:942)
02-26 13:26:52.168 7775 7884 E SQLiteDatabase: at android.os.Handler.dispatchMessage(Handler.java:99)
02-26 13:26:52.168 7775 7884 E SQLiteDatabase: at X.0zq.dispatchMessage(Unknown Source:4)
02-26 13:26:52.168 7775 7884 E SQLiteDatabase: at android.os.Looper.loopOnce(Looper.java:226)
02-26 13:26:52.168 7775 7884 E SQLiteDatabase: at android.os.Looper.loop(Looper.java:313)
02-26 13:26:52.168 7775 7884 E SQLiteDatabase: at android.os.HandlerThread.run(HandlerThread.java:67)
02-26 13:26:52.178 7775 7775 E ArmVmp : Match on catch block at 0xc3 in for 0x141
02-26 13:26:52.182 7775 7775 E ArmVmp : Match on catch block at 0xc3 in for 0x159
02-26 13:26:52.190 7775 7775 E ArmVmp : Match on catch block at 0xc3 in for 0x149
02-26 13:26:52.191 7775 7775 E ArmVmp : Match on catch block at 0xc3 in for 0x145
02-26 13:26:52.237 7775 7775 E ArmVmp : Match on catch block at 0xc3 in for 0x145
02-26 13:26:52.248 7775 7775 E ArmVmp : Match on catch block at 0xc3 in for 0x141
02-26 13:26:52.277 7775 7775 E ArmVmp : Match on catch block at 0xc3 in for 0x151
02-26 13:26:52.279 7775 7775 E ArmVmp : Match on catch block at 0xc3 in for 0x14d
02-26 13:26:52.411 7775 7775 E ArmVmp : Match on catch block at 0xc3 in for 0x14d
02-26 13:26:52.414 7775 7775 E ArmVmp : Match on catch block at 0xc3 in for 0x149
02-26 13:26:52.421 7775 7775 E ArmVmp : Match on catch block at 0xc3 in for 0x14d
02-26 13:26:52.425 7775 7775 E ArmVmp : Match on catch block at 0xc3 in for 0x149
02-26 13:26:52.436 7775 7775 E ArmVmp : Match on catch block at 0xc3 in for 0x149
02-26 13:26:52.439 7775 7775 E ArmVmp : Match on catch block at 0xc3 in for 0x145
02-26 13:26:52.445 7775 7775 E ArmVmp : Match on catch block at 0xc3 in for 0x159
02-26 13:26:52.447 7775 7775 E ArmVmp : Match on catch block at 0xc3 in for 0x155
02-26 13:26:52.452 7775 7775 E ArmVmp : Match on catch block at 0xc3 in for 0x145
02-26 13:26:52.454 7775 7775 E ArmVmp : Match on catch block at 0xc3 in for 0x141
02-26 13:26:52.461 7775 7775 E ArmVmp : Match on catch block at 0xc3 in for 0x155
02-26 13:26:52.463 7775 7775 E ArmVmp : Match on catch block at 0xc3 in for 0x151
02-26 13:26:52.512 7775 7775 E ArmVmp : Match on catch block at 0xc3 in for 0x145
02-26 13:26:52.517 7775 7775 E ArmVmp : Match on catch block at 0xc3 in for 0x141
02-26 13:26:52.621 7775 7775 E ArmVmp : Match on catch block at 0xc3 in for 0x145
02-26 13:26:52.624 7775 495 W MediaPlayer: Use of stream types is deprecated for operations other than volume control
02-26 13:26:52.624 7775 7775 E ArmVmp : Match on catch block at 0xc3 in for 0x141
02-26 13:26:52.624 7775 495 W MediaPlayer: See the documentation of setAudioStreamType() for what to use instead with android.media.AudioAttributes to qualify your playback use case
02-26 13:26:52.637 7775 7775 E ArmVmp : Match on catch block at 0xc3 in for 0x155
02-26 13:26:52.639 7775 7775 E ArmVmp : Match on catch block at 0xc3 in for 0x151
02-26 13:26:52.645 7775 7775 E ArmVmp : Match on catch block at 0xc3 in for 0x145
02-26 13:26:52.648 7775 7775 E ArmVmp : Match on catch block at 0xc3 in for 0x141
02-26 13:26:52.653 7775 7775 E ArmVmp : Match on catch block at 0xc3 in for 0x155
02-26 13:26:52.655 7775 7775 E ArmVmp : Match on catch block at 0xc3 in for 0x151
02-26 13:26:52.661 7775 25258 W MediaPlayerNative: info/warning (10973, 0)
02-26 13:26:52.788 7775 7775 E ArmVmp : Match on catch block at 0xc3 in for 0x151
02-26 13:26:52.789 7775 7775 E ArmVmp : Match on catch block at 0xc3 in for 0x14d
02-26 13:26:52.931 7775 7775 E ArmVmp : Match on catch block at 0xc3 in for 0x145
02-26 13:26:52.933 7775 7775 E ArmVmp : Match on catch block at 0xc3 in for 0x141
02-26 13:26:52.938 7775 7775 E ArmVmp : Match on catch block at 0xc3 in for 0x159
02-26 13:26:52.940 7775 7775 E ArmVmp : Match on catch block at 0xc3 in for 0x155
02-26 13:26:53.003 7775 11782 W Parcel : Expecting binder but got null!
02-26 13:26:53.021 7775 7775 E ArmVmp : Match on catch block at 0xc3 in for 0x14d
02-26 13:26:53.023 7775 7775 E ArmVmp : Match on catch block at 0xc3 in for 0x149
02-26 13:26:53.027 7775 7775 W OnBackInvokedCallback: OnBackInvokedCallback is not enabled for the application.
02-26 13:26:53.027 7775 7775 W OnBackInvokedCallback: Set 'android:enableOnBackInvokedCallback="true"' in the application manifest.
02-26 13:26:53.033 7775 7775 W RemoteInputConnectionImpl: requestCursorAnchorInfo on inactive InputConnection
02-26 13:26:53.051 7775 7775 E ArmVmp : Match on catch block at 0xc3 in for 0x155
02-26 13:26:53.056 7775 7775 E ArmVmp : Match on catch block at 0xc3 in for 0x151
02-26 13:26:53.065 7775 7775 E ArmVmp : Match on catch block at 0xc3 in for 0x145
02-26 13:26:53.067 7775 7775 E ArmVmp : Match on catch block at 0xc3 in for 0x141
02-26 13:26:53.078 7775 7775 E ArmVmp : Match on catch block at 0xc3 in for 0x155
02-26 13:26:53.085 7775 7775 E ArmVmp : Match on catch block at 0xc3 in for 0x151
02-26 13:26:53.096 7775 7775 E ArmVmp : Match on catch block at 0xc3 in for 0x155
02-26 13:26:53.099 7775 7775 E ArmVmp : Match on catch block at 0xc3 in for 0x151
02-26 13:26:53.109 7775 7775 E ArmVmp : Match on catch block at 0xc3 in for 0x149
02-26 13:26:53.115 7775 7775 E ArmVmp : Match on catch block at 0xc3 in for 0x145
02-26 13:26:53.124 7775 7775 E ArmVmp : Match on catch block at 0xc3 in for 0x145
02-26 13:26:53.127 7775 7775 E ArmVmp : Match on catch block at 0xc3 in for 0x141
02-26 13:26:53.133 7775 7775 E ArmVmp : Match on catch block at 0xc3 in for 0x145
02-26 13:26:53.135 7775 7775 E ArmVmp : Match on catch block at 0xc3 in for 0x141
02-26 13:26:53.145 7775 7775 E ArmVmp : Match on catch block at 0xc3 in for 0x155
02-26 13:26:53.147 7775 7775 E ArmVmp : Match on catch block at 0xc3 in for 0x151
02-26 13:26:53.212 7775 7775 E ArmVmp : Match on catch block at 0xc3 in for 0x145
02-26 13:26:53.214 7775 7775 E ArmVmp : Match on catch block at 0xc3 in for 0x141
02-26 13:26:53.258 7775 7775 W AudioManager: Use of stream types is deprecated for operations other than volume control
02-26 13:26:53.258 7775 7775 W AudioManager: See the documentation of requestAudioFocus() for what to use instead with android.media.AudioAttributes to qualify your playback use case
02-26 13:26:53.284 7775 2199 W ColorUtils: expected specified color aspects (0:0:255:255)
02-26 13:26:53.287 7775 7775 E ArmVmp : Match on catch block at 0xc3 in for 0x149
02-26 13:26:53.289 7775 2199 W Codec2Client: query -- param skipped: index = 1107298332.
02-26 13:26:53.289 7775 2199 W CCodec : This behavior is subject to change. It is recommended that app developers double check whether the requested max input size is in reasonable range.
02-26 13:26:53.290 7775 7775 E ArmVmp : Match on catch block at 0xc3 in for 0x145
02-26 13:26:53.300 7775 2199 W Codec2Client: query -- param skipped: index = 1342179345.
02-26 13:26:53.300 7775 2199 W Codec2Client: query -- param skipped: index = 2415921170.
02-26 13:26:53.300 7775 2199 W Codec2Client: query -- param skipped: index = 1610614798.
02-26 13:26:53.328 7775 2214 W Codec2Client: query -- param skipped: index = 1107298332.
02-26 13:26:53.328 7775 2214 W CCodec : This behavior is subject to change. It is recommended that app developers double check whether the requested max input size is in reasonable range.
02-26 13:26:53.333 7775 2214 W Codec2Client: query -- param skipped: index = 1342179345.
02-26 13:26:53.333 7775 2214 W Codec2Client: query -- param skipped: index = 2415921170.
02-26 13:26:53.333 7775 2214 W Codec2Client: query -- param skipped: index = 1610614798.
02-26 13:26:53.363 7775 7775 E ArmVmp : Match on catch block at 0xc3 in for 0x159
02-26 13:26:53.367 7775 7775 E ArmVmp : Match on catch block at 0xc3 in for 0x155
02-26 13:26:53.373 7775 7775 E ArmVmp : Match on catch block at 0xc3 in for 0x141
02-26 13:26:53.374 7775 7775 E ArmVmp : Match on catch block at 0xc3 in for 0x159
02-26 13:26:53.379 7775 7775 E ArmVmp : Match on catch block at 0xc3 in for 0x159
02-26 13:26:53.381 7775 7775 E ArmVmp : Match on catch block at 0xc3 in for 0x155
02-26 13:26:53.387 7775 7775 E ArmVmp : Match on catch block at 0xc3 in for 0x149
02-26 13:26:53.389 7775 7775 E ArmVmp : Match on catch block at 0xc3 in for 0x145
02-26 13:26:53.395 7775 7775 E ArmVmp : Match on catch block at 0xc3 in for 0x155
02-26 13:26:53.397 7775 7775 E ArmVmp : Match on catch block at 0xc3 in for 0x151
02-26 13:26:53.404 7775 7775 E ArmVmp : Match on catch block at 0xc3 in for 0x145
02-26 13:26:53.406 7775 7775 E ArmVmp : Match on catch block at 0xc3 in for 0x141
02-26 13:26:53.412 7775 7775 E ArmVmp : Match on catch block at 0xc3 in for 0x151
02-26 13:26:53.414 7775 7775 E ArmVmp : Match on catch block at 0xc3 in for 0x14d
02-26 13:26:53.420 7775 7775 E ArmVmp : Match on catch block at 0xc3 in for 0x141
02-26 13:26:53.422 7775 7775 E ArmVmp : Match on catch block at 0xc3 in for 0x159
02-26 13:26:53.429 7775 7775 E ArmVmp : Match on catch block at 0xc3 in for 0x14d
02-26 13:26:53.430 7775 7775 E ArmVmp : Match on catch block at 0xc3 in for 0x149
02-26 13:26:53.437 7775 7775 E ArmVmp : Match on catch block at 0xc3 in for 0x159
02-26 13:26:53.438 7775 7775 E ArmVmp : Match on catch block at 0xc3 in for 0x155
02-26 13:26:53.446 7775 7775 E ArmVmp : Match on catch block at 0xc3 in for 0x149
02-26 13:26:53.447 7775 7775 E ArmVmp : Match on catch block at 0xc3 in for 0x145
02-26 13:26:53.454 7775 7775 E ArmVmp : Match on catch block at 0xc3 in for 0x155
02-26 13:26:53.455 7775 7775 E ArmVmp : Match on catch block at 0xc3 in for 0x151
02-26 13:26:53.462 7775 7775 E ArmVmp : Match on catch block at 0xc3 in for 0x145
02-26 13:26:53.464 7775 7775 E ArmVmp : Match on catch block at 0xc3 in for 0x141
02-26 13:26:53.471 7775 7775 E ArmVmp : Match on catch block at 0xc3 in for 0x151
02-26 13:26:53.472 7775 7775 E ArmVmp : Match on catch block at 0xc3 in for 0x14d
02-26 13:26:53.479 7775 7775 E ArmVmp : Match on catch block at 0xc3 in for 0x141
02-26 13:26:53.480 7775 7775 E ArmVmp : Match on catch block at 0xc3 in for 0x159
02-26 13:26:53.488 7775 7775 E ArmVmp : Match on catch block at 0xc3 in for 0x14d
02-26 13:26:53.490 7775 7775 E ArmVmp : Match on catch block at 0xc3 in for 0x149
02-26 13:26:53.496 7775 7775 E ArmVmp : Match on catch block at 0xc3 in for 0x159
02-26 13:26:53.498 7775 7775 E ArmVmp : Match on catch block at 0xc3 in for 0x155
02-26 13:26:53.504 7775 7775 E ArmVmp : Match on catch block at 0xc3 in for 0x149
02-26 13:26:53.506 7775 7775 E ArmVmp : Match on catch block at 0xc3 in for 0x145
02-26 13:26:53.512 7775 7775 E ArmVmp : Match on catch block at 0xc3 in for 0x155
02-26 13:26:53.514 7775 7775 E ArmVmp : Match on catch block at 0xc3 in for 0x151
02-26 13:26:53.520 7775 7775 E ArmVmp : Match on catch block at 0xc3 in for 0x145
02-26 13:26:53.522 7775 7775 E ArmVmp : Match on catch block at 0xc3 in for 0x141
02-26 13:26:53.529 7775 7775 E ArmVmp : Match on catch block at 0xc3 in for 0x151
02-26 13:26:53.530 7775 7775 E ArmVmp : Match on catch block at 0xc3 in for 0x14d
02-26 13:26:53.537 7775 7775 E ArmVmp : Match on catch block at 0xc3 in for 0x141
02-26 13:26:53.539 7775 7775 E ArmVmp : Match on catch block at 0xc3 in for 0x159
02-26 13:26:53.546 7775 7775 E ArmVmp : Match on catch block at 0xc3 in for 0x14d
02-26 13:26:53.547 7775 7775 E ArmVmp : Match on catch block at 0xc3 in for 0x149
02-26 13:26:53.554 7775 7775 E ArmVmp : Match on catch block at 0xc3 in for 0x159
02-26 13:26:53.555 7775 7775 E ArmVmp : Match on catch block at 0xc3 in for 0x155
02-26 13:26:53.563 7775 7775 E ArmVmp : Match on catch block at 0xc3 in for 0x149
02-26 13:26:53.564 7775 7775 E ArmVmp : Match on catch block at 0xc3 in for 0x145
02-26 13:26:53.571 7775 7775 E ArmVmp : Match on catch block at 0xc3 in for 0x155
02-26 13:26:53.572 7775 7775 E ArmVmp : Match on catch block at 0xc3 in for 0x151
02-26 13:26:53.578 7775 7775 E ArmVmp : Match on catch block at 0xc3 in for 0x145
02-26 13:26:53.581 7775 7775 E ArmVmp : Match on catch block at 0xc3 in for 0x141
02-26 13:26:53.587 7775 7775 E ArmVmp : Match on catch block at 0xc3 in for 0x151
02-26 13:26:53.592 7775 7775 E ArmVmp : Match on catch block at 0xc3 in for 0x14d
02-26 13:26:53.600 7775 7775 E ArmVmp : Match on catch block at 0xc3 in for 0x141
02-26 13:26:53.604 7775 7775 E ArmVmp : Match on catch block at 0xc3 in for 0x159
02-26 13:26:53.630 7775 7775 E ArmVmp : Match on catch block at 0xc3 in for 0x141
02-26 13:26:53.632 7775 7775 E ArmVmp : Match on catch block at 0xc3 in for 0x159
02-26 13:26:53.639 7775 7775 E ArmVmp : Match on catch block at 0xc3 in for 0x14d
02-26 13:26:53.641 7775 7775 E ArmVmp : Match on catch block at 0xc3 in for 0x149
02-26 13:26:53.647 7775 7775 E ArmVmp : Match on catch block at 0xc3 in for 0x159
02-26 13:26:53.649 7775 7775 E ArmVmp : Match on catch block at 0xc3 in for 0x155
02-26 13:26:53.654 7775 7775 E ArmVmp : Match on catch block at 0xc3 in for 0x149
02-26 13:26:53.656 7775 7775 E ArmVmp : Match on catch block at 0xc3 in for 0x145
02-26 13:26:53.661 7775 7775 E ArmVmp : Match on catch block at 0xc3 in for 0x155
02-26 13:26:53.665 7775 7775 E ArmVmp : Match on catch block at 0xc3 in for 0x151
02-26 13:26:53.671 7775 7775 E ArmVmp : Match on catch block at 0xc3 in for 0x145
02-26 13:26:53.673 7775 7775 E ArmVmp : Match on catch block at 0xc3 in for 0x141
02-26 13:26:53.678 7775 7775 E ArmVmp : Match on catch block at 0xc3 in for 0x151
02-26 13:26:53.682 7775 7775 E ArmVmp : Match on catch block at 0xc3 in for 0x14d
02-26 13:26:53.687 7775 7775 E ArmVmp : Match on catch block at 0xc3 in for 0x141
02-26 13:26:53.690 7775 7775 E ArmVmp : Match on catch block at 0xc3 in for 0x159
02-26 13:26:53.695 7775 7775 E ArmVmp : Match on catch block at 0xc3 in for 0x14d
02-26 13:26:53.699 7775 7775 E ArmVmp : Match on catch block at 0xc3 in for 0x149
02-26 13:26:53.705 7775 7775 E ArmVmp : Match on catch block at 0xc3 in for 0x159
02-26 13:26:53.708 7775 7775 E ArmVmp : Match on catch block at 0xc3 in for 0x155
02-26 13:26:53.715 7775 7775 E ArmVmp : Match on catch block at 0xc3 in for 0x149
02-26 13:26:53.716 7775 7775 E ArmVmp : Match on catch block at 0xc3 in for 0x145
02-26 13:26:53.722 7775 7775 E ArmVmp : Match on catch block at 0xc3 in for 0x155
02-26 13:26:53.723 7775 7775 E ArmVmp : Match on catch block at 0xc3 in for 0x151
02-26 13:26:53.727 7775 7775 E ArmVmp : Match on catch block at 0xc3 in for 0x145
02-26 13:26:53.731 7775 7775 E ArmVmp : Match on catch block at 0xc3 in for 0x141
02-26 13:26:53.736 7775 7775 E ArmVmp : Match on catch block at 0xc3 in for 0x151
02-26 13:26:53.740 7775 7775 E ArmVmp : Match on catch block at 0xc3 in for 0x14d
02-26 13:26:53.745 7775 7775 E ArmVmp : Match on catch block at 0xc3 in for 0x141
02-26 13:26:53.748 7775 7775 E ArmVmp : Match on catch block at 0xc3 in for 0x159
02-26 13:26:53.753 7775 7775 E ArmVmp : Match on catch block at 0xc3 in for 0x14d
02-26 13:26:53.756 7775 7775 E ArmVmp : Match on catch block at 0xc3 in for 0x149
02-26 13:26:53.762 7775 7775 E ArmVmp : Match on catch block at 0xc3 in for 0x159
02-26 13:26:53.765 7775 7775 E ArmVmp : Match on catch block at 0xc3 in for 0x155
02-26 13:26:53.769 7775 7775 E ArmVmp : Match on catch block at 0xc3 in for 0x149
02-26 13:26:53.772 7775 7775 E ArmVmp : Match on catch block at 0xc3 in for 0x145
02-26 13:26:53.777 7775 7775 E ArmVmp : Match on catch block at 0xc3 in for 0x155
02-26 13:26:53.780 7775 7775 E ArmVmp : Match on catch block at 0xc3 in for 0x151
02-26 13:26:53.786 7775 7775 E ArmVmp : Match on catch block at 0xc3 in for 0x145
02-26 13:26:53.789 7775 7775 E ArmVmp : Match on catch block at 0xc3 in for 0x141
02-26 13:26:53.795 7775 7775 E ArmVmp : Match on catch block at 0xc3 in for 0x151
02-26 13:26:53.797 7775 7775 E ArmVmp : Match on catch block at 0xc3 in for 0x14d
02-26 13:26:53.803 7775 7775 E ArmVmp : Match on catch block at 0xc3 in for 0x141
02-26 13:26:53.807 7775 7775 E ArmVmp : Match on catch block at 0xc3 in for 0x159
02-26 13:26:53.816 7775 7775 E ArmVmp : Match on catch block at 0xc3 in for 0x14d
02-26 13:26:53.818 7775 7775 E ArmVmp : Match on catch block at 0xc3 in for 0x149
02-26 13:26:53.824 7775 7775 E ArmVmp : Match on catch block at 0xc3 in for 0x159
02-26 13:26:53.826 7775 7775 E ArmVmp : Match on catch block at 0xc3 in for 0x155
02-26 13:26:53.831 7775 7775 E ArmVmp : Match on catch block at 0xc3 in for 0x149
02-26 13:26:53.832 7775 7775 E ArmVmp : Match on catch block at 0xc3 in for 0x145
02-26 13:26:53.838 7775 7775 E ArmVmp : Match on catch block at 0xc3 in for 0x155
02-26 13:26:53.840 7775 7775 E ArmVmp : Match on catch block at 0xc3 in for 0x151
02-26 13:26:53.845 7775 7775 E ArmVmp : Match on catch block at 0xc3 in for 0x145
02-26 13:26:53.851 7775 7775 E ArmVmp : Match on catch block at 0xc3 in for 0x141
02-26 13:26:53.856 7775 7775 E ArmVmp : Match on catch block at 0xc3 in for 0x151
02-26 13:26:53.860 7775 7775 E ArmVmp : Match on catch block at 0xc3 in for 0x14d
02-26 13:26:53.865 7775 7775 E ArmVmp : Match on catch block at 0xc3 in for 0x141
02-26 13:26:53.868 7775 7775 E ArmVmp : Match on catch block at 0xc3 in for 0x159
02-26 13:26:53.873 7775 7775 E ArmVmp : Match on catch block at 0xc3 in for 0x14d
02-26 13:26:53.875 7775 7775 E ArmVmp : Match on catch block at 0xc3 in for 0x149
02-26 13:26:53.881 7775 7775 E ArmVmp : Match on catch block at 0xc3 in for 0x159
02-26 13:26:53.883 7775 7775 E ArmVmp : Match on catch block at 0xc3 in for 0x155
02-26 13:26:53.888 7775 7775 E ArmVmp : Match on catch block at 0xc3 in for 0x149
02-26 13:26:53.890 7775 7775 E ArmVmp : Match on catch block at 0xc3 in for 0x145
02-26 13:26:53.895 7775 7775 E ArmVmp : Match on catch block at 0xc3 in for 0x155
02-26 13:26:53.897 7775 7775 E ArmVmp : Match on catch block at 0xc3 in for 0x151
02-26 13:26:53.903 7775 7775 E ArmVmp : Match on catch block at 0xc3 in for 0x145
02-26 13:26:53.905 7775 7775 E ArmVmp : Match on catch block at 0xc3 in for 0x141
02-26 13:26:53.912 7775 7775 E ArmVmp : Match on catch block at 0xc3 in for 0x151
02-26 13:26:53.914 7775 7775 E ArmVmp : Match on catch block at 0xc3 in for 0x14d
02-26 13:26:53.920 7775 7775 E ArmVmp : Match on catch block at 0xc3 in for 0x141
02-26 13:26:53.922 7775 7775 E ArmVmp : Match on catch block at 0xc3 in for 0x159
02-26 13:26:53.928 7775 7775 E ArmVmp : Match on catch block at 0xc3 in for 0x14d
02-26 13:26:53.930 7775 7775 E ArmVmp : Match on catch block at 0xc3 in for 0x149
02-26 13:26:53.937 7775 7775 E ArmVmp : Match on catch block at 0xc3 in for 0x159
02-26 13:26:53.939 7775 7775 E ArmVmp : Match on catch block at 0xc3 in for 0x155
02-26 13:26:53.945 7775 7775 E ArmVmp : Match on catch block at 0xc3 in for 0x149
02-26 13:26:53.947 7775 7775 E ArmVmp : Match on catch block at 0xc3 in for 0x145
02-26 13:26:53.953 7775 7775 E ArmVmp : Match on catch block at 0xc3 in for 0x155
02-26 13:26:53.956 7775 7775 E ArmVmp : Match on catch block at 0xc3 in for 0x151
02-26 13:26:53.962 7775 7775 E ArmVmp : Match on catch block at 0xc3 in for 0x145
02-26 13:26:53.963 7775 7775 E ArmVmp : Match on catch block at 0xc3 in for 0x141
02-26 13:26:53.970 7775 7775 E ArmVmp : Match on catch block at 0xc3 in for 0x151
02-26 13:26:53.972 7775 7775 E ArmVmp : Match on catch block at 0xc3 in for 0x14d
02-26 13:26:53.978 7775 7775 E ArmVmp : Match on catch block at 0xc3 in for 0x141
02-26 13:26:53.980 7775 7775 E ArmVmp : Match on catch block at 0xc3 in for 0x159
02-26 13:26:53.987 7775 7775 E ArmVmp : Match on catch block at 0xc3 in for 0x14d
