02-26 10:57:29.807 16587 21984 E SQLiteDatabase: at android.database.sqlite.SQLiteConnection.nativeExecuteForLastInsertedRowId(Native Method)
02-26 10:57:29.807 16587 21984 E SQLiteDatabase: at android.database.sqlite.SQLiteConnection.executeForLastInsertedRowId(SQLiteConnecti on.java:1275)
02-26 10:57:29.807 16587 21984 E SQLiteDatabase: at android.database.sqlite.SQLiteSession.executeForLastInsertedRowId(SQLiteSession.jav a:790)
02-26 10:57:29.807 16587 21984 E SQLiteDatabase: at android.database.sqlite.SQLiteStatement.executeInsert(SQLiteStatement.java:89)
02-26 10:57:29.807 16587 21984 E SQLiteDatabase: at android.database.sqlite.SQLiteDatabase.insertWithOnConflict(SQLiteDatabase.java:241 0)
02-26 10:57:29.807 16587 21984 E SQLiteDatabase: at android.database.sqlite.SQLiteDatabase.insert(SQLiteDatabase.java:2279)
02-26 10:57:29.807 16587 21984 E SQLiteDatabase: at X.2tm.A08(Unknown Source:6)
02-26 10:57:29.807 16587 21984 E SQLiteDatabase: at X.2sR.A03(Unknown Source:39)
02-26 10:57:29.807 16587 21984 E SQLiteDatabase: at X.2sR.A04(Unknown Source:29)
02-26 10:57:29.807 16587 21984 E SQLiteDatabase: at X.3Uy.A01(Unknown Source:1345)
02-26 10:57:29.807 16587 21984 E SQLiteDatabase: at X.3Uy.A02(Unknown Source:93)
02-26 10:57:29.807 16587 21984 E SQLiteDatabase: at X.3g7.run(Unknown Source:259)
02-26 10:57:29.807 16587 21984 E SQLiteDatabase: at X.0yM.A1J(Unknown Source:2)
02-26 10:57:29.807 16587 21984 E SQLiteDatabase: at X.1nX.run(Unknown Source:91)
02-26 10:57:29.807 16587 21984 E SQLiteDatabase: at java.util.concurrent.ThreadPoolExecutor.runWorker(ThreadPoolExecutor.java:1137)
02-26 10:57:29.807 16587 21984 E SQLiteDatabase: at java.util.concurrent.ThreadPoolExecutor$Worker.run(ThreadPoolExecutor.java:637)
02-26 10:57:29.807 16587 21984 E SQLiteDatabase: at X.3gH.run(Unknown Source:1548)
02-26 10:57:29.807 16587 21984 E SQLiteDatabase: at java.lang.Thread.run(Thread.java:1012)
02-26 10:57:30.335 16587 20009 E SQLiteDatabase: Error inserting dirty_version=-1 version=0 lt_hash=null collection_name=critical_unblock_low
02-26 10:57:30.335 16587 20009 E SQLiteDatabase: android.database.sqlite.SQLiteConstraintException: UNIQUE constraint failed: collection_versions.collection_name (code 1555 SQLITE_CONSTRAINT_PRIMARYKEY[1555])
02-26 10:57:30.335 16587 20009 E SQLiteDatabase: at android.database.sqlite.SQLiteConnection.nativeExecuteForLastInsertedRowId(Native Method)
02-26 10:57:30.335 16587 20009 E SQLiteDatabase: at android.database.sqlite.SQLiteConnection.executeForLastInsertedRowId(SQLiteConnecti on.java:1275)
02-26 10:57:30.335 16587 20009 E SQLiteDatabase: at android.database.sqlite.SQLiteSession.executeForLastInsertedRowId(SQLiteSession.jav a:790)
02-26 10:57:30.335 16587 20009 E SQLiteDatabase: at android.database.sqlite.SQLiteStatement.executeInsert(SQLiteStatement.java:89)
02-26 10:57:30.335 16587 20009 E SQLiteDatabase: at android.database.sqlite.SQLiteDatabase.insertWithOnConflict(SQLiteDatabase.java:241 0)
02-26 10:57:30.335 16587 20009 E SQLiteDatabase: at android.database.sqlite.SQLiteDatabase.insert(SQLiteDatabase.java:2279)
02-26 10:57:30.335 16587 20009 E SQLiteDatabase: at X.2tm.A08(Unknown Source:6)
02-26 10:57:30.335 16587 20009 E SQLiteDatabase: at X.2sR.A03(Unknown Source:39)
02-26 10:57:30.335 16587 20009 E SQLiteDatabase: at X.2sR.A05(Unknown Source:14)
02-26 10:57:30.335 16587 20009 E SQLiteDatabase: at X.32N.A07(Unknown Source:2205)
02-26 10:57:30.335 16587 20009 E SQLiteDatabase: at X.32N.A06(Unknown Source:507)
02-26 10:57:30.335 16587 20009 E SQLiteDatabase: at X.3eA.run(Unknown Source:2207)
02-26 10:57:30.335 16587 20009 E SQLiteDatabase: at java.util.concurrent.ThreadPoolExecutor.runWorker(ThreadPoolExecutor.java:1137)
02-26 10:57:30.335 16587 20009 E SQLiteDatabase: at java.util.concurrent.ThreadPoolExecutor$Worker.run(ThreadPoolExecutor.java:637)
02-26 10:57:30.335 16587 20009 E SQLiteDatabase: at X.3gH.run(Unknown Source:1548)
02-26 10:57:30.335 16587 20009 E SQLiteDatabase: at java.lang.Thread.run(Thread.java:1012)
02-26 10:57:30.352 16587 21151 E SQLiteDatabase: Error inserting dirty_version=-1 version=0 lt_hash=null collection_name=critical_unblock_low
02-26 10:57:30.352 16587 21151 E SQLiteDatabase: android.database.sqlite.SQLiteConstraintException: UNIQUE constraint failed: collection_versions.collection_name (code 1555 SQLITE_CONSTRAINT_PRIMARYKEY[1555])
02-26 10:57:30.352 16587 21151 E SQLiteDatabase: at android.database.sqlite.SQLiteConnection.nativeExecuteForLastInsertedRowId(Native Method)
02-26 10:57:30.352 16587 21151 E SQLiteDatabase: at android.database.sqlite.SQLiteConnection.executeForLastInsertedRowId(SQLiteConnecti on.java:1275)
02-26 10:57:30.352 16587 21151 E SQLiteDatabase: at android.database.sqlite.SQLiteSession.executeForLastInsertedRowId(SQLiteSession.jav a:790)
02-26 10:57:30.352 16587 21151 E SQLiteDatabase: at android.database.sqlite.SQLiteStatement.executeInsert(SQLiteStatement.java:89)
02-26 10:57:30.352 16587 21151 E SQLiteDatabase: at android.database.sqlite.SQLiteDatabase.insertWithOnConflict(SQLiteDatabase.java:241 0)
02-26 10:57:30.352 16587 21151 E SQLiteDatabase: at android.database.sqlite.SQLiteDatabase.insert(SQLiteDatabase.java:2279)
02-26 10:57:30.352 16587 21151 E SQLiteDatabase: at X.2tm.A08(Unknown Source:6)
02-26 10:57:30.352 16587 21151 E SQLiteDatabase: at X.2sR.A03(Unknown Source:39)
02-26 10:57:30.352 16587 21151 E SQLiteDatabase: at X.2sR.A04(Unknown Source:29)
02-26 10:57:30.352 16587 21151 E SQLiteDatabase: at X.3Uy.A01(Unknown Source:1345)
02-26 10:57:30.352 16587 21151 E SQLiteDatabase: at X.3Uy.A02(Unknown Source:93)
02-26 10:57:30.352 16587 21151 E SQLiteDatabase: at X.3g7.run(Unknown Source:259)
02-26 10:57:30.352 16587 21151 E SQLiteDatabase: at X.0yM.A1J(Unknown Source:2)
02-26 10:57:30.352 16587 21151 E SQLiteDatabase: at X.1nX.run(Unknown Source:91)
02-26 10:57:30.352 16587 21151 E SQLiteDatabase: at java.util.concurrent.ThreadPoolExecutor.runWorker(ThreadPoolExecutor.java:1137)
02-26 10:57:30.352 16587 21151 E SQLiteDatabase: at java.util.concurrent.ThreadPoolExecutor$Worker.run(ThreadPoolExecutor.java:637)
02-26 10:57:30.352 16587 21151 E SQLiteDatabase: at X.3gH.run(Unknown Source:1548)
02-26 10:57:30.352 16587 21151 E SQLiteDatabase: at java.lang.Thread.run(Thread.java:1012)
02-26 10:57:30.466 16587 16704 E SQLiteDatabase: Error inserting transferred=1 media_job_uuid=3cc25b1b-492e-4749-986f-819ca6d2a7a8 transcoded=0 gif_attribution=0 first_scan_length=0 direct_path=/v/t62.7118- 24/30786614_1748391419004959_8035241505189537650_n.enc?ccb=11- 4&oh=01_AdTghlsVT139qa-IRUtG9-vVwPUXx1BbiCxmA7SKdb8NqA&oe=6604359B&_nc_sid=5e03e0 thumbnail_height_width_ratio=1.0 is_animated_sticker=0 file_hash=me1ERIy6wRsu11AjNjSKUDow1uAfCNLN4qG8jJL15ZE= file_path=Media/.Statuses/48faa953b6954ec8b94c490d72867e10.jpg file_size=176159 partial_media_hash=null face_x=0 face_y=0 height=961 trim_to=0 media_key_timestamp=1708962655000 message_url=https://mmg.whatsapp.net/v/t62.7118- 24/30786614_1748391419004959_8035241505189537650_n.enc?ccb=11- 4&oh=01_AdTghlsVT139qa-IRUtG9- vVwPUXx1BbiCxmA7SKdb8NqA&oe=6604359B&_nc_sid=5e03e0&mms3=true media_caption=null trim_from=0 mime_type=image/jpeg partial_media_enc_hash=null width=962 original_file_hash=null has_streaming_sidecar=0 autotransfer_retry_enabled=1 media_upload_handle=null message_row_id=444 multicast_id=null enc_file_hash=RxgznvxO36+1P7U+JbgoT+a1mUBylHGqbN9+Msa59Ik= mute_video=0 page_count=0 first_scan_sidecar=null suspicious_content=0 file_length=176159 media_name=null media_duration=0 chat_row_id=29 media_key=[B@65abbb4
02-26 10:57:30.466 16587 16704 E SQLiteDatabase: android.database.sqlite.SQLiteConstraintException: UNIQUE constraint failed: message_media.message_row_id (code 1555 SQLITE_CONSTRAINT_PRIMARYKEY[1555])
02-26 10:57:30.466 16587 16704 E SQLiteDatabase: at android.database.sqlite.SQLiteConnection.nativeExecuteForLastInsertedRowId(Native Method)
02-26 10:57:30.466 16587 16704 E SQLiteDatabase: at android.database.sqlite.SQLiteConnection.executeForLastInsertedRowId(SQLiteConnecti on.java:1275)
02-26 10:57:30.466 16587 16704 E SQLiteDatabase: at android.database.sqlite.SQLiteSession.executeForLastInsertedRowId(SQLiteSession.jav a:790)
02-26 10:57:30.466 16587 16704 E SQLiteDatabase: at android.database.sqlite.SQLiteStatement.executeInsert(SQLiteStatement.java:89)
02-26 10:57:30.466 16587 16704 E SQLiteDatabase: at android.database.sqlite.SQLiteDatabase.insertWithOnConflict(SQLiteDatabase.java:241 0)
02-26 10:57:30.466 16587 16704 E SQLiteDatabase: at android.database.sqlite.SQLiteDatabase.insert(SQLiteDatabase.java:2279)
02-26 10:57:30.466 16587 16704 E SQLiteDatabase: at X.2tm.A08(Unknown Source:6)
02-26 10:57:30.466 16587 16704 E SQLiteDatabase: at X.35Y.A07(Unknown Source:212)
02-26 10:57:30.466 16587 16704 E SQLiteDatabase: at X.3QF.A14(Unknown Source:470)
02-26 10:57:30.466 16587 16704 E SQLiteDatabase: at X.3gU.run(Unknown Source:982)
02-26 10:57:30.466 16587 16704 E SQLiteDatabase: at android.os.Handler.handleCallback(Handler.java:942)
02-26 10:57:30.466 16587 16704 E SQLiteDatabase: at android.os.Handler.dispatchMessage(Handler.java:99)
02-26 10:57:30.466 16587 16704 E SQLiteDatabase: at X.0zq.dispatchMessage(Unknown Source:4)
02-26 10:57:30.466 16587 16704 E SQLiteDatabase: at android.os.Looper.loopOnce(Looper.java:226)
02-26 10:57:30.466 16587 16704 E SQLiteDatabase: at android.os.Looper.loop(Looper.java:313)
02-26 10:57:30.466 16587 16704 E SQLiteDatabase: at android.os.HandlerThread.run(HandlerThread.java:67)
02-26 10:57:30.656 16587 24421 E SQLiteDatabase: Error inserting dirty_version=-1 version=0 lt_hash=null collection_name=critical_unblock_low
02-26 10:57:30.656 16587 24421 E SQLiteDatabase: android.database.sqlite.SQLiteConstraintException: UNIQUE constraint failed: collection_versions.collection_name (code 1555 SQLITE_CONSTRAINT_PRIMARYKEY[1555])
02-26 10:57:30.656 16587 24421 E SQLiteDatabase: at android.database.sqlite.SQLiteConnection.nativeExecuteForLastInsertedRowId(Native Method)
02-26 10:57:30.656 16587 24421 E SQLiteDatabase: at android.database.sqlite.SQLiteConnection.executeForLastInsertedRowId(SQLiteConnecti on.java:1275)
02-26 10:57:30.656 16587 24421 E SQLiteDatabase: at android.database.sqlite.SQLiteSession.executeForLastInsertedRowId(SQLiteSession.jav a:790)
02-26 10:57:30.656 16587 24421 E SQLiteDatabase: at android.database.sqlite.SQLiteStatement.executeInsert(SQLiteStatement.java:89)
02-26 10:57:30.656 16587 24421 E SQLiteDatabase: at android.database.sqlite.SQLiteDatabase.insertWithOnConflict(SQLiteDatabase.java:241 0)
02-26 10:57:30.656 16587 24421 E SQLiteDatabase: at android.database.sqlite.SQLiteDatabase.insert(SQLiteDatabase.java:2279)
02-26 10:57:30.656 16587 24421 E SQLiteDatabase: at X.2tm.A08(Unknown Source:6)
02-26 10:57:30.656 16587 24421 E SQLiteDatabase: at X.2sR.A03(Unknown Source:39)
02-26 10:57:30.656 16587 24421 E SQLiteDatabase: at X.2sR.A05(Unknown Source:14) 02-26 10:57:--------- beginning of main
02-26 11:03:59.994 31406 31406 E com.mbwhatsapp: Not starting debugger since process cannot load the jdwp agent.
02-26 11:04:00.327 31406 31406 W System.err: java.lang.ClassNotFoundException: mbmodsd.mbmodsw.ui.views.btn.BtnBK
02-26 11:04:00.328 31406 31406 W System.err: at java.lang.Runtime.nativeLoad(Native Method)
02-26 11:04:00.328 31406 31406 W System.err: at java.lang.Runtime.nativeLoad(Runtime.java:1121)
02-26 11:04:00.328 31406 31406 W System.err: at java.lang.Runtime.loadLibrary0(Runtime.java:1075)
02-26 11:04:00.328 31406 31406 W System.err: at java.lang.Runtime.loadLibrary0(Runtime.java:998)
02-26 11:04:00.328 31406 31406 W System.err: at java.lang.System.loadLibrary(System.java:1661)
02-26 11:04:00.328 31406 31406 W System.err: at arm.EpicVm.<clinit>(Unknown Source:2)
02-26 11:04:00.328 31406 31406 W System.err: at java.lang.Class.newInstance(Native Method)
02-26 11:04:00.328 31406 31406 W System.err: at android.app.AppComponentFactory.instantiateApplication(AppComponentFactory.java:76)
02-26 11:04:00.328 31406 31406 W System.err: at androidx.core.app.CoreComponentFactory.instantiateApplication(Unknown Source:0)
02-26 11:04:00.328 31406 31406 W System.err: at android.app.Instrumentation.newApplication(Instrumentation.java:1232)
02-26 11:04:00.328 31406 31406 W System.err: at android.app.LoadedApk.makeApplicationInner(LoadedApk.java:1566)
02-26 11:04:00.328 31406 31406 W System.err: at android.app.LoadedApk.makeApplicationInner(LoadedApk.java:1503)
02-26 11:04:00.328 31406 31406 W System.err: at android.app.ActivityThread.handleBindApplication(ActivityThread.java:7558)
02-26 11:04:00.328 31406 31406 W System.err: at android.app.ActivityThread.-$ $Nest$mhandleBindApplication(Unknown Source:0)
02-26 11:04:00.328 31406 31406 W System.err: at android.app.ActivityThread$H.handleMessage(ActivityThread.java:2400)
02-26 11:04:00.328 31406 31406 W System.err: at android.os.Handler.dispatchMessage(Handler.java:106)
02-26 11:04:00.328 31406 31406 W System.err: at android.os.Looper.loopOnce(Looper.java:226)
02-26 11:04:00.328 31406 31406 W System.err: at android.os.Looper.loop(Looper.java:313)
02-26 11:04:00.328 31406 31406 W System.err: at android.app.ActivityThread.main(ActivityThread.java:8762)
02-26 11:04:00.328 31406 31406 W System.err: at java.lang.reflect.Method.invoke(Native Method)
02-26 11:04:00.328 31406 31406 W System.err: at com.android.internal.os.RuntimeInit$MethodAndArgsCaller.run(RuntimeInit.java:604)
02-26 11:04:00.328 31406 31406 W System.err: at com.android.internal.os.ZygoteInit.main(ZygoteInit.java:1067)
02-26 11:04:00.422 31406 31406 E CustomActivityOnCrash: IMPORTANT WARNING! You already have an UncaughtExceptionHandler, are you sure this is correct? If you use a custom UncaughtExceptionHandler, you must initialize it AFTER CustomActivityOnCrash! Installing anyway, but your original handler will not be called.
02-26 11:04:00.989 31406 31406 W com.mbwhatsapp: Accessing hidden method Lcom/android/org/conscrypt/OpenSSLSocketImpl;->setUseSessionTickets(Z)V (max- target-q,core-platform-api, reflection, denied)
02-26 11:04:00.989 31406 31406 W com.mbwhatsapp: Accessing hidden method Lcom/android/org/conscrypt/AbstractConscryptSocket;->setUseSessionTickets(Z)V (max- target-q, reflection, denied)
02-26 11:04:01.011 31451 31451 W libprocessgroup: JoinCgroup: controller schedtune is not found
02-26 11:04:01.459 31406 31465 W com.mbwhatsapp: Method void X.2rL.A03(java.lang.Integer) failed lock verification and will run slower.
02-26 11:04:01.459 31406 31465 W com.mbwhatsapp: Common causes for lock verification issues are non-optimized dex code
02-26 11:04:01.459 31406 31465 W com.mbwhatsapp: and incorrect proguard optimizations.
02-26 11:08:10.921 31406 31406 W com.mbwhatsapp: Method void X.0eU.A0h(X.0tK, boolean) failed lock verification and will run slower.
02-26 11:08:11.021 31406 31406 W com.mbwhatsapp: Method void com.mbwhatsapp.HomeActivity.A6e() failed lock verification and will run slower.
02-26 11:08:11.056 31406 1624 W Adreno-AppProfiles: Could not find QSPM HAL service. Skipping adreno profile processing.
02-26 11:08:11.191 31406 31406 E ArmVmp : Match on catch block at 0x0a in for 0x189
02-26 11:08:11.208 31406 31406 E ArmVmp : Match on catch block at 0x0a in for 0x26d
02-26 11:08:11.256 31406 31406 W Activity: Can request only one set of permissions at a time
02-26 11:08:11.282 31406 1628 W com.mbwhatsapp: Accessing hidden method Lcom/android/org/conscrypt/ConscryptEngineSocket;->setUseSessionTickets(Z)V (max- target-q,core-platform-api, reflection, denied)
02-26 11:08:11.282 31406 1628 W com.mbwhatsapp: Accessing hidden method Lcom/android/org/conscrypt/OpenSSLSocketImpl;->setUseSessionTickets(Z)V (max- target-q,core-platform-api, reflection, denied)
02-26 11:08:11.282 31406 1628 W com.mbwhatsapp: Accessing hidden method Lcom/android/org/conscrypt/AbstractConscryptSocket;->setUseSessionTickets(Z)V (max- target-q, reflection, denied)
02-26 11:08:11.282 31406 1628 W com.mbwhatsapp: Accessing hidden method Lcom/android/org/conscrypt/ConscryptEngineSocket;->setHostname(Ljava/lang/String;)V (max-target-q,core-platform-api, reflection, denied)
02-26 11:08:11.282 31406 1628 W com.mbwhatsapp: Accessing hidden method Lcom/android/org/conscrypt/OpenSSLSocketImpl;->setHostname(Ljava/lang/String;)V (max-target-q,core-platform-api, reflection, denied)
02-26 11:08:11.282 31406 1628 W com.mbwhatsapp: Accessing hidden method Lcom/android/org/conscrypt/AbstractConscryptSocket;->setHostname(Ljava/lang/ String;)V (max-target-q, reflection, denied)
02-26 11:08:11.282 31406 1628 W com.mbwhatsapp: Accessing hidden method Lcom/android/org/conscrypt/OpenSSLSocketImpl;->setAlpnProtocols([B)V (max-target- q,core-platform-api, reflection, denied)
02-26 11:08:11.282 31406 1628 W com.mbwhatsapp: Accessing hidden method Lcom/android/org/conscrypt/AbstractConscryptSocket;->setAlpnProtocols([B)V (max- target-q, reflection, denied)
02-26 11:08:11.343 31406 1628 W com.mbwhatsapp: Accessing hidden method Lcom/android/org/conscrypt/OpenSSLSocketImpl;->getAlpnSelectedProtocol()[B (max- target-q,core-platform-api, reflection, denied)
02-26 11:08:11.343 31406 1628 W com.mbwhatsapp: Accessing hidden method Lcom/android/org/conscrypt/AbstractConscryptSocket;->getAlpnSelectedProtocol()[B (max-target-q, reflection, denied)
02-26 11:08:11.473 31406 31406 E BufferQueueProducer: Unable to open libpenguin.so: dlopen failed: library "libpenguin.so" not found.
02-26 11:08:11.747 31406 1624 W Parcel : Expecting binder but got null!
02-26 11:08:11.772 31406 31406 E ArmVmp : Match on catch block at 0x0a in for 0x1a5
02-26 11:08:11.866 31406 1730 W LibraryVersion: Failed to get app version for libraryName: firebase-iid
02-26 11:08:11.944 31406 1738 W LOTTIE : Animation contains merge paths. Merge paths are only supported on KitKat+ and must be manually enabled by calling enableMergePathsForKitKatAndAbove().
02-26 11:08:12.054 31406 31406 W LOTTIE : Animation contains merge paths but they are disabled.
02-26 11:08:15.307 31406 1624 W Parcel : Expecting binder but got null!
02-26 11:08:15.783 31406 1738 W LOTTIE : Unknown shape type rd
02-26 11:08:15.817 31406 31406 E ArmVmp : Match on catch block at 0x0a in for 0x199
02-26 11:08:15.819 31406 31406 E ArmVmp : Match on catch block at 0x0a in for 0x195
02-26 11:08:15.994 31406 31406 W View : requestLayout() improperly called by X.4ru{ba96ef9 V.E....L. ......ID 0,0-1080,1064} during layout: running second layout pass
02-26 11:08:15.994 31406 31406 W View : requestLayout() improperly called by android.widget.LinearLayout{48a4e3e V.E...... ......ID 127,14-829,1050 #7f0b0e50 app:id/main_layout} during layout: running second layout pass
02-26 11:08:15.994 31406 31406 W View : requestLayout() improperly called by com.mbwhatsapp.conversation.conversationrow.ConversationRowVideo$RowVideoView{601ff e2 VFED..CL. ......ID 11,11-691,963 #7f0b19fb app:id/thumb} during layout: running second layout pass
02-26 11:08:15.997 31406 31406 E ArmVmp : Match on catch block at 0xc3 in for 0x179
02-26 11:08:16.002 31406 31406 E ArmVmp : Match on catch block at 0xc3 in for 0x179
02-26 11:08:16.024 31406 1624 W Parcel : Expecting binder but got null!
02-26 11:08:16.064 31406 31406 E ArmVmp : Match on catch block at 0xc3 in for 0x151
02-26 11:08:16.069 31406 31406 E ArmVmp : Match on catch block at 0xc3 in for 0x151
02-26 11:08:16.089 31406 31406 W View : requestLayout() improperly called by X.4ru{ba96ef9 V.E....L. ......ID 0,0-1080,1064} during second layout pass: posting in next frame
02-26 11:08:16.089 31406 31406 W View : requestLayout() improperly called by android.widget.LinearLayout{48a4e3e V.E...... ........ 127,14-829,1050 #7f0b0e50 app:id/main_layout} during second layout pass: posting in next frame
02-26 11:08:16.109 31406 31406 E ArmVmp : Match on catch block at 0xc3 in for 0x145
02-26 11:08:16.112 31406 31406 E ArmVmp : Match on catch block at 0xc3 in for 0x141
02-26 11:08:16.140 31406 31406 E ArmVmp : Match on catch block at 0xc3 in for 0x14d
02-26 11:08:16.143 31406 31406 E ArmVmp : Match on catch block at 0xc3 in for 0x149
02-26 11:08:16.195 31406 31406 E ArmVmp : Match on catch block at 0xc3 in for 0x155
02-26 11:08:16.198 31406 31406 E ArmVmp : Match on catch block at 0xc3 in for 0x151
02-26 11:08:16.217 31406 31406 E ArmVmp : Match on catch block at 0xc3 in for 0x141
02-26 11:08:16.219 31406 31406 E ArmVmp : Match on catch block at 0xc3 in for 0x159
02-26 11:08:16.227 31406 31406 E ArmVmp : Match on catch block at 0xc3 in for 0x14d
02-26 11:08:16.232 31406 31406 E ArmVmp : Match on catch block at 0xc3 in for 0x149
02-26 11:08:16.243 31406 31406 E ArmVmp : Match on catch block at 0xc3 in for 0x141
02-26 11:08:16.249 31406 31406 E ArmVmp : Match on catch block at 0xc3 in for 0x159
02-26 11:08:16.258 31406 31406 E ArmVmp : Match on catch block at 0xc3 in for 0x145
02-26 11:08:16.261 31406 31406 E ArmVmp : Match on catch block at 0xc3 in for 0x141
02-26 11:08:16.265 31406 31406 E ArmVmp : Match on catch block at 0xc3 in for 0x149
02-26 11:08:16.269 31406 31406 E ArmVmp : Match on catch block at 0xc3 in for 0x145
02-26 11:08:16.659 31406 31406 E ArmVmp : Match on catch block at 0xc3 in for 0x145
02-26 11:08:16.664 31406 31406 E ArmVmp : Match on catch block at 0xc3 in for 0x141
02-26 11:08:17.159 31406 31406 E ArmVmp : Match on catch block at 0xc3 in for 0x149
02-26 11:08:17.164 31406 31406 E ArmVmp : Match on catch block at 0xc3 in for 0x145
02-26 11:08:17.297 31406 1624 W Parcel : Expecting binder but got null!
02-26 11:08:17.670 31406 31406 E ArmVmp : Match on catch block at 0xc3 in for 0x155
02-26 11:08:17.676 31406 31406 E ArmVmp : Match on catch block at 0xc3 in for 0x151
02-26 11:08:18.171 31406 31406 E ArmVmp : Match on catch block at 0xc3 in for 0x141
02-26 11:08:18.177 31406 31406 E ArmVmp : Match on catch block at 0xc3 in for 0x159
02-26 11:08:18.678 31406 31406 E ArmVmp : Match on catch block at 0xc3 in for 0x145
02-26 11:08:18.685 31406 31406 E ArmVmp : Match on catch block at 0xc3 in for 0x141
02-26 11:08:19.182 31406 31406 E ArmVmp : Match on catch block at 0xc3 in for 0x151
02-26 11:08:19.189 31406 31406 E ArmVmp : Match on catch block at 0xc3 in for 0x14d
02-26 11:08:19.679 31406 31406 E ArmVmp : Match on catch block at 0xc3 in for 0x159
02-26 11:08:19.685 31406 31406 E ArmVmp : Match on catch block at 0xc3 in for 0x155
02-26 11:08:20.178 31406 31406 E ArmVmp : Match on catch block at 0xc3 in for 0x141
02-26 11:08:20.183 31406 31406 E ArmVmp : Match on catch block at 0xc3 in for 0x159
02-26 11:08:20.679 31406 31406 E ArmVmp : Match on catch block at 0xc3 in for 0x145
02-26 11:08:20.686 31406 31406 E ArmVmp : Match on catch block at 0xc3 in for 0x141
02-26 11:08:20.859 31406 31406 E ArmVmp : Match on catch block at 0xc3 in for 0x159
02-26 11:08:20.862 31406 31406 E ArmVmp : Match on catch block at 0xc3 in for 0x155
02-26 11:08:21.030 31406 31406 E ArmVmp : Match on catch block at 0xc3 in for 0x151
02-26 11:08:21.034 31406 31406 E ArmVmp : Match on catch block at 0xc3 in for 0x14d
02-26 11:08:21.049 31406 31406 E ArmVmp : Match on catch block at 0xc3 in for 0x14d
02-26 11:08:21.054 31406 31406 E ArmVmp : Match on catch block at 0xc3 in for 0x149
02-26 11:08:21.059 31406 31406 E ArmVmp : Match on catch block at 0xc3 in for 0x141
02-26 11:08:21.063 31406 31406 E ArmVmp : Match on catch block at 0xc3 in for 0x159
02-26 11:08:21.067 31406 31406 E ArmVmp : Match on catch block at 0xc3 in for 0x151
02-26 11:08:21.071 31406 31406 E ArmVmp : Match on catch block at 0xc3 in for 0x14d
02-26 11:08:21.075 31406 31406 E ArmVmp : Match on catch block at 0xc3 in for 0x145
02-26 11:08:21.077 31406 31406 E ArmVmp : Match on catch block at 0xc3 in for 0x141
02-26 11:08:21.081 31406 31406 E ArmVmp : Match on catch block at 0xc3 in for 0x155
02-26 11:08:21.084 31406 31406 E ArmVmp : Match on catch block at 0xc3 in for 0x151
02-26 11:08:21.088 31406 31406 E ArmVmp : Match on catch block at 0xc3 in for 0x149
02-26 11:08:21.091 31406 31406 E ArmVmp : Match on catch block at 0xc3 in for 0x145
02-26 11:08:21.096 31406 31406 E ArmVmp : Match on catch block at 0xc3 in for 0x159
02-26 11:08:21.099 31406 31406 E ArmVmp : Match on catch block at 0xc3 in for 0x155
02-26 11:08:21.104 31406 31406 E ArmVmp : Match on catch block at 0xc3 in for 0x14d
02-26 11:08:21.108 31406 31406 E ArmVmp : Match on catch block at 0xc3 in for 0x149
02-26 11:08:21.113 31406 31406 E ArmVmp : Match on catch block at 0xc3 in for 0x141
02-26 11:08:21.117 31406 31406 E ArmVmp : Match on catch block at 0xc3 in for 0x159
02-26 11:08:21.122 31406 31406 E ArmVmp : Match on catch block at 0xc3 in for 0x151
02-26 11:08:21.125 31406 31406 E ArmVmp : Match on catch block at 0xc3 in for 0x14d
02-26 11:08:21.133 31406 31406 E ArmVmp : Match on catch block at 0xc3 in for 0x141
02-26 11:08:21.136 31406 31406 E ArmVmp : Match on catch block at 0xc3 in for 0x159
02-26 11:08:21.139 31406 31406 E ArmVmp : Match on catch block at 0xc3 in for 0x14d
02-26 11:08:21.142 31406 31406 E ArmVmp : Match on catch block at 0xc3 in for 0x149
02-26 11:08:21.147 31406 31406 E ArmVmp : Match on catch block at 0xc3 in for 0x159
02-26 11:08:21.149 31406 31406 E ArmVmp : Match on catch block at 0xc3 in for 0x155
02-26 11:08:21.154 31406 31406 E ArmVmp : Match on catch block at 0xc3 in for 0x149
02-26 11:08:21.157 31406 31406 E ArmVmp : Match on catch block at 0xc3 in for 0x145
02-26 11:08:21.162 31406 31406 E ArmVmp : Match on catch block at 0xc3 in for 0x155
02-26 11:08:21.166 31406 31406 E ArmVmp : Match on catch block at 0xc3 in for 0x151
02-26 11:08:21.171 31406 31406 E ArmVmp : Match on catch block at 0xc3 in for 0x145
02-26 11:08:21.174 31406 31406 E ArmVmp : Match on catch block at 0xc3 in for 0x141
02-26 11:08:21.179 31406 31406 E ArmVmp : Match on catch block at 0xc3 in for 0x151
02-26 11:08:21.183 31406 31406 E ArmVmp : Match on catch block at 0xc3 in for 0x14d
02-26 11:08:21.187 31406 31406 E ArmVmp : Match on catch block at 0xc3 in for 0x141
02-26 11:08:21.191 31406 31406 E ArmVmp : Match on catch block at 0xc3 in for 0x159
02-26 11:08:21.196 31406 31406 E ArmVmp : Match on catch block at 0xc3 in for 0x14d
02-26 11:08:21.200 31406 31406 E ArmVmp : Match on catch block at 0xc3 in for 0x149
02-26 11:08:21.214 31406 31406 E ArmVmp : Match on catch block at 0xc3 in for 0x159
02-26 11:08:21.217 31406 31406 E ArmVmp : Match on catch block at 0xc3 in for 0x155
02-26 11:08:21.220 31406 31406 E ArmVmp : Match on catch block at 0xc3 in for 0x149
02-26 11:08:21.222 31406 31406 E ArmVmp : Match on catch block at 0xc3 in for 0x145
02-26 11:08:21.229 31406 31406 E ArmVmp : Match on catch block at 0xc3 in for 0x155
02-26 11:08:21.231 31406 31406 E ArmVmp : Match on catch block at 0xc3 in for 0x151
02-26 11:08:21.237 31406 31406 E ArmVmp : Match on catch block at 0xc3 in for 0x145
02-26 11:08:21.241 31406 31406 E ArmVmp : Match on catch block at 0xc3 in for 0x141
02-26 11:08:21.246 31406 31406 E ArmVmp : Match on catch block at 0xc3 in for 0x151
02-26 11:08:21.249 31406 31406 E ArmVmp : Match on catch block at 0xc3 in for 0x14d
02-26 11:08:21.254 31406 31406 E ArmVmp : Match on catch block at 0xc3 in for 0x141
02-26 11:08:21.257 31406 31406 E ArmVmp : Match on catch block at 0xc3 in for 0x159
02-26 11:08:21.262 31406 31406 E ArmVmp : Match on catch block at 0xc3 in for 0x14d
02-26 11:08:21.265 31406 31406 E ArmVmp : Match on catch block at 0xc3 in for 0x149
02-26 11:08:21.298 31406 31406 E ArmVmp : Match on catch block at 0xc3 in for 0x141
02-26 11:08:21.301 31406 31406 E ArmVmp : Match on catch block at 0xc3 in for 0x159
02-26 11:08:21.305 31406 31406 E ArmVmp : Match on catch block at 0xc3 in for 0x14d
02-26 11:08:21.308 31406 31406 E ArmVmp : Match on catch block at 0xc3 in for 0x149
02-26 11:08:21.314 31406 31406 E ArmVmp : Match on catch block at 0xc3 in for 0x155
02-26 11:08:21.317 31406 31406 E ArmVmp : Match on catch block at 0xc3 in for 0x151
02-26 11:08:21.322 31406 31406 E ArmVmp : Match on catch block at 0xc3 in for 0x151
02-26 11:08:21.325 31406 31406 E ArmVmp : Match on catch block at 0xc3 in for 0x14d
02-26 11:08:21.329 31406 31406 E ArmVmp : Match on catch block at 0xc3 in for 0x141
02-26 11:08:21.331 31406 31406 E ArmVmp : Match on catch block at 0xc3 in for 0x159
02-26 11:08:21.337 31406 31406 E ArmVmp : Match on catch block at 0xc3 in for 0x14d
02-26 11:08:21.340 31406 31406 E ArmVmp : Match on catch block at 0xc3 in for 0x149
02-26 11:08:21.346 31406 31406 E ArmVmp : Match on catch block at 0xc3 in for 0x159
02-26 11:08:21.349 31406 31406 E ArmVmp : Match on catch block at 0xc3 in for 0x155
02-26 11:08:21.356 31406 31406 E ArmVmp : Match on catch block at 0xc3 in for 0x149
02-26 11:08:21.362 31406 31406 E ArmVmp : Match on catch block at 0xc3 in for 0x145
02-26 11:08:21.366 31406 31406 E ArmVmp : Match on catch block at 0xc3 in for 0x155
02-26 11:08:21.369 31406 31406 E ArmVmp : Match on catch block at 0xc3 in for 0x151
02-26 11:08:21.374 31406 31406 E ArmVmp : Match on catch block at 0xc3 in for 0x14d
02-26 11:08:21.377 31406 31406 E ArmVmp : Match on catch block at 0xc3 in for 0x149
02-26 11:08:21.380 31406 31406 E ArmVmp : Match on catch block at 0xc3 in for 0x159
02-26 11:08:21.383 31406 31406 E ArmVmp : Match on catch block at 0xc3 in for 0x155
02-26 11:08:21.387 31406 31406 E ArmVmp : Match on catch block at 0xc3 in for 0x149
02-26 11:08:21.389 31406 31406 E ArmVmp : Match on catch block at 0xc3 in for 0x145
02-26 11:08:21.395 31406 31406 E ArmVmp : Match on catch block at 0xc3 in for 0x155
02-26 11:08:21.398 31406 31406 E ArmVmp : Match on catch block at 0xc3 in for 0x151
02-26 11:08:21.404 31406 31406 E ArmVmp : Match on catch block at 0xc3 in for 0x155
02-26 11:08:21.409 31406 31406 E ArmVmp : Match on catch block at 0xc3 in for 0x151
02-26 11:08:21.413 31406 31406 E ArmVmp : Match on catch block at 0xc3 in for 0x155
02-26 11:08:21.417 31406 31406 E ArmVmp : Match on catch block at 0xc3 in for 0x151
02-26 11:08:21.422 31406 31406 E ArmVmp : Match on catch block at 0xc3 in for 0x14d
02-26 11:08:21.425 31406 31406 E ArmVmp : Match on catch block at 0xc3 in for 0x149
02-26 11:08:21.541 31406 31406 E ArmVmp : Match on catch block at 0xc3 in for 0x149
02-26 11:08:21.545 31406 31406 E ArmVmp : Match on catch block at 0xc3 in for 0x145
02-26 11:08:21.549 31406 31406 E ArmVmp : Match on catch block at 0xc3 in for 0x159
02-26 11:08:21.553 31406 31406 E ArmVmp : Match on catch block at 0xc3 in for 0x155
02-26 11:08:21.558 31406 31406 E ArmVmp : Match on catch block at 0xc3 in for 0x14d
02-26 11:08:21.564 31406 31406 E ArmVmp : Match on catch block at 0xc3 in for 0x149
02-26 11:08:21.568 31406 31406 E ArmVmp : Match on catch block at 0xc3 in for 0x141
02-26 11:08:21.571 31406 31406 E ArmVmp : Match on catch block at 0xc3 in for 0x159
02-26 11:08:21.575 31406 31406 E ArmVmp : Match on catch block at 0xc3 in for 0x151
02-26 11:08:21.577 31406 31406 E ArmVmp : Match on catch block at 0xc3 in for 0x14d
02-26 11:08:21.581 31406 31406 E ArmVmp : Match on catch block at 0xc3 in for 0x145
02-26 11:08:21.585 31406 31406 E ArmVmp : Match on catch block at 0xc3 in for 0x141
02-26 11:08:21.589 31406 31406 E ArmVmp : Match on catch block at 0xc3 in for 0x155
02-26 11:08:21.592 31406 31406 E ArmVmp : Match on catch block at 0xc3 in for 0x151
02-26 11:08:21.597 31406 31406 E ArmVmp : Match on catch block at 0xc3 in for 0x149
02-26 11:08:21.600 31406 31406 E ArmVmp : Match on catch block at 0xc3 in for 0x145
02-26 11:08:21.605 31406 31406 E ArmVmp : Match on catch block at 0xc3 in for 0x159
02-26 11:08:21.608 31406 31406 E ArmVmp : Match on catch block at 0xc3 in for 0x155
02-26 11:08:21.613 31406 31406 E ArmVmp : Match on catch block at 0xc3 in for 0x14d
02-26 11:08:21.616 31406 31406 E ArmVmp : Match on catch block at 0xc3 in for 0x149
02-26 11:08:21.621 31406 31406 E ArmVmp : Match on catch block at 0xc3 in for 0x141
02-26 11:08:21.625 31406 31406 E ArmVmp : Match on catch block at 0xc3 in for 0x159
02-26 11:08:21.630 31406 31406 E ArmVmp : Match on catch block at 0xc3 in for 0x151
02-26 11:08:21.633 31406 31406 E ArmVmp : Match on catch block at 0xc3 in for 0x14d
02-26 11:08:21.638 31406 31406 E ArmVmp : Match on catch block at 0xc3 in for 0x145
02-26 11:08:21.642 31406 31406 E ArmVmp : Match on catch block at 0xc3 in for 0x141
02-26 11:08:21.648 31406 31406 E ArmVmp : Match on catch block at 0xc3 in for 0x151
02-26 11:08:21.651 31406 31406 E ArmVmp : Match on catch block at 0xc3 in for 0x14d
02-26 11:08:21.654 31406 31406 E ArmVmp : Match on catch block at 0xc3 in for 0x141
02-26 11:08:21.657 31406 31406 E ArmVmp : Match on catch block at 0xc3 in for 0x159
02-26 11:08:21.662 31406 31406 E ArmVmp : Match on catch block at 0xc3 in for 0x14d
02-26 11:08:21.666 31406 31406 E ArmVmp : Match on catch block at 0xc3 in for 0x149
02-26 11:08:21.671 31406 31406 E ArmVmp : Match on catch block at 0xc3 in for 0x159
02-26 11:08:21.674 31406 31406 E ArmVmp : Match on catch block at 0xc3 in for 0x155
02-26 11:08:21.680 31406 31406 E ArmVmp : Match on catch block at 0xc3 in for 0x149
02-26 11:08:21.683 31406 31406 E ArmVmp : Match on catch block at 0xc3 in for 0x145
02-26 11:08:21.688 31406 31406 E ArmVmp : Match on catch block at 0xc3 in for 0x155
02-26 11:08:21.691 31406 31406 E ArmVmp : Match on catch block at 0xc3 in for 0x151
02-26 11:08:21.696 31406 31406 E ArmVmp : Match on catch block at 0xc3 in for 0x145
02-26 11:08:21.699 31406 31406 E ArmVmp : Match on catch block at 0xc3 in for 0x141
02-26 11:08:21.704 31406 31406 E ArmVmp : Match on catch block at 0xc3 in for 0x151
02-26 11:08:21.707 31406 31406 E ArmVmp : Match on catch block at 0xc3 in for 0x14d
02-26 11:08:21.712 31406 31406 E ArmVmp : Match on catch block at 0xc3 in for 0x141
02-26 11:08:21.716 31406 31406 E ArmVmp : Match on catch block at 0xc3 in for 0x159
02-26 11:08:21.721 31406 31406 E ArmVmp : Match on catch block at 0xc3 in for 0x14d
02-26 11:08:21.723 31406 31406 E ArmVmp : Match on catch block at 0xc3 in for 0x149
02-26 11:08:21.729 31406 31406 E ArmVmp : Match on catch block at 0xc3 in for 0x159
02-26 11:08:21.732 31406 31406 E ArmVmp : Match on catch block at 0xc3 in for 0x155
02-26 11:08:21.738 31406 31406 E ArmVmp : Match on catch block at 0xc3 in for 0x149
02-26 11:08:21.742 31406 31406 E ArmVmp : Match on catch block at 0xc3 in for 0x145
02-26 11:08:21.746 31406 31406 E ArmVmp : Match on catch block at 0xc3 in for 0x155
02-26 11:08:21.749 31406 31406 E ArmVmp : Match on catch block at 0xc3 in for 0x151
02-26 11:08:21.754 31406 31406 E ArmVmp : Match on catch block at 0xc3 in for 0x145
02-26 11:08:21.757 31406 31406 E ArmVmp : Match on catch block at 0xc3 in for 0x141
02-26 11:08:21.764 31406 31406 E ArmVmp : Match on catch block at 0xc3 in for 0x159
02-26 11:08:21.769 31406 31406 E ArmVmp : Match on catch block at 0xc3 in for 0x155
02-26 11:08:21.773 31406 31406 E ArmVmp : Match on catch block at 0xc3 in for 0x149
02-26 11:08:21.777 31406 31406 E ArmVmp : Match on catch block at 0xc3 in for 0x145
02-26 11:08:21.787 31406 31406 E ArmVmp : Match on catch block at 0xc3 in for 0x155
02-26 11:08:21.790 31406 31406 E ArmVmp : Match on catch block at 0xc3 in for 0x151
02-26 11:08:21.796 31406 31406 E ArmVmp : Match on catch block at 0xc3 in for 0x155
02-26 11:08:21.799 31406 31406 E ArmVmp : Match on catch block at 0xc3 in for 0x151
02-26 11:08:21.804 31406 31406 E ArmVmp : Match on catch block at 0xc3 in for 0x151
02-26 11:08:21.807 31406 31406 E ArmVmp : Match on catch block at 0xc3 in for 0x14d
02-26 11:08:21.813 31406 31406 E ArmVmp : Match on catch block at 0xc3 in for 0x145
02-26 11:08:21.816 31406 31406 E ArmVmp : Match on catch block at 0xc3 in for 0x141
02-26 11:08:21.821 31406 31406 E ArmVmp : Match on catch block at 0xc3 in for 0x159
02-26 11:08:21.825 31406 31406 E ArmVmp : Match on catch block at 0xc3 in for 0x155
02-26 11:08:21.830 31406 31406 E ArmVmp : Match on catch block at 0xc3 in for 0x14d
02-26 11:08:21.833 31406 31406 E ArmVmp : Match on catch block at 0xc3 in for 0x149
02-26 11:08:21.839 31406 31406 E ArmVmp : Match on catch block at 0xc3 in for 0x141
02-26 11:08:21.843 31406 31406 E ArmVmp : Match on catch block at 0xc3 in for 0x159
02-26 11:08:21.847 31406 31406 E ArmVmp : Match on catch block at 0xc3 in for 0x151
02-26 11:08:21.850 31406 31406 E ArmVmp : Match on catch block at 0xc3 in for 0x14d
02-26 11:08:21.854 31406 31406 E ArmVmp : Match on catch block at 0xc3 in for 0x145
02-26 11:08:21.857 31406 31406 E ArmVmp : Match on catch block at 0xc3 in for 0x141
02-26 11:08:21.863 31406 31406 E ArmVmp : Match on catch block at 0xc3 in for 0x155
02-26 11:08:21.866 31406 31406 E ArmVmp : Match on catch block at 0xc3 in for 0x151
02-26 11:08:21.872 31406 31406 E ArmVmp : Match on catch block at 0xc3 in for 0x149
02-26 11:08:21.875 31406 31406 E ArmVmp : Match on catch block at 0xc3 in for 0x145
02-26 11:08:21.879 31406 31406 E ArmVmp : Match on catch block at 0xc3 in for 0x159
02-26 11:08:21.882 31406 31406 E ArmVmp : Match on catch block at 0xc3 in for 0x155
02-26 11:08:21.888 31406 31406 E ArmVmp : Match on catch block at 0xc3 in for 0x14d
02-26 11:08:21.891 31406 31406 E ArmVmp : Match on catch block at 0xc3 in for 0x149
02-26 11:08:21.896 31406 31406 E ArmVmp : Match on catch block at 0xc3 in for 0x141
02-26 11:08:21.899 31406 31406 E ArmVmp : Match on catch block at 0xc3 in for 0x159
02-26 11:08:21.904 31406 31406 E ArmVmp : Match on catch block at 0xc3 in for 0x151
02-26 11:08:21.907 31406 31406 E ArmVmp : Match on catch block at 0xc3 in for 0x14d
02-26 11:08:21.913 31406 31406 E ArmVmp : Match on catch block at 0xc3 in for 0x145
02-26 11:08:21.917 31406 31406 E ArmVmp : Match on catch block at 0xc3 in for 0x141
02-26 11:08:21.923 31406 31406 E ArmVmp : Match on catch block at 0xc3 in for 0x155
02-26 11:08:21.927 31406 31406 E ArmVmp : Match on catch block at 0xc3 in for 0x151
02-26 11:08:21.931 31406 31406 E ArmVmp : Match on catch block at 0xc3 in for 0x149
02-26 11:08:21.933 31406 31406 E ArmVmp : Match on catch block at 0xc3 in for 0x145
02-26 11:08:21.938 31406 31406 E ArmVmp : Match on catch block at 0xc3 in for 0x159
02-26 11:08:21.940 31406 31406 E ArmVmp : Match on catch block at 0xc3 in for 0x155
02-26 11:08:21.946 31406 31406 E ArmVmp : Match on catch block at 0xc3 in for 0x14d
02-26 11:08:21.949 31406 31406 E ArmVmp : Match on catch block at 0xc3 in for 0x149
02-26 11:08:21.955 31406 31406 E ArmVmp : Match on catch block at 0xc3 in for 0x141
02-26 11:08:21.958 31406 31406 E ArmVmp : Match on catch block at 0xc3 in for 0x159
02-26 11:08:21.963 31406 31406 E ArmVmp : Match on catch block at 0xc3 in for 0x151
02-26 11:08:21.966 31406 31406 E ArmVmp : Match on catch block at 0xc3 in for 0x14d
02-26 11:08:21.972 31406 31406 E ArmVmp : Match on catch block at 0xc3 in for 0x145
02-26 11:08:21.975 31406 31406 E ArmVmp : Match on catch block at 0xc3 in for 0x141
02-26 11:08:21.979 31406 31406 E ArmVmp : Match on catch block at 0xc3 in for 0x155
02-26 11:08:21.983 31406 31406 E ArmVmp : Match on catch block at 0xc3 in for 0x151
02-26 11:08:21.988 31406 31406 E ArmVmp : Match on catch block at 0xc3 in for 0x149
02-26 11:08:21.991 31406 31406 E ArmVmp : Match on catch block at 0xc3 in for 0x145
02-26 11:08:21.997 31406 31406 E ArmVmp : Match on catch block at 0xc3 in for 0x159
02-26 11:08:22.001 31406 31406 E ArmVmp : Match on catch block at 0xc3 in for 0x155
02-26 11:08:22.005 31406 31406 E ArmVmp : Match on catch block at 0xc3 in for 0x14d
02-26 11:08:22.008 31406 31406 E ArmVmp : Match on catch block at 0xc3 in for 0x149
02-26 11:08:22.013 31406 31406 E ArmVmp : Match on catch block at 0xc3 in for 0x141
02-26 11:08:22.017 31406 31406 E ArmVmp : Match on catch block at 0xc3 in for 0x159
02-26 11:08:22.021 31406 31406 E ArmVmp : Match on catch block at 0xc3 in for 0x151
02-26 11:08:22.024 31406 31406 E ArmVmp : Match on catch block at 0xc3 in for 0x14d
02-26 11:08:22.030 31406 31406 E ArmVmp : Match on catch block at 0xc3 in for 0x145
02-26 11:08:22.033 31406 31406 E ArmVmp : Match on catch block at 0xc3 in for 0x141
02-26 11:08:22.038 31406 31406 E ArmVmp : Match on catch block at 0xc3 in for 0x155
02-26 11:08:22.041 31406 31406 E ArmVmp : Match on catch block at 0xc3 in for 0x151
02-26 11:08:22.046 31406 31406 E ArmVmp : Match on catch block at 0xc3 in for 0x149
02-26 11:08:22.049 31406 31406 E ArmVmp : Match on catch block at 0xc3 in for 0x145
02-26 11:08:22.054 31406 31406 E ArmVmp : Match on catch block at 0xc3 in for 0x145
02-26 11:08:22.057 31406 31406 E ArmVmp : Match on catch block at 0xc3 in for 0x141
02-26 11:08:22.062 31406 31406 E ArmVmp : Match on catch block at 0xc3 in for 0x151
02-26 11:08:22.065 31406 31406 E ArmVmp : Match on catch block at 0xc3 in for 0x14d
02-26 11:08:22.071 31406 31406 E ArmVmp : Match on catch block at 0xc3 in for 0x141
02-26 11:08:22.074 31406 31406 E ArmVmp : Match on catch block at 0xc3 in for 0x159
02-26 11:08:22.079 31406 31406 E ArmVmp : Match on catch block at 0xc3 in for 0x14d
02-26 11:08:22.083 31406 31406 E ArmVmp : Match on catch block at 0xc3 in for 0x149
02-26 11:08:22.087 31406 31406 E ArmVmp : Match on catch block at 0xc3 in for 0x159
02-26 11:08:22.091 31406 31406 E ArmVmp : Match on catch block at 0xc3 in for 0x155
02-26 11:08:22.096 31406 31406 E ArmVmp : Match on catch block at 0xc3 in for 0x149
02-26 11:08:22.099 31406 31406 E ArmVmp : Match on catch block at 0xc3 in for 0x145
02-26 11:08:22.104 31406 31406 E ArmVmp : Match on catch block at 0xc3 in for 0x155
02-26 11:08:22.107 31406 31406 E ArmVmp : Match on catch block at 0xc3 in for 0x151
02-26 11:08:22.113 31406 31406 E ArmVmp : Match on catch block at 0xc3 in for 0x145
02-26 11:08:22.116 31406 31406 E ArmVmp : Match on catch block at 0xc3 in for 0x141
02-26 11:08:22.121 31406 31406 E ArmVmp : Match on catch block at 0xc3 in for 0x151
02-26 11:08:22.124 31406 31406 E ArmVmp : Match on catch block at 0xc3 in for 0x14d
02-26 11:08:22.129 31406 31406 E ArmVmp : Match on catch block at 0xc3 in for 0x141
02-26 11:08:22.132 31406 31406 E ArmVmp : Match on catch block at 0xc3 in for 0x159
02-26 11:08:22.138 31406 31406 E ArmVmp : Match on catch block at 0xc3 in for 0x14d
02-26 11:08:22.141 31406 31406 E ArmVmp : Match on catch block at 0xc3 in for 0x149
02-26 11:08:22.146 31406 31406 E ArmVmp : Match on catch block at 0xc3 in for 0x159
02-26 11:08:22.149 31406 31406 E ArmVmp : Match on catch block at 0xc3 in for 0x155
02-26 11:08:22.154 31406 31406 E ArmVmp : Match on catch block at 0xc3 in for 0x149
02-26 11:08:22.158 31406 31406 E ArmVmp : Match on catch block at 0xc3 in for 0x145
02-26 11:08:22.163 31406 31406 E ArmVmp : Match on catch block at 0xc3 in for 0x155
02-26 11:08:22.166 31406 31406 E ArmVmp : Match on catch block at 0xc3 in for 0x151
02-26 11:08:22.171 31406 31406 E ArmVmp : Match on catch block at 0xc3 in for 0x145
02-26 11:08:22.174 31406 31406 E ArmVmp : Match on catch block at 0xc3 in for 0x141
02-26 11:08:22.179 31406 31406 E ArmVmp : Match on catch block at 0xc3 in for 0x151
02-26 11:08:22.183 31406 31406 E ArmVmp : Match on catch block at 0xc3 in for 0x14d
02-26 11:08:22.187 31406 31406 E ArmVmp : Match on catch block at 0xc3 in for 0x141
02-26 11:08:22.191 31406 31406 E ArmVmp : Match on catch block at 0xc3 in for 0x159
02-26 11:08:22.196 31406 31406 E ArmVmp : Match on catch block at 0xc3 in for 0x14d
02-26 11:08:22.199 31406 31406 E ArmVmp : Match on catch block at 0xc3 in for 0x149
02-26 11:08:22.204 31406 31406 E ArmVmp : Match on catch block at 0xc3 in for 0x159
02-26 11:08:22.207 31406 31406 E ArmVmp : Match on catch block at 0xc3 in for 0x155
02-26 11:08:22.213 31406 31406 E ArmVmp : Match on catch block at 0xc3 in for 0x149
02-26 11:08:22.216 31406 31406 E ArmVmp : Match on catch block at 0xc3 in for 0x145
02-26 11:08:22.221 31406 31406 E ArmVmp : Match on catch block at 0xc3 in for 0x155
02-26 11:08:22.224 31406 31406 E ArmVmp : Match on catch block at 0xc3 in for 0x151
02-26 11:08:22.229 31406 31406 E ArmVmp : Match on catch block at 0xc3 in for 0x145
02-26 11:08:22.232 31406 31406 E ArmVmp : Match on catch block at 0xc3 in for 0x141
02-26 11:08:22.238 31406 31406 E ArmVmp : Match on catch block at 0xc3 in for 0x151
02-26 11:08:22.242 31406 31406 E ArmVmp : Match on catch block at 0xc3 in for 0x14d
02-26 11:08:22.246 31406 31406 E ArmVmp : Match on catch block at 0xc3 in for 0x141
02-26 11:08:22.250 31406 31406 E ArmVmp : Match on catch block at 0xc3 in for 0x159
02-26 11:08:22.254 31406 31406 E ArmVmp : Match on catch block at 0xc3 in for 0x14d
02-26 11:08:22.257 31406 31406 E ArmVmp : Match on catch block at 0xc3 in for 0x149
02-26 11:08:22.262 31406 31406 E ArmVmp : Match on catch block at 0xc3 in for 0x159
02-26 11:08:22.265 31406 31406 E ArmVmp : Match on catch block at 0xc3 in for 0x155
02-26 11:08:22.271 31406 31406 E ArmVmp : Match on catch block at 0xc3 in for 0x149
02-26 11:08:22.274 31406 31406 E ArmVmp : Match on catch block at 0xc3 in for 0x145
02-26 11:08:22.279 31406 31406 E ArmVmp : Match on catch block at 0xc3 in for 0x155
02-26 11:08:22.283 31406 31406 E ArmVmp : Match on catch block at 0xc3 in for 0x151
02-26 11:08:22.288 31406 31406 E ArmVmp : Match on catch block at 0xc3 in for 0x145
02-26 11:08:22.291 31406 31406 E ArmVmp : Match on catch block at 0xc3 in for 0x141
02-26 11:08:22.296 31406 31406 E ArmVmp : Match on catch block at 0xc3 in for 0x151
02-26 11:08:22.299 31406 31406 E ArmVmp : Match on catch block at 0xc3 in for 0x14d
02-26 11:08:22.304 31406 31406 E ArmVmp : Match on catch block at 0xc3 in for 0x141
02-26 11:08:22.308 31406 31406 E ArmVmp : Match on catch block at 0xc3 in for 0x159
02-26 11:08:22.313 31406 31406 E ArmVmp : Match on catch block at 0xc3 in for 0x14d
02-26 11:08:22.316 31406 31406 E ArmVmp : Match on catch block at 0xc3 in for 0x149
02-26 11:08:22.321 31406 31406 E ArmVmp : Match on catch block at 0xc3 in for 0x159
02-26 11:08:22.324 31406 31406 E ArmVmp : Match on catch block at 0xc3 in for 0x155
02-26 11:08:22.329 31406 31406 E ArmVmp : Match on catch block at 0xc3 in for 0x149
02-26 11:08:22.332 31406 31406 E ArmVmp : Match on catch block at 0xc3 in for 0x145
02-26 11:08:22.338 31406 31406 E ArmVmp : Match on catch block at 0xc3 in for 0x155
02-26 11:08:22.341 31406 31406 E ArmVmp : Match on catch block at 0xc3 in for 0x151
02-26 11:08:22.346 31406 31406 E ArmVmp : Match on catch block at 0xc3 in for 0x145
02-26 11:08:22.349 31406 31406 E ArmVmp : Match on catch block at 0xc3 in for 0x141
02-26 11:08:22.354 31406 31406 E ArmVmp : Match on catch block at 0xc3 in for 0x151
02-26 11:08:22.357 31406 31406 E ArmVmp : Match on catch block at 0xc3 in for 0x14d
02-26 11:08:22.363 31406 31406 E ArmVmp : Match on catch block at 0xc3 in for 0x141
02-26 11:08:22.367 31406 31406 E ArmVmp : Match on catch block at 0xc3 in for 0x159
02-26 11:08:22.371 31406 31406 E ArmVmp : Match on catch block at 0xc3 in for 0x14d
02-26 11:08:22.374 31406 31406 E ArmVmp : Match on catch block at 0xc3 in for 0x149
02-26 11:08:22.379 31406 31406 E ArmVmp : Match on catch block at 0xc3 in for 0x159
02-26 11:08:22.383 31406 31406 E ArmVmp : Match on catch block at 0xc3 in for 0x155
02-26 11:08:22.388 31406 31406 E ArmVmp : Match on catch block at 0xc3 in for 0x149
02-26 11:08:22.391 31406 31406 E ArmVmp : Match on catch block at 0xc3 in for 0x145
02-26 11:08:22.396 31406 31406 E ArmVmp : Match on catch block at 0xc3 in for 0x155
02-26 11:08:22.400 31406 31406 E ArmVmp : Match on catch block at 0xc3 in for 0x151
02-26 11:08:22.405 31406 31406 E ArmVmp : Match on catch block at 0xc3 in for 0x145
02-26 11:08:22.408 31406 31406 E ArmVmp : Match on catch block at 0xc3 in for 0x141
02-26 11:08:22.412 31406 31406 E ArmVmp : Match on catch block at 0xc3 in for 0x149
02-26 11:08:22.416 31406 31406 E ArmVmp : Match on catch block at 0xc3 in for 0x145
02-26 11:08:22.691 31406 31406 E ArmVmp : Match on catch block at 0xc3 in for 0x151
02-26 11:08:22.698 31406 31406 E ArmVmp : Match on catch block at 0xc3 in for 0x14d
02-26 11:08:22.817 31406 31406 E ArmVmp : Match on catch block at 0xc3 in for 0x155
02-26 11:08:22.823 31406 31406 E ArmVmp : Match on catch block at 0xc3 in for 0x151
02-26 11:08:22.830 31406 31406 E ArmVmp : Match on catch block at 0xc3 in for 0x159
02-26 11:08:22.835 31406 31406 E ArmVmp : Match on catch block at 0xc3 in for 0x155
02-26 11:08:22.840 31406 31406 E ArmVmp : Match on catch block at 0xc3 in for 0x141
02-26 11:08:22.844 31406 31406 E ArmVmp : Match on catch block at 0xc3 in for 0x159
02-26 11:08:22.848 31406 31406 E ArmVmp : Match on catch block at 0xc3 in for 0x145
02-26 11:08:22.852 31406 31406 E ArmVmp : Match on catch block at 0xc3 in for 0x141
02-26 11:08:22.855 31406 31406 E ArmVmp : Match on catch block at 0xc3 in for 0x149
02-26 11:08:22.859 31406 31406 E ArmVmp : Match on catch block at 0xc3 in for 0x145
02-26 11:08:22.864 31406 31406 E ArmVmp : Match on catch block at 0xc3 in for 0x14d
02-26 11:08:22.868 31406 31406 E ArmVmp : Match on catch block at 0xc3 in for 0x149
02-26 11:08:22.872 31406 31406 E ArmVmp : Match on catch block at 0xc3 in for 0x151
02-26 11:08:22.877 31406 31406 E ArmVmp : Match on catch block at 0xc3 in for 0x14d
02-26 11:08:22.881 31406 31406 E ArmVmp : Match on catch block at 0xc3 in for 0x155
02-26 11:08:22.885 31406 31406 E ArmVmp : Match on catch block at 0xc3 in for 0x151
02-26 11:08:22.889 31406 31406 E ArmVmp : Match on catch block at 0xc3 in for 0x159
02-26 11:08:22.893 31406 31406 E ArmVmp : Match on catch block at 0xc3 in for 0x155
02-26 11:08:22.896 31406 31406 E ArmVmp : Match on catch block at 0xc3 in for 0x141
02-26 11:08:22.898 31406 31406 E ArmVmp : Match on catch block at 0xc3 in for 0x159
02-26 11:08:22.905 31406 31406 E ArmVmp : Match on catch block at 0xc3 in for 0x145
02-26 11:08:22.907 31406 31406 E ArmVmp : Match on catch block at 0xc3 in for 0x141
02-26 11:08:22.914 31406 31406 E ArmVmp : Match on catch block at 0xc3 in for 0x149
02-26 11:08:22.917 31406 31406 E ArmVmp : Match on catch block at 0xc3 in for 0x145
02-26 11:08:22.922 31406 31406 E ArmVmp : Match on catch block at 0xc3 in for 0x14d
