02-26 13:26:33.906 7775 7775 E ArmVmp : Match on catch block at 0xc3 in for 0x141
02-26 13:26:33.908 7775 7775 E ArmVmp : Match on catch block at 0xc3 in for 0x159
02-26 13:26:33.908 7775 7775 E ArmVmp : Match on catch block at 0xc3 in for 0x141
02-26 13:26:33.975 7775 7775 E ArmVmp : Match on catch block at 0xc3 in for 0x141
02-26 13:26:33.978 7775 7775 E ArmVmp : Match on catch block at 0xc3 in for 0x159
02-26 13:26:33.979 7775 7775 E ArmVmp : Match on catch block at 0xc3 in for 0x141
02-26 13:26:34.031 7775 7775 E ArmVmp : Match on catch block at 0xc3 in for 0x141
02-26 13:26:34.032 7775 7775 E ArmVmp : Match on catch block at 0xc3 in for 0x159
02-26 13:26:34.033 7775 7775 E ArmVmp : Match on catch block at 0xc3 in for 0x141
02-26 13:26:34.098 7775 7775 E ArmVmp : Match on catch block at 0xc3 in for 0x141
02-26 13:26:34.100 7775 7775 E ArmVmp : Match on catch block at 0xc3 in for 0x159
02-26 13:26:34.101 7775 7775 E ArmVmp : Match on catch block at 0xc3 in for 0x141
02-26 13:26:34.106 7775 7775 E ArmVmp : Match on catch block at 0xc3 in for 0x141
02-26 13:26:34.107 7775 7775 E ArmVmp : Match on catch block at 0xc3 in for 0x159
02-26 13:26:34.109 7775 7775 E ArmVmp : Match on catch block at 0xc3 in for 0x141
02-26 13:26:34.164 7775 7775 E ArmVmp : Match on catch block at 0xc3 in for 0x141
02-26 13:26:34.165 7775 7775 E ArmVmp : Match on catch block at 0xc3 in for 0x159
02-26 13:26:34.166 7775 7775 E ArmVmp : Match on catch block at 0xc3 in for 0x141
02-26 13:26:34.231 7775 7775 E ArmVmp : Match on catch block at 0xc3 in for 0x141
02-26 13:26:34.232 7775 7775 E ArmVmp : Match on catch block at 0xc3 in for 0x159
02-26 13:26:34.233 7775 7775 E ArmVmp : Match on catch block at 0xc3 in for 0x141
02-26 13:26:34.299 7775 7775 E ArmVmp : Match on catch block at 0xc3 in for 0x141
02-26 13:26:34.302 7775 7775 E ArmVmp : Match on catch block at 0xc3 in for 0x159
02-26 13:26:34.303 7775 7775 E ArmVmp : Match on catch block at 0xc3 in for 0x141
02-26 13:26:34.357 7775 7775 E ArmVmp : Match on catch block at 0xc3 in for 0x141
02-26 13:26:34.359 7775 7775 E ArmVmp : Match on catch block at 0xc3 in for 0x159
02-26 13:26:34.360 7775 7775 E ArmVmp : Match on catch block at 0xc3 in for 0x141
02-26 13:26:34.425 7775 7775 E ArmVmp : Match on catch block at 0xc3 in for 0x155
02-26 13:26:34.427 7775 7775 E ArmVmp : Match on catch block at 0xc3 in for 0x151
02-26 13:26:34.429 7775 7775 E ArmVmp : Match on catch block at 0xc3 in for 0x155
02-26 13:26:34.490 7775 7775 E ArmVmp : Match on catch block at 0xc3 in for 0x145
02-26 13:26:34.492 7775 7775 E ArmVmp : Match on catch block at 0xc3 in for 0x141
02-26 13:26:34.494 7775 7775 E ArmVmp : Match on catch block at 0xc3 in for 0x145
02-26 13:26:34.532 7775 7775 E ArmVmp : Match on catch block at 0xc3 in for 0x141
02-26 13:26:34.534 7775 7775 E ArmVmp : Match on catch block at 0xc3 in for 0x159
02-26 13:26:34.535 7775 7775 E ArmVmp : Match on catch block at 0xc3 in for 0x141
02-26 13:26:34.556 7775 7775 E ArmVmp : Match on catch block at 0xc3 in for 0x141
02-26 13:26:34.558 7775 7775 E ArmVmp : Match on catch block at 0xc3 in for 0x159
02-26 13:26:34.559 7775 7775 E ArmVmp : Match on catch block at 0xc3 in for 0x141
02-26 13:26:34.607 7775 7775 E ArmVmp : Match on catch block at 0xc3 in for 0x141
02-26 13:26:34.610 7775 7775 E ArmVmp : Match on catch block at 0xc3 in for 0x159
02-26 13:26:34.611 7775 7775 E ArmVmp : Match on catch block at 0xc3 in for 0x141
02-26 13:26:34.623 7775 7775 E ArmVmp : Match on catch block at 0xc3 in for 0x141
02-26 13:26:34.627 7775 7775 E ArmVmp : Match on catch block at 0xc3 in for 0x159
02-26 13:26:34.630 7775 7775 E ArmVmp : Match on catch block at 0xc3 in for 0x141
02-26 13:26:34.691 7775 7775 E ArmVmp : Match on catch block at 0xc3 in for 0x141
02-26 13:26:34.694 7775 7775 E ArmVmp : Match on catch block at 0xc3 in for 0x159
02-26 13:26:34.695 7775 7775 E ArmVmp : Match on catch block at 0xc3 in for 0x141
02-26 13:26:34.714 7775 7775 W OnBackInvokedCallback: OnBackInvokedCallback is not enabled for the application.
02-26 13:26:34.714 7775 7775 W OnBackInvokedCallback: Set 'android:enableOnBackInvokedCallback="true"' in the application manifest.
02-26 13:26:34.749 7775 7775 E ArmVmp : Match on catch block at 0xc3 in for 0x141
02-26 13:26:34.750 7775 7775 E ArmVmp : Match on catch block at 0xc3 in for 0x159
02-26 13:26:34.752 7775 7775 E ArmVmp : Match on catch block at 0xc3 in for 0x141
02-26 13:26:34.793 7775 7775 E ArmVmp : Match on catch block at 0xc3 in for 0x159
02-26 13:26:34.797 7775 7775 E ArmVmp : Match on catch block at 0xc3 in for 0x155
02-26 13:26:34.806 7775 7775 E ArmVmp : Match on catch block at 0xc3 in for 0x159
02-26 13:26:34.815 7775 7775 E ArmVmp : Match on catch block at 0xc3 in for 0x159
02-26 13:26:34.823 7775 7775 E ArmVmp : Match on catch block at 0xc3 in for 0x155
02-26 13:26:34.829 7775 7775 E ArmVmp : Match on catch block at 0xc3 in for 0x159
02-26 13:26:34.882 7775 7775 E ArmVmp : Match on catch block at 0xc3 in for 0x159
02-26 13:26:34.884 7775 7775 E ArmVmp : Match on catch block at 0xc3 in for 0x155
02-26 13:26:34.887 7775 7775 E ArmVmp : Match on catch block at 0xc3 in for 0x159
02-26 13:26:34.949 7775 7775 E ArmVmp : Match on catch block at 0xc3 in for 0x159
02-26 13:26:34.951 7775 7775 E ArmVmp : Match on catch block at 0xc3 in for 0x155
02-26 13:26:34.952 7775 7775 E ArmVmp : Match on catch block at 0xc3 in for 0x159
02-26 13:26:35.008 7775 7775 E ArmVmp : Match on catch block at 0xc3 in for 0x159
02-26 13:26:35.011 7775 7775 E ArmVmp : Match on catch block at 0xc3 in for 0x155
02-26 13:26:35.013 7775 7775 E ArmVmp : Match on catch block at 0xc3 in for 0x159
02-26 13:26:35.025 7775 7775 E ArmVmp : Match on catch block at 0xc3 in for 0x159
02-26 13:26:35.028 7775 7775 E ArmVmp : Match on catch block at 0xc3 in for 0x155
02-26 13:26:35.029 7775 7775 E ArmVmp : Match on catch block at 0xc3 in for 0x159
02-26 13:26:35.082 7775 7775 E ArmVmp : Match on catch block at 0xc3 in for 0x159
02-26 13:26:35.088 7775 7775 E ArmVmp : Match on catch block at 0xc3 in for 0x155
02-26 13:26:35.092 7775 7775 E ArmVmp : Match on catch block at 0xc3 in for 0x159
02-26 13:26:35.107 7775 7775 E ArmVmp : Match on catch block at 0xc3 in for 0x159
02-26 13:26:35.110 7775 7775 E ArmVmp : Match on catch block at 0xc3 in for 0x155
02-26 13:26:35.111 7775 7775 E ArmVmp : Match on catch block at 0xc3 in for 0x159
02-26 13:26:35.148 7775 7775 E ArmVmp : Match on catch block at 0xc3 in for 0x159
02-26 13:26:35.150 7775 7775 E ArmVmp : Match on catch block at 0xc3 in for 0x155
02-26 13:26:35.151 7775 7775 E ArmVmp : Match on catch block at 0xc3 in for 0x159
02-26 13:26:35.216 7775 7775 E ArmVmp : Match on catch block at 0xc3 in for 0x159
02-26 13:26:35.220 7775 7775 E ArmVmp : Match on catch block at 0xc3 in for 0x155
02-26 13:26:35.223 7775 7775 E ArmVmp : Match on catch block at 0xc3 in for 0x159
02-26 13:26:35.283 7775 7775 E ArmVmp : Match on catch block at 0xc3 in for 0x159
02-26 13:26:35.291 7775 7775 E ArmVmp : Match on catch block at 0xc3 in for 0x155
02-26 13:26:35.293 7775 7775 E ArmVmp : Match on catch block at 0xc3 in for 0x159
02-26 13:26:35.350 7775 7775 E ArmVmp : Match on catch block at 0xc3 in for 0x159
02-26 13:26:35.355 7775 7775 E ArmVmp : Match on catch block at 0xc3 in for 0x155
02-26 13:26:35.357 7775 7775 E ArmVmp : Match on catch block at 0xc3 in for 0x159
02-26 13:26:35.417 7775 7775 E ArmVmp : Match on catch block at 0xc3 in for 0x159
02-26 13:26:35.421 7775 7775 E ArmVmp : Match on catch block at 0xc3 in for 0x155
02-26 13:26:35.423 7775 7775 E ArmVmp : Match on catch block at 0xc3 in for 0x159
02-26 13:26:35.484 7775 7775 E ArmVmp : Match on catch block at 0xc3 in for 0x159
02-26 13:26:35.489 7775 7775 E ArmVmp : Match on catch block at 0xc3 in for 0x155
02-26 13:26:35.492 7775 7775 E ArmVmp : Match on catch block at 0xc3 in for 0x159
02-26 13:26:35.542 7775 7775 E ArmVmp : Match on catch block at 0xc3 in for 0x155
02-26 13:26:35.545 7775 7775 E ArmVmp : Match on catch block at 0xc3 in for 0x151
02-26 13:26:35.547 7775 7775 E ArmVmp : Match on catch block at 0xc3 in for 0x155
02-26 13:26:35.604 7775 7775 E ArmVmp : Match on catch block at 0xc3 in for 0x151
02-26 13:26:35.607 7775 7775 E ArmVmp : Match on catch block at 0xc3 in for 0x14d
02-26 13:26:35.609 7775 7775 E ArmVmp : Match on catch block at 0xc3 in for 0x151
02-26 13:26:35.613 7775 7775 E ArmVmp : Match on catch block at 0xc3 in for 0x159
02-26 13:26:35.616 7775 7775 E ArmVmp : Match on catch block at 0xc3 in for 0x155
02-26 13:26:35.618 7775 7775 E ArmVmp : Match on catch block at 0xc3 in for 0x159
02-26 13:26:35.657 7775 7775 E ArmVmp : Match on catch block at 0xc3 in for 0x159
02-26 13:26:35.659 7775 7775 E ArmVmp : Match on catch block at 0xc3 in for 0x155
02-26 13:26:35.660 7775 7775 E ArmVmp : Match on catch block at 0xc3 in for 0x159
02-26 13:26:35.709 7775 7775 W TabLayout: MODE_SCROLLABLE + GRAVITY_FILL is not supported, GRAVITY_START will be used instead
02-26 13:26:35.733 7775 7775 W BottomSheetBehavior: BottomSheetBehavior now supports multiple callbacks. `setBottomSheetCallback()` removes all existing callbacks, including ones set internally by library authors, which may result in unintended behavior. This may change in the future. Please use `addBottomSheetCallback()` and `removeBottomSheetCallback()` instead to set your own callbacks.
02-26 13:26:35.778 7775 24768 E AppIconSolution: [getThemeAppIcon], Icon=ic_gallery, Exception=android.content.pm.PackageManager$NameNotFoundException: Package com.infinitywatchfaces.Shock.appicon doesn't exist
02-26 13:26:35.913 7775 7775 W View : requestLayout() improperly called by androidx.appcompat.view.menu.ActionMenuItemView{2e3d8de VFED..CL. ......ID 0,11- 136,146 #7f0b0fe8 app:id/more} during layout: running second layout pass
02-26 13:26:35.913 7775 7775 W View : requestLayout() improperly called by androidx.appcompat.widget.ActionMenuView{cb2abf V.E...... ......ID 944,0-1080,158} during layout: running second layout pass
02-26 13:26:35.913 7775 7775 W View : requestLayout() improperly called by com.mbwhatsapp.WaImageView{c41958c VF.D..CL. ......ID 0,0-180,180 #7f0b1814 app:id/shutter} during layout: running second layout pass
02-26 13:26:35.913 7775 7775 W View : requestLayout() improperly called by com.mbwhatsapp.CircularProgressBar{9c584d5 V.ED..... ......ID 0,0-180,180 #7f0b14fc app:id/recording_progress} during layout: running second layout pass
02-26 13:26:35.913 7775 7775 W View : requestLayout() improperly called by com.mbwhatsapp.WaImageView{950a4ea VF.D..C.. ......ID 0,0-135,135 #7f0b1976 app:id/switch_camera_btn} during layout: running second layout pass
02-26 13:26:35.913 7775 7775 W View : requestLayout() improperly called by com.mbwhatsapp.WaImageView{91b3db VFED..C.. ......ID 0,0-135,135 #7f0b0b0d app:id/gallery_btn} during layout: running second layout pass
02-26 13:26:35.913 7775 7775 W View : requestLayout() improperly called by com.mbwhatsapp.WaImageView{9387e78 VF.D..C.. ......ID 0,0-135,135 #7f0b0a9c app:id/flash_btn} during layout: running second layout pass
02-26 13:26:35.913 7775 7775 W View : requestLayout() improperly called by com.mbwhatsapp.WaImageView{c669951 VFED..C.. ......ID 0,0-135,135 #7f0b057f app:id/close_camera_btn} during layout: running second layout pass
02-26 13:26:35.913 7775 7775 W View : requestLayout() improperly called by X.4Ki{c25b6 V.ED..... ......ID 0,6-1080,141} during layout: running second layout pass
02-26 13:26:35.927 7775 11782 W Parcel : Expecting binder but got null!
02-26 13:26:35.940 7775 7775 W View : requestLayout() improperly called by com.mbwhatsapp.WaImageView{c41958c VF.D..CL. ......ID 450,1691-630,1871 #7f0b1814 app:id/shutter} during layout: running second layout pass
02-26 13:26:35.940 7775 7775 W View : requestLayout() improperly called by com.mbwhatsapp.CircularProgressBar{9c584d5 V.ED..... ......ID 450,1691-630,1871 #7f0b14fc app:id/recording_progress} during layout: running second layout pass
02-26 13:26:35.940 7775 7775 W View : requestLayout() improperly called by com.mbwhatsapp.WaImageView{950a4ea VF.D..C.. ......ID 921,1712-1056,1847 #7f0b1976 app:id/switch_camera_btn} during layout: running second layout pass
02-26 13:26:35.940 7775 7775 W View : requestLayout() improperly called by com.mbwhatsapp.WaImageView{91b3db VFED..C.. ......ID 24,1712-159,1847 #7f0b0b0d app:id/gallery_btn} during layout: running second layout pass
02-26 13:26:35.940 7775 7775 W View : requestLayout() improperly called by com.mbwhatsapp.WaImageView{9387e78 VF.D..C.. ......I. 921,24-1056,159 #7f0b0a9c app:id/flash_btn} during layout: running second layout pass
02-26 13:26:35.940 7775 7775 W View : requestLayout() improperly called by com.mbwhatsapp.WaImageView{c669951 VFED..C.. ......I. 24,24-159,159 #7f0b057f app:id/close_camera_btn} during layout: running second layout pass
02-26 13:26:35.946 7775 7775 E ArmVmp : Match on catch block at 0xc3 in for 0x159
02-26 13:26:35.950 7775 7775 E ArmVmp : Match on catch block at 0xc3 in for 0x155
02-26 13:26:35.952 7775 7775 E ArmVmp : Match on catch block at 0xc3 in for 0x159
02-26 13:26:36.003 7775 7775 W OnBackInvokedCallback: OnBackInvokedCallback is not enabled for the application.
02-26 13:26:36.003 7775 7775 W OnBackInvokedCallback: Set 'android:enableOnBackInvokedCallback="true"' in the application manifest.
02-26 13:26:36.063 7775 7775 E ArmVmp : Match on catch block at 0xc3 in for 0x155
02-26 13:26:36.072 7775 7775 E ArmVmp : Match on catch block at 0xc3 in for 0x151
02-26 13:26:36.074 7775 7775 E ArmVmp : Match on catch block at 0xc3 in for 0x155
02-26 13:26:36.077 7775 7775 W RemoteInputConnectionImpl: requestCursorAnchorInfo on inactive InputConnection
02-26 13:26:36.090 7775 7775 E ArmVmp : Match on catch block at 0xc3 in for 0x159
02-26 13:26:36.094 7775 7775 E ArmVmp : Match on catch block at 0xc3 in for 0x155
02-26 13:26:36.096 7775 7775 E ArmVmp : Match on catch block at 0xc3 in for 0x159
02-26 13:26:36.136 7775 7775 E ArmVmp : Match on catch block at 0xc3 in for 0x145
02-26 13:26:36.142 7775 7775 E ArmVmp : Match on catch block at 0xc3 in for 0x141
02-26 13:26:36.144 7775 7775 E ArmVmp : Match on catch block at 0xc3 in for 0x145
02-26 13:26:36.161 7775 7775 E ArmVmp : Match on catch block at 0xc3 in for 0x14d
02-26 13:26:36.163 7775 7775 E ArmVmp : Match on catch block at 0xc3 in for 0x149
02-26 13:26:36.164 7775 7775 E ArmVmp : Match on catch block at 0xc3 in for 0x14d
02-26 13:26:36.197 7775 7775 E ArmVmp : Match on catch block at 0xc3 in for 0x149
02-26 13:26:36.213 7775 7775 E ArmVmp : Match on catch block at 0xc3 in for 0x145
02-26 13:26:36.218 7775 7775 E ArmVmp : Match on catch block at 0xc3 in for 0x149
02-26 13:26:36.227 7775 7775 E ArmVmp : Match on catch block at 0xc3 in for 0x149
02-26 13:26:36.228 7775 7775 E ArmVmp : Match on catch block at 0xc3 in for 0x145
02-26 13:26:36.229 7775 7775 E ArmVmp : Match on catch block at 0xc3 in for 0x149
02-26 13:26:36.320 7775 7775 E ArmVmp : Match on catch block at 0xc3 in for 0x145
02-26 13:26:36.327 7775 7775 E ArmVmp : Match on catch block at 0xc3 in for 0x141
02-26 13:26:36.334 7775 7775 E ArmVmp : Match on catch block at 0xc3 in for 0x145
02-26 13:26:37.916 7775 7786 W System : A resource failed to call CursorWrapperInner.close.
02-26 13:26:39.082 7775 11782 W Parcel : Expecting binder but got null!
02-26 13:26:41.060 7775 11782 W Parcel : Expecting binder but got null!
02-26 13:26:43.087 7775 11782 W Parcel : Expecting binder but got null!
02-26 13:26:48.600 7775 11782 W Parcel : Expecting binder but got null!
02-26 13:26:48.699 7775 7775 W AudioCapabilities: Unsupported mime audio/x-ape
02-26 13:26:48.699 7775 7775 W AudioCapabilities: Unsupported mime audio/x-ima
02-26 13:26:48.699 7775 7775 W AudioCapabilities: Unsupported mime audio/mpeg-L1
02-26 13:26:48.699 7775 7775 W AudioCapabilities: Unsupported mime audio/mpeg-L2
02-26 13:26:48.699 7775 7775 W VideoCapabilities: Unsupported mime video/wvc1
02-26 13:26:48.699 7775 7775 W VideoCapabilities: Unsupported mime video/x-ms-wmv
02-26 13:26:48.704 7775 7775 W VideoCapabilities: Unsupported mime image/vnd.android.heic
02-26 13:26:48.704 7775 7775 W VideoCapabilities: Unsupported mime image/vnd.android.heic
02-26 13:26:48.704 7775 7775 W VideoCapabilities: Unrecognized profile/level 32768/256 for video/mp4v-es
02-26 13:26:48.756 7775 24768 W Kumiho-Kumiho: isSupportedFormat: Format is not supported
02-26 13:26:48.779 7775 1605 W ColorUtils: expected specified color aspects (0:0:255:255)
02-26 13:26:48.791 7775 1605 W Codec2Client: query -- param skipped: index = 1107298332.
02-26 13:26:48.794 7775 1605 W CCodec : This behavior is subject to change. It is recommended that app developers double check whether the requested max input size is in reasonable range.
02-26 13:26:48.804 7775 1605 W Codec2Client: query -- param skipped: index = 1342179345.
02-26 13:26:48.804 7775 1605 W Codec2Client: query -- param skipped: index = 2415921170.
02-26 13:26:48.804 7775 1605 W Codec2Client: query -- param skipped: index = 1610614798.
02-26 13:26:48.862 7775 1632 W Codec2Client: query -- param skipped: index = 1107298332.
02-26 13:26:48.862 7775 1632 W CCodec : This behavior is subject to change. It is recommended that app developers double check whether the requested max input size is in reasonable range.
02-26 13:26:48.872 7775 1632 W Codec2Client: query -- param skipped: index = 1342179345.
02-26 13:26:48.872 7775 1632 W Codec2Client: query -- param skipped: index = 2415921170.
02-26 13:26:48.872 7775 1632 W Codec2Client: query -- param skipped: index = 1610614798.
02-26 13:26:48.891 7775 1602 W Codec2Client: query -- param skipped: index = 1342179345.
02-26 13:26:48.891 7775 1602 W Codec2Client: query -- param skipped: index = 2415921170.
02-26 13:26:48.891 7775 1602 W Codec2Client: query -- param skipped: index = 1610614798.
02-26 13:26:48.894 7775 1632 W Codec2Client: query -- param skipped: index = 1342179345.
02-26 13:26:48.894 7775 1632 W Codec2Client: query -- param skipped: index = 2415921170.
02-26 13:26:48.894 7775 1632 W Codec2Client: query -- param skipped: index = 1610614798.
02-26 13:26:48.897 7775 1602 W Codec2Client: query -- param skipped: index = 1342179345.
02-26 13:26:48.897 7775 1602 W Codec2Client: query -- param skipped: index = 2415921170.
02-26 13:26:48.897 7775 1602 W Codec2Client: query -- param skipped: index = 1610614798.
02-26 13:26:48.899 7775 1632 W Codec2Client: query -- param skipped: index = 1342179345.
02-26 13:26:48.899 7775 1632 W Codec2Client: query -- param skipped: index = 2415921170.
02-26 13:26:48.899 7775 1632 W Codec2Client: query -- param skipped: index = 1610614798.
02-26 13:26:48.905 7775 1602 W Codec2Client: query -- param skipped: index = 1342179345.
02-26 13:26:48.905 7775 1602 W Codec2Client: query -- param skipped: index = 2415921170.
02-26 13:26:48.905 7775 1602 W Codec2Client: query -- param skipped: index = 1610614798.
02-26 13:26:48.906 7775 1632 W Codec2Client: query -- param skipped: index = 1342179345.
02-26 13:26:48.906 7775 1632 W Codec2Client: query -- param skipped: index = 2415921170.
02-26 13:26:48.906 7775 1632 W Codec2Client: query -- param skipped: index = 1610614798.
02-26 13:26:48.909 7775 1602 W BufferQueueProducer: [SurfaceTexture-1-7775-5] (id:1e5f00000052,api:3,p:7775,c:7775) detachBuffer: slot 0 is not owned by the producer (state = FREE)
02-26 13:26:48.909 7775 1602 W BufferQueueProducer: [SurfaceTexture-1-7775-5] (id:1e5f00000052,api:3,p:7775,c:7775) detachBuffer: slot 1 is not owned by the producer (state = FREE)
02-26 13:26:48.909 7775 1602 W BufferQueueProducer: [SurfaceTexture-1-7775-5] (id:1e5f00000052,api:3,p:7775,c:7775) detachBuffer: slot 2 is not owned by the producer (state = FREE)
02-26 13:26:48.909 7775 1602 W BufferQueueProducer: [SurfaceTexture-1-7775-5] (id:1e5f00000052,api:3,p:7775,c:7775) detachBuffer: slot 3 is not owned by the producer (state = FREE)
02-26 13:26:48.909 7775 1602 W BufferQueueProducer: [SurfaceTexture-1-7775-5] (id:1e5f00000052,api:3,p:7775,c:7775) detachBuffer: slot 14 is not owned by the producer (state = FREE)
02-26 13:26:48.909 7775 1602 W BufferQueueProducer: [SurfaceTexture-1-7775-5] (id:1e5f00000052,api:3,p:7775,c:7775) detachBuffer: slot 15 is not owned by the producer (state = FREE)
02-26 13:26:48.909 7775 1602 W BufferQueueProducer: [SurfaceTexture-1-7775-5] (id:1e5f00000052,api:3,p:7775,c:7775) detachBuffer: slot 16 is not owned by the producer (state = FREE)
02-26 13:26:48.909 7775 1602 W BufferQueueProducer: [SurfaceTexture-1-7775-5] (id:1e5f00000052,api:3,p:7775,c:7775) detachBuffer: slot 17 is not owned by the producer (state = FREE)
02-26 13:26:48.909 7775 1602 W BufferQueueProducer: [SurfaceTexture-1-7775-5] (id:1e5f00000052,api:3,p:7775,c:7775) detachBuffer: slot 18 is not owned by the producer (state = FREE)
02-26 13:26:48.909 7775 1602 W BufferQueueProducer: [SurfaceTexture-1-7775-5] (id:1e5f00000052,api:3,p:7775,c:7775) detachBuffer: slot 19 is not owned by the producer (state = FREE)
02-26 13:26:48.909 7775 1602 W BufferQueueProducer: [SurfaceTexture-1-7775-5] (id:1e5f00000052,api:3,p:7775,c:7775) detachBuffer: slot 20 is not owned by the producer (state = FREE)
02-26 13:26:48.910 7775 1602 W BufferQueueProducer: [SurfaceTexture-1-7775-5] (id:1e5f00000052,api:3,p:7775,c:7775) detachBuffer: slot 21 is not owned by the producer (state = FREE)
02-26 13:26:48.910 7775 1602 W BufferQueueProducer: [SurfaceTexture-1-7775-5] (id:1e5f00000052,api:3,p:7775,c:7775) detachBuffer: slot 22 is not owned by the producer (state = FREE)
02-26 13:26:48.910 7775 1602 W BufferQueueProducer: [SurfaceTexture-1-7775-5] (id:1e5f00000052,api:3,p:7775,c:7775) detachBuffer: slot 23 is not owned by the producer (state = FREE)
02-26 13:26:48.910 7775 1602 W BufferQueueProducer: [SurfaceTexture-1-7775-5] (id:1e5f00000052,api:3,p:7775,c:7775) detachBuffer: slot 24 is not owned by the producer (state = FREE)
02-26 13:26:48.910 7775 1602 W BufferQueueProducer: [SurfaceTexture-1-7775-5] (id:1e5f00000052,api:3,p:7775,c:7775) detachBuffer: slot 25 is not owned by the producer (state = FREE)
02-26 13:26:48.910 7775 1602 W BufferQueueProducer: [SurfaceTexture-1-7775-5] (id:1e5f00000052,api:3,p:7775,c:7775) detachBuffer: slot 26 is not owned by the producer (state = FREE)
02-26 13:26:48.910 7775 1602 W BufferQueueProducer: [SurfaceTexture-1-7775-5] (id:1e5f00000052,api:3,p:7775,c:7775) detachBuffer: slot 27 is not owned by the producer (state = FREE)
02-26 13:26:48.910 7775 1602 W BufferQueueProducer: [SurfaceTexture-1-7775-5] (id:1e5f00000052,api:3,p:7775,c:7775) detachBuffer: slot 28 is not owned by the producer (state = FREE)
02-26 13:26:48.910 7775 1602 W BufferQueueProducer: [SurfaceTexture-1-7775-5] (id:1e5f00000052,api:3,p:7775,c:7775) detachBuffer: slot 29 is not owned by the producer (state = FREE)
02-26 13:26:48.910 7775 1602 W BufferQueueProducer: [SurfaceTexture-1-7775-5] (id:1e5f00000052,api:3,p:7775,c:7775) detachBuffer: slot 30 is not owned by the producer (state = FREE)
02-26 13:26:48.910 7775 1602 W BufferQueueProducer: [SurfaceTexture-1-7775-5] (id:1e5f00000052,api:3,p:7775,c:7775) detachBuffer: slot 31 is not owned by the producer (state = FREE)
02-26 13:26:48.910 7775 1602 W BufferQueueProducer: [SurfaceTexture-1-7775-5] (id:1e5f00000052,api:3,p:7775,c:7775) detachBuffer: slot 32 is not owned by the producer (state = FREE)
02-26 13:26:48.910 7775 1602 W BufferQueueProducer: [SurfaceTexture-1-7775-5] (id:1e5f00000052,api:3,p:7775,c:7775) detachBuffer: slot 33 is not owned by the producer (state = FREE)
02-26 13:26:48.910 7775 1602 W BufferQueueProducer: [SurfaceTexture-1-7775-5] (id:1e5f00000052,api:3,p:7775,c:7775) detachBuffer: slot 34 is not owned by the producer (state = FREE)
02-26 13:26:48.910 7775 1602 W BufferQueueProducer: [SurfaceTexture-1-7775-5] (id:1e5f00000052,api:3,p:7775,c:7775) detachBuffer: slot 35 is not owned by the producer (state = FREE)
02-26 13:26:48.910 7775 1602 W BufferQueueProducer: [SurfaceTexture-1-7775-5] (id:1e5f00000052,api:3,p:7775,c:7775) detachBuffer: slot 36 is not owned by the producer (state = FREE)
02-26 13:26:48.910 7775 1602 W BufferQueueProducer: [SurfaceTexture-1-7775-5] (id:1e5f00000052,api:3,p:7775,c:7775) detachBuffer: slot 37 is not owned by the producer (state = FREE)
02-26 13:26:48.910 7775 1602 W BufferQueueProducer: [SurfaceTexture-1-7775-5] (id:1e5f00000052,api:3,p:7775,c:7775) detachBuffer: slot 38 is not owned by the producer (state = FREE)
02-26 13:26:48.910 7775 1602 W BufferQueueProducer: [SurfaceTexture-1-7775-5] (id:1e5f00000052,api:3,p:7775,c:7775) detachBuffer: slot 39 is not owned by the producer (state = FREE)
02-26 13:26:48.910 7775 1602 W BufferQueueProducer: [SurfaceTexture-1-7775-5] (id:1e5f00000052,api:3,p:7775,c:7775) detachBuffer: slot 40 is not owned by the producer (state = FREE)
02-26 13:26:48.910 7775 1602 W BufferQueueProducer: [SurfaceTexture-1-7775-5] (id:1e5f00000052,api:3,p:7775,c:7775) detachBuffer: slot 41 is not owned by the producer (state = FREE)
02-26 13:26:48.910 7775 1602 W BufferQueueProducer: [SurfaceTexture-1-7775-5] (id:1e5f00000052,api:3,p:7775,c:7775) detachBuffer: slot 42 is not owned by the producer (state = FREE)
02-26 13:26:48.910 7775 1602 W BufferQueueProducer: [SurfaceTexture-1-7775-5] (id:1e5f00000052,api:3,p:7775,c:7775) detachBuffer: slot 43 is not owned by the producer (state = FREE)
02-26 13:26:48.910 7775 1602 W BufferQueueProducer: [SurfaceTexture-1-7775-5] (id:1e5f00000052,api:3,p:7775,c:7775) detachBuffer: slot 44 is not owned by the producer (state = FREE)
02-26 13:26:48.910 7775 1602 W BufferQueueProducer: [SurfaceTexture-1-7775-5] (id:1e5f00000052,api:3,p:7775,c:7775) detachBuffer: slot 45 is not owned by the producer (state = FREE)
02-26 13:26:48.910 7775 1602 W BufferQueueProducer: [SurfaceTexture-1-7775-5] (id:1e5f00000052,api:3,p:7775,c:7775) detachBuffer: slot 46 is not owned by the producer (state = FREE)
02-26 13:26:48.910 7775 1602 W BufferQueueProducer: [SurfaceTexture-1-7775-5] (id:1e5f00000052,api:3,p:7775,c:7775) detachBuffer: slot 47 is not owned by the producer (state = FREE)
02-26 13:26:48.910 7775 1602 W BufferQueueProducer: [SurfaceTexture-1-7775-5] (id:1e5f00000052,api:3,p:7775,c:7775) detachBuffer: slot 48 is not owned by the producer (state = FREE)
02-26 13:26:48.910 7775 1602 W BufferQueueProducer: [SurfaceTexture-1-7775-5] (id:1e5f00000052,api:3,p:7775,c:7775) detachBuffer: slot 49 is not owned by the producer (state = FREE)
02-26 13:26:48.910 7775 1602 W BufferQueueProducer: [SurfaceTexture-1-7775-5] (id:1e5f00000052,api:3,p:7775,c:7775) detachBuffer: slot 50 is not owned by the producer (state = FREE)
02-26 13:26:48.911 7775 1602 W BufferQueueProducer: [SurfaceTexture-1-7775-5] (id:1e5f00000052,api:3,p:7775,c:7775) detachBuffer: slot 51 is not owned by the producer (state = FREE)
02-26 13:26:48.911 7775 1602 W BufferQueueProducer: [SurfaceTexture-1-7775-5] (id:1e5f00000052,api:3,p:7775,c:7775) detachBuffer: slot 52 is not owned by the producer (state = FREE)
02-26 13:26:48.911 7775 1602 W BufferQueueProducer: [SurfaceTexture-1-7775-5] (id:1e5f00000052,api:3,p:7775,c:7775) detachBuffer: slot 53 is not owned by the producer (state = FREE)
02-26 13:26:48.911 7775 1602 W BufferQueueProducer: [SurfaceTexture-1-7775-5] (id:1e5f00000052,api:3,p:7775,c:7775) detachBuffer: slot 54 is not owned by the producer (state = FREE)
02-26 13:26:48.911 7775 1602 W BufferQueueProducer: [SurfaceTexture-1-7775-5] (id:1e5f00000052,api:3,p:7775,c:7775) detachBuffer: slot 55 is not owned by the producer (state = FREE)
02-26 13:26:48.911 7775 1602 W BufferQueueProducer: [SurfaceTexture-1-7775-5] (id:1e5f00000052,api:3,p:7775,c:7775) detachBuffer: slot 56 is not owned by the producer (state = FREE)
02-26 13:26:48.911 7775 1602 W BufferQueueProducer: [SurfaceTexture-1-7775-5] (id:1e5f00000052,api:3,p:7775,c:7775) detachBuffer: slot 57 is not owned by the producer (state = FREE)
02-26 13:26:48.911 7775 1602 W BufferQueueProducer: [SurfaceTexture-1-7775-5] (id:1e5f00000052,api:3,p:7775,c:7775) detachBuffer: slot 58 is not owned by the producer (state = FREE)
02-26 13:26:48.911 7775 1602 W BufferQueueProducer: [SurfaceTexture-1-7775-5] (id:1e5f00000052,api:3,p:7775,c:7775) detachBuffer: slot 59 is not owned by the producer (state = FREE)
02-26 13:26:48.911 7775 1602 W BufferQueueProducer: [SurfaceTexture-1-7775-5] (id:1e5f00000052,api:3,p:7775,c:7775) detachBuffer: slot 60 is not owned by the producer (state = FREE)
02-26 13:26:48.911 7775 1602 W BufferQueueProducer: [SurfaceTexture-1-7775-5] (id:1e5f00000052,api:3,p:7775,c:7775) detachBuffer: slot 61 is not owned by the producer (state = FREE)
02-26 13:26:48.911 7775 1602 W BufferQueueProducer: [SurfaceTexture-1-7775-5] (id:1e5f00000052,api:3,p:7775,c:7775) detachBuffer: slot 62 is not owned by the producer (state = FREE)
02-26 13:26:48.911 7775 1602 W BufferQueueProducer: [SurfaceTexture-1-7775-5] (id:1e5f00000052,api:3,p:7775,c:7775) detachBuffer: slot 63 is not owned by the producer (state = FREE)
02-26 13:26:49.229 7775 11782 W Parcel : Expecting binder but got null!
02-26 13:26:50.805 7775 7775 E ArmVmp : Match on catch block at 0x0a in for 0x195
02-26 13:26:50.806 7775 7775 E ArmVmp : Match on catch block at 0x0a in for 0x18d
02-26 13:26:50.910 7775 7775 E ArmVmp : Match on catch block at 0xc3 in for 0x14d
02-26 13:26:50.914 7775 7775 E ArmVmp : Match on catch block at 0xc3 in for 0x149
02-26 13:26:50.961 7775 7775 E ArmVmp : Match on catch block at 0xc3 in for 0x155
02-26 13:26:50.964 7775 7775 E ArmVmp : Match on catch block at 0xc3 in for 0x151
02-26 13:26:50.974 7775 7775 E ArmVmp : Match on catch block at 0xc3 in for 0x145
02-26 13:26:50.983 7775 7775 E ArmVmp : Match on catch block at 0xc3 in for 0x141
02-26 13:26:50.997 7775 1720 W ColorUtils: expected specified color aspects (0:0:255:255)
02-26 13:26:51.036 7775 7775 E ArmVmp : Match on catch block at 0xc3 in for 0x159
02-26 13:26:51.038 7775 7775 E ArmVmp : Match on catch block at 0xc3 in for 0x155
02-26 13:26:51.048 7775 7775 E ArmVmp : Match on catch block at 0xc3 in for 0x14d
02-26 13:26:51.050 7775 7775 E ArmVmp : Match on catch block at 0xc3 in for 0x149
02-26 13:26:51.062 7775 7775 E ArmVmp : Match on catch block at 0xc3 in for 0x159
02-26 13:26:51.065 7775 7775 E ArmVmp : Match on catch block at 0xc3 in for 0x155
02-26 13:26:51.069 7775 7775 E ArmVmp : Match on catch block at 0xc3 in for 0x149
02-26 13:26:51.072 7775 7775 E ArmVmp : Match on catch block at 0xc3 in for 0x145
02-26 13:26:51.077 7775 7775 E ArmVmp : Match on catch block at 0xc3 in for 0x155
02-26 13:26:51.081 7775 7775 E ArmVmp : Match on catch block at 0xc3 in for 0x151
02-26 13:26:51.094 7775 7775 E ArmVmp : Match on catch block at 0xc3 in for 0x145
02-26 13:26:51.100 7775 7775 E ArmVmp : Match on catch block at 0xc3 in for 0x141
02-26 13:26:51.111 7775 7775 E ArmVmp : Match on catch block at 0xc3 in for 0x151
02-26 13:26:51.114 7775 7775 E ArmVmp : Match on catch block at 0xc3 in for 0x14d
02-26 13:26:51.117 7775 1762 W ColorUtils: expected specified color aspects (0:0:255:255)
02-26 13:26:51.120 7775 7775 E ArmVmp : Match on catch block at 0xc3 in for 0x141
02-26 13:26:51.124 7775 7775 E ArmVmp : Match on catch block at 0xc3 in for 0x159
02-26 13:26:51.136 7775 7775 E ArmVmp : Match on catch block at 0xc3 in for 0x14d
02-26 13:26:51.150 7775 7775 E ArmVmp : Match on catch block at 0xc3 in for 0x149
02-26 13:26:51.153 7775 7775 W OnBackInvokedCallback: OnBackInvokedCallback is not enabled for the application.
02-26 13:26:51.153 7775 7775 W OnBackInvokedCallback: Set 'android:enableOnBackInvokedCallback="true"' in the application manifest.
02-26 13:26:51.159 7775 1762 W CCodec : can't get ro.hardware.chipname
02-26 13:26:51.161 7775 7775 E ArmVmp : Match on catch block at 0xc3 in for 0x159
02-26 13:26:51.162 7775 1762 W ColorUtils: expected specified color aspects (0:0:255:255)
02-26 13:26:51.162 7775 1762 W Codec2Client: query -- param skipped: index = 3254781982.
02-26 13:26:51.166 7775 7775 E ArmVmp : Match on catch block at 0xc3 in for 0x155
02-26 13:26:51.187 7775 1762 W Codec2Client: query -- param skipped: index = 1610614798.
02-26 13:26:51.187 7775 7775 E ArmVmp : Match on catch block at 0xc3 in for 0x149
02-26 13:26:51.190 7775 1762 W Codec2Client: query -- param skipped: index = 1610614798.
02-26 13:26:51.191 7775 1762 W Codec2Client: query -- param skipped: index = 1342179345.
02-26 13:26:51.191 7775 1762 W Codec2Client: query -- param skipped: index = 2415921170.
02-26 13:26:51.191 7775 1762 W Codec2Client: query -- param skipped: index = 1610614798.
02-26 13:26:51.195 7775 7775 E ArmVmp : Match on catch block at 0xc3 in for 0x145
02-26 13:26:51.232 7775 7775 E ArmVmp : Match on catch block at 0xc3 in for 0x149
02-26 13:26:51.238 7775 7775 E ArmVmp : Match on catch block at 0xc3 in for 0x145
02-26 13:26:51.266 7775 7775 E ArmVmp : Match on catch block at 0xc3 in for 0x155
02-26 13:26:51.276 7775 7775 E ArmVmp : Match on catch block at 0xc3 in for 0x151
02-26 13:26:51.282 7775 1830 W ColorUtils: expected specified color aspects (0:0:255:255)
02-26 13:26:51.288 7775 7775 E ArmVmp : Match on catch block at 0xc3 in for 0x145
02-26 13:26:51.289 7775 1830 W Codec2Client: query -- param skipped: index = 1107298332.
02-26 13:26:51.289 7775 1830 W CCodec : This behavior is subject to change. It is recommended that app developers double check whether the requested max input size is in reasonable range.
02-26 13:26:51.293 7775 7775 E ArmVmp : Match on catch block at 0xc3 in for 0x141
02-26 13:26:51.298 7775 1830 W Codec2Client: query -- param skipped: index = 1342179345.
02-26 13:26:51.298 7775 1830 W Codec2Client: query -- param skipped: index = 2415921170.
02-26 13:26:51.298 7775 1830 W Codec2Client: query -- param skipped: index = 1610614798.
02-26 13:26:51.376 7775 1602 W BufferQueueProducer: [SurfaceTexture-0-7775-4] (id:1e5f00000051,api:3,p:7775,c:7775) detachBuffer: slot 0 is not owned by the producer (state = ACQUIRED)
02-26 13:26:51.378 7775 1602 W BufferQueueProducer: [SurfaceTexture-0-7775-4] (id:1e5f00000051,api:3,p:7775,c:7775) detachBuffer: slot 18 is not owned by the producer (state = FREE)
02-26 13:26:51.378 7775 1602 W BufferQueueProducer: [SurfaceTexture-0-7775-4] (id:1e5f00000051,api:3,p:7775,c:7775) detachBuffer: slot 19 is not owned by the producer (state = FREE)
02-26 13:26:51.378 7775 1602 W BufferQueueProducer: [SurfaceTexture-0-7775-4] (id:1e5f00000051,api:3,p:7775,c:7775) detachBuffer: slot 20 is not owned by the producer (state = FREE)
02-26 13:26:51.378 7775 1602 W BufferQueueProducer: [SurfaceTexture-0-7775-4] (id:1e5f00000051,api:3,p:7775,c:7775) detachBuffer: slot 21 is not owned by the producer (state = FREE)
02-26 13:26:51.378 7775 1602 W BufferQueueProducer: [SurfaceTexture-0-7775-4] (id:1e5f00000051,api:3,p:7775,c:7775) detachBuffer: slot 22 is not owned by the producer (state = FREE)
02-26 13:26:51.378 7775 1602 W BufferQueueProducer: [SurfaceTexture-0-7775-4] (id:1e5f00000051,api:3,p:7775,c:7775) detachBuffer: slot 23 is not owned by the producer (state = FREE)
02-26 13:26:51.379 7775 1602 W BufferQueueProducer: [SurfaceTexture-0-7775-4] (id:1e5f00000051,api:3,p:7775,c:7775) detachBuffer: slot 24 is not owned by the producer (state = FREE)
02-26 13:26:51.379 7775 1602 W BufferQueueProducer: [SurfaceTexture-0-7775-4] (id:1e5f00000051,api:3,p:7775,c:7775) detachBuffer: slot 25 is not owned by the producer (state = FREE)
02-26 13:26:51.379 7775 1602 W BufferQueueProducer: [SurfaceTexture-0-7775-4] (id:1e5f00000051,api:3,p:7775,c:7775) detachBuffer: slot 26 is not owned by the producer (state = FREE)
02-26 13:26:51.379 7775 1602 W BufferQueueProducer: [SurfaceTexture-0-7775-4] (id:1e5f00000051,api:3,p:7775,c:7775) detachBuffer: slot 27 is not owned by the producer (state = FREE)
02-26 13:26:51.379 7775 1602 W BufferQueueProducer: [SurfaceTexture-0-7775-4] (id:1e5f00000051,api:3,p:7775,c:7775) detachBuffer: slot 28 is not owned by the producer (state = FREE)
02-26 13:26:51.379 7775 1602 W BufferQueueProducer: [SurfaceTexture-0-7775-4] (id:1e5f00000051,api:3,p:7775,c:7775) detachBuffer: slot 29 is not owned by the producer (state = FREE)
02-26 13:26:51.379 7775 1602 W BufferQueueProducer: [SurfaceTexture-0-7775-4] (id:1e5f00000051,api:3,p:7775,c:7775) detachBuffer: slot 30 is not owned by the producer (state = FREE)
02-26 13:26:51.379 7775 1602 W BufferQueueProducer: [SurfaceTexture-0-7775-4] (id:1e5f00000051,api:3,p:7775,c:7775) detachBuffer: slot 31 is not owned by the producer (state = FREE)
02-26 13:26:51.379 7775 1602 W BufferQueueProducer: [SurfaceTexture-0-7775-4] (id:1e5f00000051,api:3,p:7775,c:7775) detachBuffer: slot 32 is not owned by the producer (state = FREE)
02-26 13:26:51.379 7775 1602 W BufferQueueProducer: [SurfaceTexture-0-7775-4] (id:1e5f00000051,api:3,p:7775,c:7775) detachBuffer: slot 33 is not owned by the producer (state = FREE)
02-26 13:26:51.379 7775 1602 W BufferQueueProducer: [SurfaceTexture-0-7775-4] (id:1e5f00000051,api:3,p:7775,c:7775) detachBuffer: slot 34 is not owned by the producer (state = FREE)
02-26 13:26:51.379 7775 1602 W BufferQueueProducer: [SurfaceTexture-0-7775-4] (id:1e5f00000051,api:3,p:7775,c:7775) detachBuffer: slot 35 is not owned by the producer (state = FREE)
02-26 13:26:51.380 7775 1602 W BufferQueueProducer: [SurfaceTexture-0-7775-4] (id:1e5f00000051,api:3,p:7775,c:7775) detachBuffer: slot 36 is not owned by the producer (state = FREE)
02-26 13:26:51.380 7775 1602 W BufferQueueProducer: [SurfaceTexture-0-7775-4] (id:1e5f00000051,api:3,p:7775,c:7775) detachBuffer: slot 37 is not owned by the producer (state = FREE)
02-26 13:26:51.380 7775 1602 W BufferQueueProducer: [SurfaceTexture-0-7775-4] (id:1e5f00000051,api:3,p:7775,c:7775) detachBuffer: slot 38 is not owned by the producer (state = FREE)
02-26 13:26:51.380 7775 1602 W BufferQueueProducer: [SurfaceTexture-0-7775-4] (id:1e5f00000051,api:3,p:7775,c:7775) detachBuffer: slot 39 is not owned by the producer (state = FREE)
02-26 13:26:51.380 7775 1602 W BufferQueueProducer: [SurfaceTexture-0-7775-4] (id:1e5f00000051,api:3,p:7775,c:7775) detachBuffer: slot 40 is not owned by the producer (state = FREE)
02-26 13:26:51.380 7775 1602 W BufferQueueProducer: [SurfaceTexture-0-7775-4] (id:1e5f00000051,api:3,p:7775,c:7775) detachBuffer: slot 41 is not owned by the producer (state = FREE)
02-26 13:26:51.380 7775 1602 W BufferQueueProducer: [SurfaceTexture-0-7775-4] (id:1e5f00000051,api:3,p:7775,c:7775) detachBuffer: slot 42 is not owned by the producer (state = FREE)
02-26 13:26:51.380 7775 1602 W BufferQueueProducer: [SurfaceTexture-0-7775-4] (id:1e5f00000051,api:3,p:7775,c:7775) detachBuffer: slot 43 is not owned by the producer (state = FREE)
02-26 13:26:51.380 7775 1602 W BufferQueueProducer: [SurfaceTexture-0-7775-4] (id:1e5f00000051,api:3,p:7775,c:7775) detachBuffer: slot 44 is not owned by the producer (state = FREE)
02-26 13:26:51.380 7775 1602 W BufferQueueProducer: [SurfaceTexture-0-7775-4] (id:1e5f00000051,api:3,p:7775,c:7775) detachBuffer: slot 45 is not owned by the producer (state = FREE)
02-26 13:26:51.380 7775 1602 W BufferQueueProducer: [SurfaceTexture-0-7775-4] (id:1e5f00000051,api:3,p:7775,c:7775) detachBuffer: slot 46 is not owned by the producer (state = FREE)
02-26 13:26:51.380 7775 1602 W BufferQueueProducer: [SurfaceTexture-0-7775-4] (id:1e5f00000051,api:3,p:7775,c:7775) detachBuffer: slot 47 is not owned by the producer (state = FREE)
02-26 13:26:51.380 7775 1602 W BufferQueueProducer: [SurfaceTexture-0-7775-4] (id:1e5f00000051,api:3,p:7775,c:7775) detachBuffer: slot 48 is not owned by the producer (state = FREE)
02-26 13:26:51.380 7775 1602 W BufferQueueProducer: [SurfaceTexture-0-7775-4] (id:1e5f00000051,api:3,p:7775,c:7775) detachBuffer: slot 49 is not owned by the producer (state = FREE)
02-26 13:26:51.381 7775 1602 W BufferQueueProducer: [SurfaceTexture-0-7775-4] (id:1e5f00000051,api:3,p:7775,c:7775) detachBuffer: slot 50 is not owned by the producer (state = FREE)
02-26 13:26:51.381 7775 1602 W BufferQueueProducer: [SurfaceTexture-0-7775-4] (id:1e5f00000051,api:3,p:7775,c:7775) detachBuffer: slot 51 is not owned by the producer (state = FREE)
02-26 13:26:51.381 7775 1602 W BufferQueueProducer: [SurfaceTexture-0-7775-4] (id:1e5f00000051,api:3,p:7775,c:7775) detachBuffer: slot 52 is not owned by the producer (state = FREE)
02-26 13:26:51.381 7775 1602 W BufferQueueProducer: [SurfaceTexture-0-7775-4] (id:1e5f00000051,api:3,p:7775,c:7775) detachBuffer: slot 53 is not owned by the producer (state = FREE)
02-26 13:26:51.381 7775 1602 W BufferQueueProducer: [SurfaceTexture-0-7775-4] (id:1e5f00000051,api:3,p:7775,c:7775) detachBuffer: slot 54 is not owned by the producer (state = FREE)
02-26 13:26:51.381 7775 1602 W BufferQueueProducer: [SurfaceTexture-0-7775-4] (id:1e5f00000051,api:3,p:7775,c:7775) detachBuffer: slot 55 is not owned by the producer (state = FREE)
02-26 13:26:51.381 7775 1602 W BufferQueueProducer: [SurfaceTexture-0-7775-4] (id:1e5f00000051,api:3,p:7775,c:7775) detachBuffer: slot 56 is not owned by the producer (state = FREE)
02-26 13:26:51.381 7775 1602 W BufferQueueProducer: [SurfaceTexture-0-7775-4] (id:1e5f00000051,api:3,p:7775,c:7775) detachBuffer: slot 57 is not owned by the producer (state = FREE)
02-26 13:26:51.382 7775 1602 W BufferQueueProducer: [SurfaceTexture-0-7775-4] (id:1e5f00000051,api:3,p:7775,c:7775) detachBuffer: slot 58 is not owned by the producer (state = FREE)
02-26 13:26:51.382 7775 1602 W BufferQueueProducer: [SurfaceTexture-0-7775-4] (id:1e5f00000051,api:3,p:7775,c:7775) detachBuffer: slot 59 is not owned by the producer (state = FREE)
02-26 13:26:51.382 7775 1602 W BufferQueueProducer: [SurfaceTexture-0-7775-4] (id:1e5f00000051,api:3,p:7775,c:7775) detachBuffer: slot 60 is not owned by the producer (state = FREE)
02-26 13:26:51.382 7775 1602 W BufferQueueProducer: [SurfaceTexture-0-7775-4] (id:1e5f00000051,api:3,p:7775,c:7775) detachBuffer: slot 61 is not owned by the producer (state = FREE)
02-26 13:26:51.382 7775 1602 W BufferQueueProducer: [SurfaceTexture-0-7775-4] (id:1e5f00000051,api:3,p:7775,c:7775) detachBuffer: slot 62 is not owned by the producer (state = FREE)
02-26 13:26:51.382 7775 1602 W BufferQueueProducer: [SurfaceTexture-0-7775-4] (id:1e5f00000051,api:3,p:7775,c:7775) detachBuffer: slot 63 is not owned by the producer (state = FREE)
02-26 13:26:51.402 7775 1602 W Codec2Client: query -- param skipped: index = 1342179345.
02-26 13:26:51.402 7775 1602 W Codec2Client: query -- param skipped: index = 2415921170.
02-26 13:26:51.402 7775 1602 W Codec2Client: query -- param skipped: index = 1610614798.
02-26 13:26:51.405 7775 1632 W Codec2Client: query -- param skipped: index = 1342179345.
02-26 13:26:51.405 7775 1632 W Codec2Client: query -- param skipped: index = 2415921170.
02-26 13:26:51.405 7775 1632 W Codec2Client: query -- param skipped: index = 1610614798.
02-26 13:26:51.408 7775 1602 W BufferQueueProducer: [SurfaceTexture-1-7775-5] (id:1e5f00000052,api:3,p:7775,c:7775) detachBuffer: slot 0 is not owned by the producer (state = FREE)
02-26 13:26:51.408 7775 1602 W BufferQueueProducer: [SurfaceTexture-1-7775-5] (id:1e5f00000052,api:3,p:7775,c:7775) detachBuffer: slot 1 is not owned by the producer (state = FREE)
02-26 13:26:51.408 7775 1602 W BufferQueueProducer: [SurfaceTexture-1-7775-5] (id:1e5f00000052,api:3,p:7775,c:7775) detachBuffer: slot 2 is not owned by the producer (state = FREE)
02-26 13:26:51.408 7775 1602 W BufferQueueProducer: [SurfaceTexture-1-7775-5] (id:1e5f00000052,api:3,p:7775,c:7775) detachBuffer: slot 3 is not owned by the producer (state = FREE)
02-26 13:26:51.408 7775 1602 W BufferQueueProducer: [SurfaceTexture-1-7775-5] (id:1e5f00000052,api:3,p:7775,c:7775) detachBuffer: slot 4 is not owned by the producer (state = FREE)
02-26 13:26:51.408 7775 1602 W BufferQueueProducer: [SurfaceTexture-1-7775-5] (id:1e5f00000052,api:3,p:7775,c:7775) detachBuffer: slot 5 is not owned by the producer (state = FREE)
02-26 13:26:51.408 7775 1602 W BufferQueueProducer: [SurfaceTexture-1-7775-5] (id:1e5f00000052,api:3,p:7775,c:7775) detachBuffer: slot 6 is not owned by the producer (state = FREE)
02-26 13:26:51.408 7775 1602 W BufferQueueProducer: [SurfaceTexture-1-7775-5] (id:1e5f00000052,api:3,p:7775,c:7775) detachBuffer: slot 7 is not owned by the producer (state = FREE)
02-26 13:26:51.408 7775 1602 W BufferQueueProducer: [SurfaceTexture-1-7775-5] (id:1e5f00000052,api:3,p:7775,c:7775) detachBuffer: slot 8 is not owned by the producer (state = FREE)
02-26 13:26:51.409 7775 1602 W BufferQueueProducer: [SurfaceTexture-1-7775-5] (id:1e5f00000052,api:3,p:7775,c:7775) detachBuffer: slot 9 is not owned by the producer (state = FREE)
02-26 13:26:51.409 7775 1602 W BufferQueueProducer: [SurfaceTexture-1-7775-5] (id:1e5f00000052,api:3,p:7775,c:7775) detachBuffer: slot 10 is not owned by the producer (state = FREE)
02-26 13:26:51.409 7775 1602 W BufferQueueProducer: [SurfaceTexture-1-7775-5] (id:1e5f00000052,api:3,p:7775,c:7775) detachBuffer: slot 11 is not owned by the producer (state = FREE)
02-26 13:26:51.409 7775 1602 W BufferQueueProducer: [SurfaceTexture-1-7775-5] (id:1e5f00000052,api:3,p:7775,c:7775) detachBuffer: slot 12 is not owned by the producer (state = FREE)
02-26 13:26:51.409 7775 1602 W BufferQueueProducer: [SurfaceTexture-1-7775-5] (id:1e5f00000052,api:3,p:7775,c:7775) detachBuffer: slot 13 is not owned by the producer (state = FREE)
02-26 13:26:51.409 7775 1602 W BufferQueueProducer: [SurfaceTexture-1-7775-5] (id:1e5f00000052,api:3,p:7775,c:7775) detachBuffer: slot 14 is not owned by the producer (state = FREE)
02-26 13:26:51.409 7775 1602 W BufferQueueProducer: [SurfaceTexture-1-7775-5] (id:1e5f00000052,api:3,p:7775,c:7775) detachBuffer: slot 15 is not owned by the producer (state = FREE)
02-26 13:26:51.409 7775 1602 W BufferQueueProducer: [SurfaceTexture-1-7775-5] (id:1e5f00000052,api:3,p:7775,c:7775) detachBuffer: slot 16 is not owned by the producer (state = FREE)
02-26 13:26:51.409 7775 1602 W BufferQueueProducer: [SurfaceTexture-1-7775-5] (id:1e5f00000052,api:3,p:7775,c:7775) detachBuffer: slot 17 is not owned by the producer (state = FREE)
02-26 13:26:51.409 7775 1602 W BufferQueueProducer: [SurfaceTexture-1-7775-5] (id:1e5f00000052,api:3,p:7775,c:7775) detachBuffer: slot 18 is not owned by the producer (state = FREE)
02-26 13:26:51.409 7775 1602 W BufferQueueProducer: [SurfaceTexture-1-7775-5] (id:1e5f00000052,api:3,p:7775,c:7775) detachBuffer: slot 19 is not owned by the producer (state = FREE)
02-26 13:26:51.409 7775 1602 W BufferQueueProducer: [SurfaceTexture-1-7775-5] (id:1e5f00000052,api:3,p:7775,c:7775) detachBuffer: slot 20 is not owned by the producer (state = FREE)
02-26 13:26:51.409 7775 1602 W BufferQueueProducer: [SurfaceTexture-1-7775-5] (id:1e5f00000052,api:3,p:7775,c:7775) detachBuffer: slot 21 is not owned by the producer (state = FREE)
02-26 13:26:51.409 7775 1602 W BufferQueueProducer: [SurfaceTexture-1-7775-5] (id:1e5f00000052,api:3,p:7775,c:7775) detachBuffer: slot 22 is not owned by the producer (state = FREE)
02-26 13:26:51.409 7775 1602 W BufferQueueProducer: [SurfaceTexture-1-7775-5] (id:1e5f00000052,api:3,p:7775,c:7775) detachBuffer: slot 23 is not owned by the producer (state = FREE)
02-26 13:26:51.409 7775 1602 W BufferQueueProducer: [SurfaceTexture-1-7775-5] (id:1e5f00000052,api:3,p:7775,c:7775) detachBuffer: slot 24 is not owned by the producer (state = FREE)
02-26 13:26:51.409 7775 1602 W BufferQueueProducer: [SurfaceTexture-1-7775-5] (id:1e5f00000052,api:3,p:7775,c:7775) detachBuffer: slot 25 is not owned by the producer (state = FREE)
02-26 13:26:51.409 7775 1602 W BufferQueueProducer: [SurfaceTexture-1-7775-5] (id:1e5f00000052,api:3,p:7775,c:7775) detachBuffer: slot 26 is not owned by the producer (state = FREE)
02-26 13:26:51.409 7775 1602 W BufferQueueProducer: [SurfaceTexture-1-7775-5] (id:1e5f00000052,api:3,p:7775,c:7775) detachBuffer: slot 27 is not owned by the producer (state = FREE)
02-26 13:26:51.409 7775 1602 W BufferQueueProducer: [SurfaceTexture-1-7775-5] (id:1e5f00000052,api:3,p:7775,c:7775) detachBuffer: slot 28 is not owned by the producer (state = FREE)
02-26 13:26:51.410 7775 1602 W BufferQueueProducer: [SurfaceTexture-1-7775-5] (id:1e5f00000052,api:3,p:7775,c:7775) detachBuffer: slot 29 is not owned by the producer (state = FREE)
02-26 13:26:51.410 7775 1602 W BufferQueueProducer: [SurfaceTexture-1-7775-5] (id:1e5f00000052,api:3,p:7775,c:7775) detachBuffer: slot 30 is not owned by the producer (state = FREE)
02-26 13:26:51.410 7775 1602 W BufferQueueProducer: [SurfaceTexture-1-7775-5] (id:1e5f00000052,api:3,p:7775,c:7775) detachBuffer: slot 31 is not owned by the producer (state = FREE)
02-26 13:26:51.410 7775 1602 W BufferQueueProducer: [SurfaceTexture-1-7775-5] (id:1e5f00000052,api:3,p:7775,c:7775) detachBuffer: slot 32 is not owned by the producer (state = FREE)
02-26 13:26:51.410 7775 1602 W BufferQueueProducer: [SurfaceTexture-1-7775-5] (id:1e5f00000052,api:3,p:7775,c:7775) detachBuffer: slot 33 is not owned by the producer (state = FREE)
02-26 13:26:51.410 7775 1602 W BufferQueueProducer: [SurfaceTexture-1-7775-5] (id:1e5f00000052,api:3,p:7775,c:7775) detachBuffer: slot 34 is not owned by the producer (state = FREE)
02-26 13:26:51.410 7775 1602 W BufferQueueProducer: [SurfaceTexture-1-7775-5] (id:1e5f00000052,api:3,p:7775,c:7775) detachBuffer: slot 35 is not owned by the producer (state = FREE)
02-26 13:26:51.410 7775 1602 W BufferQueueProducer: [SurfaceTexture-1-7775-5] (id:1e5f00000052,api:3,p:7775,c:7775) detachBuffer: slot 36 is not owned by the producer (state = FREE)
02-26 13:26:51.410 7775 1602 W BufferQueueProducer: [SurfaceTexture-1-7775-5] (id:1e5f00000052,api:3,p:7775,c:7775) detachBuffer: slot 37 is not owned by the producer (state = FREE)
02-26 13:26:51.410 7775 1602 W BufferQueueProducer: [SurfaceTexture-1-7775-5] (id:1e5f00000052,api:3,p:7775,c:7775) detachBuffer: slot 38 is not owned by the producer (state = FREE)
