02-26 12:42:53.414 7775 7775 E ArmVmp : Match on catch block at 0xc3 in for 0x151
02-26 12:42:53.416 7775 7775 E ArmVmp : Match on catch block at 0xc3 in for 0x14d
02-26 12:42:53.422 7775 7775 E ArmVmp : Match on catch block at 0xc3 in for 0x155
02-26 12:42:53.425 7775 7775 E ArmVmp : Match on catch block at 0xc3 in for 0x151
02-26 12:42:53.430 7775 7775 E ArmVmp : Match on catch block at 0xc3 in for 0x159
02-26 12:42:53.433 7775 7775 E ArmVmp : Match on catch block at 0xc3 in for 0x155
02-26 12:42:53.440 7775 7775 E ArmVmp : Match on catch block at 0xc3 in for 0x141
02-26 12:42:53.445 7775 7775 E ArmVmp : Match on catch block at 0xc3 in for 0x159
02-26 12:42:53.448 7775 7775 E ArmVmp : Match on catch block at 0xc3 in for 0x145
02-26 12:42:53.450 7775 7775 E ArmVmp : Match on catch block at 0xc3 in for 0x141
02-26 12:42:53.455 7775 7775 E ArmVmp : Match on catch block at 0xc3 in for 0x149
02-26 12:42:53.458 7775 7775 E ArmVmp : Match on catch block at 0xc3 in for 0x145
02-26 12:42:53.464 7775 7775 E ArmVmp : Match on catch block at 0xc3 in for 0x14d
02-26 12:42:53.467 7775 7775 E ArmVmp : Match on catch block at 0xc3 in for 0x149
02-26 12:42:53.472 7775 7775 E ArmVmp : Match on catch block at 0xc3 in for 0x151
02-26 12:42:53.475 7775 7775 E ArmVmp : Match on catch block at 0xc3 in for 0x14d
02-26 12:42:53.480 7775 7775 E ArmVmp : Match on catch block at 0xc3 in for 0x155
02-26 12:42:53.483 7775 7775 E ArmVmp : Match on catch block at 0xc3 in for 0x151
02-26 12:42:53.489 7775 7775 E ArmVmp : Match on catch block at 0xc3 in for 0x159
02-26 12:42:53.492 7775 7775 E ArmVmp : Match on catch block at 0xc3 in for 0x155
02-26 12:42:53.497 7775 7775 E ArmVmp : Match on catch block at 0xc3 in for 0x141
02-26 12:42:53.500 7775 7775 E ArmVmp : Match on catch block at 0xc3 in for 0x159
02-26 12:42:53.505 7775 7775 E ArmVmp : Match on catch block at 0xc3 in for 0x145
02-26 12:42:53.508 7775 7775 E ArmVmp : Match on catch block at 0xc3 in for 0x141
02-26 12:42:53.514 7775 7775 E ArmVmp : Match on catch block at 0xc3 in for 0x149
02-26 12:42:53.518 7775 7775 E ArmVmp : Match on catch block at 0xc3 in for 0x145
02-26 12:42:53.522 7775 7775 E ArmVmp : Match on catch block at 0xc3 in for 0x14d
02-26 12:42:53.526 7775 7775 E ArmVmp : Match on catch block at 0xc3 in for 0x149
02-26 12:42:53.531 7775 7775 E ArmVmp : Match on catch block at 0xc3 in for 0x151
02-26 12:42:53.533 7775 7775 E ArmVmp : Match on catch block at 0xc3 in for 0x14d
02-26 12:42:53.539 7775 7775 E ArmVmp : Match on catch block at 0xc3 in for 0x155
02-26 12:42:53.542 7775 7775 E ArmVmp : Match on catch block at 0xc3 in for 0x151
02-26 12:42:53.547 7775 7775 E ArmVmp : Match on catch block at 0xc3 in for 0x159
02-26 12:42:53.550 7775 7775 E ArmVmp : Match on catch block at 0xc3 in for 0x155
02-26 12:42:53.704 7775 7775 E ArmVmp : Match on catch block at 0xc3 in for 0x151
02-26 12:42:53.711 7775 7775 E ArmVmp : Match on catch block at 0xc3 in for 0x14d
02-26 12:42:54.201 7775 7775 E ArmVmp : Match on catch block at 0xc3 in for 0x155
02-26 12:42:54.205 7775 7775 E ArmVmp : Match on catch block at 0xc3 in for 0x151
02-26 12:42:54.317 7775 7775 E ArmVmp : Match on catch block at 0xc3 in for 0x145
02-26 12:42:54.321 7775 7775 E ArmVmp : Match on catch block at 0xc3 in for 0x141
02-26 12:42:54.517 7775 11782 W Parcel : Expecting binder but got null!
02-26 12:42:54.544 7775 7775 E ArmVmp : Match on catch block at 0xc3 in for 0x159
02-26 12:42:54.549 7775 7775 E ArmVmp : Match on catch block at 0xc3 in for 0x155
02-26 12:42:54.721 7775 7775 E ArmVmp : Match on catch block at 0xc3 in for 0x145
02-26 12:42:54.727 7775 7775 E ArmVmp : Match on catch block at 0xc3 in for 0x141
02-26 12:42:54.732 7775 7775 E ArmVmp : Match on catch block at 0xc3 in for 0x149
02-26 12:42:54.734 7775 7775 E ArmVmp : Match on catch block at 0xc3 in for 0x145
02-26 12:42:55.721 7775 7775 E ArmVmp : Match on catch block at 0xc3 in for 0x149
02-26 12:42:55.732 7775 7775 E ArmVmp : Match on catch block at 0xc3 in for 0x145
02-26 12:42:55.765 7775 7775 E ArmVmp : Match on catch block at 0xc3 in for 0x14d
02-26 12:42:55.779 7775 7775 E ArmVmp : Match on catch block at 0xc3 in for 0x149
02-26 12:42:55.793 7775 7775 E ArmVmp : Match on catch block at 0xc3 in for 0x151
02-26 12:42:55.797 7775 7775 E ArmVmp : Match on catch block at 0xc3 in for 0x14d
02-26 12:42:55.827 7775 7775 E ArmVmp : Match on catch block at 0xc3 in for 0x155
02-26 12:42:55.844 7775 7775 E ArmVmp : Match on catch block at 0xc3 in for 0x151
02-26 12:42:55.859 7775 7775 E ArmVmp : Match on catch block at 0xc3 in for 0x159
02-26 12:42:55.863 7775 7775 E ArmVmp : Match on catch block at 0xc3 in for 0x155
02-26 12:42:56.622 7775 7775 E ArmVmp : Match on catch block at 0xc3 in for 0x155
02-26 12:42:56.631 7775 7775 E ArmVmp : Match on catch block at 0xc3 in for 0x151
02-26 12:42:58.732 7775 7775 E ArmVmp : Match on catch block at 0xc3 in for 0x14d
02-26 12:42:58.735 7775 7775 E ArmVmp : Match on catch block at 0xc3 in for 0x149
02-26 12:42:58.901 7775 7775 W BottomSheetBehavior: BottomSheetBehavior now supports multiple callbacks. `setBottomSheetCallback()` removes all existing callbacks, including ones set internally by library authors, which may result in unintended behavior. This may change in the future. Please use `addBottomSheetCallback()` and `removeBottomSheetCallback()` instead to set your own callbacks.
02-26 12:42:58.962 7775 7909 W System.err: android.content.pm.PackageManager$NameNotFoundException: Package com.infinitywatchfaces.Shock.appicon doesn't exist
02-26 12:42:58.962 7775 7909 W System.err:
02-26 12:42:58.964 7775 7909 W System.err: at android.app.ApplicationPackageManager.getResourcesForApplicationAsUser(ApplicationP ackageManager.java:2291)
02-26 12:42:58.964 7775 7909 W System.err:
02-26 12:42:58.964 7775 7909 W System.err: at android.app.SemAppIconSolution.registerAppIconInfo(SemAppIconSolution.java:212)
02-26 12:42:58.964 7775 7909 W System.err:
02-26 12:42:58.965 7775 7909 W System.err: at android.app.SemAppIconSolution.checkAppIconThemePackage(SemAppIconSolution.java:181 )
02-26 12:42:58.965 7775 7909 W System.err:
02-26 12:42:58.965 7775 7909 W System.err: at android.app.ApplicationPackageManager.loadUnbadgedItemIcon(ApplicationPackageManage r.java:3723)
02-26 12:42:58.965 7775 7909 W System.err:
02-26 12:42:58.965 7775 7909 W System.err: at android.app.ApplicationPackageManager.loadItemIcon(ApplicationPackageManager.java:3 638)
02-26 12:42:58.965 7775 7909 W System.err:
02-26 12:42:58.965 7775 7909 W System.err: at android.content.pm.PackageItemInfo.loadIcon(PackageItemInfo.java:300)
02-26 12:42:58.965 7775 7909 W System.err:
02-26 12:42:58.965 7775 7909 W System.err: at android.content.pm.PackageItemInfo.loadIcon(PackageItemInfo.java:295)
02-26 12:42:58.966 7775 7909 W System.err:
02-26 12:42:58.966 7775 7909 W System.err: at android.content.pm.ResolveInfo.loadIcon(ResolveInfo.java:313)
02-26 12:42:58.966 7775 7909 W System.err:
02-26 12:42:58.966 7775 7909 W System.err: at X.58y.A06(Unknown Source:104)
02-26 12:42:58.966 7775 7909 W System.err:
02-26 12:42:58.966 7775 7909 W System.err: at X.4FF.doInBackground(Unknown Source:2)
02-26 12:42:58.966 7775 7909 W System.err:
02-26 12:42:58.967 7775 7909 W System.err: at android.os.AsyncTask$3.call(AsyncTask.java:394)
02-26 12:42:58.967 7775 7909 W System.err:
02-26 12:42:58.967 7775 7909 W System.err: at java.util.concurrent.FutureTask.run(FutureTask.java:264)
02-26 12:42:58.967 7775 7909 W System.err:
02-26 12:42:58.967 7775 7909 W System.err: at java.util.concurrent.ThreadPoolExecutor.runWorker(ThreadPoolExecutor.java:1137)
02-26 12:42:58.967 7775 7909 W System.err:
02-26 12:42:58.967 7775 7909 W System.err: at java.util.concurrent.ThreadPoolExecutor$Worker.run(ThreadPoolExecutor.java:637)
02-26 12:42:58.967 7775 7909 W System.err:
02-26 12:42:58.967 7775 7909 W System.err: at X.3gH.run(Unknown Source:1548)
02-26 12:42:58.967 7775 7909 W System.err:
02-26 12:42:58.967 7775 7909 W System.err: at java.lang.Thread.run(Thread.java:1012)
02-26 12:42:58.968 7775 7909 W System.err:
02-26 12:42:58.971 7775 7909 E AppIconSolution: [getThemeAppIcon], Icon=ic_gallery, Exception=android.content.pm.PackageManager$NameNotFoundException: Package com.infinitywatchfaces.Shock.appicon doesn't exist
02-26 12:42:58.988 7775 7775 E ArmVmp : Match on catch block at 0xc3 in for 0x155
02-26 12:42:58.996 7775 7775 E ArmVmp : Match on catch block at 0xc3 in for 0x151
02-26 12:42:59.104 7775 7775 W View : requestLayout() improperly called by androidx.appcompat.view.menu.ActionMenuItemView{1b209a8 VFED..CL. ......ID 0,0- 136,135 #7f0b0fe8 app:id/more} during layout: running second layout pass
02-26 12:42:59.104 7775 7775 W View : requestLayout() improperly called by androidx.appcompat.widget.ActionMenuView{7af7cc1 V.E...... ......ID 944,0-1080,135} during layout: running second layout pass
02-26 12:42:59.104 7775 7775 W View : requestLayout() improperly called by com.mbwhatsapp.WaImageView{c011c66 VF.D..CL. ......ID 0,0-180,180 #7f0b1814 app:id/shutter} during layout: running second layout pass
02-26 12:42:59.104 7775 7775 W View : requestLayout() improperly called by com.mbwhatsapp.CircularProgressBar{45ba7 V.ED..... ......ID 0,0-180,180 #7f0b14fc app:id/recording_progress} during layout: running second layout pass
02-26 12:42:59.104 7775 7775 W View : requestLayout() improperly called by com.mbwhatsapp.WaImageView{ff21854 VF.D..C.. ......ID 0,0-135,135 #7f0b1976 app:id/switch_camera_btn} during layout: running second layout pass
02-26 12:42:59.104 7775 7775 W View : requestLayout() improperly called by com.mbwhatsapp.WaImageView{27623fd VFED..C.. ......ID 0,0-135,135 #7f0b0b0d app:id/gallery_btn} during layout: running second layout pass
02-26 12:42:59.104 7775 7775 W View : requestLayout() improperly called by com.mbwhatsapp.WaImageView{df298f2 VFED..C.. ......ID 0,0-135,135 #7f0b057f app:id/close_camera_btn} during layout: running second layout pass
02-26 12:42:59.104 7775 7775 W View : requestLayout() improperly called by X.4Ki{8110b43 V.ED..... ......ID 0,6-1080,141} during layout: running second layout pass
02-26 12:42:59.121 7775 11782 W Parcel : Expecting binder but got null!
02-26 12:42:59.162 7775 7775 W View : requestLayout() improperly called by com.mbwhatsapp.WaImageView{c011c66 VF.D..CL. ......ID 450,1691-630,1871 #7f0b1814 app:id/shutter} during layout: running second layout pass
02-26 12:42:59.162 7775 7775 W View : requestLayout() improperly called by com.mbwhatsapp.CircularProgressBar{45ba7 V.ED..... ......ID 450,1691-630,1871 #7f0b14fc app:id/recording_progress} during layout: running second layout pass
02-26 12:42:59.162 7775 7775 W View : requestLayout() improperly called by com.mbwhatsapp.WaImageView{ff21854 VF.D..C.. ......ID 921,1712-1056,1847 #7f0b1976 app:id/switch_camera_btn} during layout: running second layout pass
02-26 12:42:59.162 7775 7775 W View : requestLayout() improperly called by com.mbwhatsapp.WaImageView{27623fd VFED..C.. ......ID 24,1712-159,1847 #7f0b0b0d app:id/gallery_btn} during layout: running second layout pass
02-26 12:42:59.162 7775 7775 W View : requestLayout() improperly called by com.mbwhatsapp.WaImageView{df298f2 VFED..C.. ......I. 24,24-159,159 #7f0b057f app:id/close_camera_btn} during layout: running second layout pass
02-26 12:42:59.165 7775 7775 E ArmVmp : Match on catch block at 0xc3 in for 0x149
02-26 12:42:59.167 7775 7775 E ArmVmp : Match on catch block at 0xc3 in for 0x145
02-26 12:43:03.264 7775 7786 W System : A resource failed to call destroy.
02-26 12:43:03.264 7775 7786 W System : A resource failed to call destroy.
02-26 12:43:03.264 7775 7786 W System : A resource failed to call destroy.
02-26 12:43:03.264 7775 7786 W System : A resource failed to call destroy.
02-26 12:43:03.265 7775 7786 W System : A resource failed to call CursorWrapperInner.close.
02-26 12:43:09.391 7775 11782 W Parcel : Expecting binder but got null!
02-26 12:43:09.428 7775 7775 W BottomSheetBehavior: BottomSheetBehavior now supports multiple callbacks. `setBottomSheetCallback()` removes all existing callbacks, including ones set internally by library authors, which may result in unintended behavior. This may change in the future. Please use `addBottomSheetCallback()` and `removeBottomSheetCallback()` instead to set your own callbacks.
02-26 12:43:09.436 7775 7775 E RecyclerView: No adapter attached; skipping layout
02-26 12:43:09.450 7775 7775 E RecyclerView: No adapter attached; skipping layout
02-26 12:43:09.766 7775 7788 W com.mbwhatsapp: Long monitor contention with owner Optic-Task-Handler-Thread (16800) at void android.hardware.camera2.impl.CameraDeviceImpl.close()(CameraDeviceImpl.java:1463) waiters=0 in void android.hardware.camera2.impl.CameraDeviceImpl$CameraDeviceCallbacks.onResultReceiv ed(android.hardware.camera2.impl.CameraMetadataNative, android.hardware.camera2.impl.CaptureResultExtras, android.hardware.camera2.impl.PhysicalCaptureResultInfo[]) for 551ms
02-26 12:43:11.661 7775 7775 E ArmVmp : Match on catch block at 0x0a in for 0x199
02-26 12:43:11.663 7775 7775 E ArmVmp : Match on catch block at 0x0a in for 0x191
02-26 12:43:11.820 7775 7775 E ArmVmp : Match on catch block at 0xc3 in for 0x145
02-26 12:43:11.824 7775 7775 E ArmVmp : Match on catch block at 0xc3 in for 0x141
02-26 12:43:11.869 7775 7775 E ArmVmp : Match on catch block at 0xc3 in for 0x14d
02-26 12:43:11.872 7775 7775 E ArmVmp : Match on catch block at 0xc3 in for 0x149
02-26 12:43:11.890 7775 7775 E ArmVmp : Match on catch block at 0xc3 in for 0x14d
02-26 12:43:11.893 7775 7775 E ArmVmp : Match on catch block at 0xc3 in for 0x149
02-26 12:43:11.940 7775 7775 E ArmVmp : Match on catch block at 0xc3 in for 0x149
02-26 12:43:11.950 7775 7775 E ArmVmp : Match on catch block at 0xc3 in for 0x145
02-26 12:43:12.185 7775 7775 E ArmVmp : Match on catch block at 0xc3 in for 0x141
02-26 12:43:12.191 7775 7775 E ArmVmp : Match on catch block at 0xc3 in for 0x159
02-26 12:43:12.295 7775 7775 W BottomSheetBehavior: BottomSheetBehavior now supports multiple callbacks. `setBottomSheetCallback()` removes all existing callbacks, including ones set internally by library authors, which may result in unintended behavior. This may change in the future. Please use `addBottomSheetCallback()` and `removeBottomSheetCallback()` instead to set your own callbacks.
02-26 12:43:12.414 7775 7775 E ArmVmp : Match on catch block at 0xc3 in for 0x159
02-26 12:43:12.417 7775 7775 E ArmVmp : Match on catch block at 0xc3 in for 0x155
02-26 12:43:12.643 7775 7775 E ArmVmp : Match on catch block at 0xc3 in for 0x145
02-26 12:43:12.646 7775 7775 E ArmVmp : Match on catch block at 0xc3 in for 0x141
02-26 12:43:12.915 7775 7775 E ArmVmp : Match on catch block at 0xc3 in for 0x149
02-26 12:43:12.916 7775 7775 E ArmVmp : Match on catch block at 0xc3 in for 0x145
02-26 12:43:13.282 7775 7884 E SQLiteDatabase: Error inserting transferred=0 media_job_uuid=cd75ace4-b53a-427d-8a2c-05c617469d63 transcoded=1 gif_attribution=0 first_scan_length=0 direct_path=null thumbnail_height_width_ratio=0.5555556 is_animated_sticker=0 file_hash=null file_path=/data/user/0/com.mbwhatsapp/files/.Shared/40fc1b88-cd1b-4ffa-a4a1- abbc5d0793e3.jpg file_size=3575487 partial_media_hash=null face_x=0 face_y=0 height=2052 trim_to=0 media_key_timestamp=0 message_url=null media_caption=null trim_from=0 mime_type=null partial_media_enc_hash=null width=3648 original_file_hash=HIoV9pcoAreEfWG8vsP1VjvZmLVa8BmBoFnV8lTMyfQ= has_streaming_sidecar=0 autotransfer_retry_enabled=1 media_upload_handle=null message_row_id=495 multicast_id=null enc_file_hash=null mute_video=0 page_count=0 first_scan_sidecar=null suspicious_content=0 file_length=3575487 media_name=40fc1b88-cd1b-4ffa-a4a1-abbc5d0793e3.jpg media_duration=0 chat_row_id=6 media_key=null
02-26 12:43:13.282 7775 7884 E SQLiteDatabase: android.database.sqlite.SQLiteConstraintException: UNIQUE constraint failed: message_media.message_row_id (code 1555 SQLITE_CONSTRAINT_PRIMARYKEY[1555])
02-26 12:43:13.282 7775 7884 E SQLiteDatabase: at android.database.sqlite.SQLiteConnection.nativeExecuteForLastInsertedRowId(Native Method)
02-26 12:43:13.282 7775 7884 E SQLiteDatabase: at android.database.sqlite.SQLiteConnection.executeForLastInsertedRowId(SQLiteConnecti on.java:1275)
02-26 12:43:13.282 7775 7884 E SQLiteDatabase: at android.database.sqlite.SQLiteSession.executeForLastInsertedRowId(SQLiteSession.jav a:790)
02-26 12:43:13.282 7775 7884 E SQLiteDatabase: at android.database.sqlite.SQLiteStatement.executeInsert(SQLiteStatement.java:89)
02-26 12:43:13.282 7775 7884 E SQLiteDatabase: at android.database.sqlite.SQLiteDatabase.insertWithOnConflict(SQLiteDatabase.java:241 0)
02-26 12:43:13.282 7775 7884 E SQLiteDatabase: at android.database.sqlite.SQLiteDatabase.insert(SQLiteDatabase.java:2279)
02-26 12:43:13.282 7775 7884 E SQLiteDatabase: at X.2tm.A08(Unknown Source:6)
02-26 12:43:13.282 7775 7884 E SQLiteDatabase: at X.35Y.A07(Unknown Source:212)
02-26 12:43:13.282 7775 7884 E SQLiteDatabase: at X.3QF.A14(Unknown Source:470)
02-26 12:43:13.282 7775 7884 E SQLiteDatabase: at X.3gU.run(Unknown Source:982)
02-26 12:43:13.282 7775 7884 E SQLiteDatabase: at android.os.Handler.handleCallback(Handler.java:942)
02-26 12:43:13.282 7775 7884 E SQLiteDatabase: at android.os.Handler.dispatchMessage(Handler.java:99)
02-26 12:43:13.282 7775 7884 E SQLiteDatabase: at X.0zq.dispatchMessage(Unknown Source:4)
02-26 12:43:13.282 7775 7884 E SQLiteDatabase: at android.os.Looper.loopOnce(Looper.java:226)
02-26 12:43:13.282 7775 7884 E SQLiteDatabase: at android.os.Looper.loop(Looper.java:313)
02-26 12:43:13.282 7775 7884 E SQLiteDatabase: at android.os.HandlerThread.run(HandlerThread.java:67)
02-26 12:43:13.292 7775 7775 E ArmVmp : Match on catch block at 0xc3 in for 0x155
02-26 12:43:13.295 7775 7775 E ArmVmp : Match on catch block at 0xc3 in for 0x151
02-26 12:43:13.313 7775 7775 E ArmVmp : Match on catch block at 0xc3 in for 0x145
02-26 12:43:13.317 7775 7775 E ArmVmp : Match on catch block at 0xc3 in for 0x141
02-26 12:43:13.330 7775 17136 W ziparchive: Unable to open '/data/user_de/0/com.google.android.gms/app_chimera/m/000003c5/DynamiteLoader.dm': No such file or directory
02-26 12:43:13.330 7775 17136 W ziparchive: Unable to open '/data/user_de/0/com.google.android.gms/app_chimera/m/000003c5/DynamiteLoader.dm': No such file or directory
02-26 12:43:13.347 7775 17136 W System : ClassLoader referenced unknown path:
02-26 12:43:13.354 7775 17136 W ziparchive: Unable to open '/data/user_de/0/com.google.android.gms/app_chimera/m/000003c4/CronetDynamite.dm': No such file or directory
02-26 12:43:13.354 7775 17136 W ziparchive: Unable to open '/data/user_de/0/com.google.android.gms/app_chimera/m/000003c4/CronetDynamite.dm': No such file or directory
02-26 12:43:13.409 7775 7775 E ArmVmp : Match on catch block at 0xc3 in for 0x155
02-26 12:43:13.411 7775 7775 E ArmVmp : Match on catch block at 0xc3 in for 0x151
02-26 12:43:13.412 7775 17159 E chromium: [0226/124313.412853:ERROR:cronet_context.cc(158)] Invalid QUIC hint host: .whatsapp.com
02-26 12:43:13.413 7775 17159 E chromium: [0226/124313.413009:ERROR:cronet_context.cc(158)] Invalid QUIC hint host: .cdninstagram.com
02-26 12:43:13.413 7775 17159 E chromium: [0226/124313.413021:ERROR:cronet_context.cc(158)] Invalid QUIC hint host: .fbcdn.net
02-26 12:43:13.413 7775 17159 E chromium: [0226/124313.413030:ERROR:cronet_context.cc(158)] Invalid QUIC hint host: .facebook.com
02-26 12:43:13.413 7775 17159 E chromium: [0226/124313.413038:ERROR:cronet_context.cc(158)] Invalid QUIC hint host: .instagram.com
02-26 12:43:13.413 7775 17159 E chromium: [0226/124313.413045:ERROR:cronet_context.cc(158)] Invalid QUIC hint host: .whatsapp.net
02-26 12:43:13.416 7775 7775 E ArmVmp : Match on catch block at 0xc3 in for 0x159
02-26 12:43:13.417 7775 7775 E ArmVmp : Match on catch block at 0xc3 in for 0x155
02-26 12:43:13.508 7775 7775 E ArmVmp : Match on catch block at 0xc3 in for 0x141
02-26 12:43:13.510 7775 7775 E ArmVmp : Match on catch block at 0xc3 in for 0x159
02-26 12:43:13.918 7775 7775 E ArmVmp : Match on catch block at 0xc3 in for 0x155
02-26 12:43:13.923 7775 7775 E ArmVmp : Match on catch block at 0xc3 in for 0x151
02-26 12:43:14.370 7775 7775 E ArmVmp : Match on catch block at 0xc3 in for 0x159
02-26 12:43:14.376 7775 7775 E ArmVmp : Match on catch block at 0xc3 in for 0x155
02-26 12:43:16.131 7775 7784 W com.mbwhatsapp: Cleared Reference was only reachable from finalizer (only reported once)
02-26 12:43:16.176 7775 7786 W System : A resource failed to call destroy.
02-26 12:43:16.176 7775 7786 W System : A resource failed to call destroy.
02-26 12:43:16.176 7775 7786 W System : A resource failed to call destroy.
02-26 12:43:16.176 7775 7786 W System : A resource failed to call destroy.
02-26 12:43:20.580 7775 7884 E SQLiteDatabase: Error inserting transferred=1 media_job_uuid=cd75ace4-b53a-427d-8a2c-05c617469d63 transcoded=1 gif_attribution=0 first_scan_length=0 direct_path=/v/t62.7118- 24/30911219_750492910517942_3994633009921539211_n.enc?ccb=11-4&oh=01_AdQ1UE- UmJN_vsCV3vZ0NEm70TvJ9CusWgS1q-TTDElsCQ&oe=6604258E&_nc_sid=5e03e0 thumbnail_height_width_ratio=0.5555556 is_animated_sticker=0 file_hash=okbPB6dr1mFoPUXcQcfbGRC0WfT6917apiKwZjY5iIU= file_path=Media/MBWhatsApp Images/Sent/IMG-20240226-WA0012.jpg file_size=3575487 partial_media_hash=CoNqgJ8noCGqv9KvilhJnESIidbHr7hVV76S3LEboFM= face_x=0 face_y=0 height=2052 trim_to=0 media_key_timestamp=1708969393690 message_url=https://mmg.whatsapp.net/v/t62.7118- 24/30911219_750492910517942_3994633009921539211_n.enc?ccb=11-4&oh=01_AdQ1UE- UmJN_vsCV3vZ0NEm70TvJ9CusWgS1q-TTDElsCQ&oe=6604258E&_nc_sid=5e03e0&mms3=true media_caption=null trim_from=0 mime_type=null partial_media_enc_hash=null width=3648 original_file_hash=HIoV9pcoAreEfWG8vsP1VjvZmLVa8BmBoFnV8lTMyfQ= has_streaming_sidecar=1 autotransfer_retry_enabled=0 media_upload_handle=null message_row_id=495 multicast_id=null enc_file_hash=yuEkgFCv3BNgxwYRUN0QmLn/eyhpo9NT3nVroGfr/UY= mute_video=0 page_count=0 first_scan_sidecar=null suspicious_content=0 file_length=3575487 media_name=40fc1b88-cd1b-4ffa-a4a1-abbc5d0793e3.jpg media_duration=0 chat_row_id=6 media_key=[B@97820e
02-26 12:43:20.580 7775 7884 E SQLiteDatabase: android.database.sqlite.SQLiteConstraintException: UNIQUE constraint failed: message_media.message_row_id (code 1555 SQLITE_CONSTRAINT_PRIMARYKEY[1555])
02-26 12:43:20.580 7775 7884 E SQLiteDatabase: at android.database.sqlite.SQLiteConnection.nativeExecuteForLastInsertedRowId(Native Method)
02-26 12:43:20.580 7775 7884 E SQLiteDatabase: at android.database.sqlite.SQLiteConnection.executeForLastInsertedRowId(SQLiteConnecti on.java:1275)
02-26 12:43:20.580 7775 7884 E SQLiteDatabase: at android.database.sqlite.SQLiteSession.executeForLastInsertedRowId(SQLiteSession.jav a:790)
02-26 12:43:20.580 7775 7884 E SQLiteDatabase: at android.database.sqlite.SQLiteStatement.executeInsert(SQLiteStatement.java:89)
02-26 12:43:20.580 7775 7884 E SQLiteDatabase: at android.database.sqlite.SQLiteDatabase.insertWithOnConflict(SQLiteDatabase.java:241 0)
02-26 12:43:20.580 7775 7884 E SQLiteDatabase: at android.database.sqlite.SQLiteDatabase.insert(SQLiteDatabase.java:2279)
02-26 12:43:20.580 7775 7884 E SQLiteDatabase: at X.2tm.A08(Unknown Source:6)
02-26 12:43:20.580 7775 7884 E SQLiteDatabase: at X.35Y.A07(Unknown Source:212)
02-26 12:43:20.580 7775 7884 E SQLiteDatabase: at X.3QF.A14(Unknown Source:470)
02-26 12:43:20.580 7775 7884 E SQLiteDatabase: at X.3gU.run(Unknown Source:982)
02-26 12:43:20.580 7775 7884 E SQLiteDatabase: at android.os.Handler.handleCallback(Handler.java:942)
02-26 12:43:20.580 7775 7884 E SQLiteDatabase: at android.os.Handler.dispatchMessage(Handler.java:99)
02-26 12:43:20.580 7775 7884 E SQLiteDatabase: at X.0zq.dispatchMessage(Unknown Source:4)
02-26 12:43:20.580 7775 7884 E SQLiteDatabase: at android.os.Looper.loopOnce(Looper.java:226)
02-26 12:43:20.580 7775 7884 E SQLiteDatabase: at android.os.Looper.loop(Looper.java:313)
02-26 12:43:20.580 7775 7884 E SQLiteDatabase: at android.os.HandlerThread.run(HandlerThread.java:67)
02-26 12:45:10.846 7775 7884 E SQLiteDatabase: Error inserting transferred=1 media_job_uuid=d869e439-d994-401a-899d-5bb7635cc588 transcoded=0 gif_attribution=0 first_scan_length=8809 direct_path=/o1/v/t62.7118-24/f1/m231/up-oil-image-a635ea2b- c643-4ea1-b777-44c0107ffc5e?ccb=9- 4&oh=01_AdTyeZbwKO36VmbHoDeupBzGSE88EmlUWQEzGEssoa1sdw&oe=6604518E&_nc_sid=000000 thumbnail_height_width_ratio=1.7560976 is_animated_sticker=0 file_hash=HtZfIVgvwzD/fzpqIoixkOxnpq1vv880KolJ54+x8yQ= file_path=Media/MBWhatsApp Images/IMG-20240226-WA0013.jpg file_size=75731 partial_media_hash=ImsDqrjZOhue+Ox5DLsadlMVzo61bZdspr/yZaGfcHs= face_x=544 face_y=480 height=1214 trim_to=0 media_key_timestamp=1708969506000 message_url=https://mmg.whatsapp.net/o1/v/t62.7118-24/f1/m231/up-oil-image- a635ea2b-c643-4ea1-b777-44c0107ffc5e?ccb=9- 4&oh=01_AdTyeZbwKO36VmbHoDeupBzGSE88EmlUWQEzGEssoa1sdw&oe=6604518E&_nc_sid=000000&m ms3=true media_caption=null trim_from=0 mime_type=image/jpeg partial_media_enc_hash=null width=688 original_file_hash=null has_streaming_sidecar=1 autotransfer_retry_enabled=1 media_upload_handle=null message_row_id=498 multicast_id=null enc_file_hash=fYyMObZIY92uvBfCzLcWn5HronRXkI4ya5kB3v1KzZ8= mute_video=0 page_count=0 first_scan_sidecar=[B@65c5bb5 suspicious_content=0 file_length=75731 media_name=null media_duration=0 chat_row_id=10 media_key=[B@c42624a
02-26 12:45:10.846 7775 7884 E SQLiteDatabase: android.database.sqlite.SQLiteConstraintException: UNIQUE constraint failed: message_media.message_row_id (code 1555 SQLITE_CONSTRAINT_PRIMARYKEY[1555])
02-26 12:45:10.846 7775 7884 E SQLiteDatabase: at android.database.sqlite.SQLiteConnection.nativeExecuteForLastInsertedRowId(Native Method)
02-26 12:45:10.846 7775 7884 E SQLiteDatabase: at android.database.sqlite.SQLiteConnection.executeForLastInsertedRowId(SQLiteConnecti on.java:1275)
02-26 12:45:10.846 7775 7884 E SQLiteDatabase: at android.database.sqlite.SQLiteSession.executeForLastInsertedRowId(SQLiteSession.jav a:790)
02-26 12:45:10.846 7775 7884 E SQLiteDatabase: at android.database.sqlite.SQLiteStatement.executeInsert(SQLiteStatement.java:89)
02-26 12:45:10.846 7775 7884 E SQLiteDatabase: at android.database.sqlite.SQLiteDatabase.insertWithOnConflict(SQLiteDatabase.java:241 0)
02-26 12:45:10.846 7775 7884 E SQLiteDatabase: at android.database.sqlite.SQLiteDatabase.insert(SQLiteDatabase.java:2279)
02-26 12:45:10.846 7775 7884 E SQLiteDatabase: at X.2tm.A08(Unknown Source:6)
02-26 12:45:10.846 7775 7884 E SQLiteDatabase: at X.35Y.A07(Unknown Source:212)
02-26 12:45:10.846 7775 7884 E SQLiteDatabase: at X.3QF.A14(Unknown Source:470)
02-26 12:45:10.846 7775 7884 E SQLiteDatabase: at X.3gU.run(Unknown Source:982)
02-26 12:45:10.846 7775 7884 E SQLiteDatabase: at android.os.Handler.handleCallback(Handler.java:942)
02-26 12:45:10.846 7775 7884 E SQLiteDatabase: at android.os.Handler.dispatchMessage(Handler.java:99)
02-26 12:45:10.846 7775 7884 E SQLiteDatabase: at X.0zq.dispatchMessage(Unknown Source:4)
02-26 12:45:10.846 7775 7884 E SQLiteDatabase: at android.os.Looper.loopOnce(Looper.java:226)
02-26 12:45:10.846 7775 7884 E SQLiteDatabase: at android.os.Looper.loop(Looper.java:313)
02-26 12:45:10.846 7775 7884 E SQLiteDatabase: at android.os.HandlerThread.run(HandlerThread.java:67)
02-26 12:46:16.508 7775 7884 E SQLiteDatabase: Error inserting transferred=1 media_job_uuid=5e3e5d98-1c18-4d81-ac42-ecc74c21f06b transcoded=0 gif_attribution=0 first_scan_length=10434 direct_path=/v/t62.15575- 24/32383757_3687585461498118_6779606409381127848_n.enc?ccb=11- 4&oh=01_AdSly4_Te_3vv2-kJQNnnQI8ZcWG33OwCxKfwt34w9eYaA&oe=66042994&_nc_sid=5e03e0 thumbnail_height_width_ratio=1.0 is_animated_sticker=1 file_hash=QRK82EXMUmdfihJVLJgo4/OyYIbjREnhw4190bnff1E= file_path=Media/MBWhatsApp Stickers/STK-20240226-WA0014.webp file_size=390840 partial_media_hash=null face_x=0 face_y=0 height=64 trim_to=0 media_key_timestamp=1708960567000 message_url=https://mmg.whatsapp.net/v/t62.15575- 24/32383757_3687585461498118_6779606409381127848_n.enc?ccb=11- 4&oh=01_AdSly4_Te_3vv2- kJQNnnQI8ZcWG33OwCxKfwt34w9eYaA&oe=66042994&_nc_sid=5e03e0&mms3=true media_caption=null trim_from=0 mime_type=image/webp partial_media_enc_hash=null width=64 original_file_hash=null has_streaming_sidecar=0 autotransfer_retry_enabled=1 media_upload_handle=null message_row_id=504 multicast_id=null enc_file_hash=7Td9fLcGHYpg6EeXpjHtf/naOgEYxhhaTLD/5mYtcg4= mute_video=0 page_count=0 first_scan_sidecar=[B@958b90c suspicious_content=0 file_length=390840 media_name=null media_duration=0 chat_row_id=10 media_key=[B@e70a255
02-26 12:46:16.508 7775 7884 E SQLiteDatabase: android.database.sqlite.SQLiteConstraintException: UNIQUE constraint failed: message_media.message_row_id (code 1555 SQLITE_CONSTRAINT_PRIMARYKEY[1555])
02-26 12:46:16.508 7775 7884 E SQLiteDatabase: at android.database.sqlite.SQLiteConnection.nativeExecuteForLastInsertedRowId(Native Method)
02-26 12:46:16.508 7775 7884 E SQLiteDatabase: at android.database.sqlite.SQLiteConnection.executeForLastInsertedRowId(SQLiteConnecti on.java:1275)
02-26 12:46:16.508 7775 7884 E SQLiteDatabase: at android.database.sqlite.SQLiteSession.executeForLastInsertedRowId(SQLiteSession.jav a:790)
02-26 12:46:16.508 7775 7884 E SQLiteDatabase: at android.database.sqlite.SQLiteStatement.executeInsert(SQLiteStatement.java:89)
02-26 12:46:16.508 7775 7884 E SQLiteDatabase: at android.database.sqlite.SQLiteDatabase.insertWithOnConflict(SQLiteDatabase.java:241 0)
02-26 12:46:16.508 7775 7884 E SQLiteDatabase: at android.database.sqlite.SQLiteDatabase.insert(SQLiteDatabase.java:2279)
02-26 12:46:16.508 7775 7884 E SQLiteDatabase: at X.2tm.A08(Unknown Source:6)
02-26 12:46:16.508 7775 7884 E SQLiteDatabase: at X.35Y.A07(Unknown Source:212)
02-26 12:46:16.508 7775 7884 E SQLiteDatabase: at X.3QF.A14(Unknown Source:470)
02-26 12:46:16.508 7775 7884 E SQLiteDatabase: at X.3gU.run(Unknown Source:982)
02-26 12:46:16.508 7775 7884 E SQLiteDatabase: at android.os.Handler.handleCallback(Handler.java:942)
02-26 12:46:16.508 7775 7884 E SQLiteDatabase: at android.os.Handler.dispatchMessage(Handler.java:99)
02-26 12:46:16.508 7775 7884 E SQLiteDatabase: at X.0zq.dispatchMessage(Unknown Source:4)
02-26 12:46:16.508 7775 7884 E SQLiteDatabase: at android.os.Looper.loopOnce(Looper.java:226)
02-26 12:46:16.508 7775 7884 E SQLiteDatabase: at android.os.Looper.loop(Looper.java:313)
02-26 12:46:16.508 7775 7884 E SQLiteDatabase: at android.os.HandlerThread.run(HandlerThread.java:67)
02-26 12:49:01.498 7775 7884 E SQLiteDatabase: Error inserting transferred=1 media_job_uuid=9f095009-ae77-42e3-8cea-93179e00b2ea transcoded=0 gif_attribution=0 first_scan_length=6458 direct_path=/v/t62.15575- 24/30555422_1445692389404498_5876587968944087913_n.enc?ccb=11- 4&oh=01_AdQndILUIOVdeG2r5N764IirTeSLfIF5DZ95WvbQrQ34Hg&oe=66042A74&_nc_sid=5e03e0 thumbnail_height_width_ratio=1.0 is_animated_sticker=1 file_hash=LooEWmbbPn0LVz2+2Bxye3di53C37UgCToSuBej/J8A= file_path=Media/MBWhatsApp Stickers/STK-20240226-WA0015.webp file_size=190252 partial_media_hash=null face_x=0 face_y=0 height=64 trim_to=0 media_key_timestamp=1708818392000 message_url=https://mmg.whatsapp.net/v/t62.15575- 24/30555422_1445692389404498_5876587968944087913_n.enc?ccb=11- 4&oh=01_AdQndILUIOVdeG2r5N764IirTeSLfIF5DZ95WvbQrQ34Hg&oe=66042A74&_nc_sid=5e03e0&m ms3=true media_caption=null trim_from=0 mime_type=image/webp partial_media_enc_hash=null width=64 original_file_hash=null has_streaming_sidecar=0 autotransfer_retry_enabled=1 media_upload_handle=null message_row_id=505 multicast_id=null enc_file_hash=kaHo7qoz5FSnbPwDAaCJSpcamUEI8zwd2Q4STc6fk/4= mute_video=0 page_count=0 first_scan_sidecar=[B@2ddd63a suspicious_content=0 file_length=190252 media_name=null media_duration=0 chat_row_id=10 media_key=[B@a9612eb
02-26 12:49:01.498 7775 7884 E SQLiteDatabase: android.database.sqlite.SQLiteConstraintException: UNIQUE constraint failed: message_media.message_row_id (code 1555 SQLITE_CONSTRAINT_PRIMARYKEY[1555])
02-26 12:49:01.498 7775 7884 E SQLiteDatabase: at android.database.sqlite.SQLiteConnection.nativeExecuteForLastInsertedRowId(Native Method)
02-26 12:49:01.498 7775 7884 E SQLiteDatabase: at android.database.sqlite.SQLiteConnection.executeForLastInsertedRowId(SQLiteConnecti on.java:1275)
02-26 12:49:01.498 7775 7884 E SQLiteDatabase: at android.database.sqlite.SQLiteSession.executeForLastInsertedRowId(SQLiteSession.jav a:790)
02-26 12:49:01.498 7775 7884 E SQLiteDatabase: at android.database.sqlite.SQLiteStatement.executeInsert(SQLiteStatement.java:89)
02-26 12:49:01.498 7775 7884 E SQLiteDatabase: at android.database.sqlite.SQLiteDatabase.insertWithOnConflict(SQLiteDatabase.java:241 0)
02-26 12:49:01.498 7775 7884 E SQLiteDatabase: at android.database.sqlite.SQLiteDatabase.insert(SQLiteDatabase.java:2279)
02-26 12:49:01.498 7775 7884 E SQLiteDatabase: at X.2tm.A08(Unknown Source:6)
02-26 12:49:01.498 7775 7884 E SQLiteDatabase: at X.35Y.A07(Unknown Source:212)
02-26 12:49:01.498 7775 7884 E SQLiteDatabase: at X.3QF.A14(Unknown Source:470)
02-26 12:49:01.498 7775 7884 E SQLiteDatabase: at X.3gU.run(Unknown Source:982)
02-26 12:49:01.498 7775 7884 E SQLiteDatabase: at android.os.Handler.handleCallback(Handler.java:942)
02-26 12:49:01.498 7775 7884 E SQLiteDatabase: at android.os.Handler.dispatchMessage(Handler.java:99)
02-26 12:49:01.498 7775 7884 E SQLiteDatabase: at X.0zq.dispatchMessage(Unknown Source:4)
02-26 12:49:01.498 7775 7884 E SQLiteDatabase: at android.os.Looper.loopOnce(Looper.java:226)
02-26 12:49:01.498 7775 7884 E SQLiteDatabase: at android.os.Looper.loop(Looper.java:313)
02-26 12:49:01.498 7775 7884 E SQLiteDatabase: at android.os.HandlerThread.run(HandlerThread.java:67)
02-26 12:57:59.678 7775 7775 E ArmVmp : Match on catch block at 0x0a in for 0x195
02-26 12:57:59.686 7775 7775 E ArmVmp : Match on catch block at 0x0a in for 0x18d
02-26 12:57:59.823 7775 7775 E ArmVmp : Match on catch block at 0xc3 in for 0x14d
02-26 12:57:59.833 7775 7775 E ArmVmp : Match on catch block at 0xc3 in for 0x149
02-26 12:57:59.901 7775 7775 E ArmVmp : Match on catch block at 0xc3 in for 0x159
02-26 12:57:59.907 7775 7775 E ArmVmp : Match on catch block at 0xc3 in for 0x155
02-26 12:58:00.148 7775 7775 E ArmVmp : Match on catch block at 0xc3 in for 0x155
02-26 12:58:00.151 7775 7775 E ArmVmp : Match on catch block at 0xc3 in for 0x151
02-26 12:58:00.235 7775 7775 E ArmVmp : Match on catch block at 0xc3 in for 0x149
02-26 12:58:00.245 7775 7775 E ArmVmp : Match on catch block at 0xc3 in for 0x145
02-26 12:58:00.298 7775 7775 E ArmVmp : Match on catch block at 0xc3 in for 0x14d
02-26 12:58:00.305 7775 7775 E ArmVmp : Match on catch block at 0xc3 in for 0x149
02-26 12:58:00.470 7775 7775 E ArmVmp : Match on catch block at 0xc3 in for 0x151
02-26 12:58:00.472 7775 7775 E ArmVmp : Match on catch block at 0xc3 in for 0x14d
02-26 12:58:00.972 7775 7775 E ArmVmp : Match on catch block at 0xc3 in for 0x155
02-26 12:58:00.974 7775 7775 E ArmVmp : Match on catch block at 0xc3 in for 0x151
02-26 12:58:01.472 7775 7775 E ArmVmp : Match on catch block at 0xc3 in for 0x159
02-26 12:58:01.475 7775 7775 E ArmVmp : Match on catch block at 0xc3 in for 0x155
02-26 12:58:01.634 7775 7775 E ArmVmp : Match on catch block at 0xc3 in for 0x149
02-26 12:58:01.646 7775 7775 E ArmVmp : Match on catch block at 0xc3 in for 0x145
02-26 12:58:02.123 7775 7775 E ArmVmp : Match on catch block at 0xc3 in for 0x14d
02-26 12:58:02.129 7775 7775 E ArmVmp : Match on catch block at 0xc3 in for 0x149
02-26 12:58:05.901 7775 7775 E ArmVmp : Match on catch block at 0x0a in for 0x18d
02-26 12:58:05.902 7775 7775 E ArmVmp : Match on catch block at 0x0a in for 0x185
02-26 12:58:05.939 7775 7775 E ArmVmp : Match on catch block at 0xc3 in for 0x155
02-26 12:58:05.941 7775 7775 E ArmVmp : Match on catch block at 0xc3 in for 0x151
02-26 12:58:05.958 7775 7775 E ArmVmp : Match on catch block at 0xc3 in for 0x149
02-26 12:58:05.960 7775 7775 E ArmVmp : Match on catch block at 0xc3 in for 0x145
02-26 12:58:05.968 7775 7775 E ArmVmp : Match on catch block at 0xc3 in for 0x14d
02-26 12:58:05.971 7775 7775 E ArmVmp : Match on catch block at 0xc3 in for 0x149
02-26 12:58:05.998 7775 7775 E ArmVmp : Match on catch block at 0xc3 in for 0x159
02-26 12:58:06.001 7775 7775 E ArmVmp : Match on catch block at 0xc3 in for 0x155
02-26 12:58:06.010 7775 7775 E ArmVmp : Match on catch block at 0xc3 in for 0x141
02-26 12:58:06.013 7775 7775 E ArmVmp : Match on catch block at 0xc3 in for 0x159
02-26 12:58:06.018 7775 7775 E ArmVmp : Match on catch block at 0xc3 in for 0x145
02-26 12:58:06.020 7775 7775 E ArmVmp : Match on catch block at 0xc3 in for 0x141
02-26 12:58:06.027 7775 7775 E ArmVmp : Match on catch block at 0xc3 in for 0x149
02-26 12:58:06.028 7775 7775 E ArmVmp : Match on catch block at 0xc3 in for 0x145
02-26 12:58:06.035 7775 7775 E ArmVmp : Match on catch block at 0xc3 in for 0x14d
02-26 12:58:06.037 7775 7775 E ArmVmp : Match on catch block at 0xc3 in for 0x149
02-26 12:58:06.485 7775 7775 E ArmVmp : Match on catch block at 0xc3 in for 0x141
02-26 12:58:06.487 7775 7775 E ArmVmp : Match on catch block at 0xc3 in for 0x159
02-26 12:58:06.986 7775 7775 E ArmVmp : Match on catch block at 0xc3 in for 0x145
02-26 12:58:06.988 7775 7775 E ArmVmp : Match on catch block at 0xc3 in for 0x141
02-26 12:58:07.230 7775 7775 E ArmVmp : Match on catch block at 0xc3 in for 0x151
02-26 12:58:07.233 7775 7775 E ArmVmp : Match on catch block at 0xc3 in for 0x14d
02-26 12:58:07.304 7775 7775 E ArmVmp : Match on catch block at 0xc3 in for 0x14d
02-26 12:58:07.306 7775 7775 E ArmVmp : Match on catch block at 0xc3 in for 0x149
02-26 12:58:07.546 7775 7775 E ArmVmp : Match on catch block at 0xc3 in for 0x141
02-26 12:58:07.553 7775 7775 E ArmVmp : Match on catch block at 0xc3 in for 0x159
02-26 12:58:08.014 7775 7775 E ArmVmp : Match on catch block at 0xc3 in for 0x159
02-26 12:58:08.020 7775 7775 E ArmVmp : Match on catch block at 0xc3 in for 0x155
02-26 12:58:10.664 7775 11782 W Parcel : Expecting binder but got null!
02-26 12:58:18.498 7775 7775 E ArmVmp : Match on catch block at 0x0a in for 0x2e1
02-26 12:58:18.576 7775 11782 W Parcel : Expecting binder but got null!
02-26 12:58:24.530 7775 7775 E ArmVmp : Match on catch block at 0x0a in for 0x2f5
02-26 12:58:24.563 7775 11782 W Parcel : Expecting binder but got null!
02-26 12:58:28.242 7775 7775 E ArmVmp : Match on catch block at 0x0a in for 0x2f5
02-26 12:58:28.292 7775 11782 W Parcel : Expecting binder but got null!
02-26 12:58:30.281 7775 11782 W Parcel : Expecting binder but got null!
02-26 12:58:33.764 7775 7775 E ArmVmp : Match on catch block at 0x0a in for 0x1d9
02-26 12:58:33.790 7775 7775 E ArmVmp : Match on catch block at 0x0a in for 0x1b5
02-26 12:58:33.826 7775 11782 W Parcel : Expecting binder but got null!
02-26 12:58:38.451 7775 7775 W InputEventReceiver: Attempted to finish an input event but the input event receiver has already been disposed.
02-26 12:58:43.024 7775 11782 W Parcel : Expecting binder but got null!
02-26 12:58:44.906 7775 7775 W InputEventReceiver: Attempted to finish an input event but the input event receiver has already been disposed.
02-26 12:58:46.638 7775 7775 E ArmVmp : Match on catch block at 0x0a in for 0x2f1
02-26 12:58:46.688 7775 11782 W Parcel : Expecting binder but got null!
02-26 13:07:00.192 7775 7884 E SQLiteDatabase: Error inserting transferred=1 media_job_uuid=dbb41ef5-3043-4824-b0bf-d11757d4199f transcoded=0 gif_attribution=0 first_scan_length=19719 direct_path=/v/t62.7118- 24/31158907_25279886471596713_7819828957647271761_n.enc?ccb=11- 4&oh=01_AdSW5LPTg2FvHTCpZ9kgvK8U_kdv9YkUevr_4MuwsbcPTA&oe=660458A4&_nc_sid=5e03e0 thumbnail_height_width_ratio=1.3478261 is_animated_sticker=0 file_hash=MG2gH/qqKfeBUOMS4e7EiDNBe3/l3E9XQV33kfaVyJw= file_path=Media/.Statuses/755c88f8be3a4fc1b3b30c0359b18f1f.jpg file_size=126925 partial_media_hash=PmnBydwdQcaey5z+imzDSH8hq84J6bfhft5iwsC/ASg= face_x=0 face_y=0 height=1600 trim_to=0 media_key_timestamp=1708970536000 message_url=https://mmg.whatsapp.net/v/t62.7118- 24/31158907_25279886471596713_7819828957647271761_n.enc?ccb=11- 4&oh=01_AdSW5LPTg2FvHTCpZ9kgvK8U_kdv9YkUevr_4MuwsbcPTA&oe=660458A4&_nc_sid=5e03e0&m ms3=true media_caption=null trim_from=0 mime_type=image/jpeg partial_media_enc_hash=null width=1200 original_file_hash=null has_streaming_sidecar=1 autotransfer_retry_enabled=1 media_upload_handle=null message_row_id=512 multicast_id=null enc_file_hash=cyCLWxbTdntB0diULXDrUWSgDnDTXF7coMIy0nXjETQ= mute_video=0 page_count=0 first_scan_sidecar=[B@d92e760 suspicious_content=0 file_length=126925 media_name=null media_duration=0 chat_row_id=29 media_key=[B@e4bf419
02-26 13:07:00.192 7775 7884 E SQLiteDatabase: android.database.sqlite.SQLiteConstraintException: UNIQUE constraint failed: message_media.message_row_id (code 1555 SQLITE_CONSTRAINT_PRIMARYKEY[1555])
02-26 13:07:00.192 7775 7884 E SQLiteDatabase: at android.database.sqlite.SQLiteConnection.nativeExecuteForLastInsertedRowId(Native Method)
02-26 13:07:00.192 7775 7884 E SQLiteDatabase: at android.database.sqlite.SQLiteConnection.executeForLastInsertedRowId(SQLiteConnecti on.java:1275)
02-26 13:07:00.192 7775 7884 E SQLiteDatabase: at android.database.sqlite.SQLiteSession.executeForLastInsertedRowId(SQLiteSession.jav a:790)
02-26 13:07:00.192 7775 7884 E SQLiteDatabase: at android.database.sqlite.SQLiteStatement.executeInsert(SQLiteStatement.java:89)
02-26 13:07:00.192 7775 7884 E SQLiteDatabase: at android.database.sqlite.SQLiteDatabase.insertWithOnConflict(SQLiteDatabase.java:241 0)
02-26 13:07:00.192 7775 7884 E SQLiteDatabase: at android.database.sqlite.SQLiteDatabase.insert(SQLiteDatabase.java:2279)
02-26 13:07:00.192 7775 7884 E SQLiteDatabase: at X.2tm.A08(Unknown Source:6)
02-26 13:07:00.192 7775 7884 E SQLiteDatabase: at X.35Y.A07(Unknown Source:212)
02-26 13:07:00.192 7775 7884 E SQLiteDatabase: at X.3QF.A14(Unknown Source:470)
02-26 13:07:00.192 7775 7884 E SQLiteDatabase: at X.3gU.run(Unknown Source:982)
02-26 13:07:00.192 7775 7884 E SQLiteDatabase: at android.os.Handler.handleCallback(Handler.java:942)
02-26 13:07:00.192 7775 7884 E SQLiteDatabase: at android.os.Handler.dispatchMessage(Handler.java:99)
02-26 13:07:00.192 7775 7884 E SQLiteDatabase: at X.0zq.dispatchMessage(Unknown Source:4)
02-26 13:07:00.192 7775 7884 E SQLiteDatabase: at android.os.Looper.loopOnce(Looper.java:226)
02-26 13:07:00.192 7775 7884 E SQLiteDatabase: at android.os.Looper.loop(Looper.java:313)
02-26 13:07:00.192 7775 7884 E SQLiteDatabase: at android.os.HandlerThread.run(HandlerThread.java:67)
02-26 13:07:00.454 7775 7884 E SQLiteDatabase: Error inserting transferred=1 media_job_uuid=62d02465-0d9f-4673-8204-c7fc8ce8ce45 transcoded=0 gif_attribution=0 first_scan_length=0 direct_path=/v/t62.7118- 24/33427575_1094572791742016_5851623267678934557_n.enc?ccb=11- 4&oh=01_AdSPpmVK1LQ8MEBKSkMJqP8-eD-oMPcMdcSXHgDbMs7lEQ&oe=66045347&_nc_sid=5e03e0 thumbnail_height_width_ratio=1.0 is_animated_sticker=0 file_hash=4F414gIhovY4syTexmVwMnr/VYPV99vmHl+HuPnskHk= file_path=Media/.Statuses/8a26c094a7e34d35b3adc5ec8cf28080.jpg file_size=194131 partial_media_hash=null face_x=0 face_y=0 height=1080 trim_to=0 media_key_timestamp=1708970691000 message_url=https://mmg.whatsapp.net/v/t62.7118- 24/33427575_1094572791742016_5851623267678934557_n.enc?ccb=11- 4&oh=01_AdSPpmVK1LQ8MEBKSkMJqP8-eD- oMPcMdcSXHgDbMs7lEQ&oe=66045347&_nc_sid=5e03e0&mms3=true media_caption=null trim_from=0 mime_type=image/jpeg partial_media_enc_hash=null width=1080 original_file_hash=null has_streaming_sidecar=0 autotransfer_retry_enabled=1 media_upload_handle=null message_row_id=513 multicast_id=null enc_file_hash=H2tGL1KErLKrfeaURySUwoGuE/vk1ITp1ERdgwQFeFo= mute_video=0 page_count=0 first_scan_sidecar=null suspicious_content=0 file_length=194131 media_name=null media_duration=0 chat_row_id=29 media_key=[B@aa51589
02-26 13:07:00.454 7775 7884 E SQLiteDatabase: android.database.sqlite.SQLiteConstraintException: UNIQUE constraint failed: message_media.message_row_id (code 1555 SQLITE_CONSTRAINT_PRIMARYKEY[1555])
02-26 13:07:00.454 7775 7884 E SQLiteDatabase: at android.database.sqlite.SQLiteConnection.nativeExecuteForLastInsertedRowId(Native Method)
02-26 13:07:00.454 7775 7884 E SQLiteDatabase: at android.database.sqlite.SQLiteConnection.executeForLastInsertedRowId(SQLiteConnecti on.java:1275)
02-26 13:07:00.454 7775 7884 E SQLiteDatabase: at android.database.sqlite.SQLiteSession.executeForLastInsertedRowId(SQLiteSession.jav a:790)
02-26 13:07:00.454 7775 7884 E SQLiteDatabase: at android.database.sqlite.SQLiteStatement.executeInsert(SQLiteStatement.java:89)
02-26 13:07:00.454 7775 7884 E SQLiteDatabase: at android.database.sqlite.SQLiteDatabase.insertWithOnConflict(SQLiteDatabase.java:241 0)
02-26 13:07:00.454 7775 7884 E SQLiteDatabase: at android.database.sqlite.SQLiteDatabase.insert(SQLiteDatabase.java:2279)
02-26 13:07:00.454 7775 7884 E SQLiteDatabase: at X.2tm.A08(Unknown Source:6)
02-26 13:07:00.454 7775 7884 E SQLiteDatabase: at X.35Y.A07(Unknown Source:212)
02-26 13:07:00.454 7775 7884 E SQLiteDatabase: at X.3QF.A14(Unknown Source:470)
02-26 13:07:00.454 7775 7884 E SQLiteDatabase: at X.3gU.run(Unknown Source:982)
02-26 13:07:00.454 7775 7884 E SQLiteDatabase: at android.os.Handler.handleCallback(Handler.java:942)
02-26 13:07:00.454 7775 7884 E SQLiteDatabase: at android.os.Handler.dispatchMessage(Handler.java:99)
02-26 13:07:00.454 7775 7884 E SQLiteDatabase: at X.0zq.dispatchMessage(Unknown Source:4)
02-26 13:07:00.454 7775 7884 E SQLiteDatabase: at android.os.Looper.loopOnce(Looper.java:226)
02-26 13:07:00.454 7775 7884 E SQLiteDatabase: at android.os.Looper.loop(Looper.java:313)
02-26 13:07:00.454 7775 7884 E SQLiteDatabase: at android.os.HandlerThread.run(HandlerThread.java:67)
02-26 13:07:02.517 7775 7885 E SQLiteDatabase: Error inserting transferred=1 media_job_uuid=323ebcf7-6623-499f-bd66-0d835393eafd transcoded=0 gif_attribution=0 first_scan_length=14165 direct_path=/o1/v/t62.7118-24/f1/m231/up-oil-image- c2357c6b-beac-46a6-89ca-1084a2dfbabb?ccb=9-4&oh=01_AdRlQrXg-7sh6OhRc- JjFJd7E03Ksgrl43Xwh17Kl_WkQg&oe=66043CBD&_nc_sid=000000 thumbnail_height_width_ratio=1.3333334 is_animated_sticker=0 file_hash=jrNALmjikQd1R1VB8jIXc680/0y7U/pQbJoqvUo+EP0= file_path=Media/MBWhatsApp Images/IMG-20240226-WA0010.jpg file_size=157498 partial_media_hash=kuDY6E7yUAypnzV0Lksv1Gv5ASO+wauIouwNAxJcZBo= face_x=0 face_y=0 height=1600 trim_to=0 media_key_timestamp=1708968776000 message_url=https://mmg.whatsapp.net/o1/v/t62.7118-24/f1/m231/up-oil-image- c2357c6b-beac-46a6-89ca-1084a2dfbabb?ccb=9-4&oh=01_AdRlQrXg-7sh6OhRc- JjFJd7E03Ksgrl43Xwh17Kl_WkQg&oe=66043CBD&_nc_sid=000000&mms3=true media_caption=null trim_from=0 mime_type=image/jpeg partial_media_enc_hash=null width=1200 original_file_hash=null has_streaming_sidecar=1 autotransfer_retry_enabled=1 media_upload_handle=null message_row_id=484 multicast_id=null enc_file_hash=uWYJJPQTMzpdwpP5fiedvD34/rl5LkNdH/75guKhOp0= mute_video=0 page_count=0 first_scan_sidecar=[B@769338b suspicious_content=0 file_length=157498 media_name=null media_duration=0 chat_row_id=10 media_key=[B@e017c68
02-26 13:07:02.517 7775 7885 E SQLiteDatabase: android.database.sqlite.SQLiteConstraintException: UNIQUE constraint failed: message_media.message_row_id (code 1555 SQLITE_CONSTRAINT_PRIMARYKEY[1555])
02-26 13:07:02.517 7775 7885 E SQLiteDatabase: at android.database.sqlite.SQLiteConnection.nativeExecuteForLastInsertedRowId(Native Method)
02-26 13:07:02.517 7775 7885 E SQLiteDatabase: at android.database.sqlite.SQLiteConnection.executeForLastInsertedRowId(SQLiteConnecti on.java:1275)
02-26 13:07:02.517 7775 7885 E SQLiteDatabase: at android.database.sqlite.SQLiteSession.executeForLastInsertedRowId(SQLiteSession.jav a:790)
02-26 13:07:02.517 7775 7885 E SQLiteDatabase: at android.database.sqlite.SQLiteStatement.executeInsert(SQLiteStatement.java:89)
02-26 13:07:02.517 7775 7885 E SQLiteDatabase: at android.database.sqlite.SQLiteDatabase.insertWithOnConflict(SQLiteDatabase.java:241 0)
02-26 13:07:02.517 7775 7885 E SQLiteDatabase: at android.database.sqlite.SQLiteDatabase.insert(SQLiteDatabase.java:2279)
02-26 13:07:02.517 7775 7885 E SQLiteDatabase: at X.2tm.A08(Unknown Source:6)
02-26 13:07:02.517 7775 7885 E SQLiteDatabase: at X.35Y.A07(Unknown Source:212)
02-26 13:07:02.517 7775 7885 E SQLiteDatabase: at X.3QF.A14(Unknown Source:470)
02-26 13:07:02.517 7775 7885 E SQLiteDatabase: at X.31e.A03(Unknown Source:174)
02-26 13:07:02.517 7775 7885 E SQLiteDatabase: at X.31e.A04(Unknown Source:134)
02-26 13:07:02.517 7775 7885 E SQLiteDatabase: at X.3Uz.A07(Unknown Source:136)
02-26 13:07:02.517 7775 7885 E SQLiteDatabase: at X.3Uz.A02(Unknown Source:692)
02-26 13:07:02.517 7775 7885 E SQLiteDatabase: at X.3eS.run(Unknown Source:4041)
02-26 13:07:02.517 7775 7885 E SQLiteDatabase: at android.os.Handler.handleCallback(Handler.java:942)
02-26 13:07:02.517 7775 7885 E SQLiteDatabase: at android.os.Handler.dispatchMessage(Handler.java:99)
02-26 13:07:02.517 7775 7885 E SQLiteDatabase: at X.0zr.dispatchMessage(Unknown Source:4)
02-26 13:07:02.517 7775 7885 E SQLiteDatabase: at android.os.Looper.loopOnce(Looper.java:226)
02-26 13:07:02.517 7775 7885 E SQLiteDatabase: at android.os.Looper.loop(Looper.java:313)
02-26 13:07:02.517 7775 7885 E SQLiteDatabase: at android.os.HandlerThread.run(HandlerThread.java:67)
02-26 13:07:07.366 7775 11782 W Adreno-AppProfiles: Could not find QSPM HAL service. Skipping adreno profile processing.
02-26 13:07:08.887 7775 7775 E ArmVmp : Match on catch block at 0x0a in for 0x191
02-26 13:07:08.888 7775 7775 E ArmVmp : Match on catch block at 0x0a in for 0x189
02-26 13:07:09.087 7775 7775 E ArmVmp : Match on catch block at 0xc3 in for 0x169
02-26 13:07:09.091 7775 7775 E ArmVmp : Match on catch block at 0xc3 in for 0x161
