02-26 08:35:44.081 26535 26535 E ArmVmp : Match on catch block at 0xc3 in for 0x155
02-26 08:35:44.088 26535 26535 E ArmVmp : Match on catch block at 0xc3 in for 0x149
02-26 08:35:44.090 26535 26535 E ArmVmp : Match on catch block at 0xc3 in for 0x145
02-26 08:35:44.097 26535 26535 E ArmVmp : Match on catch block at 0xc3 in for 0x155
02-26 08:35:44.101 26535 26535 E ArmVmp : Match on catch block at 0xc3 in for 0x151
02-26 08:35:44.106 26535 26535 E ArmVmp : Match on catch block at 0xc3 in for 0x145
02-26 08:35:44.109 26535 26535 E ArmVmp : Match on catch block at 0xc3 in for 0x141
02-26 08:35:44.113 26535 26535 E ArmVmp : Match on catch block at 0xc3 in for 0x155
02-26 08:35:44.116 26535 26535 E ArmVmp : Match on catch block at 0xc3 in for 0x151
02-26 08:35:44.124 26535 26535 E ArmVmp : Match on catch block at 0xc3 in for 0x151
02-26 08:35:44.127 26535 26535 E ArmVmp : Match on catch block at 0xc3 in for 0x14d
02-26 08:35:44.143 26535 26535 E ArmVmp : Match on catch block at 0xc3 in for 0x141
02-26 08:35:44.145 26535 26535 E ArmVmp : Match on catch block at 0xc3 in for 0x159
02-26 08:35:44.204 26535 26535 E ArmVmp : Match on catch block at 0xc3 in for 0x155
02-26 08:35:44.206 26535 26535 E ArmVmp : Match on catch block at 0xc3 in for 0x151
02-26 08:35:44.282 26535 26535 E ArmVmp : Match on catch block at 0xc3 in for 0x145
02-26 08:35:44.284 26535 26535 E ArmVmp : Match on catch block at 0xc3 in for 0x141
02-26 08:35:44.562 26535 26535 E ArmVmp : Match on catch block at 0xc3 in for 0x149
02-26 08:35:44.566 26535 26535 E ArmVmp : Match on catch block at 0xc3 in for 0x145
02-26 08:35:44.570 26535 26535 E ArmVmp : Match on catch block at 0xc3 in for 0x14d
02-26 08:35:44.581 26535 26535 E ArmVmp : Match on catch block at 0xc3 in for 0x149
02-26 08:35:44.593 26535 26535 E ArmVmp : Match on catch block at 0xc3 in for 0x151
02-26 08:35:44.596 26535 26535 E ArmVmp : Match on catch block at 0xc3 in for 0x14d
02-26 08:35:48.931 26535 26535 E ArmVmp : Match on catch block at 0x0a in for 0x191
02-26 08:35:48.932 26535 26535 E ArmVmp : Match on catch block at 0x0a in for 0x189
02-26 08:35:49.022 26535 26535 E ArmVmp : Match on catch block at 0xc3 in for 0x179
02-26 08:35:49.024 26535 26535 E ArmVmp : Match on catch block at 0xc3 in for 0x171
02-26 08:35:49.034 26535 26975 W Parcel : Expecting binder but got null!
02-26 08:35:49.063 26535 26535 E ArmVmp : Match on catch block at 0xc3 in for 0x149
02-26 08:35:49.064 26535 26535 E ArmVmp : Match on catch block at 0xc3 in for 0x145
02-26 08:35:49.081 26535 26535 E ArmVmp : Match on catch block at 0xc3 in for 0x151
02-26 08:35:49.083 26535 26535 E ArmVmp : Match on catch block at 0xc3 in for 0x14d
02-26 08:35:49.093 26535 26535 E ArmVmp : Match on catch block at 0xc3 in for 0x14d
02-26 08:35:49.096 26535 26535 E ArmVmp : Match on catch block at 0xc3 in for 0x149
02-26 08:35:49.101 26535 26535 E ArmVmp : Match on catch block at 0xc3 in for 0x151
02-26 08:35:49.104 26535 26535 E ArmVmp : Match on catch block at 0xc3 in for 0x14d
02-26 08:35:49.110 26535 26535 E ArmVmp : Match on catch block at 0xc3 in for 0x155
02-26 08:35:49.112 26535 26535 E ArmVmp : Match on catch block at 0xc3 in for 0x151
02-26 08:35:49.118 26535 26535 E ArmVmp : Match on catch block at 0xc3 in for 0x159
02-26 08:35:49.120 26535 26535 E ArmVmp : Match on catch block at 0xc3 in for 0x155
02-26 08:35:49.136 26535 26535 E ArmVmp : Match on catch block at 0xc3 in for 0x155
02-26 08:35:49.140 26535 26535 E ArmVmp : Match on catch block at 0xc3 in for 0x151
02-26 08:35:49.144 26535 26535 E ArmVmp : Match on catch block at 0xc3 in for 0x159
02-26 08:35:49.150 26535 26535 E ArmVmp : Match on catch block at 0xc3 in for 0x155
02-26 08:35:49.638 26535 26535 E ArmVmp : Match on catch block at 0xc3 in for 0x141
02-26 08:35:49.640 26535 26535 E ArmVmp : Match on catch block at 0xc3 in for 0x159
02-26 08:35:50.012 26535 26535 E ArmVmp : Match on catch block at 0xc3 in for 0x141
02-26 08:35:50.014 26535 26535 E ArmVmp : Match on catch block at 0xc3 in for 0x159
02-26 08:35:50.115 26535 26535 E ArmVmp : Match on catch block at 0xc3 in for 0x155
02-26 08:35:50.117 26535 26535 E ArmVmp : Match on catch block at 0xc3 in for 0x151
02-26 08:35:50.147 26535 26535 E ArmVmp : Match on catch block at 0xc3 in for 0x159
02-26 08:35:50.150 26535 26535 E ArmVmp : Match on catch block at 0xc3 in for 0x155
02-26 08:35:50.573 26535 26535 E ArmVmp : Match on catch block at 0xc3 in for 0x149
02-26 08:35:50.575 26535 26535 E ArmVmp : Match on catch block at 0xc3 in for 0x145
02-26 08:35:53.460 26535 26535 E ArmVmp : Match on catch block at 0x0a in for 0x195
02-26 08:35:53.462 26535 26535 E ArmVmp : Match on catch block at 0x0a in for 0x18d
02-26 08:35:53.552 26535 26535 E ArmVmp : Match on catch block at 0xc3 in for 0x171
02-26 08:35:53.553 26535 26535 E ArmVmp : Match on catch block at 0xc3 in for 0x169
02-26 08:35:53.561 26535 26975 W Parcel : Expecting binder but got null!
02-26 08:35:53.581 26535 26535 E ArmVmp : Match on catch block at 0xc3 in for 0x151
02-26 08:35:53.583 26535 26535 E ArmVmp : Match on catch block at 0xc3 in for 0x14d
02-26 08:35:53.600 26535 26535 E ArmVmp : Match on catch block at 0xc3 in for 0x149
02-26 08:35:53.603 26535 26535 E ArmVmp : Match on catch block at 0xc3 in for 0x145
02-26 08:35:53.610 26535 26535 E ArmVmp : Match on catch block at 0xc3 in for 0x145
02-26 08:35:53.613 26535 26535 E ArmVmp : Match on catch block at 0xc3 in for 0x141
02-26 08:35:53.621 26535 26535 E ArmVmp : Match on catch block at 0xc3 in for 0x149
02-26 08:35:53.624 26535 26535 E ArmVmp : Match on catch block at 0xc3 in for 0x145
02-26 08:35:53.631 26535 26535 E ArmVmp : Match on catch block at 0xc3 in for 0x14d
02-26 08:35:53.635 26535 26535 E ArmVmp : Match on catch block at 0xc3 in for 0x149
02-26 08:35:53.639 26535 26535 E ArmVmp : Match on catch block at 0xc3 in for 0x151
02-26 08:35:53.641 26535 26535 E ArmVmp : Match on catch block at 0xc3 in for 0x14d
02-26 08:35:53.645 26535 26535 E ArmVmp : Match on catch block at 0xc3 in for 0x155
02-26 08:35:53.646 26535 26535 E ArmVmp : Match on catch block at 0xc3 in for 0x151
02-26 08:35:53.662 26535 26535 E ArmVmp : Match on catch block at 0xc3 in for 0x151
02-26 08:35:53.663 26535 26535 E ArmVmp : Match on catch block at 0xc3 in for 0x14d
02-26 08:35:53.666 26535 26535 E ArmVmp : Match on catch block at 0xc3 in for 0x155
02-26 08:35:53.675 26535 26535 E ArmVmp : Match on catch block at 0xc3 in for 0x151
02-26 08:35:54.160 26535 26535 E ArmVmp : Match on catch block at 0xc3 in for 0x151
02-26 08:35:54.162 26535 26535 E ArmVmp : Match on catch block at 0xc3 in for 0x14d
02-26 08:35:54.309 26535 26535 E ArmVmp : Match on catch block at 0xc3 in for 0x159
02-26 08:35:54.311 26535 26535 E ArmVmp : Match on catch block at 0xc3 in for 0x155
02-26 08:35:54.487 26535 26535 E ArmVmp : Match on catch block at 0xc3 in for 0x151
02-26 08:35:54.489 26535 26535 E ArmVmp : Match on catch block at 0xc3 in for 0x14d
02-26 08:35:54.553 26535 26535 E ArmVmp : Match on catch block at 0xc3 in for 0x155
02-26 08:35:54.555 26535 26535 E ArmVmp : Match on catch block at 0xc3 in for 0x151
02-26 08:35:54.937 26535 26535 E ArmVmp : Match on catch block at 0xc3 in for 0x145
02-26 08:35:54.939 26535 26535 E ArmVmp : Match on catch block at 0xc3 in for 0x141
02-26 08:36:44.524 26535 5565 W 3ib : java.util.concurrent.ExecutionException: java.io.IOException: disconnected
02-26 08:36:44.524 26535 5565 W 3ib : at X.3hG.get(Unknown Source:16)
02-26 08:36:44.524 26535 5565 W 3ib : at com.mbwhatsapp.jobqueue.job.SendPeerMessageJob.A06(Unknown Source:415)
02-26 08:36:44.524 26535 5565 W 3ib : at X.3e7.run(Unknown Source:1006)
02-26 08:36:44.524 26535 5565 W 3ib : at java.util.concurrent.ThreadPoolExecutor.runWorker(ThreadPoolExecutor.java:1137)
02-26 08:36:44.524 26535 5565 W 3ib : at java.util.concurrent.ThreadPoolExecutor$Worker.run(ThreadPoolExecutor.java:637)
02-26 08:36:44.524 26535 5565 W 3ib : at X.3e7.run(Unknown Source:1130)
02-26 08:36:44.524 26535 5565 W 3ib : at java.lang.Thread.run(Thread.java:1012)
02-26 08:36:44.524 26535 5565 W 3ib : Caused by: java.io.IOException: disconnected
02-26 08:36:44.524 26535 5565 W 3ib : at X.002.A0F(Unknown Source:2)
02-26 08:36:44.524 26535 5565 W 3ib : at X.103.handleMessage(Unknown Source:399)
02-26 08:36:44.524 26535 5565 W 3ib : at android.os.Handler.dispatchMessage(Handler.java:106)
02-26 08:36:44.524 26535 5565 W 3ib : at android.os.Looper.loopOnce(Looper.java:226)
02-26 08:36:44.524 26535 5565 W 3ib : at android.os.Looper.loop(Looper.java:313)
02-26 08:36:44.524 26535 5565 W 3ib : at android.os.HandlerThread.run(HandlerThread.java:67)
02-26 08:38:23.794 26535 26975 W Adreno-AppProfiles: Could not find QSPM HAL service. Skipping adreno profile processing.
02-26 08:38:23.864 26535 26535 E ArmVmp : Match on catch block at 0x0a in for 0x195
02-26 08:38:23.872 26535 26535 E ArmVmp : Match on catch block at 0x0a in for 0x275
02-26 08:38:23.909 26535 26535 W Activity: Can request only one set of permissions at a time
02-26 08:38:23.913 26535 12599 W com.mbwhatsapp: Accessing hidden method Lcom/android/org/conscrypt/ConscryptEngineSocket;->setUseSessionTickets(Z)V (max- target-q,core-platform-api, reflection, denied)
02-26 08:38:23.913 26535 12599 W com.mbwhatsapp: Accessing hidden method Lcom/android/org/conscrypt/OpenSSLSocketImpl;->setUseSessionTickets(Z)V (max- target-q,core-platform-api, reflection, denied)
02-26 08:38:23.913 26535 12599 W com.mbwhatsapp: Accessing hidden method Lcom/android/org/conscrypt/AbstractConscryptSocket;->setUseSessionTickets(Z)V (max- target-q, reflection, denied)
02-26 08:38:23.915 26535 12599 W com.mbwhatsapp: Accessing hidden method Lcom/android/org/conscrypt/ConscryptEngineSocket;->setHostname(Ljava/lang/String;)V (max-target-q,core-platform-api, reflection, denied)
02-26 08:38:23.916 26535 12599 W com.mbwhatsapp: Accessing hidden method Lcom/android/org/conscrypt/OpenSSLSocketImpl;->setHostname(Ljava/lang/String;)V (max-target-q,core-platform-api, reflection, denied)
02-26 08:38:23.916 26535 12599 W com.mbwhatsapp: Accessing hidden method Lcom/android/org/conscrypt/AbstractConscryptSocket;->setHostname(Ljava/lang/ String;)V (max-target-q, reflection, denied)
02-26 08:38:23.916 26535 12599 W com.mbwhatsapp: Accessing hidden method Lcom/android/org/conscrypt/OpenSSLSocketImpl;->setAlpnProtocols([B)V (max-target- q,core-platform-api, reflection, denied)
02-26 08:38:23.916 26535 12599 W com.mbwhatsapp: Accessing hidden method Lcom/android/org/conscrypt/AbstractConscryptSocket;->setAlpnProtocols([B)V (max- target-q, reflection, denied)
02-26 08:38:23.958 26535 12599 W com.mbwhatsapp: Accessing hidden method Lcom/android/org/conscrypt/OpenSSLSocketImpl;->getAlpnSelectedProtocol()[B (max- target-q,core-platform-api, reflection, denied)
02-26 08:38:23.958 26535 12599 W com.mbwhatsapp: Accessing hidden method Lcom/android/org/conscrypt/AbstractConscryptSocket;->getAlpnSelectedProtocol()[B (max-target-q, reflection, denied)
02-26 08:38:24.258 26535 26975 W Parcel : Expecting binder but got null!
02-26 08:38:24.262 26535 26535 E ArmVmp : Match on catch block at 0x0a in for 0x1b1
02-26 08:38:27.686 26535 26975 W Parcel : Expecting binder but got null!
02-26 08:38:33.774 26535 26535 E ArmVmp : Match on catch block at 0x0a in for 0x255
02-26 08:38:33.814 26535 26975 W Parcel : Expecting binder but got null!
02-26 08:38:35.602 26535 26535 W InputEventReceiver: Attempted to finish an input event but the input event receiver has already been disposed.
02-26 08:38:38.081 26535 26975 W Parcel : Expecting binder but got null!
02-26 08:38:38.127 26535 26535 W BottomSheetBehavior: BottomSheetBehavior now supports multiple callbacks. `setBottomSheetCallback()` removes all existing callbacks, including ones set internally by library authors, which may result in unintended behavior. This may change in the future. Please use `addBottomSheetCallback()` and `removeBottomSheetCallback()` instead to set your own callbacks.
02-26 08:38:38.127 26535 26535 W BottomSheetBehavior: BottomSheetBehavior now supports multiple callbacks. `setBottomSheetCallback()` removes all existing callbacks, including ones set internally by library authors, which may result in unintended behavior. This may change in the future. Please use `addBottomSheetCallback()` and `removeBottomSheetCallback()` instead to set your own callbacks.
02-26 08:38:38.220 26535 26535 W BottomSheetBehavior: BottomSheetBehavior now supports multiple callbacks. `setBottomSheetCallback()` removes all existing callbacks, including ones set internally by library authors, which may result in unintended behavior. This may change in the future. Please use `addBottomSheetCallback()` and `removeBottomSheetCallback()` instead to set your own callbacks.
02-26 08:38:38.220 26535 26535 W BottomSheetBehavior: BottomSheetBehavior now supports multiple callbacks. `setBottomSheetCallback()` removes all existing callbacks, including ones set internally by library authors, which may result in unintended behavior. This may change in the future. Please use `addBottomSheetCallback()` and `removeBottomSheetCallback()` instead to set your own callbacks.
02-26 08:38:38.237 26535 26535 E RecyclerView: No adapter attached; skipping layout
02-26 08:38:38.238 26535 26535 E RecyclerView: No adapter attached; skipping layout
02-26 08:38:38.585 26535 12736 W AudioCapabilities: Unsupported mime audio/x-ape
02-26 08:38:38.585 26535 12736 W AudioCapabilities: Unsupported mime audio/x-ima
02-26 08:38:38.585 26535 12736 W AudioCapabilities: Unsupported mime audio/mpeg-L1
02-26 08:38:38.585 26535 12736 W AudioCapabilities: Unsupported mime audio/mpeg-L2
02-26 08:38:38.585 26535 12736 W VideoCapabilities: Unsupported mime video/wvc1
02-26 08:38:38.585 26535 12736 W VideoCapabilities: Unsupported mime video/x-ms-wmv
02-26 08:38:38.590 26535 12736 W VideoCapabilities: Unsupported mime image/vnd.android.heic
02-26 08:38:38.591 26535 12736 W VideoCapabilities: Unsupported mime image/vnd.android.heic
02-26 08:38:38.591 26535 12736 W VideoCapabilities: Unrecognized profile/level 32768/256 for video/mp4v-es
02-26 08:38:38.794 26535 12747 W ColorUtils: expected specified color aspects (0:0:255:255)
02-26 08:38:38.808 26535 12747 W Codec2Client: query -- param skipped: index = 1107298332.
02-26 08:38:38.808 26535 12747 W CCodec : This behavior is subject to change. It is recommended that app developers double check whether the requested max input size is in reasonable range.
02-26 08:38:38.834 26535 12747 W Codec2Client: query -- param skipped: index = 1342179345.
02-26 08:38:38.834 26535 12747 W Codec2Client: query -- param skipped: index = 2415921170.
02-26 08:38:38.834 26535 12747 W Codec2Client: query -- param skipped: index = 1610614798.
02-26 08:38:38.950 26535 12766 W Codec2Client: query -- param skipped: index = 1107298332.
02-26 08:38:38.950 26535 12766 W CCodec : This behavior is subject to change. It is recommended that app developers double check whether the requested max input size is in reasonable range.
02-26 08:38:38.964 26535 12766 W Codec2Client: query -- param skipped: index = 1342179345.
02-26 08:38:38.964 26535 12766 W Codec2Client: query -- param skipped: index = 2415921170.
02-26 08:38:38.964 26535 12766 W Codec2Client: query -- param skipped: index = 1610614798.
02-26 08:38:40.300 26535 12746 W Codec2Client: query -- param skipped: index = 1342179345.
02-26 08:38:40.300 26535 12746 W Codec2Client: query -- param skipped: index = 2415921170.
02-26 08:38:40.300 26535 12746 W Codec2Client: query -- param skipped: index = 1610614798.
02-26 08:38:40.304 26535 12766 W Codec2Client: query -- param skipped: index = 1342179345.
02-26 08:38:40.304 26535 12766 W Codec2Client: query -- param skipped: index = 2415921170.
02-26 08:38:40.304 26535 12766 W Codec2Client: query -- param skipped: index = 1610614798.
02-26 08:38:40.312 26535 26535 W BottomSheetBehavior: BottomSheetBehavior now supports multiple callbacks. `setBottomSheetCallback()` removes all existing callbacks, including ones set internally by library authors, which may result in unintended behavior. This may change in the future. Please use `addBottomSheetCallback()` and `removeBottomSheetCallback()` instead to set your own callbacks.
02-26 08:38:40.312 26535 26535 W BottomSheetBehavior: BottomSheetBehavior now supports multiple callbacks. `setBottomSheetCallback()` removes all existing callbacks, including ones set internally by library authors, which may result in unintended behavior. This may change in the future. Please use `addBottomSheetCallback()` and `removeBottomSheetCallback()` instead to set your own callbacks.
02-26 08:38:40.315 26535 12746 W BufferQueueProducer: [SurfaceTexture-0-26535-0] (id:67a700000061,api:3,p:26535,c:26535) detachBuffer: slot 0 is not owned by the producer (state = FREE)
02-26 08:38:40.315 26535 12746 W BufferQueueProducer: [SurfaceTexture-0-26535-0] (id:67a700000061,api:3,p:26535,c:26535) detachBuffer: slot 1 is not owned by the producer (state = FREE)
02-26 08:38:40.315 26535 12746 W BufferQueueProducer: [SurfaceTexture-0-26535-0] (id:67a700000061,api:3,p:26535,c:26535) detachBuffer: slot 2 is not owned by the producer (state = FREE)
02-26 08:38:40.315 26535 12746 W BufferQueueProducer: [SurfaceTexture-0-26535-0] (id:67a700000061,api:3,p:26535,c:26535) detachBuffer: slot 3 is not owned by the producer (state = FREE)
02-26 08:38:40.315 26535 12746 W BufferQueueProducer: [SurfaceTexture-0-26535-0] (id:67a700000061,api:3,p:26535,c:26535) detachBuffer: slot 4 is not owned by the producer (state = FREE)
02-26 08:38:40.315 26535 12746 W BufferQueueProducer: [SurfaceTexture-0-26535-0] (id:67a700000061,api:3,p:26535,c:26535) detachBuffer: slot 5 is not owned by the producer (state = FREE)
02-26 08:38:40.315 26535 12746 W BufferQueueProducer: [SurfaceTexture-0-26535-0] (id:67a700000061,api:3,p:26535,c:26535) detachBuffer: slot 6 is not owned by the producer (state = FREE)
02-26 08:38:40.315 26535 12746 W BufferQueueProducer: [SurfaceTexture-0-26535-0] (id:67a700000061,api:3,p:26535,c:26535) detachBuffer: slot 7 is not owned by the producer (state = FREE)
02-26 08:38:40.315 26535 12746 W BufferQueueProducer: [SurfaceTexture-0-26535-0] (id:67a700000061,api:3,p:26535,c:26535) detachBuffer: slot 8 is not owned by the producer (state = FREE)
02-26 08:38:40.315 26535 12746 W BufferQueueProducer: [SurfaceTexture-0-26535-0] (id:67a700000061,api:3,p:26535,c:26535) detachBuffer: slot 10 is not owned by the producer (state = FREE)
02-26 08:38:40.315 26535 12746 W BufferQueueProducer: [SurfaceTexture-0-26535-0] (id:67a700000061,api:3,p:26535,c:26535) detachBuffer: slot 11 is not owned by the producer (state = FREE)
02-26 08:38:40.315 26535 12746 W BufferQueueProducer: [SurfaceTexture-0-26535-0] (id:67a700000061,api:3,p:26535,c:26535) detachBuffer: slot 12 is not owned by the producer (state = FREE)
02-26 08:38:40.315 26535 12746 W BufferQueueProducer: [SurfaceTexture-0-26535-0] (id:67a700000061,api:3,p:26535,c:26535) detachBuffer: slot 13 is not owned by the producer (state = FREE)
02-26 08:38:40.316 26535 12746 W BufferQueueProducer: [SurfaceTexture-0-26535-0] (id:67a700000061,api:3,p:26535,c:26535) detachBuffer: slot 14 is not owned by the producer (state = FREE)
02-26 08:38:40.316 26535 12746 W BufferQueueProducer: [SurfaceTexture-0-26535-0] (id:67a700000061,api:3,p:26535,c:26535) detachBuffer: slot 16 is not owned by the producer (state = FREE)
02-26 08:38:40.316 26535 12746 W BufferQueueProducer: [SurfaceTexture-0-26535-0] (id:67a700000061,api:3,p:26535,c:26535) detachBuffer: slot 17 is not owned by the producer (state = FREE)
02-26 08:38:40.316 26535 12746 W BufferQueueProducer: [SurfaceTexture-0-26535-0] (id:67a700000061,api:3,p:26535,c:26535) detachBuffer: slot 18 is not owned by the producer (state = FREE)
02-26 08:38:40.316 26535 12746 W BufferQueueProducer: [SurfaceTexture-0-26535-0] (id:67a700000061,api:3,p:26535,c:26535) detachBuffer: slot 19 is not owned by the producer (state = ACQUIRED)
02-26 08:38:40.316 26535 12746 W BufferQueueProducer: [SurfaceTexture-0-26535-0] (id:67a700000061,api:3,p:26535,c:26535) detachBuffer: slot 20 is not owned by the producer (state = FREE)
02-26 08:38:40.316 26535 12746 W BufferQueueProducer: [SurfaceTexture-0-26535-0] (id:67a700000061,api:3,p:26535,c:26535) detachBuffer: slot 21 is not owned by the producer (state = FREE)
02-26 08:38:40.316 26535 12746 W BufferQueueProducer: [SurfaceTexture-0-26535-0] (id:67a700000061,api:3,p:26535,c:26535) detachBuffer: slot 22 is not owned by the producer (state = FREE)
02-26 08:38:40.316 26535 12746 W BufferQueueProducer: [SurfaceTexture-0-26535-0] (id:67a700000061,api:3,p:26535,c:26535) detachBuffer: slot 23 is not owned by the producer (state = FREE)
02-26 08:38:40.316 26535 12746 W BufferQueueProducer: [SurfaceTexture-0-26535-0] (id:67a700000061,api:3,p:26535,c:26535) detachBuffer: slot 24 is not owned by the producer (state = FREE)
02-26 08:38:40.316 26535 12746 W BufferQueueProducer: [SurfaceTexture-0-26535-0] (id:67a700000061,api:3,p:26535,c:26535) detachBuffer: slot 25 is not owned by the producer (state = FREE)
02-26 08:38:40.316 26535 12746 W BufferQueueProducer: [SurfaceTexture-0-26535-0] (id:67a700000061,api:3,p:26535,c:26535) detachBuffer: slot 26 is not owned by the producer (state = FREE)
02-26 08:38:40.316 26535 12746 W BufferQueueProducer: [SurfaceTexture-0-26535-0] (id:67a700000061,api:3,p:26535,c:26535) detachBuffer: slot 27 is not owned by the producer (state = FREE)
02-26 08:38:40.316 26535 12746 W BufferQueueProducer: [SurfaceTexture-0-26535-0] (id:67a700000061,api:3,p:26535,c:26535) detachBuffer: slot 28 is not owned by the producer (state = FREE)
02-26 08:38:40.317 26535 12746 W BufferQueueProducer: [SurfaceTexture-0-26535-0] (id:67a700000061,api:3,p:26535,c:26535) detachBuffer: slot 29 is not owned by the producer (state = FREE)
02-26 08:38:40.317 26535 12746 W BufferQueueProducer: [SurfaceTexture-0-26535-0] (id:67a700000061,api:3,p:26535,c:26535) detachBuffer: slot 30 is not owned by the producer (state = FREE)
02-26 08:38:40.317 26535 12746 W BufferQueueProducer: [SurfaceTexture-0-26535-0] (id:67a700000061,api:3,p:26535,c:26535) detachBuffer: slot 31 is not owned by the producer (state = FREE)
02-26 08:38:40.317 26535 12746 W BufferQueueProducer: [SurfaceTexture-0-26535-0] (id:67a700000061,api:3,p:26535,c:26535) detachBuffer: slot 32 is not owned by the producer (state = FREE)
02-26 08:38:40.317 26535 12746 W BufferQueueProducer: [SurfaceTexture-0-26535-0] (id:67a700000061,api:3,p:26535,c:26535) detachBuffer: slot 33 is not owned by the producer (state = FREE)
02-26 08:38:40.317 26535 12746 W BufferQueueProducer: [SurfaceTexture-0-26535-0] (id:67a700000061,api:3,p:26535,c:26535) detachBuffer: slot 34 is not owned by the producer (state = FREE)
02-26 08:38:40.317 26535 12746 W BufferQueueProducer: [SurfaceTexture-0-26535-0] (id:67a700000061,api:3,p:26535,c:26535) detachBuffer: slot 35 is not owned by the producer (state = FREE)
02-26 08:38:40.317 26535 26535 E RecyclerView: No adapter attached; skipping layout
02-26 08:38:40.317 26535 12746 W BufferQueueProducer: [SurfaceTexture-0-26535-0] (id:67a700000061,api:3,p:26535,c:26535) detachBuffer: slot 36 is not owned by the producer (state = FREE)
02-26 08:38:40.317 26535 12746 W BufferQueueProducer: [SurfaceTexture-0-26535-0] (id:67a700000061,api:3,p:26535,c:26535) detachBuffer: slot 37 is not owned by the producer (state = FREE)
02-26 08:38:40.317 26535 12746 W BufferQueueProducer: [SurfaceTexture-0-26535-0] (id:67a700000061,api:3,p:26535,c:26535) detachBuffer: slot 38 is not owned by the producer (state = FREE)
02-26 08:38:40.317 26535 12746 W BufferQueueProducer: [SurfaceTexture-0-26535-0] (id:67a700000061,api:3,p:26535,c:26535) detachBuffer: slot 39 is not owned by the producer (state = FREE)
02-26 08:38:40.317 26535 12746 W BufferQueueProducer: [SurfaceTexture-0-26535-0] (id:67a700000061,api:3,p:26535,c:26535) detachBuffer: slot 40 is not owned by the producer (state = FREE)
02-26 08:38:40.317 26535 12746 W BufferQueueProducer: [SurfaceTexture-0-26535-0] (id:67a700000061,api:3,p:26535,c:26535) detachBuffer: slot 41 is not owned by the producer (state = FREE)
02-26 08:38:40.318 26535 12746 W BufferQueueProducer: [SurfaceTexture-0-26535-0] (id:67a700000061,api:3,p:26535,c:26535) detachBuffer: slot 42 is not owned by the producer (state = FREE)
02-26 08:38:40.318 26535 12746 W BufferQueueProducer: [SurfaceTexture-0-26535-0] (id:67a700000061,api:3,p:26535,c:26535) detachBuffer: slot 43 is not owned by the producer (state = FREE)
02-26 08:38:40.318 26535 12746 W BufferQueueProducer: [SurfaceTexture-0-26535-0] (id:67a700000061,api:3,p:26535,c:26535) detachBuffer: slot 44 is not owned by the producer (state = FREE)
02-26 08:38:40.318 26535 12746 W BufferQueueProducer: [SurfaceTexture-0-26535-0] (id:67a700000061,api:3,p:26535,c:26535) detachBuffer: slot 45 is not owned by the producer (state = FREE)
02-26 08:38:40.318 26535 12746 W BufferQueueProducer: [SurfaceTexture-0-26535-0] (id:67a700000061,api:3,p:26535,c:26535) detachBuffer: slot 46 is not owned by the producer (state = FREE)
02-26 08:38:40.318 26535 12746 W BufferQueueProducer: [SurfaceTexture-0-26535-0] (id:67a700000061,api:3,p:26535,c:26535) detachBuffer: slot 47 is not owned by the producer (state = FREE)
02-26 08:38:40.318 26535 12746 W BufferQueueProducer: [SurfaceTexture-0-26535-0] (id:67a700000061,api:3,p:26535,c:26535) detachBuffer: slot 48 is not owned by the producer (state = FREE)
02-26 08:38:40.318 26535 12746 W BufferQueueProducer: [SurfaceTexture-0-26535-0] (id:67a700000061,api:3,p:26535,c:26535) detachBuffer: slot 49 is not owned by the producer (state = FREE)
02-26 08:38:40.318 26535 12746 W BufferQueueProducer: [SurfaceTexture-0-26535-0] (id:67a700000061,api:3,p:26535,c:26535) detachBuffer: slot 50 is not owned by the producer (state = FREE)
02-26 08:38:40.318 26535 12746 W BufferQueueProducer: [SurfaceTexture-0-26535-0] (id:67a700000061,api:3,p:26535,c:26535) detachBuffer: slot 51 is not owned by the producer (state = FREE)
02-26 08:38:40.318 26535 12746 W BufferQueueProducer: [SurfaceTexture-0-26535-0] (id:67a700000061,api:3,p:26535,c:26535) detachBuffer: slot 52 is not owned by the producer (state = FREE)
02-26 08:38:40.318 26535 12746 W BufferQueueProducer: [SurfaceTexture-0-26535-0] (id:67a700000061,api:3,p:26535,c:26535) detachBuffer: slot 53 is not owned by the producer (state = FREE)
02-26 08:38:40.318 26535 12746 W BufferQueueProducer: [SurfaceTexture-0-26535-0] (id:67a700000061,api:3,p:26535,c:26535) detachBuffer: slot 54 is not owned by the producer (state = FREE)
02-26 08:38:40.318 26535 12746 W BufferQueueProducer: [SurfaceTexture-0-26535-0] (id:67a700000061,api:3,p:26535,c:26535) detachBuffer: slot 55 is not owned by the producer (state = FREE)
02-26 08:38:40.318 26535 12746 W BufferQueueProducer: [SurfaceTexture-0-26535-0] (id:67a700000061,api:3,p:26535,c:26535) detachBuffer: slot 56 is not owned by the producer (state = FREE)
02-26 08:38:40.319 26535 12746 W BufferQueueProducer: [SurfaceTexture-0-26535-0] (id:67a700000061,api:3,p:26535,c:26535) detachBuffer: slot 57 is not owned by the producer (state = FREE)
02-26 08:38:40.319 26535 12746 W BufferQueueProducer: [SurfaceTexture-0-26535-0] (id:67a700000061,api:3,p:26535,c:26535) detachBuffer: slot 58 is not owned by the producer (state = FREE)
02-26 08:38:40.319 26535 12746 W BufferQueueProducer: [SurfaceTexture-0-26535-0] (id:67a700000061,api:3,p:26535,c:26535) detachBuffer: slot 59 is not owned by the producer (state = FREE)
02-26 08:38:40.319 26535 12746 W BufferQueueProducer: [SurfaceTexture-0-26535-0] (id:67a700000061,api:3,p:26535,c:26535) detachBuffer: slot 60 is not owned by the producer (state = FREE)
02-26 08:38:40.319 26535 12746 W BufferQueueProducer: [SurfaceTexture-0-26535-0] (id:67a700000061,api:3,p:26535,c:26535) detachBuffer: slot 61 is not owned by the producer (state = FREE)
02-26 08:38:40.319 26535 12746 W BufferQueueProducer: [SurfaceTexture-0-26535-0] (id:67a700000061,api:3,p:26535,c:26535) detachBuffer: slot 62 is not owned by the producer (state = FREE)
02-26 08:38:40.319 26535 12746 W BufferQueueProducer: [SurfaceTexture-0-26535-0] (id:67a700000061,api:3,p:26535,c:26535) detachBuffer: slot 63 is not owned by the producer (state = FREE)
02-26 08:38:40.333 26535 12802 W BufferQueueProducer: [MediaCodec.release] (id:67a700000062,api:3,p:26535,c:26535) detachBuffer: slot 0 is not owned by the producer (state = FREE)
02-26 08:38:40.333 26535 12802 W BufferQueueProducer: [MediaCodec.release] (id:67a700000062,api:3,p:26535,c:26535) detachBuffer: slot 1 is not owned by the producer (state = FREE)
02-26 08:38:40.334 26535 12802 W BufferQueueProducer: [MediaCodec.release] (id:67a700000062,api:3,p:26535,c:26535) detachBuffer: slot 2 is not owned by the producer (state = FREE)
02-26 08:38:40.334 26535 12802 W BufferQueueProducer: [MediaCodec.release] (id:67a700000062,api:3,p:26535,c:26535) detachBuffer: slot 3 is not owned by the producer (state = FREE)
02-26 08:38:40.334 26535 12802 W BufferQueueProducer: [MediaCodec.release] (id:67a700000062,api:3,p:26535,c:26535) detachBuffer: slot 4 is not owned by the producer (state = FREE)
02-26 08:38:40.334 26535 12802 W BufferQueueProducer: [MediaCodec.release] (id:67a700000062,api:3,p:26535,c:26535) detachBuffer: slot 5 is not owned by the producer (state = FREE)
02-26 08:38:40.334 26535 12802 W BufferQueueProducer: [MediaCodec.release] (id:67a700000062,api:3,p:26535,c:26535) detachBuffer: slot 6 is not owned by the producer (state = FREE)
02-26 08:38:40.334 26535 12802 W BufferQueueProducer: [MediaCodec.release] (id:67a700000062,api:3,p:26535,c:26535) detachBuffer: slot 7 is not owned by the producer (state = FREE)
02-26 08:38:40.334 26535 12802 W BufferQueueProducer: [MediaCodec.release] (id:67a700000062,api:3,p:26535,c:26535) detachBuffer: slot 8 is not owned by the producer (state = FREE)
02-26 08:38:40.334 26535 12802 W BufferQueueProducer: [MediaCodec.release] (id:67a700000062,api:3,p:26535,c:26535) detachBuffer: slot 9 is not owned by the producer (state = FREE)
02-26 08:38:40.334 26535 12802 W BufferQueueProducer: [MediaCodec.release] (id:67a700000062,api:3,p:26535,c:26535) detachBuffer: slot 10 is not owned by the producer (state = FREE)
02-26 08:38:40.334 26535 12802 W BufferQueueProducer: [MediaCodec.release] (id:67a700000062,api:3,p:26535,c:26535) detachBuffer: slot 11 is not owned by the producer (state = FREE)
02-26 08:38:40.334 26535 12802 W BufferQueueProducer: [MediaCodec.release] (id:67a700000062,api:3,p:26535,c:26535) detachBuffer: slot 12 is not owned by the producer (state = FREE)
02-26 08:38:40.334 26535 12802 W BufferQueueProducer: [MediaCodec.release] (id:67a700000062,api:3,p:26535,c:26535) detachBuffer: slot 13 is not owned by the producer (state = FREE)
02-26 08:38:40.334 26535 12802 W BufferQueueProducer: [MediaCodec.release] (id:67a700000062,api:3,p:26535,c:26535) detachBuffer: slot 14 is not owned by the producer (state = FREE)
02-26 08:38:40.334 26535 12802 W BufferQueueProducer: [MediaCodec.release] (id:67a700000062,api:3,p:26535,c:26535) detachBuffer: slot 15 is not owned by the producer (state = FREE)
02-26 08:38:40.334 26535 12802 W BufferQueueProducer: [MediaCodec.release] (id:67a700000062,api:3,p:26535,c:26535) detachBuffer: slot 16 is not owned by the producer (state = FREE)
02-26 08:38:40.334 26535 12802 W BufferQueueProducer: [MediaCodec.release] (id:67a700000062,api:3,p:26535,c:26535) detachBuffer: slot 17 is not owned by the producer (state = FREE)
02-26 08:38:40.335 26535 12802 W BufferQueueProducer: [MediaCodec.release] (id:67a700000062,api:3,p:26535,c:26535) detachBuffer: slot 18 is not owned by the producer (state = FREE)
02-26 08:38:40.335 26535 12802 W BufferQueueProducer: [MediaCodec.release] (id:67a700000062,api:3,p:26535,c:26535) detachBuffer: slot 19 is not owned by the producer (state = FREE)
02-26 08:38:40.335 26535 12802 W BufferQueueProducer: [MediaCodec.release] (id:67a700000062,api:3,p:26535,c:26535) detachBuffer: slot 20 is not owned by the producer (state = FREE)
02-26 08:38:40.335 26535 12802 W BufferQueueProducer: [MediaCodec.release] (id:67a700000062,api:3,p:26535,c:26535) detachBuffer: slot 21 is not owned by the producer (state = FREE)
02-26 08:38:40.335 26535 12802 W BufferQueueProducer: [MediaCodec.release] (id:67a700000062,api:3,p:26535,c:26535) detachBuffer: slot 22 is not owned by the producer (state = FREE)
02-26 08:38:40.335 26535 12802 W BufferQueueProducer: [MediaCodec.release] (id:67a700000062,api:3,p:26535,c:26535) detachBuffer: slot 23 is not owned by the producer (state = FREE)
02-26 08:38:40.335 26535 12802 W BufferQueueProducer: [MediaCodec.release] (id:67a700000062,api:3,p:26535,c:26535) detachBuffer: slot 24 is not owned by the producer (state = FREE)
02-26 08:38:40.335 26535 12802 W BufferQueueProducer: [MediaCodec.release] (id:67a700000062,api:3,p:26535,c:26535) detachBuffer: slot 25 is not owned by the producer (state = FREE)
02-26 08:38:40.335 26535 12802 W BufferQueueProducer: [MediaCodec.release] (id:67a700000062,api:3,p:26535,c:26535) detachBuffer: slot 26 is not owned by the producer (state = FREE)
02-26 08:38:40.335 26535 12802 W BufferQueueProducer: [MediaCodec.release] (id:67a700000062,api:3,p:26535,c:26535) detachBuffer: slot 27 is not owned by the producer (state = FREE)
02-26 08:38:40.335 26535 12802 W BufferQueueProducer: [MediaCodec.release] (id:67a700000062,api:3,p:26535,c:26535) detachBuffer: slot 28 is not owned by the producer (state = FREE)
02-26 08:38:40.335 26535 12802 W BufferQueueProducer: [MediaCodec.release] (id:67a700000062,api:3,p:26535,c:26535) detachBuffer: slot 29 is not owned by the producer (state = FREE)
02-26 08:38:40.335 26535 12802 W BufferQueueProducer: [MediaCodec.release] (id:67a700000062,api:3,p:26535,c:26535) detachBuffer: slot 30 is not owned by the producer (state = FREE)
02-26 08:38:40.335 26535 12802 W BufferQueueProducer: [MediaCodec.release] (id:67a700000062,api:3,p:26535,c:26535) detachBuffer: slot 31 is not owned by the producer (state = FREE)
02-26 08:38:40.335 26535 12802 W BufferQueueProducer: [MediaCodec.release] (id:67a700000062,api:3,p:26535,c:26535) detachBuffer: slot 32 is not owned by the producer (state = FREE)
02-26 08:38:40.335 26535 12802 W BufferQueueProducer: [MediaCodec.release] (id:67a700000062,api:3,p:26535,c:26535) detachBuffer: slot 33 is not owned by the producer (state = FREE)
02-26 08:38:40.335 26535 12802 W BufferQueueProducer: [MediaCodec.release] (id:67a700000062,api:3,p:26535,c:26535) detachBuffer: slot 34 is not owned by the producer (state = FREE)
02-26 08:38:40.336 26535 12802 W BufferQueueProducer: [MediaCodec.release] (id:67a700000062,api:3,p:26535,c:26535) detachBuffer: slot 35 is not owned by the producer (state = FREE)
02-26 08:38:40.336 26535 12802 W BufferQueueProducer: [MediaCodec.release] (id:67a700000062,api:3,p:26535,c:26535) detachBuffer: slot 36 is not owned by the producer (state = FREE)
02-26 08:38:40.336 26535 12802 W BufferQueueProducer: [MediaCodec.release] (id:67a700000062,api:3,p:26535,c:26535) detachBuffer: slot 37 is not owned by the producer (state = FREE)
02-26 08:38:40.336 26535 12802 W BufferQueueProducer: [MediaCodec.release] (id:67a700000062,api:3,p:26535,c:26535) detachBuffer: slot 38 is not owned by the producer (state = FREE)
02-26 08:38:40.336 26535 12802 W BufferQueueProducer: [MediaCodec.release] (id:67a700000062,api:3,p:26535,c:26535) detachBuffer: slot 39 is not owned by the producer (state = FREE)
02-26 08:38:40.336 26535 12802 W BufferQueueProducer: [MediaCodec.release] (id:67a700000062,api:3,p:26535,c:26535) detachBuffer: slot 40 is not owned by the producer (state = FREE)
02-26 08:38:40.336 26535 12802 W BufferQueueProducer: [MediaCodec.release] (id:67a700000062,api:3,p:26535,c:26535) detachBuffer: slot 41 is not owned by the producer (state = FREE)
02-26 08:38:40.336 26535 12802 W BufferQueueProducer: [MediaCodec.release] (id:67a700000062,api:3,p:26535,c:26535) detachBuffer: slot 42 is not owned by the producer (state = FREE)
02-26 08:38:40.336 26535 12802 W BufferQueueProducer: [MediaCodec.release] (id:67a700000062,api:3,p:26535,c:26535) detachBuffer: slot 43 is not owned by the producer (state = FREE)
02-26 08:38:40.336 26535 12802 W BufferQueueProducer: [MediaCodec.release] (id:67a700000062,api:3,p:26535,c:26535) detachBuffer: slot 44 is not owned by the producer (state = FREE)
02-26 08:38:40.336 26535 12802 W BufferQueueProducer: [MediaCodec.release] (id:67a700000062,api:3,p:26535,c:26535) detachBuffer: slot 45 is not owned by the producer (state = FREE)
02-26 08:38:40.336 26535 12802 W BufferQueueProducer: [MediaCodec.release] (id:67a700000062,api:3,p:26535,c:26535) detachBuffer: slot 46 is not owned by the producer (state = FREE)
02-26 08:38:40.336 26535 12802 W BufferQueueProducer: [MediaCodec.release] (id:67a700000062,api:3,p:26535,c:26535) detachBuffer: slot 47 is not owned by the producer (state = FREE)
02-26 08:38:40.336 26535 12802 W BufferQueueProducer: [MediaCodec.release] (id:67a700000062,api:3,p:26535,c:26535) detachBuffer: slot 48 is not owned by the producer (state = FREE)
02-26 08:38:40.337 26535 12802 W BufferQueueProducer: [MediaCodec.release] (id:67a700000062,api:3,p:26535,c:26535) detachBuffer: slot 49 is not owned by the producer (state = FREE)
02-26 08:38:40.337 26535 12802 W BufferQueueProducer: [MediaCodec.release] (id:67a700000062,api:3,p:26535,c:26535) detachBuffer: slot 50 is not owned by the producer (state = FREE)
02-26 08:38:40.337 26535 12802 W BufferQueueProducer: [MediaCodec.release] (id:67a700000062,api:3,p:26535,c:26535) detachBuffer: slot 51 is not owned by the producer (state = FREE)
02-26 08:38:40.337 26535 12802 W BufferQueueProducer: [MediaCodec.release] (id:67a700000062,api:3,p:26535,c:26535) detachBuffer: slot 52 is not owned by the producer (state = FREE)
02-26 08:38:40.337 26535 12802 W BufferQueueProducer: [MediaCodec.release] (id:67a700000062,api:3,p:26535,c:26535) detachBuffer: slot 53 is not owned by the producer (state = FREE)
02-26 08:38:40.337 26535 12802 W BufferQueueProducer: [MediaCodec.release] (id:67a700000062,api:3,p:26535,c:26535) detachBuffer: slot 54 is not owned by the producer (state = FREE)
02-26 08:38:40.337 26535 12802 W BufferQueueProducer: [MediaCodec.release] (id:67a700000062,api:3,p:26535,c:26535) detachBuffer: slot 55 is not owned by the producer (state = FREE)
02-26 08:38:40.337 26535 12802 W BufferQueueProducer: [MediaCodec.release] (id:67a700000062,api:3,p:26535,c:26535) detachBuffer: slot 56 is not owned by the producer (state = FREE)
02-26 08:38:40.337 26535 12802 W BufferQueueProducer: [MediaCodec.release] (id:67a700000062,api:3,p:26535,c:26535) detachBuffer: slot 57 is not owned by the producer (state = FREE)
02-26 08:38:40.337 26535 12802 W BufferQueueProducer: [MediaCodec.release] (id:67a700000062,api:3,p:26535,c:26535) detachBuffer: slot 58 is not owned by the producer (state = FREE)
02-26 08:38:40.337 26535 12802 W BufferQueueProducer: [MediaCodec.release] (id:67a700000062,api:3,p:26535,c:26535) detachBuffer: slot 59 is not owned by the producer (state = FREE)
02-26 08:38:40.337 26535 12802 W BufferQueueProducer: [MediaCodec.release] (id:67a700000062,api:3,p:26535,c:26535) detachBuffer: slot 60 is not owned by the producer (state = FREE)
02-26 08:38:40.337 26535 12802 W BufferQueueProducer: [MediaCodec.release] (id:67a700000062,api:3,p:26535,c:26535) detachBuffer: slot 61 is not owned by the producer (state = FREE)
02-26 08:38:40.337 26535 12802 W BufferQueueProducer: [MediaCodec.release] (id:67a700000062,api:3,p:26535,c:26535) detachBuffer: slot 62 is not owned by the producer (state = FREE)
02-26 08:38:40.337 26535 12802 W BufferQueueProducer: [MediaCodec.release] (id:67a700000062,api:3,p:26535,c:26535) detachBuffer: slot 63 is not owned by the producer (state = FREE)
02-26 08:38:41.284 26535 26535 W BottomSheetBehavior: BottomSheetBehavior now supports multiple callbacks. `setBottomSheetCallback()` removes all existing callbacks, including ones set internally by library authors, which may result in unintended behavior. This may change in the future. Please use `addBottomSheetCallback()` and `removeBottomSheetCallback()` instead to set your own callbacks.
02-26 08:38:41.284 26535 26535 W BottomSheetBehavior: BottomSheetBehavior now supports multiple callbacks. `setBottomSheetCallback()` removes all existing callbacks, including ones set internally by library authors, which may result in unintended behavior. This may change in the future. Please use `addBottomSheetCallback()` and `removeBottomSheetCallback()` instead to set your own callbacks.
02-26 08:38:41.293 26535 26934 E SQLiteDatabase: Error inserting transferred=0 media_job_uuid=e558cd26-60b8-4680-97fd-0ea28e079c4b transcoded=0 gif_attribution=0 first_scan_length=0 direct_path=/v/t62.7161- 24/40940228_645299931014215_3620356348805218187_n.enc?ccb=11- 4&oh=01_AdSpmFVnVvccOj5hTWvwRCDs0sZydV77j6i9NvPL6F0gNg&oe=66040D54&_nc_sid=5e03e0 thumbnail_height_width_ratio=1.7777778 is_animated_sticker=0 file_hash=/YD3P6mKgMroly9agPKoDGeBouaiXXWaRrrDaLTptG0= file_path=null file_size=0 partial_media_hash=null face_x=0 face_y=0 height=1024 trim_to=0 media_key_timestamp=1708954498000 message_url=https://mmg.whatsapp.net/v/t62.7161- 24/40940228_645299931014215_3620356348805218187_n.enc?ccb=11- 4&oh=01_AdSpmFVnVvccOj5hTWvwRCDs0sZydV77j6i9NvPL6F0gNg&oe=66040D54&_nc_sid=5e03e0&m ms3=true media_caption=null trim_from=0 mime_type=video/mp4 partial_media_enc_hash=null width=576 original_file_hash=null has_streaming_sidecar=1 autotransfer_retry_enabled=0 media_upload_handle=null message_row_id=300 multicast_id=null enc_file_hash=dEv/SMo6R0YBPM4oeklkxqG0BslcDvBcO8Gs7ywnYcM= mute_video=0 page_count=0 first_scan_sidecar=null suspicious_content=0 file_length=2372959 media_name=null media_duration=16 chat_row_id=29 media_key=[B@164ffb0
02-26 08:38:41.293 26535 26934 E SQLiteDatabase: android.database.sqlite.SQLiteConstraintException: UNIQUE constraint failed: message_media.message_row_id (code 1555 SQLITE_CONSTRAINT_PRIMARYKEY[1555])
02-26 08:38:41.293 26535 26934 E SQLiteDatabase: at android.database.sqlite.SQLiteConnection.nativeExecuteForLastInsertedRowId(Native Method)
02-26 08:38:41.293 26535 26934 E SQLiteDatabase: at android.database.sqlite.SQLiteConnection.executeForLastInsertedRowId(SQLiteConnecti on.java:1275)
02-26 08:38:41.293 26535 26934 E SQLiteDatabase: at android.database.sqlite.SQLiteSession.executeForLastInsertedRowId(SQLiteSession.jav a:790)
02-26 08:38:41.293 26535 26934 E SQLiteDatabase: at android.database.sqlite.SQLiteStatement.executeInsert(SQLiteStatement.java:89)
02-26 08:38:41.293 26535 26934 E SQLiteDatabase: at android.database.sqlite.SQLiteDatabase.insertWithOnConflict(SQLiteDatabase.java:241 0)
02-26 08:38:41.293 26535 26934 E SQLiteDatabase: at android.database.sqlite.SQLiteDatabase.insert(SQLiteDatabase.java:2279)
02-26 08:38:41.293 26535 26934 E SQLiteDatabase: at X.2tm.A08(Unknown Source:6)
02-26 08:38:41.293 26535 26934 E SQLiteDatabase: at X.35Y.A07(Unknown Source:212)
02-26 08:38:41.293 26535 26934 E SQLiteDatabase: at X.3QF.A14(Unknown Source:470)
02-26 08:38:41.293 26535 26934 E SQLiteDatabase: at X.3gU.run(Unknown Source:982)
02-26 08:38:41.293 26535 26934 E SQLiteDatabase: at android.os.Handler.handleCallback(Handler.java:942)
02-26 08:38:41.293 26535 26934 E SQLiteDatabase: at android.os.Handler.dispatchMessage(Handler.java:99)
02-26 08:38:41.293 26535 26934 E SQLiteDatabase: at X.0zq.dispatchMessage(Unknown Source:4)
02-26 08:38:41.293 26535 26934 E SQLiteDatabase: at android.os.Looper.loopOnce(Looper.java:226)
02-26 08:38:41.293 26535 26934 E SQLiteDatabase: at android.os.Looper.loop(Looper.java:313)
02-26 08:38:41.293 26535 26934 E SQLiteDatabase: at android.os.HandlerThread.run(HandlerThread.java:67)
02-26 08:38:41.295 26535 26535 W BottomSheetBehavior: BottomSheetBehavior now supports multiple callbacks. `setBottomSheetCallback()` removes all existing callbacks, including ones set internally by library authors, which may result in unintended behavior. This may change in the future. Please use `addBottomSheetCallback()` and `removeBottomSheetCallback()` instead to set your own callbacks.
02-26 08:38:41.295 26535 26535 W BottomSheetBehavior: BottomSheetBehavior now supports multiple callbacks. `setBottomSheetCallback()` removes all existing callbacks, including ones set internally by library authors, which may result in unintended behavior. This may change in the future. Please use `addBottomSheetCallback()` and `removeBottomSheetCallback()` instead to set your own callbacks.
02-26 08:38:41.308 26535 26535 E RecyclerView: No adapter attached; skipping layout
02-26 08:38:41.310 26535 26934 E SQLiteDatabase: Error inserting transferred=0 media_job_uuid=e558cd26-60b8-4680-97fd-0ea28e079c4b transcoded=0 gif_attribution=0 first_scan_length=0 direct_path=/v/t62.7161- 24/40940228_645299931014215_3620356348805218187_n.enc?ccb=11- 4&oh=01_AdSpmFVnVvccOj5hTWvwRCDs0sZydV77j6i9NvPL6F0gNg&oe=66040D54&_nc_sid=5e03e0 thumbnail_height_width_ratio=1.7777778 is_animated_sticker=0 file_hash=/YD3P6mKgMroly9agPKoDGeBouaiXXWaRrrDaLTptG0= file_path=null file_size=0 partial_media_hash=null face_x=0 face_y=0 height=1024 trim_to=0 media_key_timestamp=1708954498000 message_url=https://mmg.whatsapp.net/v/t62.7161- 24/40940228_645299931014215_3620356348805218187_n.enc?ccb=11- 4&oh=01_AdSpmFVnVvccOj5hTWvwRCDs0sZydV77j6i9NvPL6F0gNg&oe=66040D54&_nc_sid=5e03e0&m ms3=true media_caption=null trim_from=0 mime_type=video/mp4 partial_media_enc_hash=null width=576 original_file_hash=null has_streaming_sidecar=1 autotransfer_retry_enabled=0 media_upload_handle=null message_row_id=300 multicast_id=null enc_file_hash=dEv/SMo6R0YBPM4oeklkxqG0BslcDvBcO8Gs7ywnYcM= mute_video=0 page_count=0 first_scan_sidecar=null suspicious_content=0 file_length=2372959 media_name=null media_duration=16 chat_row_id=29 media_key=[B@164ffb0
02-26 08:38:41.310 26535 26934 E SQLiteDatabase: android.database.sqlite.SQLiteConstraintException: UNIQUE constraint failed: message_media.message_row_id (code 1555 SQLITE_CONSTRAINT_PRIMARYKEY[1555])
02-26 08:38:41.310 26535 26934 E SQLiteDatabase: at android.database.sqlite.SQLiteConnection.nativeExecuteForLastInsertedRowId(Native Method)
02-26 08:38:41.310 26535 26934 E SQLiteDatabase: at android.database.sqlite.SQLiteConnection.executeForLastInsertedRowId(SQLiteConnecti on.java:1275)
02-26 08:38:41.310 26535 26934 E SQLiteDatabase: at android.database.sqlite.SQLiteSession.executeForLastInsertedRowId(SQLiteSession.jav a:790)
02-26 08:38:41.310 26535 26934 E SQLiteDatabase: at android.database.sqlite.SQLiteStatement.executeInsert(SQLiteStatement.java:89)
02-26 08:38:41.310 26535 26934 E SQLiteDatabase: at android.database.sqlite.SQLiteDatabase.insertWithOnConflict(SQLiteDatabase.java:241 0)
02-26 08:38:41.310 26535 26934 E SQLiteDatabase: at android.database.sqlite.SQLiteDatabase.insert(SQLiteDatabase.java:2279)
02-26 08:38:41.310 26535 26934 E SQLiteDatabase: at X.2tm.A08(Unknown Source:6)
02-26 08:38:41.310 26535 26934 E SQLiteDatabase: at X.35Y.A07(Unknown Source:212)
02-26 08:38:41.310 26535 26934 E SQLiteDatabase: at X.3QF.A14(Unknown Source:470)
02-26 08:38:41.310 26535 26934 E SQLiteDatabase: at X.3gU.run(Unknown Source:982)
02-26 08:38:41.310 26535 26934 E SQLiteDatabase: at android.os.Handler.handleCallback(Handler.java:942)
02-26 08:38:41.310 26535 26934 E SQLiteDatabase: at android.os.Handler.dispatchMessage(Handler.java:99)
02-26 08:38:41.310 26535 26934 E SQLiteDatabase: at X.0zq.dispatchMessage(Unknown Source:4)
02-26 08:38:41.310 26535 26934 E SQLiteDatabase: at android.os.Looper.loopOnce(Looper.java:226)
02-26 08:38:41.310 26535 26934 E SQLiteDatabase: at android.os.Looper.loop(Looper.java:313)
02-26 08:38:41.310 26535 26934 E SQLiteDatabase: at android.os.HandlerThread.run(HandlerThread.java:67)
02-26 08:38:41.745 26535 26934 E SQLiteDatabase: Error inserting transferred=1 media_job_uuid=d422176c-7ea9-4cb9-80a8-9aa2675b54d0 transcoded=0 gif_attribution=0 first_scan_length=6148 direct_path=/v/t62.7118- 24/35838226_291586150618984_954227783746828916_n.enc?ccb=11- 4&oh=01_AdSIsNqQ2OT0RPPSB_scDd4uh9zHlIk32j8qC0i2g1768w&oe=6603E9DE&_nc_sid=5e03e0 thumbnail_height_width_ratio=1.3333334 is_animated_sticker=0 file_hash=Osns07dWiXu1HM/v+R1w7uTLQp2Anyag94U63yoTZNI= file_path=Media/.Statuses/a919196839104f628488945813986f7b.jpg file_size=53293 partial_media_hash=svejT4QR5Sth1Ij0fnAOsorNi7Bm62i0cBZCYyIJj5I= face_x=0 face_y=0 height=1024 trim_to=0 media_key_timestamp=1708953844000 message_url=https://mmg.whatsapp.net/v/t62.7118- 24/35838226_291586150618984_954227783746828916_n.enc?ccb=11- 4&oh=01_AdSIsNqQ2OT0RPPSB_scDd4uh9zHlIk32j8qC0i2g1768w&oe=6603E9DE&_nc_sid=5e03e0&m ms3=true media_caption=null trim_from=0 mime_type=image/jpeg partial_media_enc_hash=null width=768 original_file_hash=null has_streaming_sidecar=1 autotransfer_retry_enabled=1 media_upload_handle=null message_row_id=67 multicast_id=null enc_file_hash=Ac7a4CrQKS7MGSinh9gbwgP0a2arxh5AQ2G54yHE724= mute_video=0 page_count=0 first_scan_sidecar=[B@434710b suspicious_content=0 file_length=53293 media_name=null media_duration=0 chat_row_id=29 media_key=[B@e47abe8
02-26 08:38:41.745 26535 26934 E SQLiteDatabase: android.database.sqlite.SQLiteConstraintException: UNIQUE constraint failed: message_media.message_row_id (code 1555 SQLITE_CONSTRAINT_PRIMARYKEY[1555])
02-26 08:38:41.745 26535 26934 E SQLiteDatabase: at android.database.sqlite.SQLiteConnection.nativeExecuteForLastInsertedRowId(Native Method)
02-26 08:38:41.745 26535 26934 E SQLiteDatabase: at android.database.sqlite.SQLiteConnection.executeForLastInsertedRowId(SQLiteConnecti on.java:1275)
02-26 08:38:41.745 26535 26934 E SQLiteDatabase: at android.database.sqlite.SQLiteSession.executeForLastInsertedRowId(SQLiteSession.jav a:790)
