02-26 08:28:27.019 26535 26535 W System.err: at android.app.Instrumentation.callActivityOnCreate(Instrumentation.java:1384)
02-26 08:28:27.019 26535 26535 W System.err:
02-26 08:28:27.019 26535 26535 W System.err: at android.app.ActivityThread.performLaunchActivity(ActivityThread.java:4150)
02-26 08:28:27.019 26535 26535 W System.err:
02-26 08:28:27.019 26535 26535 W System.err: at android.app.ActivityThread.handleLaunchActivity(ActivityThread.java:4325)
02-26 08:28:27.019 26535 26535 W System.err:
02-26 08:28:27.019 26535 26535 W System.err: at android.app.servertransaction.LaunchActivityItem.execute(LaunchActivityItem.java:10 1)
02-26 08:28:27.019 26535 26535 W System.err:
02-26 08:28:27.019 26535 26535 W System.err: at android.app.servertransaction.TransactionExecutor.executeCallbacks(TransactionExecu tor.java:135)
02-26 08:28:27.019 26535 26535 W System.err:
02-26 08:28:27.019 26535 26535 W System.err: at android.app.servertransaction.TransactionExecutor.execute(TransactionExecutor.java: 95)
02-26 08:28:27.019 26535 26535 W System.err:
02-26 08:28:27.019 26535 26535 W System.err: at android.app.ActivityThread$H.handleMessage(ActivityThread.java:2574)
02-26 08:28:27.019 26535 26535 W System.err:
02-26 08:28:27.019 26535 26535 W System.err: at android.os.Handler.dispatchMessage(Handler.java:106)
02-26 08:28:27.019 26535 26535 W System.err:
02-26 08:28:27.019 26535 26535 W System.err: at android.os.Looper.loopOnce(Looper.java:226)
02-26 08:28:27.019 26535 26535 W System.err:
02-26 08:28:27.019 26535 26535 W System.err: at android.os.Looper.loop(Looper.java:313)
02-26 08:28:27.019 26535 26535 W System.err:
02-26 08:28:27.019 26535 26535 W System.err: at android.app.ActivityThread.main(ActivityThread.java:8762)
02-26 08:28:27.019 26535 26535 W System.err:
02-26 08:28:27.019 26535 26535 W System.err: at java.lang.reflect.Method.invoke(Native Method)
02-26 08:28:27.019 26535 26535 W System.err:
02-26 08:28:27.019 26535 26535 W System.err: at com.android.internal.os.RuntimeInit$MethodAndArgsCaller.run(RuntimeInit.java:604)
02-26 08:28:27.019 26535 26535 W System.err:
02-26 08:28:27.019 26535 26535 W System.err: at com.android.internal.os.ZygoteInit.main(ZygoteInit.java:1067)
02-26 08:28:27.019 26535 26535 W System.err:
02-26 08:28:27.028 26535 26535 E ArmVmp : Match on catch block at 0x0a in for 0x18d
02-26 08:28:27.072 26535 26975 W Parcel : Expecting binder but got null!
02-26 08:28:54.038 26535 26975 W Parcel : Expecting binder but got null!
02-26 08:29:05.807 26535 26975 W Parcel : Expecting binder but got null!
02-26 08:29:26.756 26535 26975 W Parcel : Expecting binder but got null!
02-26 08:29:46.857 26535 26975 W Parcel : Expecting binder but got null!
02-26 08:30:02.642 26535 26535 W Settings: Setting show_button_background has moved from android.provider.Settings.System to android.provider.Settings.Global, returning read-only value.
02-26 08:30:02.710 26535 26975 W Parcel : Expecting binder but got null!
02-26 08:30:08.020 26535 26535 W InputEventReceiver: Attempted to finish an input event but the input event receiver has already been disposed.
02-26 08:30:56.788 26535 26535 E ArmVmp : Match on catch block at 0x0a in for 0x1c1
02-26 08:30:56.795 26535 26535 E ArmVmp : Match on catch block at 0x0a in for 0x1ad
02-26 08:30:56.833 26535 26535 E ArmVmp : Match on catch block at 0x0a in for 0x151
02-26 08:30:56.840 26535 26535 E ArmVmp : Match on catch block at 0x0a in for 0x181
02-26 08:30:56.883 26535 26975 W Parcel : Expecting binder but got null!
02-26 08:30:59.159 26535 26975 W Parcel : Expecting binder but got null!
02-26 08:31:36.308 26535 26535 E ArmVmp : Match on catch block at 0x0a in for 0x18d
02-26 08:31:38.524 26535 26975 W Parcel : Expecting binder but got null!
02-26 08:31:40.179 26535 26535 E ArmVmp : Match on catch block at 0x0a in for 0x199
02-26 08:31:47.727 26535 26535 W Settings: Setting show_button_background has moved from android.provider.Settings.System to android.provider.Settings.Global, returning read-only value.
02-26 08:31:47.768 26535 26975 W Parcel : Expecting binder but got null!
02-26 08:31:48.999 26535 26535 W InputEventReceiver: Attempted to finish an input event but the input event receiver has already been disposed.
02-26 08:31:49.806 26535 26535 E ArmVmp : Match on catch block at 0x0a in for 0x1c1
02-26 08:31:49.816 26535 26535 E ArmVmp : Match on catch block at 0x0a in for 0x1a5
02-26 08:31:49.865 26535 26535 E ArmVmp : Match on catch block at 0x0a in for 0x14d
02-26 08:31:49.871 26535 26535 E ArmVmp : Match on catch block at 0x0a in for 0x189
02-26 08:31:49.912 26535 26975 W Parcel : Expecting binder but got null!
02-26 08:31:52.409 26535 26535 E ArmVmp : Match on catch block at 0x0a in for 0x1ad
02-26 08:31:52.418 26535 26535 E ArmVmp : Match on catch block at 0x0a in for 0x199
02-26 08:31:52.462 26535 26535 E ArmVmp : Match on catch block at 0x0a in for 0x195
02-26 08:31:52.499 26535 26975 W Parcel : Expecting binder but got null!
02-26 08:32:00.885 26535 26975 W Parcel : Expecting binder but got null!
02-26 08:32:16.484 26535 26975 W Parcel : Expecting binder but got null!
02-26 08:32:20.870 26535 26535 E ArmVmp : Match on catch block at 0x0a in for 0x1d1
02-26 08:32:20.877 26535 26535 E ArmVmp : Match on catch block at 0x0a in for 0x1a9
02-26 08:32:20.918 26535 26535 E ArmVmp : Match on catch block at 0x0a in for 0x189
02-26 08:32:20.924 26535 26535 E ArmVmp : Match on catch block at 0x0a in for 0x185
02-26 08:32:20.955 26535 26975 W Parcel : Expecting binder but got null!
02-26 08:32:47.126 26535 26535 E ArmVmp : Match on catch block at 0x0a in for 0x1c1
02-26 08:32:47.132 26535 26535 E ArmVmp : Match on catch block at 0x0a in for 0x1b5
02-26 08:32:47.164 26535 26535 E ArmVmp : Match on catch block at 0x0a in for 0x155
02-26 08:32:47.171 26535 26535 E ArmVmp : Match on catch block at 0x0a in for 0x1a9
02-26 08:32:47.197 26535 26975 W Parcel : Expecting binder but got null!
02-26 08:33:03.573 26535 26934 E SQLiteDatabase: Error inserting transferred=1 media_job_uuid=9d326dac-1061-44ef-b4cc-1011bc994cc5 transcoded=0 gif_attribution=0 first_scan_length=4637 direct_path=/v/t62.7118- 24/19083246_1055797175528436_3803580017257901918_n.enc?ccb=11- 4&oh=01_AdRwBirKPFnetf8Kwfm2O-n8aTIz3sCMUTUZJ8agBmdlvw&oe=660413A4&_nc_sid=5e03e0 thumbnail_height_width_ratio=2.2325583 is_animated_sticker=0 file_hash=lAY2U05/bda/ANnxzMoq/rOuGuG0k4if7IuqIaBIuk8= file_path=Media/.Statuses/005a85dd73894affa1428d5827932520.jpg file_size=30928 partial_media_hash=wz88ci1QvNS9EdUCh0nqKYRxiNa9dUTPI2zwaNOwU7Q= face_x=0 face_y=0 height=1000 trim_to=0 media_key_timestamp=1708954347000 message_url=https://mmg.whatsapp.net/v/t62.7118- 24/19083246_1055797175528436_3803580017257901918_n.enc?ccb=11- 4&oh=01_AdRwBirKPFnetf8Kwfm2O- n8aTIz3sCMUTUZJ8agBmdlvw&oe=660413A4&_nc_sid=5e03e0&mms3=true media_caption=null trim_from=0 mime_type=image/jpeg partial_media_enc_hash=null width=460 original_file_hash=null has_streaming_sidecar=1 autotransfer_retry_enabled=1 media_upload_handle=null message_row_id=298 multicast_id=null enc_file_hash=xBtd57+eZTN9Wx9dmJFg5PqPfC7Nt/XNu6qrLm1qI1M= mute_video=0 page_count=0 first_scan_sidecar=[B@ccea234 suspicious_content=0 file_length=30928 media_name=null media_duration=0 chat_row_id=29 media_key=[B@19f185d
02-26 08:33:03.573 26535 26934 E SQLiteDatabase: android.database.sqlite.SQLiteConstraintException: UNIQUE constraint failed: message_media.message_row_id (code 1555 SQLITE_CONSTRAINT_PRIMARYKEY[1555])
02-26 08:33:03.573 26535 26934 E SQLiteDatabase: at android.database.sqlite.SQLiteConnection.nativeExecuteForLastInsertedRowId(Native Method)
02-26 08:33:03.573 26535 26934 E SQLiteDatabase: at android.database.sqlite.SQLiteConnection.executeForLastInsertedRowId(SQLiteConnecti on.java:1275)
02-26 08:33:03.573 26535 26934 E SQLiteDatabase: at android.database.sqlite.SQLiteSession.executeForLastInsertedRowId(SQLiteSession.jav a:790)
02-26 08:33:03.573 26535 26934 E SQLiteDatabase: at android.database.sqlite.SQLiteStatement.executeInsert(SQLiteStatement.java:89)
02-26 08:33:03.573 26535 26934 E SQLiteDatabase: at android.database.sqlite.SQLiteDatabase.insertWithOnConflict(SQLiteDatabase.java:241 0)
02-26 08:33:03.573 26535 26934 E SQLiteDatabase: at android.database.sqlite.SQLiteDatabase.insert(SQLiteDatabase.java:2279)
02-26 08:33:03.573 26535 26934 E SQLiteDatabase: at X.2tm.A08(Unknown Source:6)
02-26 08:33:03.573 26535 26934 E SQLiteDatabase: at X.35Y.A07(Unknown Source:212)
02-26 08:33:03.573 26535 26934 E SQLiteDatabase: at X.3QF.A14(Unknown Source:470)
02-26 08:33:03.573 26535 26934 E SQLiteDatabase: at X.3gU.run(Unknown Source:982)
02-26 08:33:03.573 26535 26934 E SQLiteDatabase: at android.os.Handler.handleCallback(Handler.java:942)
02-26 08:33:03.573 26535 26934 E SQLiteDatabase: at android.os.Handler.dispatchMessage(Handler.java:99)
02-26 08:33:03.573 26535 26934 E SQLiteDatabase: at X.0zq.dispatchMessage(Unknown Source:4)
02-26 08:33:03.573 26535 26934 E SQLiteDatabase: at android.os.Looper.loopOnce(Looper.java:226)
02-26 08:33:03.573 26535 26934 E SQLiteDatabase: at android.os.Looper.loop(Looper.java:313)
02-26 08:33:03.573 26535 26934 E SQLiteDatabase: at android.os.HandlerThread.run(HandlerThread.java:67)
02-26 08:33:04.828 26535 26535 E ArmVmp : Match on catch block at 0x0a in for 0x1b5
02-26 08:33:04.838 26535 26535 W Settings: Setting show_button_background has moved from android.provider.Settings.System to android.provider.Settings.Global, returning read-only value.
02-26 08:33:04.899 26535 26975 W Parcel : Expecting binder but got null!
02-26 08:33:09.960 26535 26535 E ArmVmp : Match on catch block at 0x0a in for 0x20d
02-26 08:33:09.967 26535 26535 W Settings: Setting show_button_background has moved from android.provider.Settings.System to android.provider.Settings.Global, returning read-only value.
02-26 08:33:10.008 26535 26975 W Parcel : Expecting binder but got null!
02-26 08:33:11.790 26535 26535 E ArmVmp : Match on catch block at 0x0a in for 0x1d9
02-26 08:33:11.802 26535 26535 E ArmVmp : Match on catch block at 0x0a in for 0x1ad
02-26 08:33:11.837 26535 26535 E ArmVmp : Match on catch block at 0x0a in for 0x151
02-26 08:33:11.847 26535 26535 E ArmVmp : Match on catch block at 0x0a in for 0x195
02-26 08:33:11.892 26535 26975 W Parcel : Expecting binder but got null!
02-26 08:33:13.505 26535 26535 E ArmVmp : Match on catch block at 0x0a in for 0x1a9
02-26 08:33:17.073 26535 26535 E ArmVmp : Match on catch block at 0x0a in for 0x1d5
02-26 08:33:17.079 26535 26535 E ArmVmp : Match on catch block at 0x0a in for 0x1a5
02-26 08:33:17.114 26535 26535 E ArmVmp : Match on catch block at 0x0a in for 0x14d
02-26 08:33:17.125 26535 26535 E ArmVmp : Match on catch block at 0x0a in for 0x199
02-26 08:33:17.150 26535 26975 W Parcel : Expecting binder but got null!
02-26 08:33:19.634 26535 26535 E ArmVmp : Match on catch block at 0x0a in for 0x1c1
02-26 08:33:19.642 26535 26535 E ArmVmp : Match on catch block at 0x0a in for 0x1a9
02-26 08:33:19.678 26535 26535 E com.mbwhatsapp: Invalid ID 0x00000000.
02-26 08:33:19.678 26535 26535 W System.err: android.content.res.Resources$NotFoundException: Array resource ID #0x0
02-26 08:33:19.678 26535 26535 W System.err:
02-26 08:33:19.678 26535 26535 W System.err: at android.content.res.Resources.obtainTypedArray(Resources.java:790)
02-26 08:33:19.678 26535 26535 W System.err:
02-26 08:33:19.678 26535 26535 W System.err: at mbmodsd.mbmodsw.ui.views.settings.utils.ImLi_v2.<init>(Unknown Source:32)
02-26 08:33:19.678 26535 26535 W System.err:
02-26 08:33:19.678 26535 26535 W System.err: at java.lang.reflect.Constructor.newInstance0(Native Method)
02-26 08:33:19.678 26535 26535 W System.err:
02-26 08:33:19.678 26535 26535 W System.err: at java.lang.reflect.Constructor.newInstance(Constructor.java:343)
02-26 08:33:19.679 26535 26535 W System.err:
02-26 08:33:19.679 26535 26535 W System.err: at android.preference.GenericInflater.createItem(GenericInflater.java:392)
02-26 08:33:19.679 26535 26535 W System.err:
02-26 08:33:19.679 26535 26535 W System.err: at android.preference.GenericInflater.createItemFromTag(GenericInflater.java:439)
02-26 08:33:19.679 26535 26535 W System.err:
02-26 08:33:19.679 26535 26535 W System.err: at android.preference.GenericInflater.rInflate(GenericInflater.java:490)
02-26 08:33:19.679 26535 26535 W System.err:
02-26 08:33:19.679 26535 26535 W System.err: at android.preference.GenericInflater.inflate(GenericInflater.java:334)
02-26 08:33:19.679 26535 26535 W System.err:
02-26 08:33:19.679 26535 26535 W System.err: at android.preference.GenericInflater.inflate(GenericInflater.java:271)
02-26 08:33:19.679 26535 26535 W System.err:
02-26 08:33:19.679 26535 26535 W System.err: at android.preference.PreferenceManager.inflateFromResource(PreferenceManager.java:343 )
02-26 08:33:19.679 26535 26535 W System.err:
02-26 08:33:19.679 26535 26535 W System.err: at android.preference.PreferenceActivity.addPreferencesFromResource(PreferenceActivity .java:1906)
02-26 08:33:19.679 26535 26535 W System.err:
02-26 08:33:19.679 26535 26535 W System.err: at mbmodsd.mbmodsw.mbsettings.yo.MBConvoAB.onCreate(Native Method)
02-26 08:33:19.679 26535 26535 W System.err:
02-26 08:33:19.679 26535 26535 W System.err: at android.app.Activity.performCreate(Activity.java:8591)
02-26 08:33:19.679 26535 26535 W System.err:
02-26 08:33:19.679 26535 26535 W System.err: at android.app.Activity.performCreate(Activity.java:8570)
02-26 08:33:19.679 26535 26535 W System.err:
02-26 08:33:19.679 26535 26535 W System.err: at android.app.Instrumentation.callActivityOnCreate(Instrumentation.java:1384)
02-26 08:33:19.679 26535 26535 W System.err:
02-26 08:33:19.679 26535 26535 W System.err: at android.app.ActivityThread.performLaunchActivity(ActivityThread.java:4150)
02-26 08:33:19.679 26535 26535 W System.err:
02-26 08:33:19.679 26535 26535 W System.err: at android.app.ActivityThread.handleLaunchActivity(ActivityThread.java:4325)
02-26 08:33:19.679 26535 26535 W System.err:
02-26 08:33:19.679 26535 26535 W System.err: at android.app.servertransaction.LaunchActivityItem.execute(LaunchActivityItem.java:10 1)
02-26 08:33:19.679 26535 26535 W System.err:
02-26 08:33:19.679 26535 26535 W System.err: at android.app.servertransaction.TransactionExecutor.executeCallbacks(TransactionExecu tor.java:135)
02-26 08:33:19.679 26535 26535 W System.err:
02-26 08:33:19.679 26535 26535 W System.err: at android.app.servertransaction.TransactionExecutor.execute(TransactionExecutor.java: 95)
02-26 08:33:19.679 26535 26535 W System.err:
02-26 08:33:19.679 26535 26535 W System.err: at android.app.ActivityThread$H.handleMessage(ActivityThread.java:2574)
02-26 08:33:19.679 26535 26535 W System.err:
02-26 08:33:19.679 26535 26535 W System.err: at android.os.Handler.dispatchMessage(Handler.java:106)
02-26 08:33:19.679 26535 26535 W System.err:
02-26 08:33:19.679 26535 26535 W System.err: at android.os.Looper.loopOnce(Looper.java:226)
02-26 08:33:19.679 26535 26535 W System.err:
02-26 08:33:19.679 26535 26535 W System.err: at android.os.Looper.loop(Looper.java:313)
02-26 08:33:19.679 26535 26535 W System.err:
02-26 08:33:19.679 26535 26535 W System.err: at android.app.ActivityThread.main(ActivityThread.java:8762)
02-26 08:33:19.679 26535 26535 W System.err:
02-26 08:33:19.679 26535 26535 W System.err: at java.lang.reflect.Method.invoke(Native Method)
02-26 08:33:19.679 26535 26535 W System.err:
02-26 08:33:19.679 26535 26535 W System.err: at com.android.internal.os.RuntimeInit$MethodAndArgsCaller.run(RuntimeInit.java:604)
02-26 08:33:19.679 26535 26535 W System.err:
02-26 08:33:19.679 26535 26535 W System.err: at com.android.internal.os.ZygoteInit.main(ZygoteInit.java:1067)
02-26 08:33:19.679 26535 26535 W System.err:
02-26 08:33:19.686 26535 26535 E ArmVmp : Match on catch block at 0x0a in for 0x149
02-26 08:33:19.693 26535 26535 W Resources: Drawable com.mbwhatsapp:drawable/input_circle has unresolved theme attributes! Consider using Resources.getDrawable(int, Theme) or Context.getDrawable(int).
02-26 08:33:19.693 26535 26535 W Resources: java.lang.RuntimeException
02-26 08:33:19.693 26535 26535 W Resources: at android.content.res.Resources.getDrawable(Resources.java:967)
02-26 08:33:19.693 26535 26535 W Resources: at mbmodsd.mbmodsw.mbsettings.yo.MBConvoAB.initPreview(Native Method)
02-26 08:33:19.693 26535 26535 W Resources: at mbmodsd.mbmodsw.mbsettings.yo.MBConvoAB.onCreate(Native Method)
02-26 08:33:19.693 26535 26535 W Resources: at android.app.Activity.performCreate(Activity.java:8591)
02-26 08:33:19.693 26535 26535 W Resources: at android.app.Activity.performCreate(Activity.java:8570)
02-26 08:33:19.693 26535 26535 W Resources: at android.app.Instrumentation.callActivityOnCreate(Instrumentation.java:1384)
02-26 08:33:19.693 26535 26535 W Resources: at android.app.ActivityThread.performLaunchActivity(ActivityThread.java:4150)
02-26 08:33:19.693 26535 26535 W Resources: at android.app.ActivityThread.handleLaunchActivity(ActivityThread.java:4325)
02-26 08:33:19.693 26535 26535 W Resources: at android.app.servertransaction.LaunchActivityItem.execute(LaunchActivityItem.java:10 1)
02-26 08:33:19.693 26535 26535 W Resources: at android.app.servertransaction.TransactionExecutor.executeCallbacks(TransactionExecu tor.java:135)
02-26 08:33:19.693 26535 26535 W Resources: at android.app.servertransaction.TransactionExecutor.execute(TransactionExecutor.java: 95)
02-26 08:33:19.693 26535 26535 W Resources: at android.app.ActivityThread$H.handleMessage(ActivityThread.java:2574)
02-26 08:33:19.693 26535 26535 W Resources: at android.os.Handler.dispatchMessage(Handler.java:106)
02-26 08:33:19.693 26535 26535 W Resources: at android.os.Looper.loopOnce(Looper.java:226)
02-26 08:33:19.693 26535 26535 W Resources: at android.os.Looper.loop(Looper.java:313)
02-26 08:33:19.693 26535 26535 W Resources: at android.app.ActivityThread.main(ActivityThread.java:8762)
02-26 08:33:19.693 26535 26535 W Resources: at java.lang.reflect.Method.invoke(Native Method)
02-26 08:33:19.693 26535 26535 W Resources: at com.android.internal.os.RuntimeInit$MethodAndArgsCaller.run(RuntimeInit.java:604)
02-26 08:33:19.693 26535 26535 W Resources: at com.android.internal.os.ZygoteInit.main(ZygoteInit.java:1067)
02-26 08:33:19.702 26535 26535 E ArmVmp : Match on catch block at 0x0a in for 0x191
02-26 08:33:19.746 26535 26975 W Parcel : Expecting binder but got null!
02-26 08:34:03.680 26535 26535 E ArmVmp : Match on catch block at 0x0a in for 0x195
02-26 08:34:06.493 26535 26975 W Parcel : Expecting binder but got null!
02-26 08:34:41.150 26535 26535 E ArmVmp : Match on catch block at 0x0a in for 0x199
02-26 08:34:45.009 26535 26535 W Settings: Setting show_button_background has moved from android.provider.Settings.System to android.provider.Settings.Global, returning read-only value.
02-26 08:34:45.074 26535 26975 W Parcel : Expecting binder but got null!
02-26 08:34:45.283 26535 26535 W OnBackInvokedCallback: OnBackInvokedCallback is not enabled for the application.
02-26 08:34:45.283 26535 26535 W OnBackInvokedCallback: Set 'android:enableOnBackInvokedCallback="true"' in the application manifest.
02-26 08:34:46.502 26535 26535 W InputEventReceiver: Attempted to finish an input event but the input event receiver has already been disposed.
02-26 08:35:15.530 26535 8632 W LOTTIE : Unknown shape type rd
02-26 08:35:15.583 26535 26535 E ArmVmp : Match on catch block at 0x0a in for 0x199
02-26 08:35:15.585 26535 26535 E ArmVmp : Match on catch block at 0x0a in for 0x195
02-26 08:35:15.595 26535 26535 E ArmVmp : Match on catch block at 0x0a in for 0x389
02-26 08:35:15.664 26535 26975 W Parcel : Expecting binder but got null!
02-26 08:35:15.771 26535 26535 E ArmVmp : Match on catch block at 0xc3 in for 0x16d
02-26 08:35:15.773 26535 26535 E ArmVmp : Match on catch block at 0xc3 in for 0x165
02-26 08:35:15.811 26535 26975 W Parcel : Expecting binder but got null!
02-26 08:35:15.833 26535 26535 E ArmVmp : Match on catch block at 0xc3 in for 0x155
02-26 08:35:15.834 26535 26535 E ArmVmp : Match on catch block at 0xc3 in for 0x151
02-26 08:35:15.908 26535 26535 E ArmVmp : Match on catch block at 0xc3 in for 0x155
02-26 08:35:15.910 26535 26535 E ArmVmp : Match on catch block at 0xc3 in for 0x151
02-26 08:35:15.942 26535 26535 E ArmVmp : Match on catch block at 0xc3 in for 0x155
02-26 08:35:15.944 26535 26535 E ArmVmp : Match on catch block at 0xc3 in for 0x151
02-26 08:35:16.111 26535 26535 E ArmVmp : Match on catch block at 0xc3 in for 0x159
02-26 08:35:16.113 26535 26535 E ArmVmp : Match on catch block at 0xc3 in for 0x155
02-26 08:35:16.155 26535 26535 E ArmVmp : Match on catch block at 0xc3 in for 0x141
02-26 08:35:16.159 26535 26535 E ArmVmp : Match on catch block at 0xc3 in for 0x159
02-26 08:35:16.193 26535 26535 E ArmVmp : Match on catch block at 0xc3 in for 0x155
02-26 08:35:16.194 26535 26535 E ArmVmp : Match on catch block at 0xc3 in for 0x151
02-26 08:35:16.207 26535 26535 E ArmVmp : Match on catch block at 0x0a in for 0x3ed
02-26 08:35:16.276 26535 26975 W Parcel : Expecting binder but got null!
02-26 08:35:16.294 26535 26535 E ArmVmp : Match on catch block at 0xc3 in for 0x14d
02-26 08:35:16.295 26535 26535 E ArmVmp : Match on catch block at 0xc3 in for 0x149
02-26 08:35:16.344 26535 26535 E ArmVmp : Match on catch block at 0xc3 in for 0x145
02-26 08:35:16.345 26535 26535 E ArmVmp : Match on catch block at 0xc3 in for 0x141
02-26 08:35:16.391 26535 26535 E ArmVmp : Match on catch block at 0xc3 in for 0x151
02-26 08:35:16.393 26535 26535 E ArmVmp : Match on catch block at 0xc3 in for 0x14d
02-26 08:35:16.448 26535 26535 E ArmVmp : Match on catch block at 0xc3 in for 0x141
02-26 08:35:16.450 26535 26535 E ArmVmp : Match on catch block at 0xc3 in for 0x159
02-26 08:35:16.477 26535 26535 E ArmVmp : Match on catch block at 0xc3 in for 0x14d
02-26 08:35:16.478 26535 26535 E ArmVmp : Match on catch block at 0xc3 in for 0x149
02-26 08:35:16.504 26535 26535 E ArmVmp : Match on catch block at 0xc3 in for 0x159
02-26 08:35:16.508 26535 26535 E ArmVmp : Match on catch block at 0xc3 in for 0x155
02-26 08:35:16.546 26535 26535 E ArmVmp : Match on catch block at 0xc3 in for 0x155
02-26 08:35:16.549 26535 26535 E ArmVmp : Match on catch block at 0xc3 in for 0x151
02-26 08:35:16.577 26535 26535 E ArmVmp : Match on catch block at 0xc3 in for 0x14d
02-26 08:35:16.579 26535 26535 E ArmVmp : Match on catch block at 0xc3 in for 0x149
02-26 08:35:16.609 26535 26535 E ArmVmp : Match on catch block at 0xc3 in for 0x145
02-26 08:35:16.612 26535 26535 E ArmVmp : Match on catch block at 0xc3 in for 0x141
02-26 08:35:16.654 26535 26535 E ArmVmp : Match on catch block at 0xc3 in for 0x141
02-26 08:35:16.656 26535 26535 E ArmVmp : Match on catch block at 0xc3 in for 0x159
02-26 08:35:16.692 26535 26535 E ArmVmp : Match on catch block at 0xc3 in for 0x145
02-26 08:35:16.694 26535 26535 E ArmVmp : Match on catch block at 0xc3 in for 0x141
02-26 08:35:16.721 26535 26535 E ArmVmp : Match on catch block at 0xc3 in for 0x14d
02-26 08:35:16.723 26535 26535 E ArmVmp : Match on catch block at 0xc3 in for 0x149
02-26 08:35:16.756 26535 26535 E ArmVmp : Match on catch block at 0xc3 in for 0x155
02-26 08:35:16.758 26535 26535 E ArmVmp : Match on catch block at 0xc3 in for 0x151
02-26 08:35:16.796 26535 26535 E ArmVmp : Match on catch block at 0xc3 in for 0x141
02-26 08:35:16.798 26535 26535 E ArmVmp : Match on catch block at 0xc3 in for 0x159
02-26 08:35:16.831 26535 26535 E ArmVmp : Match on catch block at 0xc3 in for 0x149
02-26 08:35:16.833 26535 26535 E ArmVmp : Match on catch block at 0xc3 in for 0x145
02-26 08:35:16.870 26535 26535 E ArmVmp : Match on catch block at 0xc3 in for 0x151
02-26 08:35:16.872 26535 26535 E ArmVmp : Match on catch block at 0xc3 in for 0x14d
02-26 08:35:16.907 26535 26535 E ArmVmp : Match on catch block at 0xc3 in for 0x159
02-26 08:35:16.909 26535 26535 E ArmVmp : Match on catch block at 0xc3 in for 0x155
02-26 08:35:16.946 26535 26535 E ArmVmp : Match on catch block at 0xc3 in for 0x145
02-26 08:35:16.948 26535 26535 E ArmVmp : Match on catch block at 0xc3 in for 0x141
02-26 08:35:16.980 26535 26535 E ArmVmp : Match on catch block at 0xc3 in for 0x14d
02-26 08:35:16.982 26535 26535 E ArmVmp : Match on catch block at 0xc3 in for 0x149
02-26 08:35:17.020 26535 26535 E ArmVmp : Match on catch block at 0xc3 in for 0x155
02-26 08:35:17.021 26535 26535 E ArmVmp : Match on catch block at 0xc3 in for 0x151
02-26 08:35:17.050 26535 26535 E ArmVmp : Match on catch block at 0xc3 in for 0x145
02-26 08:35:17.052 26535 26535 E ArmVmp : Match on catch block at 0xc3 in for 0x141
02-26 08:35:17.088 26535 26535 E ArmVmp : Match on catch block at 0xc3 in for 0x155
02-26 08:35:17.090 26535 26535 E ArmVmp : Match on catch block at 0xc3 in for 0x151
02-26 08:35:17.115 26535 26535 E ArmVmp : Match on catch block at 0xc3 in for 0x149
02-26 08:35:17.117 26535 26535 E ArmVmp : Match on catch block at 0xc3 in for 0x145
02-26 08:35:17.147 26535 26535 E ArmVmp : Match on catch block at 0xc3 in for 0x159
02-26 08:35:17.149 26535 26535 E ArmVmp : Match on catch block at 0xc3 in for 0x155
02-26 08:35:17.183 26535 26535 E ArmVmp : Match on catch block at 0xc3 in for 0x14d
02-26 08:35:17.190 26535 26535 E ArmVmp : Match on catch block at 0xc3 in for 0x149
02-26 08:35:17.223 26535 26535 E ArmVmp : Match on catch block at 0xc3 in for 0x141
02-26 08:35:17.225 26535 26535 E ArmVmp : Match on catch block at 0xc3 in for 0x159
02-26 08:35:17.265 26535 26535 E ArmVmp : Match on catch block at 0xc3 in for 0x151
02-26 08:35:17.267 26535 26535 E ArmVmp : Match on catch block at 0xc3 in for 0x14d
02-26 08:35:17.300 26535 26535 E ArmVmp : Match on catch block at 0xc3 in for 0x145
02-26 08:35:17.302 26535 26535 E ArmVmp : Match on catch block at 0xc3 in for 0x141
02-26 08:35:17.342 26535 26535 E ArmVmp : Match on catch block at 0xc3 in for 0x145
02-26 08:35:17.343 26535 26535 E ArmVmp : Match on catch block at 0xc3 in for 0x141
02-26 08:35:17.374 26535 26535 E ArmVmp : Match on catch block at 0xc3 in for 0x145
02-26 08:35:17.376 26535 26535 E ArmVmp : Match on catch block at 0xc3 in for 0x141
02-26 08:35:17.415 26535 26535 E ArmVmp : Match on catch block at 0xc3 in for 0x145
02-26 08:35:17.416 26535 26535 E ArmVmp : Match on catch block at 0xc3 in for 0x141
02-26 08:35:17.447 26535 26535 E ArmVmp : Match on catch block at 0xc3 in for 0x151
02-26 08:35:17.449 26535 26535 E ArmVmp : Match on catch block at 0xc3 in for 0x14d
02-26 08:35:17.487 26535 26535 E ArmVmp : Match on catch block at 0xc3 in for 0x14d
02-26 08:35:17.489 26535 26535 E ArmVmp : Match on catch block at 0xc3 in for 0x149
02-26 08:35:17.520 26535 26535 E ArmVmp : Match on catch block at 0xc3 in for 0x149
02-26 08:35:17.522 26535 26535 E ArmVmp : Match on catch block at 0xc3 in for 0x145
02-26 08:35:17.555 26535 26535 E ArmVmp : Match on catch block at 0xc3 in for 0x145
02-26 08:35:17.558 26535 26535 E ArmVmp : Match on catch block at 0xc3 in for 0x141
02-26 08:35:17.589 26535 26535 E ArmVmp : Match on catch block at 0xc3 in for 0x141
02-26 08:35:17.591 26535 26535 E ArmVmp : Match on catch block at 0xc3 in for 0x159
02-26 08:35:17.622 26535 26535 E ArmVmp : Match on catch block at 0xc3 in for 0x159
02-26 08:35:17.624 26535 26535 E ArmVmp : Match on catch block at 0xc3 in for 0x155
02-26 08:35:17.661 26535 26535 E ArmVmp : Match on catch block at 0xc3 in for 0x155
02-26 08:35:17.663 26535 26535 E ArmVmp : Match on catch block at 0xc3 in for 0x151
02-26 08:35:17.689 26535 26535 E ArmVmp : Match on catch block at 0xc3 in for 0x151
02-26 08:35:17.691 26535 26535 E ArmVmp : Match on catch block at 0xc3 in for 0x14d
02-26 08:35:17.729 26535 26535 E ArmVmp : Match on catch block at 0xc3 in for 0x14d
02-26 08:35:17.730 26535 26535 E ArmVmp : Match on catch block at 0xc3 in for 0x149
02-26 08:35:17.754 26535 26535 E ArmVmp : Match on catch block at 0xc3 in for 0x149
02-26 08:35:17.756 26535 26535 E ArmVmp : Match on catch block at 0xc3 in for 0x145
02-26 08:35:17.779 26535 26535 E ArmVmp : Match on catch block at 0xc3 in for 0x145
02-26 08:35:17.780 26535 26535 E ArmVmp : Match on catch block at 0xc3 in for 0x141
02-26 08:35:17.817 26535 26535 E ArmVmp : Match on catch block at 0xc3 in for 0x14d
02-26 08:35:17.820 26535 26535 E ArmVmp : Match on catch block at 0xc3 in for 0x149
02-26 08:35:17.899 26535 26535 E ArmVmp : Match on catch block at 0xc3 in for 0x159
02-26 08:35:17.902 26535 26535 E ArmVmp : Match on catch block at 0xc3 in for 0x155
02-26 08:35:18.401 26535 26535 E ArmVmp : Match on catch block at 0xc3 in for 0x145
02-26 08:35:18.404 26535 26535 E ArmVmp : Match on catch block at 0xc3 in for 0x141
02-26 08:35:18.882 26535 26535 E ArmVmp : Match on catch block at 0xc3 in for 0x14d
02-26 08:35:18.884 26535 26535 E ArmVmp : Match on catch block at 0xc3 in for 0x149
02-26 08:35:18.928 26535 26535 E ArmVmp : Match on catch block at 0xc3 in for 0x151
02-26 08:35:18.930 26535 26535 E ArmVmp : Match on catch block at 0xc3 in for 0x14d
02-26 08:35:19.013 26535 26535 E ArmVmp : Match on catch block at 0xc3 in for 0x145
02-26 08:35:19.015 26535 26535 E ArmVmp : Match on catch block at 0xc3 in for 0x141
02-26 08:35:19.088 26535 26535 E ArmVmp : Match on catch block at 0xc3 in for 0x149
02-26 08:35:19.090 26535 26535 E ArmVmp : Match on catch block at 0xc3 in for 0x145
02-26 08:35:19.113 26535 26975 W Parcel : Expecting binder but got null!
02-26 08:35:19.135 26535 26535 E ArmVmp : Match on catch block at 0xc3 in for 0x159
02-26 08:35:19.136 26535 26535 E ArmVmp : Match on catch block at 0xc3 in for 0x155
02-26 08:35:19.170 26535 26535 E ArmVmp : Match on catch block at 0xc3 in for 0x141
02-26 08:35:19.172 26535 26535 E ArmVmp : Match on catch block at 0xc3 in for 0x159
02-26 08:35:19.202 26535 26535 E ArmVmp : Match on catch block at 0xc3 in for 0x145
02-26 08:35:19.204 26535 26535 E ArmVmp : Match on catch block at 0xc3 in for 0x141
02-26 08:35:19.242 26535 26535 E ArmVmp : Match on catch block at 0xc3 in for 0x145
02-26 08:35:19.244 26535 26535 E ArmVmp : Match on catch block at 0xc3 in for 0x141
02-26 08:35:19.272 26535 26535 E ArmVmp : Match on catch block at 0xc3 in for 0x14d
02-26 08:35:19.274 26535 26535 E ArmVmp : Match on catch block at 0xc3 in for 0x149
02-26 08:35:19.461 26535 26535 E ArmVmp : Match on catch block at 0xc3 in for 0x151
02-26 08:35:19.464 26535 26535 E ArmVmp : Match on catch block at 0xc3 in for 0x14d
02-26 08:35:19.979 26535 26535 E ArmVmp : Match on catch block at 0xc3 in for 0x149
02-26 08:35:19.981 26535 26535 E ArmVmp : Match on catch block at 0xc3 in for 0x145
02-26 08:35:20.479 26535 26535 E ArmVmp : Match on catch block at 0xc3 in for 0x159
02-26 08:35:20.483 26535 26535 E ArmVmp : Match on catch block at 0xc3 in for 0x155
02-26 08:35:20.977 26535 26535 E ArmVmp : Match on catch block at 0xc3 in for 0x145
02-26 08:35:20.980 26535 26535 E ArmVmp : Match on catch block at 0xc3 in for 0x141
02-26 08:35:21.481 26535 26535 E ArmVmp : Match on catch block at 0xc3 in for 0x151
02-26 08:35:21.485 26535 26535 E ArmVmp : Match on catch block at 0xc3 in for 0x14d
02-26 08:35:21.987 26535 26535 E ArmVmp : Match on catch block at 0xc3 in for 0x159
02-26 08:35:21.990 26535 26535 E ArmVmp : Match on catch block at 0xc3 in for 0x155
02-26 08:35:22.487 26535 26535 E ArmVmp : Match on catch block at 0xc3 in for 0x149
02-26 08:35:22.489 26535 26535 E ArmVmp : Match on catch block at 0xc3 in for 0x145
02-26 08:35:22.984 26535 26535 E ArmVmp : Match on catch block at 0xc3 in for 0x151
02-26 08:35:22.987 26535 26535 E ArmVmp : Match on catch block at 0xc3 in for 0x14d
02-26 08:35:23.487 26535 26535 E ArmVmp : Match on catch block at 0xc3 in for 0x159
02-26 08:35:23.490 26535 26535 E ArmVmp : Match on catch block at 0xc3 in for 0x155
02-26 08:35:23.666 26535 26535 E ArmVmp : Match on catch block at 0xc3 in for 0x14d
02-26 08:35:23.668 26535 26535 E ArmVmp : Match on catch block at 0xc3 in for 0x149
02-26 08:35:24.163 26535 26535 E ArmVmp : Match on catch block at 0xc3 in for 0x151
02-26 08:35:24.167 26535 26535 E ArmVmp : Match on catch block at 0xc3 in for 0x14d
02-26 08:35:24.674 26535 26535 E ArmVmp : Match on catch block at 0xc3 in for 0x155
02-26 08:35:24.680 26535 26535 E ArmVmp : Match on catch block at 0xc3 in for 0x151
02-26 08:35:25.174 26535 26535 E ArmVmp : Match on catch block at 0xc3 in for 0x159
02-26 08:35:25.180 26535 26535 E ArmVmp : Match on catch block at 0xc3 in for 0x155
02-26 08:35:25.686 26535 26535 E ArmVmp : Match on catch block at 0xc3 in for 0x141
02-26 08:35:25.691 26535 26535 E ArmVmp : Match on catch block at 0xc3 in for 0x159
02-26 08:35:26.186 26535 26535 E ArmVmp : Match on catch block at 0xc3 in for 0x145
02-26 08:35:26.192 26535 26535 E ArmVmp : Match on catch block at 0xc3 in for 0x141
02-26 08:35:26.684 26535 26535 E ArmVmp : Match on catch block at 0xc3 in for 0x149
02-26 08:35:26.689 26535 26535 E ArmVmp : Match on catch block at 0xc3 in for 0x145
02-26 08:35:27.185 26535 26535 E ArmVmp : Match on catch block at 0xc3 in for 0x14d
02-26 08:35:27.191 26535 26535 E ArmVmp : Match on catch block at 0xc3 in for 0x149
02-26 08:35:27.721 26535 26535 E ArmVmp : Match on catch block at 0xc3 in for 0x151
02-26 08:35:27.728 26535 26535 E ArmVmp : Match on catch block at 0xc3 in for 0x14d
02-26 08:35:28.224 26535 26535 E ArmVmp : Match on catch block at 0xc3 in for 0x155
02-26 08:35:28.231 26535 26535 E ArmVmp : Match on catch block at 0xc3 in for 0x151
02-26 08:35:28.720 26535 26535 E ArmVmp : Match on catch block at 0xc3 in for 0x159
02-26 08:35:28.725 26535 26535 E ArmVmp : Match on catch block at 0xc3 in for 0x155
02-26 08:35:29.227 26535 26535 E ArmVmp : Match on catch block at 0xc3 in for 0x141
02-26 08:35:29.236 26535 26535 E ArmVmp : Match on catch block at 0xc3 in for 0x159
02-26 08:35:29.732 26535 26535 E ArmVmp : Match on catch block at 0xc3 in for 0x145
02-26 08:35:29.739 26535 26535 E ArmVmp : Match on catch block at 0xc3 in for 0x141
02-26 08:35:30.231 26535 26535 E ArmVmp : Match on catch block at 0xc3 in for 0x149
02-26 08:35:30.239 26535 26535 E ArmVmp : Match on catch block at 0xc3 in for 0x145
02-26 08:35:30.727 26535 26535 E ArmVmp : Match on catch block at 0xc3 in for 0x14d
02-26 08:35:30.736 26535 26535 E ArmVmp : Match on catch block at 0xc3 in for 0x149
02-26 08:35:31.207 26535 26535 E ArmVmp : Match on catch block at 0xc3 in for 0x149
02-26 08:35:31.214 26535 26535 E ArmVmp : Match on catch block at 0xc3 in for 0x145
02-26 08:35:31.714 26535 26535 E ArmVmp : Match on catch block at 0xc3 in for 0x14d
02-26 08:35:31.722 26535 26535 E ArmVmp : Match on catch block at 0xc3 in for 0x149
02-26 08:35:32.213 26535 26535 E ArmVmp : Match on catch block at 0xc3 in for 0x151
02-26 08:35:32.218 26535 26535 E ArmVmp : Match on catch block at 0xc3 in for 0x14d
02-26 08:35:32.712 26535 26535 E ArmVmp : Match on catch block at 0xc3 in for 0x155
02-26 08:35:32.718 26535 26535 E ArmVmp : Match on catch block at 0xc3 in for 0x151
02-26 08:35:33.229 26535 26535 E ArmVmp : Match on catch block at 0xc3 in for 0x159
02-26 08:35:33.239 26535 26535 E ArmVmp : Match on catch block at 0xc3 in for 0x155
02-26 08:35:33.726 26535 26535 E ArmVmp : Match on catch block at 0xc3 in for 0x141
02-26 08:35:33.733 26535 26535 E ArmVmp : Match on catch block at 0xc3 in for 0x159
02-26 08:35:34.227 26535 26535 E ArmVmp : Match on catch block at 0xc3 in for 0x155
02-26 08:35:34.232 26535 26535 E ArmVmp : Match on catch block at 0xc3 in for 0x151
02-26 08:35:34.374 26535 26535 E ArmVmp : Match on catch block at 0xc3 in for 0x14d
02-26 08:35:34.382 26535 26535 E ArmVmp : Match on catch block at 0xc3 in for 0x149
02-26 08:35:34.397 26535 26535 E ArmVmp : Match on catch block at 0xc3 in for 0x151
02-26 08:35:34.400 26535 26535 E ArmVmp : Match on catch block at 0xc3 in for 0x14d
02-26 08:35:34.450 26535 26535 E ArmVmp : Match on catch block at 0xc3 in for 0x14d
02-26 08:35:34.453 26535 26535 E ArmVmp : Match on catch block at 0xc3 in for 0x149
02-26 08:35:34.556 26535 26535 E ArmVmp : Match on catch block at 0xc3 in for 0x14d
02-26 08:35:34.558 26535 26535 E ArmVmp : Match on catch block at 0xc3 in for 0x149
02-26 08:35:34.888 26535 26535 E ArmVmp : Match on catch block at 0xc3 in for 0x151
02-26 08:35:34.891 26535 26535 E ArmVmp : Match on catch block at 0xc3 in for 0x14d
02-26 08:35:35.999 26535 26535 E ArmVmp : Match on catch block at 0x0a in for 0x185
02-26 08:35:36.001 26535 26535 E ArmVmp : Match on catch block at 0x0a in for 0x199
02-26 08:35:36.100 26535 26535 E ArmVmp : Match on catch block at 0xc3 in for 0x165
02-26 08:35:36.103 26535 26535 E ArmVmp : Match on catch block at 0xc3 in for 0x179
02-26 08:35:36.123 26535 26975 W Parcel : Expecting binder but got null!
02-26 08:35:36.133 26535 26535 E ArmVmp : Match on catch block at 0xc3 in for 0x141
02-26 08:35:36.135 26535 26535 E ArmVmp : Match on catch block at 0xc3 in for 0x159
02-26 08:35:36.163 26535 26535 E ArmVmp : Match on catch block at 0xc3 in for 0x141
02-26 08:35:36.167 26535 26535 E ArmVmp : Match on catch block at 0xc3 in for 0x159
02-26 08:35:36.183 26535 26535 E ArmVmp : Match on catch block at 0xc3 in for 0x141
02-26 08:35:36.185 26535 26535 E ArmVmp : Match on catch block at 0xc3 in for 0x159
02-26 08:35:36.192 26535 26535 E ArmVmp : Match on catch block at 0xc3 in for 0x151
02-26 08:35:36.194 26535 26535 E ArmVmp : Match on catch block at 0xc3 in for 0x14d
02-26 08:35:36.197 26535 26535 E ArmVmp : Match on catch block at 0xc3 in for 0x141
02-26 08:35:36.199 26535 26535 E ArmVmp : Match on catch block at 0xc3 in for 0x159
02-26 08:35:36.211 26535 26535 E ArmVmp : Match on catch block at 0xc3 in for 0x145
02-26 08:35:36.213 26535 26535 E ArmVmp : Match on catch block at 0xc3 in for 0x141
02-26 08:35:36.224 26535 26535 E ArmVmp : Match on catch block at 0xc3 in for 0x151
02-26 08:35:36.226 26535 26535 E ArmVmp : Match on catch block at 0xc3 in for 0x14d
02-26 08:35:36.232 26535 26535 E ArmVmp : Match on catch block at 0xc3 in for 0x141
02-26 08:35:36.235 26535 26535 E ArmVmp : Match on catch block at 0xc3 in for 0x159
02-26 08:35:36.238 26535 26535 E ArmVmp : Match on catch block at 0xc3 in for 0x14d
02-26 08:35:36.246 26535 26535 E ArmVmp : Match on catch block at 0xc3 in for 0x149
02-26 08:35:36.252 26535 26535 E ArmVmp : Match on catch block at 0xc3 in for 0x159
02-26 08:35:36.254 26535 26535 E ArmVmp : Match on catch block at 0xc3 in for 0x155
02-26 08:35:36.257 26535 26535 E ArmVmp : Match on catch block at 0xc3 in for 0x149
02-26 08:35:36.259 26535 26535 E ArmVmp : Match on catch block at 0xc3 in for 0x145
02-26 08:35:36.263 26535 26535 E ArmVmp : Match on catch block at 0xc3 in for 0x155
02-26 08:35:36.266 26535 26535 E ArmVmp : Match on catch block at 0xc3 in for 0x151
02-26 08:35:36.272 26535 26535 E ArmVmp : Match on catch block at 0xc3 in for 0x145
02-26 08:35:36.275 26535 26535 E ArmVmp : Match on catch block at 0xc3 in for 0x141
02-26 08:35:36.281 26535 26535 E ArmVmp : Match on catch block at 0xc3 in for 0x151
02-26 08:35:36.283 26535 26535 E ArmVmp : Match on catch block at 0xc3 in for 0x14d
02-26 08:35:36.289 26535 26535 E ArmVmp : Match on catch block at 0xc3 in for 0x141
02-26 08:35:36.291 26535 26535 E ArmVmp : Match on catch block at 0xc3 in for 0x159
02-26 08:35:36.297 26535 26535 E ArmVmp : Match on catch block at 0xc3 in for 0x14d
02-26 08:35:36.300 26535 26535 E ArmVmp : Match on catch block at 0xc3 in for 0x149
02-26 08:35:36.306 26535 26535 E ArmVmp : Match on catch block at 0xc3 in for 0x159
02-26 08:35:36.310 26535 26535 E ArmVmp : Match on catch block at 0xc3 in for 0x155
02-26 08:35:36.314 26535 26535 E ArmVmp : Match on catch block at 0xc3 in for 0x149
02-26 08:35:36.317 26535 26535 E ArmVmp : Match on catch block at 0xc3 in for 0x145
02-26 08:35:36.322 26535 26535 E ArmVmp : Match on catch block at 0xc3 in for 0x155
02-26 08:35:36.324 26535 26535 E ArmVmp : Match on catch block at 0xc3 in for 0x151
02-26 08:35:36.331 26535 26535 E ArmVmp : Match on catch block at 0xc3 in for 0x145
02-26 08:35:36.334 26535 26535 E ArmVmp : Match on catch block at 0xc3 in for 0x141
02-26 08:35:36.339 26535 26535 E ArmVmp : Match on catch block at 0xc3 in for 0x151
02-26 08:35:36.342 26535 26535 E ArmVmp : Match on catch block at 0xc3 in for 0x14d
02-26 08:35:36.347 26535 26535 E ArmVmp : Match on catch block at 0xc3 in for 0x141
02-26 08:35:36.350 26535 26535 E ArmVmp : Match on catch block at 0xc3 in for 0x159
02-26 08:35:36.355 26535 26535 E ArmVmp : Match on catch block at 0xc3 in for 0x14d
02-26 08:35:36.358 26535 26535 E ArmVmp : Match on catch block at 0xc3 in for 0x149
02-26 08:35:36.364 26535 26535 E ArmVmp : Match on catch block at 0xc3 in for 0x159
02-26 08:35:36.366 26535 26535 E ArmVmp : Match on catch block at 0xc3 in for 0x155
02-26 08:35:36.373 26535 26535 E ArmVmp : Match on catch block at 0xc3 in for 0x149
02-26 08:35:36.378 26535 26535 E ArmVmp : Match on catch block at 0xc3 in for 0x145
02-26 08:35:36.381 26535 26535 E ArmVmp : Match on catch block at 0xc3 in for 0x155
02-26 08:35:36.384 26535 26535 E ArmVmp : Match on catch block at 0xc3 in for 0x151
02-26 08:35:36.388 26535 26535 E ArmVmp : Match on catch block at 0xc3 in for 0x145
02-26 08:35:36.391 26535 26535 E ArmVmp : Match on catch block at 0xc3 in for 0x141
02-26 08:35:36.397 26535 26535 E ArmVmp : Match on catch block at 0xc3 in for 0x141
02-26 08:35:36.400 26535 26535 E ArmVmp : Match on catch block at 0xc3 in for 0x159
02-26 08:35:36.405 26535 26535 E ArmVmp : Match on catch block at 0xc3 in for 0x14d
02-26 08:35:36.408 26535 26535 E ArmVmp : Match on catch block at 0xc3 in for 0x149
02-26 08:35:36.414 26535 26535 E ArmVmp : Match on catch block at 0xc3 in for 0x159
02-26 08:35:36.417 26535 26535 E ArmVmp : Match on catch block at 0xc3 in for 0x155
02-26 08:35:36.422 26535 26535 E ArmVmp : Match on catch block at 0xc3 in for 0x149
02-26 08:35:36.425 26535 26535 E ArmVmp : Match on catch block at 0xc3 in for 0x145
02-26 08:35:36.430 26535 26535 E ArmVmp : Match on catch block at 0xc3 in for 0x155
02-26 08:35:36.433 26535 26535 E ArmVmp : Match on catch block at 0xc3 in for 0x151
02-26 08:35:36.439 26535 26535 E ArmVmp : Match on catch block at 0xc3 in for 0x145
02-26 08:35:36.441 26535 26535 E ArmVmp : Match on catch block at 0xc3 in for 0x141
02-26 08:35:36.447 26535 26535 E ArmVmp : Match on catch block at 0xc3 in for 0x151
02-26 08:35:36.450 26535 26535 E ArmVmp : Match on catch block at 0xc3 in for 0x14d
02-26 08:35:36.455 26535 26535 E ArmVmp : Match on catch block at 0xc3 in for 0x141
02-26 08:35:36.459 26535 26535 E ArmVmp : Match on catch block at 0xc3 in for 0x159
02-26 08:35:36.464 26535 26535 E ArmVmp : Match on catch block at 0xc3 in for 0x14d
02-26 08:35:36.467 26535 26535 E ArmVmp : Match on catch block at 0xc3 in for 0x149
02-26 08:35:36.472 26535 26535 E ArmVmp : Match on catch block at 0xc3 in for 0x159
02-26 08:35:36.476 26535 26535 E ArmVmp : Match on catch block at 0xc3 in for 0x155
02-26 08:35:36.480 26535 26535 E ArmVmp : Match on catch block at 0xc3 in for 0x149
02-26 08:35:36.484 26535 26535 E ArmVmp : Match on catch block at 0xc3 in for 0x145
02-26 08:35:36.488 26535 26535 E ArmVmp : Match on catch block at 0xc3 in for 0x155
02-26 08:35:36.491 26535 26535 E ArmVmp : Match on catch block at 0xc3 in for 0x151
02-26 08:35:36.497 26535 26535 E ArmVmp : Match on catch block at 0xc3 in for 0x145
02-26 08:35:36.500 26535 26535 E ArmVmp : Match on catch block at 0xc3 in for 0x141
02-26 08:35:36.505 26535 26535 E ArmVmp : Match on catch block at 0xc3 in for 0x151
02-26 08:35:36.509 26535 26535 E ArmVmp : Match on catch block at 0xc3 in for 0x14d
02-26 08:35:36.514 26535 26535 E ArmVmp : Match on catch block at 0xc3 in for 0x141
02-26 08:35:36.517 26535 26535 E ArmVmp : Match on catch block at 0xc3 in for 0x159
02-26 08:35:36.522 26535 26535 E ArmVmp : Match on catch block at 0xc3 in for 0x14d
02-26 08:35:36.524 26535 26535 E ArmVmp : Match on catch block at 0xc3 in for 0x149
02-26 08:35:36.530 26535 26535 E ArmVmp : Match on catch block at 0xc3 in for 0x159
02-26 08:35:36.533 26535 26535 E ArmVmp : Match on catch block at 0xc3 in for 0x155
02-26 08:35:36.540 26535 26535 E ArmVmp : Match on catch block at 0xc3 in for 0x149
02-26 08:35:36.547 26535 26535 E ArmVmp : Match on catch block at 0xc3 in for 0x145
02-26 08:35:36.550 26535 26535 E ArmVmp : Match on catch block at 0xc3 in for 0x155
02-26 08:35:36.552 26535 26535 E ArmVmp : Match on catch block at 0xc3 in for 0x151
02-26 08:35:36.555 26535 26535 E ArmVmp : Match on catch block at 0xc3 in for 0x145
02-26 08:35:36.557 26535 26535 E ArmVmp : Match on catch block at 0xc3 in for 0x141
02-26 08:35:36.564 26535 26535 E ArmVmp : Match on catch block at 0xc3 in for 0x151
02-26 08:35:36.567 26535 26535 E ArmVmp : Match on catch block at 0xc3 in for 0x14d
02-26 08:35:36.572 26535 26535 E ArmVmp : Match on catch block at 0xc3 in for 0x141
02-26 08:35:36.576 26535 26535 E ArmVmp : Match on catch block at 0xc3 in for 0x159
02-26 08:35:36.581 26535 26535 E ArmVmp : Match on catch block at 0xc3 in for 0x14d
02-26 08:35:36.588 26535 26535 E ArmVmp : Match on catch block at 0xc3 in for 0x149
02-26 08:35:36.602 26535 26535 E ArmVmp : Match on catch block at 0xc3 in for 0x159
02-26 08:35:36.604 26535 26535 E ArmVmp : Match on catch block at 0xc3 in for 0x155
02-26 08:35:36.615 26535 26535 E ArmVmp : Match on catch block at 0xc3 in for 0x149
02-26 08:35:36.618 26535 26535 E ArmVmp : Match on catch block at 0xc3 in for 0x145
02-26 08:35:36.623 26535 26535 E ArmVmp : Match on catch block at 0xc3 in for 0x155
02-26 08:35:36.626 26535 26535 E ArmVmp : Match on catch block at 0xc3 in for 0x151
02-26 08:35:36.630 26535 26535 E ArmVmp : Match on catch block at 0xc3 in for 0x145
02-26 08:35:36.635 26535 26535 E ArmVmp : Match on catch block at 0xc3 in for 0x141
02-26 08:35:36.639 26535 26535 E ArmVmp : Match on catch block at 0xc3 in for 0x151
02-26 08:35:36.642 26535 26535 E ArmVmp : Match on catch block at 0xc3 in for 0x14d
02-26 08:35:36.647 26535 26535 E ArmVmp : Match on catch block at 0xc3 in for 0x141
02-26 08:35:36.649 26535 26535 E ArmVmp : Match on catch block at 0xc3 in for 0x159
02-26 08:35:36.655 26535 26535 E ArmVmp : Match on catch block at 0xc3 in for 0x14d
02-26 08:35:36.658 26535 26535 E ArmVmp : Match on catch block at 0xc3 in for 0x149
02-26 08:35:36.664 26535 26535 E ArmVmp : Match on catch block at 0xc3 in for 0x159
02-26 08:35:36.667 26535 26535 E ArmVmp : Match on catch block at 0xc3 in for 0x155
02-26 08:35:36.673 26535 26535 E ArmVmp : Match on catch block at 0xc3 in for 0x149
02-26 08:35:36.675 26535 26535 E ArmVmp : Match on catch block at 0xc3 in for 0x145
02-26 08:35:36.681 26535 26535 E ArmVmp : Match on catch block at 0xc3 in for 0x155
02-26 08:35:36.683 26535 26535 E ArmVmp : Match on catch block at 0xc3 in for 0x151
02-26 08:35:36.689 26535 26535 E ArmVmp : Match on catch block at 0xc3 in for 0x145
02-26 08:35:36.691 26535 26535 E ArmVmp : Match on catch block at 0xc3 in for 0x141
02-26 08:35:36.697 26535 26535 E ArmVmp : Match on catch block at 0xc3 in for 0x151
02-26 08:35:36.699 26535 26535 E ArmVmp : Match on catch block at 0xc3 in for 0x14d
02-26 08:35:36.705 26535 26535 E ArmVmp : Match on catch block at 0xc3 in for 0x141
02-26 08:35:36.707 26535 26535 E ArmVmp : Match on catch block at 0xc3 in for 0x159
02-26 08:35:36.714 26535 26535 E ArmVmp : Match on catch block at 0xc3 in for 0x14d
02-26 08:35:36.716 26535 26535 E ArmVmp : Match on catch block at 0xc3 in for 0x149
02-26 08:35:36.722 26535 26535 E ArmVmp : Match on catch block at 0xc3 in for 0x159
02-26 08:35:36.725 26535 26535 E ArmVmp : Match on catch block at 0xc3 in for 0x155
02-26 08:35:36.731 26535 26535 E ArmVmp : Match on catch block at 0xc3 in for 0x149
02-26 08:35:36.734 26535 26535 E ArmVmp : Match on catch block at 0xc3 in for 0x145
02-26 08:35:36.739 26535 26535 E ArmVmp : Match on catch block at 0xc3 in for 0x155
02-26 08:35:36.741 26535 26535 E ArmVmp : Match on catch block at 0xc3 in for 0x151
02-26 08:35:36.747 26535 26535 E ArmVmp : Match on catch block at 0xc3 in for 0x145
02-26 08:35:36.750 26535 26535 E ArmVmp : Match on catch block at 0xc3 in for 0x141
02-26 08:35:36.755 26535 26535 E ArmVmp : Match on catch block at 0xc3 in for 0x151
02-26 08:35:36.758 26535 26535 E ArmVmp : Match on catch block at 0xc3 in for 0x14d
02-26 08:35:36.764 26535 26535 E ArmVmp : Match on catch block at 0xc3 in for 0x141
02-26 08:35:36.766 26535 26535 E ArmVmp : Match on catch block at 0xc3 in for 0x159
02-26 08:35:36.772 26535 26535 E ArmVmp : Match on catch block at 0xc3 in for 0x14d
02-26 08:35:36.774 26535 26535 E ArmVmp : Match on catch block at 0xc3 in for 0x149
02-26 08:35:36.780 26535 26535 E ArmVmp : Match on catch block at 0xc3 in for 0x159
02-26 08:35:36.783 26535 26535 E ArmVmp : Match on catch block at 0xc3 in for 0x155
02-26 08:35:36.789 26535 26535 E ArmVmp : Match on catch block at 0xc3 in for 0x149
02-26 08:35:36.793 26535 26535 E ArmVmp : Match on catch block at 0xc3 in for 0x145
02-26 08:35:36.797 26535 26535 E ArmVmp : Match on catch block at 0xc3 in for 0x155
02-26 08:35:36.800 26535 26535 E ArmVmp : Match on catch block at 0xc3 in for 0x151
02-26 08:35:36.806 26535 26535 E ArmVmp : Match on catch block at 0xc3 in for 0x145
02-26 08:35:36.808 26535 26535 E ArmVmp : Match on catch block at 0xc3 in for 0x141
02-26 08:35:36.814 26535 26535 E ArmVmp : Match on catch block at 0xc3 in for 0x151
02-26 08:35:36.817 26535 26535 E ArmVmp : Match on catch block at 0xc3 in for 0x14d
02-26 08:35:36.822 26535 26535 E ArmVmp : Match on catch block at 0xc3 in for 0x141
02-26 08:35:36.824 26535 26535 E ArmVmp : Match on catch block at 0xc3 in for 0x159
02-26 08:35:36.831 26535 26535 E ArmVmp : Match on catch block at 0xc3 in for 0x151
02-26 08:35:36.833 26535 26535 E ArmVmp : Match on catch block at 0xc3 in for 0x14d
02-26 08:35:36.839 26535 26535 E ArmVmp : Match on catch block at 0xc3 in for 0x149
02-26 08:35:36.842 26535 26535 E ArmVmp : Match on catch block at 0xc3 in for 0x145
