02-26 12:15:13.261 7775 8054 E SQLiteDatabase: at java.lang.Thread.run(Thread.java:1012)
02-26 12:33:14.358 7775 7884 E SQLiteDatabase: Error inserting transferred=1 media_job_uuid=8bf84ce8-7df5-4561-b114-a8df2da94933 transcoded=0 gif_attribution=0 first_scan_length=14403 direct_path=/v/t62.7118- 24/12402887_1650795825454937_3364270694252865879_n.enc?ccb=11- 4&oh=01_AdTIdw3fPyTPjXTmQ3OgpzI2I2yR93biY_q-4pqlhx5CDg&oe=6604479D&_nc_sid=5e03e0 thumbnail_height_width_ratio=1.3333334 is_animated_sticker=0 file_hash=XIOEofqvaB2rC3eArMAt3llInSjG2GIphIg+cN83hXM= file_path=Media/MBWhatsApp Images/IMG-20240226-WA0009.jpg file_size=223489 partial_media_hash=i+L2SsClHDCCsCThkx7KTDASjS143zg8EEIFaSz41lU= face_x=431 face_y=369 height=1280 trim_to=0 media_key_timestamp=1708968740000 message_url=https://mmg.whatsapp.net/v/t62.7118- 24/12402887_1650795825454937_3364270694252865879_n.enc?ccb=11- 4&oh=01_AdTIdw3fPyTPjXTmQ3OgpzI2I2yR93biY_q- 4pqlhx5CDg&oe=6604479D&_nc_sid=5e03e0&mms3=true media_caption=null trim_from=0 mime_type=image/jpeg partial_media_enc_hash=null width=960 original_file_hash=null has_streaming_sidecar=1 autotransfer_retry_enabled=1 media_upload_handle=null message_row_id=481 multicast_id=null enc_file_hash=DL/B389QTYCz8eoMhGCUA3rE4poEhZqbTUtes8xVlis= mute_video=0 page_count=0 first_scan_sidecar=[B@7c57d53 suspicious_content=0 file_length=223489 media_name=null media_duration=0 chat_row_id=28 media_key=[B@c77d690
02-26 12:33:14.358 7775 7884 E SQLiteDatabase: android.database.sqlite.SQLiteConstraintException: UNIQUE constraint failed: message_media.message_row_id (code 1555 SQLITE_CONSTRAINT_PRIMARYKEY[1555])
02-26 12:33:14.358 7775 7884 E SQLiteDatabase: at android.database.sqlite.SQLiteConnection.nativeExecuteForLastInsertedRowId(Native Method)
02-26 12:33:14.358 7775 7884 E SQLiteDatabase: at android.database.sqlite.SQLiteConnection.executeForLastInsertedRowId(SQLiteConnecti on.java:1275)
02-26 12:33:14.358 7775 7884 E SQLiteDatabase: at android.database.sqlite.SQLiteSession.executeForLastInsertedRowId(SQLiteSession.jav a:790)
02-26 12:33:14.358 7775 7884 E SQLiteDatabase: at android.database.sqlite.SQLiteStatement.executeInsert(SQLiteStatement.java:89)
02-26 12:33:14.358 7775 7884 E SQLiteDatabase: at android.database.sqlite.SQLiteDatabase.insertWithOnConflict(SQLiteDatabase.java:241 0)
02-26 12:33:14.358 7775 7884 E SQLiteDatabase: at android.database.sqlite.SQLiteDatabase.insert(SQLiteDatabase.java:2279)
02-26 12:33:14.358 7775 7884 E SQLiteDatabase: at X.2tm.A08(Unknown Source:6)
02-26 12:33:14.358 7775 7884 E SQLiteDatabase: at X.35Y.A07(Unknown Source:212)
02-26 12:33:14.358 7775 7884 E SQLiteDatabase: at X.3QF.A14(Unknown Source:470)
02-26 12:33:14.358 7775 7884 E SQLiteDatabase: at X.3gU.run(Unknown Source:982)
02-26 12:33:14.358 7775 7884 E SQLiteDatabase: at android.os.Handler.handleCallback(Handler.java:942)
02-26 12:33:14.358 7775 7884 E SQLiteDatabase: at android.os.Handler.dispatchMessage(Handler.java:99)
02-26 12:33:14.358 7775 7884 E SQLiteDatabase: at X.0zq.dispatchMessage(Unknown Source:4)
02-26 12:33:14.358 7775 7884 E SQLiteDatabase: at android.os.Looper.loopOnce(Looper.java:226)
02-26 12:33:14.358 7775 7884 E SQLiteDatabase: at android.os.Looper.loop(Looper.java:313)
02-26 12:33:14.358 7775 7884 E SQLiteDatabase: at android.os.HandlerThread.run(HandlerThread.java:67)
02-26 12:33:23.776 7775 7884 E SQLiteDatabase: Error inserting transferred=1 media_job_uuid=323ebcf7-6623-499f-bd66-0d835393eafd transcoded=0 gif_attribution=0 first_scan_length=14165 direct_path=/o1/v/t62.7118-24/f1/m231/up-oil-image- c2357c6b-beac-46a6-89ca-1084a2dfbabb?ccb=9-4&oh=01_AdRlQrXg-7sh6OhRc- JjFJd7E03Ksgrl43Xwh17Kl_WkQg&oe=66043CBD&_nc_sid=000000 thumbnail_height_width_ratio=1.3333334 is_animated_sticker=0 file_hash=jrNALmjikQd1R1VB8jIXc680/0y7U/pQbJoqvUo+EP0= file_path=Media/MBWhatsApp Images/IMG-20240226-WA0010.jpg file_size=157498 partial_media_hash=kuDY6E7yUAypnzV0Lksv1Gv5ASO+wauIouwNAxJcZBo= face_x=0 face_y=0 height=1600 trim_to=0 media_key_timestamp=1708968776000 message_url=https://mmg.whatsapp.net/o1/v/t62.7118-24/f1/m231/up-oil-image- c2357c6b-beac-46a6-89ca-1084a2dfbabb?ccb=9-4&oh=01_AdRlQrXg-7sh6OhRc- JjFJd7E03Ksgrl43Xwh17Kl_WkQg&oe=66043CBD&_nc_sid=000000&mms3=true media_caption=null trim_from=0 mime_type=image/jpeg partial_media_enc_hash=null width=1200 original_file_hash=null has_streaming_sidecar=1 autotransfer_retry_enabled=1 media_upload_handle=null message_row_id=484 multicast_id=null enc_file_hash=uWYJJPQTMzpdwpP5fiedvD34/rl5LkNdH/75guKhOp0= mute_video=0 page_count=0 first_scan_sidecar=[B@769338b suspicious_content=0 file_length=157498 media_name=null media_duration=0 chat_row_id=10 media_key=[B@e017c68
02-26 12:33:23.776 7775 7884 E SQLiteDatabase: android.database.sqlite.SQLiteConstraintException: UNIQUE constraint failed: message_media.message_row_id (code 1555 SQLITE_CONSTRAINT_PRIMARYKEY[1555])
02-26 12:33:23.776 7775 7884 E SQLiteDatabase: at android.database.sqlite.SQLiteConnection.nativeExecuteForLastInsertedRowId(Native Method)
02-26 12:33:23.776 7775 7884 E SQLiteDatabase: at android.database.sqlite.SQLiteConnection.executeForLastInsertedRowId(SQLiteConnecti on.java:1275)
02-26 12:33:23.776 7775 7884 E SQLiteDatabase: at android.database.sqlite.SQLiteSession.executeForLastInsertedRowId(SQLiteSession.jav a:790)
02-26 12:33:23.776 7775 7884 E SQLiteDatabase: at android.database.sqlite.SQLiteStatement.executeInsert(SQLiteStatement.java:89)
02-26 12:33:23.776 7775 7884 E SQLiteDatabase: at android.database.sqlite.SQLiteDatabase.insertWithOnConflict(SQLiteDatabase.java:241 0)
02-26 12:33:23.776 7775 7884 E SQLiteDatabase: at android.database.sqlite.SQLiteDatabase.insert(SQLiteDatabase.java:2279)
02-26 12:33:23.776 7775 7884 E SQLiteDatabase: at X.2tm.A08(Unknown Source:6)
02-26 12:33:23.776 7775 7884 E SQLiteDatabase: at X.35Y.A07(Unknown Source:212)
02-26 12:33:23.776 7775 7884 E SQLiteDatabase: at X.3QF.A14(Unknown Source:470)
02-26 12:33:23.776 7775 7884 E SQLiteDatabase: at X.3gU.run(Unknown Source:982)
02-26 12:33:23.776 7775 7884 E SQLiteDatabase: at android.os.Handler.handleCallback(Handler.java:942)
02-26 12:33:23.776 7775 7884 E SQLiteDatabase: at android.os.Handler.dispatchMessage(Handler.java:99)
02-26 12:33:23.776 7775 7884 E SQLiteDatabase: at X.0zq.dispatchMessage(Unknown Source:4)
02-26 12:33:23.776 7775 7884 E SQLiteDatabase: at android.os.Looper.loopOnce(Looper.java:226)
02-26 12:33:23.776 7775 7884 E SQLiteDatabase: at android.os.Looper.loop(Looper.java:313)
02-26 12:33:23.776 7775 7884 E SQLiteDatabase: at android.os.HandlerThread.run(HandlerThread.java:67)
02-26 12:35:51.848 7775 7775 W com.mbwhatsapp: Method void X.0eU.A0h(X.0tK, boolean) failed lock verification and will run slower.
02-26 12:35:51.928 7775 7775 W com.mbwhatsapp: Method void com.mbwhatsapp.HomeActivity.A6e() failed lock verification and will run slower.
02-26 12:35:51.941 7775 11782 W Adreno-AppProfiles: Could not find QSPM HAL service. Skipping adreno profile processing.
02-26 12:35:52.087 7775 7775 E ArmVmp : Match on catch block at 0x0a in for 0x181
02-26 12:35:52.097 7775 7775 E ArmVmp : Match on catch block at 0x0a in for 0x279
02-26 12:35:52.129 7775 7775 W Activity: Can request only one set of permissions at a time
02-26 12:35:52.157 7775 11784 W com.mbwhatsapp: Accessing hidden method Lcom/android/org/conscrypt/ConscryptEngineSocket;->setUseSessionTickets(Z)V (max- target-q,core-platform-api, reflection, denied)
02-26 12:35:52.157 7775 11784 W com.mbwhatsapp: Accessing hidden method Lcom/android/org/conscrypt/OpenSSLSocketImpl;->setUseSessionTickets(Z)V (max- target-q,core-platform-api, reflection, denied)
02-26 12:35:52.157 7775 11784 W com.mbwhatsapp: Accessing hidden method Lcom/android/org/conscrypt/AbstractConscryptSocket;->setUseSessionTickets(Z)V (max- target-q, reflection, denied)
02-26 12:35:52.157 7775 11784 W com.mbwhatsapp: Accessing hidden method Lcom/android/org/conscrypt/ConscryptEngineSocket;->setHostname(Ljava/lang/String;)V (max-target-q,core-platform-api, reflection, denied)
02-26 12:35:52.157 7775 11784 W com.mbwhatsapp: Accessing hidden method Lcom/android/org/conscrypt/OpenSSLSocketImpl;->setHostname(Ljava/lang/String;)V (max-target-q,core-platform-api, reflection, denied)
02-26 12:35:52.157 7775 11784 W com.mbwhatsapp: Accessing hidden method Lcom/android/org/conscrypt/AbstractConscryptSocket;->setHostname(Ljava/lang/ String;)V (max-target-q, reflection, denied)
02-26 12:35:52.157 7775 11784 W com.mbwhatsapp: Accessing hidden method Lcom/android/org/conscrypt/OpenSSLSocketImpl;->setAlpnProtocols([B)V (max-target- q,core-platform-api, reflection, denied)
02-26 12:35:52.157 7775 11784 W com.mbwhatsapp: Accessing hidden method Lcom/android/org/conscrypt/AbstractConscryptSocket;->setAlpnProtocols([B)V (max- target-q, reflection, denied)
02-26 12:35:52.303 7775 7775 E BufferQueueProducer: Unable to open libpenguin.so: dlopen failed: library "libpenguin.so" not found.
02-26 12:35:52.355 7775 11784 W com.mbwhatsapp: Accessing hidden method Lcom/android/org/conscrypt/OpenSSLSocketImpl;->getAlpnSelectedProtocol()[B (max- target-q,core-platform-api, reflection, denied)
02-26 12:35:52.355 7775 11784 W com.mbwhatsapp: Accessing hidden method Lcom/android/org/conscrypt/AbstractConscryptSocket;->getAlpnSelectedProtocol()[B (max-target-q, reflection, denied)
02-26 12:35:52.563 7775 11782 W Parcel : Expecting binder but got null!
02-26 12:35:52.588 7775 7775 E ArmVmp : Match on catch block at 0x0a in for 0x1b5
02-26 12:35:52.656 7775 11861 W LOTTIE : Animation contains merge paths. Merge paths are only supported on KitKat+ and must be manually enabled by calling enableMergePathsForKitKatAndAbove().
02-26 12:35:52.754 7775 7775 W LOTTIE : Animation contains merge paths but they are disabled.
02-26 12:35:54.147 7775 11861 W LOTTIE : Unknown shape type rd
02-26 12:35:54.192 7775 7775 E ArmVmp : Match on catch block at 0x0a in for 0x199
02-26 12:35:54.194 7775 7775 E ArmVmp : Match on catch block at 0x0a in for 0x195
02-26 12:35:54.346 7775 7775 E ArmVmp : Match on catch block at 0xc3 in for 0x179
02-26 12:35:54.350 7775 7775 E ArmVmp : Match on catch block at 0xc3 in for 0x179
02-26 12:35:54.352 7775 7775 E ArmVmp : Match on catch block at 0xc3 in for 0x171
02-26 12:35:54.379 7775 11782 W Parcel : Expecting binder but got null!
02-26 12:35:54.405 7775 7775 E ArmVmp : Match on catch block at 0xc3 in for 0x151
02-26 12:35:54.407 7775 7775 E ArmVmp : Match on catch block at 0xc3 in for 0x151
02-26 12:35:54.407 7775 7775 E ArmVmp : Match on catch block at 0xc3 in for 0x155
02-26 12:35:54.426 7775 7775 E ArmVmp : Match on catch block at 0xc3 in for 0x141
02-26 12:35:54.427 7775 7775 E ArmVmp : Match on catch block at 0xc3 in for 0x159
02-26 12:35:54.431 7775 7775 E ArmVmp : Match on catch block at 0xc3 in for 0x141
02-26 12:35:54.440 7775 7775 E ArmVmp : Match on catch block at 0xc3 in for 0x155
02-26 12:35:54.442 7775 7775 E ArmVmp : Match on catch block at 0xc3 in for 0x151
02-26 12:35:54.443 7775 7775 E ArmVmp : Match on catch block at 0xc3 in for 0x155
02-26 12:35:54.446 7775 7775 E ArmVmp : Match on catch block at 0xc3 in for 0x155
02-26 12:35:54.448 7775 7775 E ArmVmp : Match on catch block at 0xc3 in for 0x151
02-26 12:35:54.449 7775 7775 E ArmVmp : Match on catch block at 0xc3 in for 0x155
02-26 12:35:54.499 7775 7775 E ArmVmp : Match on catch block at 0xc3 in for 0x149
02-26 12:35:54.502 7775 7775 E ArmVmp : Match on catch block at 0xc3 in for 0x145
02-26 12:35:54.508 7775 7775 E ArmVmp : Match on catch block at 0xc3 in for 0x149
02-26 12:35:54.963 7775 7775 E ArmVmp : Match on catch block at 0xc3 in for 0x159
02-26 12:35:54.966 7775 7775 E ArmVmp : Match on catch block at 0xc3 in for 0x155
02-26 12:35:54.967 7775 7775 E ArmVmp : Match on catch block at 0xc3 in for 0x159
02-26 12:35:55.005 7775 7775 E ArmVmp : Match on catch block at 0xc3 in for 0x145
02-26 12:35:55.007 7775 7775 E ArmVmp : Match on catch block at 0xc3 in for 0x141
02-26 12:35:55.009 7775 7775 E ArmVmp : Match on catch block at 0xc3 in for 0x145
02-26 12:35:55.015 7775 7775 E ArmVmp : Match on catch block at 0xc3 in for 0x159
02-26 12:35:55.017 7775 7775 E ArmVmp : Match on catch block at 0xc3 in for 0x155
02-26 12:35:55.018 7775 7775 E ArmVmp : Match on catch block at 0xc3 in for 0x159
02-26 12:35:55.027 7775 7775 E ArmVmp : Match on catch block at 0xc3 in for 0x141
02-26 12:35:55.031 7775 7775 E ArmVmp : Match on catch block at 0xc3 in for 0x159
02-26 12:35:55.032 7775 7775 E ArmVmp : Match on catch block at 0xc3 in for 0x141
02-26 12:35:55.037 7775 7775 E ArmVmp : Match on catch block at 0xc3 in for 0x14d
02-26 12:35:55.039 7775 7775 E ArmVmp : Match on catch block at 0xc3 in for 0x149
02-26 12:35:55.040 7775 7775 E ArmVmp : Match on catch block at 0xc3 in for 0x14d
02-26 12:35:55.047 7775 7775 E ArmVmp : Match on catch block at 0xc3 in for 0x155
02-26 12:35:55.049 7775 7775 E ArmVmp : Match on catch block at 0xc3 in for 0x151
02-26 12:35:55.050 7775 7775 E ArmVmp : Match on catch block at 0xc3 in for 0x155
02-26 12:35:55.054 7775 7775 E ArmVmp : Match on catch block at 0xc3 in for 0x141
02-26 12:35:55.055 7775 7775 E ArmVmp : Match on catch block at 0xc3 in for 0x159
02-26 12:35:55.056 7775 7775 E ArmVmp : Match on catch block at 0xc3 in for 0x141
02-26 12:35:55.062 7775 7775 E ArmVmp : Match on catch block at 0xc3 in for 0x149
02-26 12:35:55.064 7775 7775 E ArmVmp : Match on catch block at 0xc3 in for 0x145
02-26 12:35:55.065 7775 7775 E ArmVmp : Match on catch block at 0xc3 in for 0x149
02-26 12:35:55.084 7775 7775 E ArmVmp : Match on catch block at 0xc3 in for 0x159
02-26 12:35:55.086 7775 7775 E ArmVmp : Match on catch block at 0xc3 in for 0x155
02-26 12:35:55.089 7775 7775 E ArmVmp : Match on catch block at 0xc3 in for 0x149
02-26 12:35:55.090 7775 7775 E ArmVmp : Match on catch block at 0xc3 in for 0x145
02-26 12:35:55.096 7775 7775 E ArmVmp : Match on catch block at 0xc3 in for 0x155
02-26 12:35:55.098 7775 7775 E ArmVmp : Match on catch block at 0xc3 in for 0x151
02-26 12:35:55.104 7775 7775 E ArmVmp : Match on catch block at 0xc3 in for 0x145
02-26 12:35:55.106 7775 7775 E ArmVmp : Match on catch block at 0xc3 in for 0x141
02-26 12:35:55.113 7775 7775 E ArmVmp : Match on catch block at 0xc3 in for 0x151
02-26 12:35:55.116 7775 7775 E ArmVmp : Match on catch block at 0xc3 in for 0x14d
02-26 12:35:55.121 7775 7775 E ArmVmp : Match on catch block at 0xc3 in for 0x141
02-26 12:35:55.123 7775 7775 E ArmVmp : Match on catch block at 0xc3 in for 0x159
02-26 12:35:55.129 7775 7775 E ArmVmp : Match on catch block at 0xc3 in for 0x14d
02-26 12:35:55.131 7775 7775 E ArmVmp : Match on catch block at 0xc3 in for 0x149
02-26 12:35:55.137 7775 7775 E ArmVmp : Match on catch block at 0xc3 in for 0x159
02-26 12:35:55.139 7775 7775 E ArmVmp : Match on catch block at 0xc3 in for 0x155
02-26 12:35:55.146 7775 7775 E ArmVmp : Match on catch block at 0xc3 in for 0x149
02-26 12:35:55.148 7775 7775 E ArmVmp : Match on catch block at 0xc3 in for 0x145
02-26 12:35:55.155 7775 7775 E ArmVmp : Match on catch block at 0xc3 in for 0x155
02-26 12:35:55.157 7775 7775 E ArmVmp : Match on catch block at 0xc3 in for 0x151
02-26 12:35:55.163 7775 7775 E ArmVmp : Match on catch block at 0xc3 in for 0x145
02-26 12:35:55.165 7775 7775 E ArmVmp : Match on catch block at 0xc3 in for 0x141
02-26 12:35:55.171 7775 7775 E ArmVmp : Match on catch block at 0xc3 in for 0x151
02-26 12:35:55.174 7775 7775 E ArmVmp : Match on catch block at 0xc3 in for 0x14d
02-26 12:35:55.179 7775 7775 E ArmVmp : Match on catch block at 0xc3 in for 0x141
02-26 12:35:55.182 7775 7775 E ArmVmp : Match on catch block at 0xc3 in for 0x159
02-26 12:35:55.193 7775 7775 E ArmVmp : Match on catch block at 0xc3 in for 0x14d
02-26 12:35:55.196 7775 7775 E ArmVmp : Match on catch block at 0xc3 in for 0x149
02-26 12:35:55.200 7775 7775 E ArmVmp : Match on catch block at 0xc3 in for 0x159
02-26 12:35:55.203 7775 7775 E ArmVmp : Match on catch block at 0xc3 in for 0x155
02-26 12:35:55.206 7775 7775 E ArmVmp : Match on catch block at 0xc3 in for 0x149
02-26 12:35:55.208 7775 7775 E ArmVmp : Match on catch block at 0xc3 in for 0x145
02-26 12:35:55.242 7775 7775 E ArmVmp : Match on catch block at 0xc3 in for 0x159
02-26 12:35:55.244 7775 7775 E ArmVmp : Match on catch block at 0xc3 in for 0x155
02-26 12:35:55.247 7775 7775 E ArmVmp : Match on catch block at 0xc3 in for 0x155
02-26 12:35:55.249 7775 7775 E ArmVmp : Match on catch block at 0xc3 in for 0x151
02-26 12:35:55.255 7775 7775 E ArmVmp : Match on catch block at 0xc3 in for 0x151
02-26 12:35:55.257 7775 7775 E ArmVmp : Match on catch block at 0xc3 in for 0x14d
02-26 12:35:55.263 7775 7775 E ArmVmp : Match on catch block at 0xc3 in for 0x14d
02-26 12:35:55.265 7775 7775 E ArmVmp : Match on catch block at 0xc3 in for 0x149
02-26 12:35:55.273 7775 7775 E ArmVmp : Match on catch block at 0xc3 in for 0x149
02-26 12:35:55.275 7775 7775 E ArmVmp : Match on catch block at 0xc3 in for 0x145
02-26 12:35:55.281 7775 7775 E ArmVmp : Match on catch block at 0xc3 in for 0x151
02-26 12:35:55.282 7775 7775 E ArmVmp : Match on catch block at 0xc3 in for 0x14d
02-26 12:35:55.292 7775 7775 E ArmVmp : Match on catch block at 0xc3 in for 0x145
02-26 12:35:55.293 7775 7775 E ArmVmp : Match on catch block at 0xc3 in for 0x141
02-26 12:35:55.296 7775 7775 E ArmVmp : Match on catch block at 0xc3 in for 0x141
02-26 12:35:55.298 7775 7775 E ArmVmp : Match on catch block at 0xc3 in for 0x159
02-26 12:35:55.309 7775 7775 E ArmVmp : Match on catch block at 0xc3 in for 0x155
02-26 12:35:55.312 7775 7775 E ArmVmp : Match on catch block at 0xc3 in for 0x151
02-26 12:35:55.316 7775 7775 E ArmVmp : Match on catch block at 0xc3 in for 0x151
02-26 12:35:55.318 7775 7775 E ArmVmp : Match on catch block at 0xc3 in for 0x14d
02-26 12:35:55.321 7775 7775 E ArmVmp : Match on catch block at 0xc3 in for 0x149
02-26 12:35:55.323 7775 7775 E ArmVmp : Match on catch block at 0xc3 in for 0x145
02-26 12:35:55.329 7775 7775 E ArmVmp : Match on catch block at 0xc3 in for 0x155
02-26 12:35:55.331 7775 7775 E ArmVmp : Match on catch block at 0xc3 in for 0x151
02-26 12:35:55.344 7775 7775 E ArmVmp : Match on catch block at 0xc3 in for 0x149
02-26 12:35:55.348 7775 7775 E ArmVmp : Match on catch block at 0xc3 in for 0x145
02-26 12:35:55.351 7775 7775 E ArmVmp : Match on catch block at 0xc3 in for 0x155
02-26 12:35:55.354 7775 7775 E ArmVmp : Match on catch block at 0xc3 in for 0x151
02-26 12:35:55.366 7775 7775 W Kumiho-Kumiho: isSupportedFormat: Format is not supported
02-26 12:35:55.371 7775 7775 E ArmVmp : Match on catch block at 0xc3 in for 0x151
02-26 12:35:55.373 7775 7775 E ArmVmp : Match on catch block at 0xc3 in for 0x14d
02-26 12:35:55.376 7775 7775 E ArmVmp : Match on catch block at 0xc3 in for 0x141
02-26 12:35:55.378 7775 7775 E ArmVmp : Match on catch block at 0xc3 in for 0x159
02-26 12:35:55.380 7775 7775 E ArmVmp : Match on catch block at 0xc3 in for 0x14d
02-26 12:35:55.382 7775 7775 E ArmVmp : Match on catch block at 0xc3 in for 0x149
02-26 12:35:55.387 7775 7775 E ArmVmp : Match on catch block at 0xc3 in for 0x159
02-26 12:35:55.390 7775 7775 E ArmVmp : Match on catch block at 0xc3 in for 0x155
02-26 12:35:55.406 7775 7775 W Kumiho-Kumiho: isSupportedFormat: Format is not supported
02-26 12:35:55.406 7775 7775 W Kumiho-Kumiho: isSupportedFormat: Format is not supported
02-26 12:35:55.413 7775 7775 E ArmVmp : Match on catch block at 0xc3 in for 0x155
02-26 12:35:55.415 7775 7775 E ArmVmp : Match on catch block at 0xc3 in for 0x151
02-26 12:35:55.418 7775 7775 E ArmVmp : Match on catch block at 0xc3 in for 0x145
02-26 12:35:55.419 7775 7775 E ArmVmp : Match on catch block at 0xc3 in for 0x141
02-26 12:35:55.421 7775 7775 E ArmVmp : Match on catch block at 0xc3 in for 0x151
02-26 12:35:55.423 7775 7775 E ArmVmp : Match on catch block at 0xc3 in for 0x14d
02-26 12:35:55.439 7775 7775 E ArmVmp : Match on catch block at 0xc3 in for 0x155
02-26 12:35:55.441 7775 7775 E ArmVmp : Match on catch block at 0xc3 in for 0x151
02-26 12:35:55.443 7775 7775 E ArmVmp : Match on catch block at 0xc3 in for 0x145
02-26 12:35:55.444 7775 7775 E ArmVmp : Match on catch block at 0xc3 in for 0x141
02-26 12:35:55.453 7775 7775 E ArmVmp : Match on catch block at 0xc3 in for 0x155
02-26 12:35:55.455 7775 7775 E ArmVmp : Match on catch block at 0xc3 in for 0x151
02-26 12:35:55.458 7775 7775 E ArmVmp : Match on catch block at 0xc3 in for 0x145
02-26 12:35:55.461 7775 7775 E ArmVmp : Match on catch block at 0xc3 in for 0x141
02-26 12:35:55.465 7775 7775 E ArmVmp : Match on catch block at 0xc3 in for 0x145
02-26 12:35:55.467 7775 7775 E ArmVmp : Match on catch block at 0xc3 in for 0x141
02-26 12:35:55.471 7775 7775 E ArmVmp : Match on catch block at 0xc3 in for 0x151
02-26 12:35:55.472 7775 7775 E ArmVmp : Match on catch block at 0xc3 in for 0x14d
02-26 12:35:55.480 7775 7775 E ArmVmp : Match on catch block at 0xc3 in for 0x151
02-26 12:35:55.482 7775 7775 E ArmVmp : Match on catch block at 0xc3 in for 0x14d
02-26 12:35:55.488 7775 7775 E ArmVmp : Match on catch block at 0xc3 in for 0x14d
02-26 12:35:55.491 7775 7775 E ArmVmp : Match on catch block at 0xc3 in for 0x149
02-26 12:35:55.497 7775 7775 E ArmVmp : Match on catch block at 0xc3 in for 0x149
02-26 12:35:55.499 7775 7775 E ArmVmp : Match on catch block at 0xc3 in for 0x145
02-26 12:35:55.506 7775 7775 E ArmVmp : Match on catch block at 0xc3 in for 0x145
02-26 12:35:55.510 7775 7775 E ArmVmp : Match on catch block at 0xc3 in for 0x141
02-26 12:35:55.529 7775 7775 E ArmVmp : Match on catch block at 0xc3 in for 0x149
02-26 12:35:55.532 7775 7775 E ArmVmp : Match on catch block at 0xc3 in for 0x145
02-26 12:35:55.536 7775 7775 E ArmVmp : Match on catch block at 0xc3 in for 0x145
02-26 12:35:55.539 7775 7775 E ArmVmp : Match on catch block at 0xc3 in for 0x141
02-26 12:35:55.542 7775 7775 E ArmVmp : Match on catch block at 0xc3 in for 0x141
02-26 12:35:55.544 7775 7775 E ArmVmp : Match on catch block at 0xc3 in for 0x159
02-26 12:35:55.547 7775 7775 E ArmVmp : Match on catch block at 0xc3 in for 0x159
02-26 12:35:55.549 7775 7775 E ArmVmp : Match on catch block at 0xc3 in for 0x155
02-26 12:35:55.555 7775 7775 E ArmVmp : Match on catch block at 0xc3 in for 0x155
02-26 12:35:55.557 7775 7775 E ArmVmp : Match on catch block at 0xc3 in for 0x151
02-26 12:35:55.564 7775 7775 E ArmVmp : Match on catch block at 0xc3 in for 0x151
02-26 12:35:55.565 7775 7775 E ArmVmp : Match on catch block at 0xc3 in for 0x14d
02-26 12:35:55.572 7775 7775 E ArmVmp : Match on catch block at 0xc3 in for 0x14d
02-26 12:35:55.573 7775 7775 E ArmVmp : Match on catch block at 0xc3 in for 0x149
02-26 12:35:55.580 7775 7775 E ArmVmp : Match on catch block at 0xc3 in for 0x149
02-26 12:35:55.582 7775 7775 E ArmVmp : Match on catch block at 0xc3 in for 0x145
02-26 12:35:55.591 7775 7775 E ArmVmp : Match on catch block at 0xc3 in for 0x145
02-26 12:35:55.593 7775 7775 E ArmVmp : Match on catch block at 0xc3 in for 0x141
02-26 12:35:55.597 7775 7775 E ArmVmp : Match on catch block at 0xc3 in for 0x159
02-26 12:35:55.599 7775 7775 E ArmVmp : Match on catch block at 0xc3 in for 0x155
02-26 12:35:55.605 7775 7775 E ArmVmp : Match on catch block at 0xc3 in for 0x151
02-26 12:35:55.607 7775 7775 E ArmVmp : Match on catch block at 0xc3 in for 0x14d
02-26 12:35:55.613 7775 7775 E ArmVmp : Match on catch block at 0xc3 in for 0x149
02-26 12:35:55.615 7775 7775 E ArmVmp : Match on catch block at 0xc3 in for 0x145
02-26 12:35:55.621 7775 7775 E ArmVmp : Match on catch block at 0xc3 in for 0x141
02-26 12:35:55.623 7775 7775 E ArmVmp : Match on catch block at 0xc3 in for 0x159
02-26 12:35:55.629 7775 7775 E ArmVmp : Match on catch block at 0xc3 in for 0x155
02-26 12:35:55.631 7775 7775 E ArmVmp : Match on catch block at 0xc3 in for 0x151
02-26 12:35:55.638 7775 7775 E ArmVmp : Match on catch block at 0xc3 in for 0x14d
02-26 12:35:55.640 7775 7775 E ArmVmp : Match on catch block at 0xc3 in for 0x149
02-26 12:35:55.646 7775 7775 E ArmVmp : Match on catch block at 0xc3 in for 0x145
02-26 12:35:55.648 7775 7775 E ArmVmp : Match on catch block at 0xc3 in for 0x141
02-26 12:35:55.654 7775 7775 E ArmVmp : Match on catch block at 0xc3 in for 0x159
02-26 12:35:55.656 7775 7775 E ArmVmp : Match on catch block at 0xc3 in for 0x155
02-26 12:35:55.663 7775 7775 E ArmVmp : Match on catch block at 0xc3 in for 0x151
02-26 12:35:55.665 7775 7775 E ArmVmp : Match on catch block at 0xc3 in for 0x14d
02-26 12:35:55.673 7775 7775 E ArmVmp : Match on catch block at 0xc3 in for 0x149
02-26 12:35:55.676 7775 7775 E ArmVmp : Match on catch block at 0xc3 in for 0x145
02-26 12:35:55.679 7775 7775 E ArmVmp : Match on catch block at 0xc3 in for 0x141
02-26 12:35:55.682 7775 7775 E ArmVmp : Match on catch block at 0xc3 in for 0x159
02-26 12:35:55.688 7775 7775 E ArmVmp : Match on catch block at 0xc3 in for 0x155
02-26 12:35:55.689 7775 7775 E ArmVmp : Match on catch block at 0xc3 in for 0x151
02-26 12:35:55.696 7775 7775 E ArmVmp : Match on catch block at 0xc3 in for 0x14d
02-26 12:35:55.698 7775 7775 E ArmVmp : Match on catch block at 0xc3 in for 0x149
02-26 12:35:55.705 7775 7775 E ArmVmp : Match on catch block at 0xc3 in for 0x145
02-26 12:35:55.707 7775 7775 E ArmVmp : Match on catch block at 0xc3 in for 0x141
02-26 12:35:55.713 7775 7775 E ArmVmp : Match on catch block at 0xc3 in for 0x159
02-26 12:35:55.715 7775 7775 E ArmVmp : Match on catch block at 0xc3 in for 0x155
02-26 12:35:55.722 7775 7775 E ArmVmp : Match on catch block at 0xc3 in for 0x151
02-26 12:35:55.724 7775 7775 E ArmVmp : Match on catch block at 0xc3 in for 0x14d
02-26 12:35:55.763 7775 7775 E ArmVmp : Match on catch block at 0xc3 in for 0x151
02-26 12:35:55.767 7775 7775 E ArmVmp : Match on catch block at 0xc3 in for 0x14d
02-26 12:35:55.771 7775 7775 E ArmVmp : Match on catch block at 0xc3 in for 0x149
02-26 12:35:55.773 7775 7775 E ArmVmp : Match on catch block at 0xc3 in for 0x145
02-26 12:35:55.780 7775 7775 E ArmVmp : Match on catch block at 0xc3 in for 0x141
02-26 12:35:55.782 7775 7775 E ArmVmp : Match on catch block at 0xc3 in for 0x159
02-26 12:35:55.788 7775 7775 E ArmVmp : Match on catch block at 0xc3 in for 0x155
02-26 12:35:55.790 7775 7775 E ArmVmp : Match on catch block at 0xc3 in for 0x151
02-26 12:35:55.796 7775 7775 E ArmVmp : Match on catch block at 0xc3 in for 0x14d
02-26 12:35:55.798 7775 7775 E ArmVmp : Match on catch block at 0xc3 in for 0x149
02-26 12:35:55.805 7775 7775 E ArmVmp : Match on catch block at 0xc3 in for 0x145
02-26 12:35:55.807 7775 7775 E ArmVmp : Match on catch block at 0xc3 in for 0x141
02-26 12:35:55.813 7775 7775 E ArmVmp : Match on catch block at 0xc3 in for 0x159
02-26 12:35:55.815 7775 7775 E ArmVmp : Match on catch block at 0xc3 in for 0x155
02-26 12:35:55.821 7775 7775 E ArmVmp : Match on catch block at 0xc3 in for 0x151
02-26 12:35:55.823 7775 7775 E ArmVmp : Match on catch block at 0xc3 in for 0x14d
02-26 12:35:55.833 7775 7775 E ArmVmp : Match on catch block at 0xc3 in for 0x149
02-26 12:35:55.835 7775 7775 E ArmVmp : Match on catch block at 0xc3 in for 0x145
02-26 12:35:55.841 7775 7775 E ArmVmp : Match on catch block at 0xc3 in for 0x141
02-26 12:35:55.845 7775 7775 E ArmVmp : Match on catch block at 0xc3 in for 0x159
02-26 12:35:55.914 7775 7775 E ArmVmp : Match on catch block at 0xc3 in for 0x14d
02-26 12:35:55.916 7775 7775 E ArmVmp : Match on catch block at 0xc3 in for 0x149
02-26 12:35:55.971 7775 7775 E ArmVmp : Match on catch block at 0xc3 in for 0x151
02-26 12:35:55.973 7775 7775 E ArmVmp : Match on catch block at 0xc3 in for 0x14d
02-26 12:35:55.988 7775 7775 E ArmVmp : Match on catch block at 0xc3 in for 0x155
02-26 12:35:55.990 7775 7775 E ArmVmp : Match on catch block at 0xc3 in for 0x151
02-26 12:35:55.996 7775 7775 E ArmVmp : Match on catch block at 0xc3 in for 0x159
02-26 12:35:55.998 7775 7775 E ArmVmp : Match on catch block at 0xc3 in for 0x155
02-26 12:35:56.004 7775 7775 E ArmVmp : Match on catch block at 0xc3 in for 0x141
02-26 12:35:56.006 7775 7775 E ArmVmp : Match on catch block at 0xc3 in for 0x159
02-26 12:35:56.012 7775 7775 E ArmVmp : Match on catch block at 0xc3 in for 0x145
02-26 12:35:56.015 7775 7775 E ArmVmp : Match on catch block at 0xc3 in for 0x141
02-26 12:35:56.021 7775 7775 E ArmVmp : Match on catch block at 0xc3 in for 0x149
02-26 12:35:56.023 7775 7775 E ArmVmp : Match on catch block at 0xc3 in for 0x145
02-26 12:35:56.029 7775 7775 E ArmVmp : Match on catch block at 0xc3 in for 0x14d
02-26 12:35:56.032 7775 7775 E ArmVmp : Match on catch block at 0xc3 in for 0x149
02-26 12:35:56.038 7775 7775 E ArmVmp : Match on catch block at 0xc3 in for 0x151
02-26 12:35:56.040 7775 7775 E ArmVmp : Match on catch block at 0xc3 in for 0x14d
02-26 12:35:56.046 7775 7775 E ArmVmp : Match on catch block at 0xc3 in for 0x155
02-26 12:35:56.048 7775 7775 E ArmVmp : Match on catch block at 0xc3 in for 0x151
02-26 12:35:56.055 7775 7775 E ArmVmp : Match on catch block at 0xc3 in for 0x159
02-26 12:35:56.057 7775 7775 E ArmVmp : Match on catch block at 0xc3 in for 0x155
02-26 12:35:56.063 7775 7775 E ArmVmp : Match on catch block at 0xc3 in for 0x141
02-26 12:35:56.066 7775 7775 E ArmVmp : Match on catch block at 0xc3 in for 0x159
02-26 12:35:56.071 7775 7775 E ArmVmp : Match on catch block at 0xc3 in for 0x145
02-26 12:35:56.074 7775 7775 E ArmVmp : Match on catch block at 0xc3 in for 0x141
02-26 12:35:56.079 7775 7775 E ArmVmp : Match on catch block at 0xc3 in for 0x149
02-26 12:35:56.082 7775 7775 E ArmVmp : Match on catch block at 0xc3 in for 0x145
02-26 12:35:56.088 7775 7775 E ArmVmp : Match on catch block at 0xc3 in for 0x14d
02-26 12:35:56.090 7775 7775 E ArmVmp : Match on catch block at 0xc3 in for 0x149
02-26 12:35:56.096 7775 7775 E ArmVmp : Match on catch block at 0xc3 in for 0x151
02-26 12:35:56.099 7775 7775 E ArmVmp : Match on catch block at 0xc3 in for 0x14d
02-26 12:35:56.104 7775 7775 E ArmVmp : Match on catch block at 0xc3 in for 0x155
02-26 12:35:56.107 7775 7775 E ArmVmp : Match on catch block at 0xc3 in for 0x151
02-26 12:35:56.113 7775 7775 E ArmVmp : Match on catch block at 0xc3 in for 0x159
02-26 12:35:56.115 7775 7775 E ArmVmp : Match on catch block at 0xc3 in for 0x155
02-26 12:35:56.121 7775 7775 E ArmVmp : Match on catch block at 0xc3 in for 0x141
02-26 12:35:56.123 7775 7775 E ArmVmp : Match on catch block at 0xc3 in for 0x159
02-26 12:35:56.129 7775 7775 E ArmVmp : Match on catch block at 0xc3 in for 0x145
02-26 12:35:56.132 7775 7775 E ArmVmp : Match on catch block at 0xc3 in for 0x141
02-26 12:35:56.138 7775 7775 E ArmVmp : Match on catch block at 0xc3 in for 0x149
02-26 12:35:56.140 7775 7775 E ArmVmp : Match on catch block at 0xc3 in for 0x145
02-26 12:35:56.147 7775 7775 E ArmVmp : Match on catch block at 0xc3 in for 0x14d
02-26 12:35:56.150 7775 7775 E ArmVmp : Match on catch block at 0xc3 in for 0x149
02-26 12:35:56.154 7775 7775 E ArmVmp : Match on catch block at 0xc3 in for 0x151
02-26 12:35:56.156 7775 7775 E ArmVmp : Match on catch block at 0xc3 in for 0x14d
02-26 12:35:56.163 7775 7775 E ArmVmp : Match on catch block at 0xc3 in for 0x155
02-26 12:35:56.165 7775 7775 E ArmVmp : Match on catch block at 0xc3 in for 0x151
02-26 12:35:56.171 7775 7775 E ArmVmp : Match on catch block at 0xc3 in for 0x159
02-26 12:35:56.174 7775 7775 E ArmVmp : Match on catch block at 0xc3 in for 0x155
02-26 12:35:56.179 7775 7775 E ArmVmp : Match on catch block at 0xc3 in for 0x141
02-26 12:35:56.182 7775 7775 E ArmVmp : Match on catch block at 0xc3 in for 0x159
02-26 12:35:56.188 7775 7775 E ArmVmp : Match on catch block at 0xc3 in for 0x145
02-26 12:35:56.190 7775 7775 E ArmVmp : Match on catch block at 0xc3 in for 0x141
02-26 12:35:56.196 7775 7775 E ArmVmp : Match on catch block at 0xc3 in for 0x149
02-26 12:35:56.198 7775 7775 E ArmVmp : Match on catch block at 0xc3 in for 0x145
02-26 12:35:56.204 7775 7775 E ArmVmp : Match on catch block at 0xc3 in for 0x14d
02-26 12:35:56.207 7775 7775 E ArmVmp : Match on catch block at 0xc3 in for 0x149
02-26 12:35:56.213 7775 7775 E ArmVmp : Match on catch block at 0xc3 in for 0x151
02-26 12:35:56.215 7775 7775 E ArmVmp : Match on catch block at 0xc3 in for 0x14d
02-26 12:35:56.221 7775 7775 E ArmVmp : Match on catch block at 0xc3 in for 0x155
02-26 12:35:56.224 7775 7775 E ArmVmp : Match on catch block at 0xc3 in for 0x151
02-26 12:35:56.231 7775 7775 E ArmVmp : Match on catch block at 0xc3 in for 0x159
02-26 12:35:56.236 7775 7775 E ArmVmp : Match on catch block at 0xc3 in for 0x155
02-26 12:35:56.238 7775 7775 E ArmVmp : Match on catch block at 0xc3 in for 0x141
02-26 12:35:56.240 7775 7775 E ArmVmp : Match on catch block at 0xc3 in for 0x159
02-26 12:35:56.308 7775 7775 E ArmVmp : Match on catch block at 0xc3 in for 0x159
02-26 12:35:56.312 7775 7775 E ArmVmp : Match on catch block at 0xc3 in for 0x155
02-26 12:35:56.317 7775 7775 E ArmVmp : Match on catch block at 0xc3 in for 0x151
02-26 12:35:56.319 7775 7775 E ArmVmp : Match on catch block at 0xc3 in for 0x14d
02-26 12:35:56.323 7775 7775 E ArmVmp : Match on catch block at 0xc3 in for 0x145
02-26 12:35:56.325 7775 7775 E ArmVmp : Match on catch block at 0xc3 in for 0x141
02-26 12:35:56.330 7775 7775 E ArmVmp : Match on catch block at 0xc3 in for 0x155
02-26 12:35:56.332 7775 7775 E ArmVmp : Match on catch block at 0xc3 in for 0x151
02-26 12:35:56.339 7775 7775 E ArmVmp : Match on catch block at 0xc3 in for 0x149
02-26 12:35:56.340 7775 7775 E ArmVmp : Match on catch block at 0xc3 in for 0x145
02-26 12:35:56.348 7775 7775 E ArmVmp : Match on catch block at 0xc3 in for 0x159
02-26 12:35:56.350 7775 7775 E ArmVmp : Match on catch block at 0xc3 in for 0x155
02-26 12:35:56.355 7775 7775 E ArmVmp : Match on catch block at 0xc3 in for 0x14d
02-26 12:35:56.357 7775 7775 E ArmVmp : Match on catch block at 0xc3 in for 0x149
02-26 12:35:56.364 7775 7775 E ArmVmp : Match on catch block at 0xc3 in for 0x141
02-26 12:35:56.366 7775 7775 E ArmVmp : Match on catch block at 0xc3 in for 0x159
02-26 12:35:56.372 7775 7775 E ArmVmp : Match on catch block at 0xc3 in for 0x141
02-26 12:35:56.374 7775 7775 E ArmVmp : Match on catch block at 0xc3 in for 0x159
02-26 12:35:56.382 7775 7775 E ArmVmp : Match on catch block at 0xc3 in for 0x141
02-26 12:35:56.384 7775 7775 E ArmVmp : Match on catch block at 0xc3 in for 0x159
02-26 12:35:56.389 7775 7775 E ArmVmp : Match on catch block at 0xc3 in for 0x14d
02-26 12:35:56.392 7775 7775 E ArmVmp : Match on catch block at 0xc3 in for 0x149
02-26 12:35:56.396 7775 7775 E ArmVmp : Match on catch block at 0xc3 in for 0x159
02-26 12:35:56.399 7775 7775 E ArmVmp : Match on catch block at 0xc3 in for 0x155
02-26 12:35:56.405 7775 7775 E ArmVmp : Match on catch block at 0xc3 in for 0x149
02-26 12:35:56.408 7775 7775 E ArmVmp : Match on catch block at 0xc3 in for 0x145
02-26 12:35:56.413 7775 7775 E ArmVmp : Match on catch block at 0xc3 in for 0x155
02-26 12:35:56.416 7775 7775 E ArmVmp : Match on catch block at 0xc3 in for 0x151
02-26 12:35:56.423 7775 7775 E ArmVmp : Match on catch block at 0xc3 in for 0x159
02-26 12:35:56.426 7775 7775 E ArmVmp : Match on catch block at 0xc3 in for 0x155
02-26 12:35:56.430 7775 7775 E ArmVmp : Match on catch block at 0xc3 in for 0x149
02-26 12:35:56.432 7775 7775 E ArmVmp : Match on catch block at 0xc3 in for 0x145
02-26 12:35:56.439 7775 7775 E ArmVmp : Match on catch block at 0xc3 in for 0x155
02-26 12:35:56.441 7775 7775 E ArmVmp : Match on catch block at 0xc3 in for 0x151
02-26 12:35:56.447 7775 7775 E ArmVmp : Match on catch block at 0xc3 in for 0x145
02-26 12:35:56.449 7775 7775 E ArmVmp : Match on catch block at 0xc3 in for 0x141
02-26 12:35:56.455 7775 7775 E ArmVmp : Match on catch block at 0xc3 in for 0x151
02-26 12:35:56.458 7775 7775 E ArmVmp : Match on catch block at 0xc3 in for 0x14d
02-26 12:35:56.463 7775 7775 E ArmVmp : Match on catch block at 0xc3 in for 0x141
02-26 12:35:56.467 7775 7775 E ArmVmp : Match on catch block at 0xc3 in for 0x159
02-26 12:35:56.473 7775 7775 E ArmVmp : Match on catch block at 0xc3 in for 0x14d
02-26 12:35:56.475 7775 7775 E ArmVmp : Match on catch block at 0xc3 in for 0x149
02-26 12:35:56.480 7775 7775 E ArmVmp : Match on catch block at 0xc3 in for 0x159
02-26 12:35:56.482 7775 7775 E ArmVmp : Match on catch block at 0xc3 in for 0x155
02-26 12:35:56.488 7775 7775 E ArmVmp : Match on catch block at 0xc3 in for 0x149
02-26 12:35:56.491 7775 7775 E ArmVmp : Match on catch block at 0xc3 in for 0x145
02-26 12:35:56.497 7775 7775 E ArmVmp : Match on catch block at 0xc3 in for 0x155
02-26 12:35:56.500 7775 7775 E ArmVmp : Match on catch block at 0xc3 in for 0x151
02-26 12:35:56.505 7775 7775 E ArmVmp : Match on catch block at 0xc3 in for 0x145
02-26 12:35:56.508 7775 7775 E ArmVmp : Match on catch block at 0xc3 in for 0x141
02-26 12:35:56.513 7775 7775 E ArmVmp : Match on catch block at 0xc3 in for 0x151
02-26 12:35:56.516 7775 7775 E ArmVmp : Match on catch block at 0xc3 in for 0x14d
02-26 12:35:56.522 7775 7775 E ArmVmp : Match on catch block at 0xc3 in for 0x141
02-26 12:35:56.524 7775 7775 E ArmVmp : Match on catch block at 0xc3 in for 0x159
02-26 12:35:56.530 7775 7775 E ArmVmp : Match on catch block at 0xc3 in for 0x14d
02-26 12:35:56.533 7775 7775 E ArmVmp : Match on catch block at 0xc3 in for 0x149
02-26 12:35:56.538 7775 7775 E ArmVmp : Match on catch block at 0xc3 in for 0x159
02-26 12:35:56.541 7775 7775 E ArmVmp : Match on catch block at 0xc3 in for 0x155
02-26 12:35:56.548 7775 7775 E ArmVmp : Match on catch block at 0xc3 in for 0x149
02-26 12:35:56.551 7775 7775 E ArmVmp : Match on catch block at 0xc3 in for 0x145
02-26 12:35:56.555 7775 7775 E ArmVmp : Match on catch block at 0xc3 in for 0x155
02-26 12:35:56.557 7775 7775 E ArmVmp : Match on catch block at 0xc3 in for 0x151
02-26 12:35:56.563 7775 7775 E ArmVmp : Match on catch block at 0xc3 in for 0x145
02-26 12:35:56.565 7775 7775 E ArmVmp : Match on catch block at 0xc3 in for 0x141
02-26 12:35:56.572 7775 7775 E ArmVmp : Match on catch block at 0xc3 in for 0x151
02-26 12:35:56.574 7775 7775 E ArmVmp : Match on catch block at 0xc3 in for 0x14d
02-26 12:35:56.580 7775 7775 E ArmVmp : Match on catch block at 0xc3 in for 0x141
02-26 12:35:56.582 7775 7775 E ArmVmp : Match on catch block at 0xc3 in for 0x159
02-26 12:35:56.588 7775 7775 E ArmVmp : Match on catch block at 0xc3 in for 0x14d
02-26 12:35:56.590 7775 7775 E ArmVmp : Match on catch block at 0xc3 in for 0x149
02-26 12:35:56.596 7775 7775 E ArmVmp : Match on catch block at 0xc3 in for 0x159
02-26 12:35:56.599 7775 7775 E ArmVmp : Match on catch block at 0xc3 in for 0x155
02-26 12:35:56.605 7775 7775 E ArmVmp : Match on catch block at 0xc3 in for 0x149
02-26 12:35:56.607 7775 7775 E ArmVmp : Match on catch block at 0xc3 in for 0x145
02-26 12:35:56.614 7775 7775 E ArmVmp : Match on catch block at 0xc3 in for 0x155
02-26 12:35:56.616 7775 7775 E ArmVmp : Match on catch block at 0xc3 in for 0x151
02-26 12:35:56.622 7775 7775 E ArmVmp : Match on catch block at 0xc3 in for 0x145
02-26 12:35:56.624 7775 7775 E ArmVmp : Match on catch block at 0xc3 in for 0x141
02-26 12:35:56.630 7775 7775 E ArmVmp : Match on catch block at 0xc3 in for 0x151
02-26 12:35:56.633 7775 7775 E ArmVmp : Match on catch block at 0xc3 in for 0x14d
02-26 12:35:56.638 7775 7775 E ArmVmp : Match on catch block at 0xc3 in for 0x141
02-26 12:35:56.640 7775 7775 E ArmVmp : Match on catch block at 0xc3 in for 0x159
02-26 12:35:56.647 7775 7775 E ArmVmp : Match on catch block at 0xc3 in for 0x14d
02-26 12:35:56.649 7775 7775 E ArmVmp : Match on catch block at 0xc3 in for 0x149
02-26 12:35:56.655 7775 7775 E ArmVmp : Match on catch block at 0xc3 in for 0x159
02-26 12:35:56.658 7775 7775 E ArmVmp : Match on catch block at 0xc3 in for 0x155
02-26 12:35:56.663 7775 7775 E ArmVmp : Match on catch block at 0xc3 in for 0x149
02-26 12:35:56.665 7775 7775 E ArmVmp : Match on catch block at 0xc3 in for 0x145
02-26 12:35:56.672 7775 7775 E ArmVmp : Match on catch block at 0xc3 in for 0x155
02-26 12:35:56.674 7775 7775 E ArmVmp : Match on catch block at 0xc3 in for 0x151
02-26 12:35:56.680 7775 7775 E ArmVmp : Match on catch block at 0xc3 in for 0x145
02-26 12:35:56.682 7775 7775 E ArmVmp : Match on catch block at 0xc3 in for 0x141
02-26 12:35:56.690 7775 7775 E ArmVmp : Match on catch block at 0xc3 in for 0x145
02-26 12:35:56.692 7775 7775 E ArmVmp : Match on catch block at 0xc3 in for 0x141
02-26 12:35:56.696 7775 7775 E ArmVmp : Match on catch block at 0xc3 in for 0x151
02-26 12:35:56.698 7775 7775 E ArmVmp : Match on catch block at 0xc3 in for 0x14d
02-26 12:35:56.706 7775 7775 E ArmVmp : Match on catch block at 0xc3 in for 0x141
02-26 12:35:56.710 7775 7775 E ArmVmp : Match on catch block at 0xc3 in for 0x159
02-26 12:35:56.716 7775 7775 E ArmVmp : Match on catch block at 0xc3 in for 0x14d
02-26 12:35:56.717 7775 7775 E ArmVmp : Match on catch block at 0xc3 in for 0x149
02-26 12:35:56.722 7775 7775 E ArmVmp : Match on catch block at 0xc3 in for 0x159
02-26 12:35:56.724 7775 7775 E ArmVmp : Match on catch block at 0xc3 in for 0x155
02-26 12:35:56.730 7775 7775 E ArmVmp : Match on catch block at 0xc3 in for 0x149
02-26 12:35:56.732 7775 7775 E ArmVmp : Match on catch block at 0xc3 in for 0x145
02-26 12:35:56.739 7775 7775 E ArmVmp : Match on catch block at 0xc3 in for 0x155
02-26 12:35:56.741 7775 7775 E ArmVmp : Match on catch block at 0xc3 in for 0x151
02-26 12:35:56.747 7775 7775 E ArmVmp : Match on catch block at 0xc3 in for 0x145
02-26 12:35:56.749 7775 7775 E ArmVmp : Match on catch block at 0xc3 in for 0x141
02-26 12:35:56.755 7775 7775 E ArmVmp : Match on catch block at 0xc3 in for 0x151
02-26 12:35:56.758 7775 7775 E ArmVmp : Match on catch block at 0xc3 in for 0x14d
02-26 12:35:56.763 7775 7775 E ArmVmp : Match on catch block at 0xc3 in for 0x141
02-26 12:35:56.766 7775 7775 E ArmVmp : Match on catch block at 0xc3 in for 0x159
02-26 12:35:56.772 7775 7775 E ArmVmp : Match on catch block at 0xc3 in for 0x14d
02-26 12:35:56.774 7775 7775 E ArmVmp : Match on catch block at 0xc3 in for 0x149
02-26 12:35:56.780 7775 7775 E ArmVmp : Match on catch block at 0xc3 in for 0x159
02-26 12:35:56.785 7775 7775 E ArmVmp : Match on catch block at 0xc3 in for 0x155
02-26 12:35:56.794 7775 7775 E ArmVmp : Match on catch block at 0xc3 in for 0x149
02-26 12:35:56.797 7775 7775 E ArmVmp : Match on catch block at 0xc3 in for 0x145
02-26 12:35:56.800 7775 7775 E ArmVmp : Match on catch block at 0xc3 in for 0x155
02-26 12:35:56.802 7775 7775 E ArmVmp : Match on catch block at 0xc3 in for 0x151
02-26 12:35:56.805 7775 7775 E ArmVmp : Match on catch block at 0xc3 in for 0x145
02-26 12:35:56.806 7775 7775 E ArmVmp : Match on catch block at 0xc3 in for 0x141
02-26 12:35:56.813 7775 7775 E ArmVmp : Match on catch block at 0xc3 in for 0x151
02-26 12:35:56.815 7775 7775 E ArmVmp : Match on catch block at 0xc3 in for 0x14d
02-26 12:35:56.822 7775 7775 E ArmVmp : Match on catch block at 0xc3 in for 0x141
02-26 12:35:56.824 7775 7775 E ArmVmp : Match on catch block at 0xc3 in for 0x159
02-26 12:35:56.830 7775 7775 E ArmVmp : Match on catch block at 0xc3 in for 0x14d
02-26 12:35:56.832 7775 7775 E ArmVmp : Match on catch block at 0xc3 in for 0x149
02-26 12:35:56.838 7775 7775 E ArmVmp : Match on catch block at 0xc3 in for 0x159
02-26 12:35:56.841 7775 7775 E ArmVmp : Match on catch block at 0xc3 in for 0x155
02-26 12:35:56.847 7775 7775 E ArmVmp : Match on catch block at 0xc3 in for 0x149
02-26 12:35:56.849 7775 7775 E ArmVmp : Match on catch block at 0xc3 in for 0x145
02-26 12:35:56.855 7775 7775 E ArmVmp : Match on catch block at 0xc3 in for 0x155
02-26 12:35:56.858 7775 7775 E ArmVmp : Match on catch block at 0xc3 in for 0x151
02-26 12:35:56.864 7775 7775 E ArmVmp : Match on catch block at 0xc3 in for 0x145
02-26 12:35:56.871 7775 7775 E ArmVmp : Match on catch block at 0xc3 in for 0x141
02-26 12:35:56.875 7775 7775 E ArmVmp : Match on catch block at 0xc3 in for 0x151
02-26 12:35:56.877 7775 7775 E ArmVmp : Match on catch block at 0xc3 in for 0x14d
02-26 12:35:56.880 7775 7775 E ArmVmp : Match on catch block at 0xc3 in for 0x141
02-26 12:35:56.882 7775 7775 E ArmVmp : Match on catch block at 0xc3 in for 0x159
02-26 12:35:56.888 7775 7775 E ArmVmp : Match on catch block at 0xc3 in for 0x14d
02-26 12:35:56.891 7775 7775 E ArmVmp : Match on catch block at 0xc3 in for 0x149
02-26 12:35:56.897 7775 7775 E ArmVmp : Match on catch block at 0xc3 in for 0x159
02-26 12:35:56.899 7775 7775 E ArmVmp : Match on catch block at 0xc3 in for 0x155
02-26 12:35:56.905 7775 7775 E ArmVmp : Match on catch block at 0xc3 in for 0x149
02-26 12:35:56.907 7775 7775 E ArmVmp : Match on catch block at 0xc3 in for 0x145
02-26 12:35:56.913 7775 7775 E ArmVmp : Match on catch block at 0xc3 in for 0x155
02-26 12:35:56.916 7775 7775 E ArmVmp : Match on catch block at 0xc3 in for 0x151
02-26 12:35:56.923 7775 7775 E ArmVmp : Match on catch block at 0xc3 in for 0x145
02-26 12:35:56.925 7775 7775 E ArmVmp : Match on catch block at 0xc3 in for 0x141
02-26 12:35:56.930 7775 7775 E ArmVmp : Match on catch block at 0xc3 in for 0x151
02-26 12:35:56.932 7775 7775 E ArmVmp : Match on catch block at 0xc3 in for 0x14d
02-26 12:35:56.938 7775 7775 E ArmVmp : Match on catch block at 0xc3 in for 0x141
02-26 12:35:56.941 7775 7775 E ArmVmp : Match on catch block at 0xc3 in for 0x159
02-26 12:35:56.948 7775 7775 E ArmVmp : Match on catch block at 0xc3 in for 0x14d
02-26 12:35:56.952 7775 7775 E ArmVmp : Match on catch block at 0xc3 in for 0x149
02-26 12:35:56.955 7775 7775 E ArmVmp : Match on catch block at 0xc3 in for 0x159
02-26 12:35:56.959 7775 7775 E ArmVmp : Match on catch block at 0xc3 in for 0x155
02-26 12:35:56.964 7775 7775 E ArmVmp : Match on catch block at 0xc3 in for 0x149
02-26 12:35:56.967 7775 7775 E ArmVmp : Match on catch block at 0xc3 in for 0x145
02-26 12:35:56.972 7775 7775 E ArmVmp : Match on catch block at 0xc3 in for 0x155
02-26 12:35:56.974 7775 7775 E ArmVmp : Match on catch block at 0xc3 in for 0x151
02-26 12:35:56.980 7775 7775 E ArmVmp : Match on catch block at 0xc3 in for 0x145
02-26 12:35:56.982 7775 7775 E ArmVmp : Match on catch block at 0xc3 in for 0x141
02-26 12:35:56.988 7775 7775 E ArmVmp : Match on catch block at 0xc3 in for 0x151
02-26 12:35:56.991 7775 7775 E ArmVmp : Match on catch block at 0xc3 in for 0x14d
02-26 12:35:56.997 7775 7775 E ArmVmp : Match on catch block at 0xc3 in for 0x141
02-26 12:35:57.000 7775 7775 E ArmVmp : Match on catch block at 0xc3 in for 0x159
02-26 12:35:57.005 7775 7775 E ArmVmp : Match on catch block at 0xc3 in for 0x14d
02-26 12:35:57.009 7775 7775 E ArmVmp : Match on catch block at 0xc3 in for 0x149
02-26 12:35:57.013 7775 7775 E ArmVmp : Match on catch block at 0xc3 in for 0x159
02-26 12:35:57.015 7775 7775 E ArmVmp : Match on catch block at 0xc3 in for 0x155
02-26 12:35:57.022 7775 7775 E ArmVmp : Match on catch block at 0xc3 in for 0x149
02-26 12:35:57.025 7775 7775 E ArmVmp : Match on catch block at 0xc3 in for 0x145
02-26 12:35:57.031 7775 7775 E ArmVmp : Match on catch block at 0xc3 in for 0x155
02-26 12:35:57.035 7775 7775 E ArmVmp : Match on catch block at 0xc3 in for 0x151
02-26 12:35:57.038 7775 7775 E ArmVmp : Match on catch block at 0xc3 in for 0x145
02-26 12:35:57.041 7775 7775 E ArmVmp : Match on catch block at 0xc3 in for 0x141
02-26 12:35:57.047 7775 7775 E ArmVmp : Match on catch block at 0xc3 in for 0x151
02-26 12:35:57.049 7775 7775 E ArmVmp : Match on catch block at 0xc3 in for 0x14d
02-26 12:35:57.055 7775 7775 E ArmVmp : Match on catch block at 0xc3 in for 0x141
02-26 12:35:57.058 7775 7775 E ArmVmp : Match on catch block at 0xc3 in for 0x159
02-26 12:35:57.064 7775 7775 E ArmVmp : Match on catch block at 0xc3 in for 0x14d
02-26 12:35:57.066 7775 7775 E ArmVmp : Match on catch block at 0xc3 in for 0x149
02-26 12:35:57.072 7775 7775 E ArmVmp : Match on catch block at 0xc3 in for 0x159
02-26 12:35:57.074 7775 7775 E ArmVmp : Match on catch block at 0xc3 in for 0x155
02-26 12:35:57.080 7775 7775 E ArmVmp : Match on catch block at 0xc3 in for 0x149
02-26 12:35:57.084 7775 7775 E ArmVmp : Match on catch block at 0xc3 in for 0x145
02-26 12:35:57.088 7775 7775 E ArmVmp : Match on catch block at 0xc3 in for 0x155
02-26 12:35:57.092 7775 7775 E ArmVmp : Match on catch block at 0xc3 in for 0x151
02-26 12:35:57.097 7775 7775 E ArmVmp : Match on catch block at 0xc3 in for 0x145
02-26 12:35:57.099 7775 7775 E ArmVmp : Match on catch block at 0xc3 in for 0x141
02-26 12:35:57.108 7775 7775 E ArmVmp : Match on catch block at 0xc3 in for 0x159
02-26 12:35:57.116 7775 7775 E ArmVmp : Match on catch block at 0xc3 in for 0x155
02-26 12:35:57.119 7775 7775 E ArmVmp : Match on catch block at 0xc3 in for 0x149
02-26 12:35:57.122 7775 7775 E ArmVmp : Match on catch block at 0xc3 in for 0x145
02-26 12:35:57.125 7775 7775 E ArmVmp : Match on catch block at 0xc3 in for 0x149
02-26 12:35:57.127 7775 7775 E ArmVmp : Match on catch block at 0xc3 in for 0x145
02-26 12:35:57.130 7775 7775 E ArmVmp : Match on catch block at 0xc3 in for 0x149
02-26 12:35:57.133 7775 7775 E ArmVmp : Match on catch block at 0xc3 in for 0x145
02-26 12:35:57.139 7775 7775 E ArmVmp : Match on catch block at 0xc3 in for 0x149
02-26 12:35:57.142 7775 7775 E ArmVmp : Match on catch block at 0xc3 in for 0x145
02-26 12:35:57.147 7775 7775 E ArmVmp : Match on catch block at 0xc3 in for 0x141
02-26 12:35:57.149 7775 7775 E ArmVmp : Match on catch block at 0xc3 in for 0x159
02-26 12:35:57.156 7775 7775 E ArmVmp : Match on catch block at 0xc3 in for 0x151
02-26 12:35:57.158 7775 7775 E ArmVmp : Match on catch block at 0xc3 in for 0x14d
02-26 12:35:57.164 7775 7775 E ArmVmp : Match on catch block at 0xc3 in for 0x145
02-26 12:35:57.167 7775 7775 E ArmVmp : Match on catch block at 0xc3 in for 0x141
02-26 12:35:57.172 7775 7775 E ArmVmp : Match on catch block at 0xc3 in for 0x155
02-26 12:35:57.175 7775 7775 E ArmVmp : Match on catch block at 0xc3 in for 0x151
02-26 12:35:57.181 7775 7775 E ArmVmp : Match on catch block at 0xc3 in for 0x149
