02-26 13:12:07.554 7775 7775 E ArmVmp : Match on catch block at 0xc3 in for 0x159
02-26 13:12:07.559 7775 7775 E ArmVmp : Match on catch block at 0xc3 in for 0x155
02-26 13:12:07.570 7775 7775 E ArmVmp : Match on catch block at 0xc3 in for 0x159
02-26 13:12:07.574 7775 7775 E ArmVmp : Match on catch block at 0xc3 in for 0x155
02-26 13:12:07.886 7775 7775 E ArmVmp : Match on catch block at 0xc3 in for 0x145
02-26 13:12:07.890 7775 7775 E ArmVmp : Match on catch block at 0xc3 in for 0x141
02-26 13:12:08.019 7775 7775 E ArmVmp : Match on catch block at 0xc3 in for 0x159
02-26 13:12:08.024 7775 7775 E ArmVmp : Match on catch block at 0xc3 in for 0x155
02-26 13:12:08.221 7775 7775 E ArmVmp : Match on catch block at 0xc3 in for 0x151
02-26 13:12:08.224 7775 7775 E ArmVmp : Match on catch block at 0xc3 in for 0x14d
02-26 13:12:08.370 7775 7775 E ArmVmp : Match on catch block at 0xc3 in for 0x149
02-26 13:12:08.374 7775 7775 E ArmVmp : Match on catch block at 0xc3 in for 0x145
02-26 13:12:08.674 7775 7775 E ArmVmp : Match on catch block at 0xc3 in for 0x141
02-26 13:12:08.679 7775 7775 E ArmVmp : Match on catch block at 0xc3 in for 0x159
02-26 13:12:08.690 7775 7775 E ArmVmp : Match on catch block at 0xc3 in for 0x141
02-26 13:12:08.693 7775 7775 E ArmVmp : Match on catch block at 0xc3 in for 0x159
02-26 13:12:08.709 7775 7775 E ArmVmp : Match on catch block at 0xc3 in for 0x149
02-26 13:12:08.712 7775 7775 E ArmVmp : Match on catch block at 0xc3 in for 0x145
02-26 13:12:08.728 7775 7775 E ArmVmp : Match on catch block at 0xc3 in for 0x14d
02-26 13:12:08.730 7775 7775 E ArmVmp : Match on catch block at 0xc3 in for 0x149
02-26 13:12:08.737 7775 7775 E ArmVmp : Match on catch block at 0xc3 in for 0x14d
02-26 13:12:08.738 7775 7775 E ArmVmp : Match on catch block at 0xc3 in for 0x149
02-26 13:12:08.744 7775 7775 E ArmVmp : Match on catch block at 0xc3 in for 0x149
02-26 13:12:08.746 7775 7775 E ArmVmp : Match on catch block at 0xc3 in for 0x145
02-26 13:12:08.750 7775 7775 E ArmVmp : Match on catch block at 0xc3 in for 0x155
02-26 13:12:08.753 7775 7775 E ArmVmp : Match on catch block at 0xc3 in for 0x151
02-26 13:12:08.759 7775 7775 E ArmVmp : Match on catch block at 0xc3 in for 0x145
02-26 13:12:08.761 7775 7775 E ArmVmp : Match on catch block at 0xc3 in for 0x141
02-26 13:12:08.768 7775 7775 E ArmVmp : Match on catch block at 0xc3 in for 0x151
02-26 13:12:08.772 7775 7775 E ArmVmp : Match on catch block at 0xc3 in for 0x14d
02-26 13:12:08.776 7775 7775 E ArmVmp : Match on catch block at 0xc3 in for 0x141
02-26 13:12:08.779 7775 7775 E ArmVmp : Match on catch block at 0xc3 in for 0x159
02-26 13:12:08.784 7775 7775 E ArmVmp : Match on catch block at 0xc3 in for 0x14d
02-26 13:12:08.787 7775 7775 E ArmVmp : Match on catch block at 0xc3 in for 0x149
02-26 13:12:08.792 7775 7775 E ArmVmp : Match on catch block at 0xc3 in for 0x159
02-26 13:12:08.795 7775 7775 E ArmVmp : Match on catch block at 0xc3 in for 0x155
02-26 13:12:08.801 7775 7775 E ArmVmp : Match on catch block at 0xc3 in for 0x149
02-26 13:12:08.802 7775 7775 E ArmVmp : Match on catch block at 0xc3 in for 0x145
02-26 13:12:08.809 7775 7775 E ArmVmp : Match on catch block at 0xc3 in for 0x155
02-26 13:12:08.811 7775 7775 E ArmVmp : Match on catch block at 0xc3 in for 0x151
02-26 13:12:08.817 7775 7775 E ArmVmp : Match on catch block at 0xc3 in for 0x145
02-26 13:12:08.819 7775 7775 E ArmVmp : Match on catch block at 0xc3 in for 0x141
02-26 13:12:08.826 7775 7775 E ArmVmp : Match on catch block at 0xc3 in for 0x151
02-26 13:12:08.827 7775 7775 E ArmVmp : Match on catch block at 0xc3 in for 0x14d
02-26 13:12:08.834 7775 7775 E ArmVmp : Match on catch block at 0xc3 in for 0x141
02-26 13:12:08.837 7775 7775 E ArmVmp : Match on catch block at 0xc3 in for 0x159
02-26 13:12:08.843 7775 7775 E ArmVmp : Match on catch block at 0xc3 in for 0x14d
02-26 13:12:08.846 7775 7775 E ArmVmp : Match on catch block at 0xc3 in for 0x149
02-26 13:12:08.850 7775 7775 E ArmVmp : Match on catch block at 0xc3 in for 0x159
02-26 13:12:08.853 7775 7775 E ArmVmp : Match on catch block at 0xc3 in for 0x155
02-26 13:12:08.859 7775 7775 E ArmVmp : Match on catch block at 0xc3 in for 0x149
02-26 13:12:08.861 7775 7775 E ArmVmp : Match on catch block at 0xc3 in for 0x145
02-26 13:12:08.867 7775 7775 E ArmVmp : Match on catch block at 0xc3 in for 0x155
02-26 13:12:08.870 7775 7775 E ArmVmp : Match on catch block at 0xc3 in for 0x151
02-26 13:12:08.911 7775 7775 E ArmVmp : Match on catch block at 0xc3 in for 0x145
02-26 13:12:08.914 7775 7775 E ArmVmp : Match on catch block at 0xc3 in for 0x141
02-26 13:12:08.923 7775 26303 W MediaPlayer: Use of stream types is deprecated for operations other than volume control
02-26 13:12:08.923 7775 26303 W MediaPlayer: See the documentation of setAudioStreamType() for what to use instead with android.media.AudioAttributes to qualify your playback use case
02-26 13:12:08.934 7775 25258 W MediaPlayerNative: info/warning (10973, 0)
02-26 13:12:09.200 7775 7775 E ArmVmp : Match on catch block at 0xc3 in for 0x151
02-26 13:12:09.209 7775 7775 E ArmVmp : Match on catch block at 0xc3 in for 0x14d
02-26 13:12:09.694 7775 7775 E ArmVmp : Match on catch block at 0xc3 in for 0x145
02-26 13:12:09.700 7775 7775 E ArmVmp : Match on catch block at 0xc3 in for 0x141
02-26 13:12:09.808 7775 7775 E ArmVmp : Match on catch block at 0xc3 in for 0x14d
02-26 13:12:09.809 7775 7775 E ArmVmp : Match on catch block at 0xc3 in for 0x149
02-26 13:12:09.819 7775 7775 E ArmVmp : Match on catch block at 0xc3 in for 0x159
02-26 13:12:09.822 7775 7775 E ArmVmp : Match on catch block at 0xc3 in for 0x155
02-26 13:12:09.879 7775 7775 E ArmVmp : Match on catch block at 0xc3 in for 0x159
02-26 13:12:09.882 7775 7775 E ArmVmp : Match on catch block at 0xc3 in for 0x155
02-26 13:12:09.952 7775 7775 E ArmVmp : Match on catch block at 0xc3 in for 0x159
02-26 13:12:09.955 7775 7775 E ArmVmp : Match on catch block at 0xc3 in for 0x155
02-26 13:12:09.974 7775 7775 E ArmVmp : Match on catch block at 0xc3 in for 0x145
02-26 13:12:09.976 7775 7775 E ArmVmp : Match on catch block at 0xc3 in for 0x141
02-26 13:12:10.058 7775 7775 E ArmVmp : Match on catch block at 0xc3 in for 0x155
02-26 13:12:10.062 7775 7775 E ArmVmp : Match on catch block at 0xc3 in for 0x151
02-26 13:12:10.436 7775 7775 E ArmVmp : Match on catch block at 0xc3 in for 0x151
02-26 13:12:10.438 7775 7775 E ArmVmp : Match on catch block at 0xc3 in for 0x14d
02-26 13:12:12.586 7775 11782 W Parcel : Expecting binder but got null!
02-26 13:12:15.478 7775 7775 E ArmVmp : Match on catch block at 0x0a in for 0x18d
02-26 13:12:15.486 7775 7775 E ArmVmp : Match on catch block at 0x0a in for 0x269
02-26 13:12:15.519 7775 7775 W Activity: Can request only one set of permissions at a time
02-26 13:12:15.583 7775 26995 W com.mbwhatsapp: Accessing hidden method Lcom/android/org/conscrypt/ConscryptEngineSocket;->setUseSessionTickets(Z)V (max- target-q,core-platform-api, reflection, denied)
02-26 13:12:15.583 7775 26995 W com.mbwhatsapp: Accessing hidden method Lcom/android/org/conscrypt/OpenSSLSocketImpl;->setUseSessionTickets(Z)V (max- target-q,core-platform-api, reflection, denied)
02-26 13:12:15.583 7775 26995 W com.mbwhatsapp: Accessing hidden method Lcom/android/org/conscrypt/AbstractConscryptSocket;->setUseSessionTickets(Z)V (max- target-q, reflection, denied)
02-26 13:12:15.583 7775 26995 W com.mbwhatsapp: Accessing hidden method Lcom/android/org/conscrypt/ConscryptEngineSocket;->setHostname(Ljava/lang/String;)V (max-target-q,core-platform-api, reflection, denied)
02-26 13:12:15.583 7775 26995 W com.mbwhatsapp: Accessing hidden method Lcom/android/org/conscrypt/OpenSSLSocketImpl;->setHostname(Ljava/lang/String;)V (max-target-q,core-platform-api, reflection, denied)
02-26 13:12:15.584 7775 26995 W com.mbwhatsapp: Accessing hidden method Lcom/android/org/conscrypt/AbstractConscryptSocket;->setHostname(Ljava/lang/ String;)V (max-target-q, reflection, denied)
02-26 13:12:15.584 7775 26995 W com.mbwhatsapp: Accessing hidden method Lcom/android/org/conscrypt/OpenSSLSocketImpl;->setAlpnProtocols([B)V (max-target- q,core-platform-api, reflection, denied)
02-26 13:12:15.584 7775 26995 W com.mbwhatsapp: Accessing hidden method Lcom/android/org/conscrypt/AbstractConscryptSocket;->setAlpnProtocols([B)V (max- target-q, reflection, denied)
02-26 13:12:15.620 7775 26995 W com.mbwhatsapp: Accessing hidden method Lcom/android/org/conscrypt/OpenSSLSocketImpl;->getAlpnSelectedProtocol()[B (max- target-q,core-platform-api, reflection, denied)
02-26 13:12:15.620 7775 26995 W com.mbwhatsapp: Accessing hidden method Lcom/android/org/conscrypt/AbstractConscryptSocket;->getAlpnSelectedProtocol()[B (max-target-q, reflection, denied)
02-26 13:12:15.881 7775 11782 W Parcel : Expecting binder but got null!
02-26 13:12:15.885 7775 7775 E ArmVmp : Match on catch block at 0x0a in for 0x1b5
02-26 13:12:18.102 7775 7884 E SQLiteDatabase: Error inserting transferred=1 media_job_uuid=f19f4f77-8e53-4f4c-919e-95227f2aee87 transcoded=0 gif_attribution=0 first_scan_length=0 direct_path=/v/t62.15575- 24/32278084_1621609781978265_2604202826716833238_n.enc?ccb=11- 4&oh=01_AdQsuaAr30SkqW6ouNMcwb-g2hCSGTODSvGBuKFLaONcnQ&oe=66044B11&_nc_sid=5e03e0 thumbnail_height_width_ratio=1.0 is_animated_sticker=0 file_hash=1StrxBQudD3aaxYnutcJiFbVOs5WbNC01g4Dtr3vilk= file_path=Media/MBWhatsApp Stickers/STK-20240226-WA0016.webp file_size=21632 partial_media_hash=null face_x=0 face_y=0 height=64 trim_to=0 media_key_timestamp=1708971135000 message_url=https://mmg.whatsapp.net/v/t62.15575- 24/32278084_1621609781978265_2604202826716833238_n.enc?ccb=11- 4&oh=01_AdQsuaAr30SkqW6ouNMcwb- g2hCSGTODSvGBuKFLaONcnQ&oe=66044B11&_nc_sid=5e03e0&mms3=true media_caption=null trim_from=0 mime_type=image/webp partial_media_enc_hash=null width=64 original_file_hash=null has_streaming_sidecar=0 autotransfer_retry_enabled=1 media_upload_handle=null message_row_id=1219 multicast_id=null enc_file_hash=fJumoBHSpXD6t5my5PD2ECu7WDU7Eo3xzKw+pIc/Jiw= mute_video=0 page_count=0 first_scan_sidecar=null suspicious_content=0 file_length=21632 media_name=null media_duration=0 chat_row_id=10 media_key=[B@efe5ebb
02-26 13:12:18.102 7775 7884 E SQLiteDatabase: android.database.sqlite.SQLiteConstraintException: UNIQUE constraint failed: message_media.message_row_id (code 1555 SQLITE_CONSTRAINT_PRIMARYKEY[1555])
02-26 13:12:18.102 7775 7884 E SQLiteDatabase: at android.database.sqlite.SQLiteConnection.nativeExecuteForLastInsertedRowId(Native Method)
02-26 13:12:18.102 7775 7884 E SQLiteDatabase: at android.database.sqlite.SQLiteConnection.executeForLastInsertedRowId(SQLiteConnecti on.java:1275)
02-26 13:12:18.102 7775 7884 E SQLiteDatabase: at android.database.sqlite.SQLiteSession.executeForLastInsertedRowId(SQLiteSession.jav a:790)
02-26 13:12:18.102 7775 7884 E SQLiteDatabase: at android.database.sqlite.SQLiteStatement.executeInsert(SQLiteStatement.java:89)
02-26 13:12:18.102 7775 7884 E SQLiteDatabase: at android.database.sqlite.SQLiteDatabase.insertWithOnConflict(SQLiteDatabase.java:241 0)
02-26 13:12:18.102 7775 7884 E SQLiteDatabase: at android.database.sqlite.SQLiteDatabase.insert(SQLiteDatabase.java:2279)
02-26 13:12:18.102 7775 7884 E SQLiteDatabase: at X.2tm.A08(Unknown Source:6)
02-26 13:12:18.102 7775 7884 E SQLiteDatabase: at X.35Y.A07(Unknown Source:212)
02-26 13:12:18.102 7775 7884 E SQLiteDatabase: at X.3QF.A14(Unknown Source:470)
02-26 13:12:18.102 7775 7884 E SQLiteDatabase: at X.3gU.run(Unknown Source:982)
02-26 13:12:18.102 7775 7884 E SQLiteDatabase: at android.os.Handler.handleCallback(Handler.java:942)
02-26 13:12:18.102 7775 7884 E SQLiteDatabase: at android.os.Handler.dispatchMessage(Handler.java:99)
02-26 13:12:18.102 7775 7884 E SQLiteDatabase: at X.0zq.dispatchMessage(Unknown Source:4)
02-26 13:12:18.102 7775 7884 E SQLiteDatabase: at android.os.Looper.loopOnce(Looper.java:226)
02-26 13:12:18.102 7775 7884 E SQLiteDatabase: at android.os.Looper.loop(Looper.java:313)
02-26 13:12:18.102 7775 7884 E SQLiteDatabase: at android.os.HandlerThread.run(HandlerThread.java:67)
02-26 13:12:18.629 7775 7775 E ArmVmp : Match on catch block at 0x0a in for 0x199
02-26 13:12:18.631 7775 7775 E ArmVmp : Match on catch block at 0x0a in for 0x191
02-26 13:12:18.767 7775 7775 E ArmVmp : Match on catch block at 0xc3 in for 0x175
02-26 13:12:18.771 7775 7775 E ArmVmp : Match on catch block at 0xc3 in for 0x16d
02-26 13:12:18.798 7775 11782 W Parcel : Expecting binder but got null!
02-26 13:12:18.824 7775 7775 E ArmVmp : Match on catch block at 0xc3 in for 0x14d
02-26 13:12:18.831 7775 7775 E ArmVmp : Match on catch block at 0xc3 in for 0x149
02-26 13:12:18.852 7775 7775 E ArmVmp : Match on catch block at 0xc3 in for 0x141
02-26 13:12:18.856 7775 7775 E ArmVmp : Match on catch block at 0xc3 in for 0x159
02-26 13:12:18.886 7775 7775 E ArmVmp : Match on catch block at 0xc3 in for 0x155
02-26 13:12:18.888 7775 7775 E ArmVmp : Match on catch block at 0xc3 in for 0x151
02-26 13:12:18.894 7775 7775 E ArmVmp : Match on catch block at 0xc3 in for 0x159
02-26 13:12:18.897 7775 7775 E ArmVmp : Match on catch block at 0xc3 in for 0x155
02-26 13:12:18.903 7775 7775 E ArmVmp : Match on catch block at 0xc3 in for 0x141
02-26 13:12:18.905 7775 7775 E ArmVmp : Match on catch block at 0xc3 in for 0x159
02-26 13:12:18.947 7775 7775 E ArmVmp : Match on catch block at 0xc3 in for 0x14d
02-26 13:12:18.955 7775 7775 E ArmVmp : Match on catch block at 0xc3 in for 0x149
02-26 13:12:18.960 7775 7775 E ArmVmp : Match on catch block at 0xc3 in for 0x151
02-26 13:12:18.963 7775 7775 E ArmVmp : Match on catch block at 0xc3 in for 0x14d
02-26 13:12:18.984 7775 7775 E ArmVmp : Match on catch block at 0xc3 in for 0x155
02-26 13:12:18.987 7775 7775 E ArmVmp : Match on catch block at 0xc3 in for 0x151
02-26 13:12:19.013 7775 7775 E ArmVmp : Match on catch block at 0xc3 in for 0x159
02-26 13:12:19.019 7775 7775 E ArmVmp : Match on catch block at 0xc3 in for 0x155
02-26 13:12:19.026 7775 7775 E ArmVmp : Match on catch block at 0xc3 in for 0x141
02-26 13:12:19.033 7775 7775 E ArmVmp : Match on catch block at 0xc3 in for 0x159
02-26 13:12:19.042 7775 7775 E ArmVmp : Match on catch block at 0xc3 in for 0x145
02-26 13:12:19.044 7775 7775 E ArmVmp : Match on catch block at 0xc3 in for 0x141
02-26 13:12:19.065 7775 7775 E ArmVmp : Match on catch block at 0xc3 in for 0x149
02-26 13:12:19.069 7775 7775 E ArmVmp : Match on catch block at 0xc3 in for 0x145
02-26 13:12:19.074 7775 7775 E ArmVmp : Match on catch block at 0xc3 in for 0x14d
02-26 13:12:19.076 7775 7775 E ArmVmp : Match on catch block at 0xc3 in for 0x149
02-26 13:12:19.082 7775 7775 E ArmVmp : Match on catch block at 0xc3 in for 0x151
02-26 13:12:19.084 7775 7775 E ArmVmp : Match on catch block at 0xc3 in for 0x14d
02-26 13:12:19.100 7775 7775 E ArmVmp : Match on catch block at 0xc3 in for 0x155
02-26 13:12:19.102 7775 7775 E ArmVmp : Match on catch block at 0xc3 in for 0x151
02-26 13:12:19.116 7775 7775 E ArmVmp : Match on catch block at 0xc3 in for 0x159
02-26 13:12:19.121 7775 7775 E ArmVmp : Match on catch block at 0xc3 in for 0x155
02-26 13:12:19.123 7775 7775 E ArmVmp : Match on catch block at 0xc3 in for 0x141
02-26 13:12:19.130 7775 7775 E ArmVmp : Match on catch block at 0xc3 in for 0x159
02-26 13:12:19.140 7775 7775 E ArmVmp : Match on catch block at 0xc3 in for 0x145
02-26 13:12:19.148 7775 7775 E ArmVmp : Match on catch block at 0xc3 in for 0x141
02-26 13:12:19.160 7775 7775 E ArmVmp : Match on catch block at 0xc3 in for 0x149
02-26 13:12:19.163 7775 7775 E ArmVmp : Match on catch block at 0xc3 in for 0x145
02-26 13:12:19.416 7775 7775 E ArmVmp : Match on catch block at 0xc3 in for 0x155
02-26 13:12:19.419 7775 7775 E ArmVmp : Match on catch block at 0xc3 in for 0x151
02-26 13:12:19.918 7775 7775 E ArmVmp : Match on catch block at 0xc3 in for 0x159
02-26 13:12:19.922 7775 7775 E ArmVmp : Match on catch block at 0xc3 in for 0x155
02-26 13:12:20.076 7775 7775 E ArmVmp : Match on catch block at 0xc3 in for 0x141
02-26 13:12:20.079 7775 7775 E ArmVmp : Match on catch block at 0xc3 in for 0x159
02-26 13:12:20.193 7775 7775 E ArmVmp : Match on catch block at 0xc3 in for 0x155
02-26 13:12:20.196 7775 7775 E ArmVmp : Match on catch block at 0xc3 in for 0x151
02-26 13:12:20.273 7775 7775 E ArmVmp : Match on catch block at 0xc3 in for 0x141
02-26 13:12:20.276 7775 7775 E ArmVmp : Match on catch block at 0xc3 in for 0x159
02-26 13:12:20.663 7775 7775 E ArmVmp : Match on catch block at 0xc3 in for 0x149
02-26 13:12:20.666 7775 7775 E ArmVmp : Match on catch block at 0xc3 in for 0x145
02-26 13:12:21.940 7775 7775 E ArmVmp : Match on catch block at 0x0a in for 0x195
02-26 13:12:21.941 7775 7775 E ArmVmp : Match on catch block at 0x0a in for 0x18d
02-26 13:12:22.058 7775 7775 E ArmVmp : Match on catch block at 0xc3 in for 0x171
02-26 13:12:22.060 7775 7775 E ArmVmp : Match on catch block at 0xc3 in for 0x169
02-26 13:12:22.061 7775 7775 E ArmVmp : Match on catch block at 0xc3 in for 0x161
02-26 13:12:22.071 7775 11782 W Parcel : Expecting binder but got null!
02-26 13:12:22.085 7775 7775 E ArmVmp : Match on catch block at 0xc3 in for 0x149
02-26 13:12:22.089 7775 7775 E ArmVmp : Match on catch block at 0xc3 in for 0x145
02-26 13:12:22.090 7775 7775 E ArmVmp : Match on catch block at 0xc3 in for 0x149
02-26 13:12:22.107 7775 7775 E ArmVmp : Match on catch block at 0xc3 in for 0x155
02-26 13:12:22.109 7775 7775 E ArmVmp : Match on catch block at 0xc3 in for 0x151
02-26 13:12:22.110 7775 7775 E ArmVmp : Match on catch block at 0xc3 in for 0x155
02-26 13:12:22.124 7775 7775 E ArmVmp : Match on catch block at 0xc3 in for 0x155
02-26 13:12:22.126 7775 7775 E ArmVmp : Match on catch block at 0xc3 in for 0x151
02-26 13:12:22.128 7775 7775 E ArmVmp : Match on catch block at 0xc3 in for 0x155
02-26 13:12:22.133 7775 7775 E ArmVmp : Match on catch block at 0xc3 in for 0x155
02-26 13:12:22.140 7775 7775 E ArmVmp : Match on catch block at 0xc3 in for 0x151
02-26 13:12:22.141 7775 7775 E ArmVmp : Match on catch block at 0xc3 in for 0x155
02-26 13:12:22.143 7775 7775 E ArmVmp : Match on catch block at 0xc3 in for 0x155
02-26 13:12:22.145 7775 7775 E ArmVmp : Match on catch block at 0xc3 in for 0x151
02-26 13:12:22.146 7775 7775 E ArmVmp : Match on catch block at 0xc3 in for 0x155
02-26 13:12:22.152 7775 7775 E ArmVmp : Match on catch block at 0xc3 in for 0x145
02-26 13:12:22.154 7775 7775 E ArmVmp : Match on catch block at 0xc3 in for 0x141
02-26 13:12:22.155 7775 7775 E ArmVmp : Match on catch block at 0xc3 in for 0x145
02-26 13:12:22.159 7775 7775 E ArmVmp : Match on catch block at 0xc3 in for 0x151
02-26 13:12:22.161 7775 7775 E ArmVmp : Match on catch block at 0xc3 in for 0x14d
02-26 13:12:22.162 7775 7775 E ArmVmp : Match on catch block at 0xc3 in for 0x151
02-26 13:12:22.204 7775 7775 E ArmVmp : Match on catch block at 0xc3 in for 0x141
02-26 13:12:22.206 7775 7775 E ArmVmp : Match on catch block at 0xc3 in for 0x159
02-26 13:12:22.207 7775 7775 E ArmVmp : Match on catch block at 0xc3 in for 0x141
02-26 13:12:22.677 7775 7775 E ArmVmp : Match on catch block at 0xc3 in for 0x149
02-26 13:12:22.681 7775 7775 E ArmVmp : Match on catch block at 0xc3 in for 0x145
02-26 13:12:22.683 7775 7775 E ArmVmp : Match on catch block at 0xc3 in for 0x149
02-26 13:12:23.178 7775 7775 E ArmVmp : Match on catch block at 0xc3 in for 0x141
02-26 13:12:23.182 7775 7775 E ArmVmp : Match on catch block at 0xc3 in for 0x159
02-26 13:12:23.184 7775 7775 E ArmVmp : Match on catch block at 0xc3 in for 0x141
02-26 13:12:23.679 7775 7775 E ArmVmp : Match on catch block at 0xc3 in for 0x141
02-26 13:12:23.685 7775 7775 E ArmVmp : Match on catch block at 0xc3 in for 0x159
02-26 13:12:23.689 7775 7775 E ArmVmp : Match on catch block at 0xc3 in for 0x141
02-26 13:12:24.181 7775 7775 E ArmVmp : Match on catch block at 0xc3 in for 0x141
02-26 13:12:24.186 7775 7775 E ArmVmp : Match on catch block at 0xc3 in for 0x159
02-26 13:12:24.188 7775 7775 E ArmVmp : Match on catch block at 0xc3 in for 0x141
02-26 13:12:24.680 7775 7775 E ArmVmp : Match on catch block at 0xc3 in for 0x141
02-26 13:12:24.686 7775 7775 E ArmVmp : Match on catch block at 0xc3 in for 0x159
02-26 13:12:24.689 7775 7775 E ArmVmp : Match on catch block at 0xc3 in for 0x141
02-26 13:12:25.181 7775 7775 E ArmVmp : Match on catch block at 0xc3 in for 0x149
02-26 13:12:25.187 7775 7775 E ArmVmp : Match on catch block at 0xc3 in for 0x145
02-26 13:12:25.188 7775 7775 E ArmVmp : Match on catch block at 0xc3 in for 0x149
02-26 13:12:25.682 7775 7775 E ArmVmp : Match on catch block at 0xc3 in for 0x149
02-26 13:12:25.687 7775 7775 E ArmVmp : Match on catch block at 0xc3 in for 0x145
02-26 13:12:25.690 7775 7775 E ArmVmp : Match on catch block at 0xc3 in for 0x149
02-26 13:12:26.197 7775 7775 E ArmVmp : Match on catch block at 0xc3 in for 0x149
02-26 13:12:26.201 7775 7775 E ArmVmp : Match on catch block at 0xc3 in for 0x145
02-26 13:12:26.204 7775 7775 E ArmVmp : Match on catch block at 0xc3 in for 0x149
02-26 13:12:26.693 7775 7775 E ArmVmp : Match on catch block at 0xc3 in for 0x149
02-26 13:12:26.698 7775 7775 E ArmVmp : Match on catch block at 0xc3 in for 0x145
02-26 13:12:26.700 7775 7775 E ArmVmp : Match on catch block at 0xc3 in for 0x149
02-26 13:12:26.966 7775 7775 E ArmVmp : Match on catch block at 0xc3 in for 0x14d
02-26 13:12:26.970 7775 7775 E ArmVmp : Match on catch block at 0xc3 in for 0x149
02-26 13:12:26.973 7775 7775 E ArmVmp : Match on catch block at 0xc3 in for 0x14d
02-26 13:12:27.211 7775 7775 E ArmVmp : Match on catch block at 0xc3 in for 0x14d
02-26 13:12:27.218 7775 7775 E ArmVmp : Match on catch block at 0xc3 in for 0x149
02-26 13:12:27.221 7775 7775 E ArmVmp : Match on catch block at 0xc3 in for 0x14d
02-26 13:12:27.715 7775 7775 E ArmVmp : Match on catch block at 0xc3 in for 0x14d
02-26 13:12:27.724 7775 7775 E ArmVmp : Match on catch block at 0xc3 in for 0x149
02-26 13:12:27.726 7775 7775 E ArmVmp : Match on catch block at 0xc3 in for 0x14d
02-26 13:12:28.212 7775 7775 E ArmVmp : Match on catch block at 0xc3 in for 0x14d
02-26 13:12:28.216 7775 7775 E ArmVmp : Match on catch block at 0xc3 in for 0x149
02-26 13:12:28.219 7775 7775 E ArmVmp : Match on catch block at 0xc3 in for 0x14d
02-26 13:12:28.713 7775 7775 E ArmVmp : Match on catch block at 0xc3 in for 0x14d
02-26 13:12:28.720 7775 7775 E ArmVmp : Match on catch block at 0xc3 in for 0x149
02-26 13:12:28.722 7775 7775 E ArmVmp : Match on catch block at 0xc3 in for 0x14d
02-26 13:12:29.211 7775 7775 E ArmVmp : Match on catch block at 0xc3 in for 0x14d
02-26 13:12:29.216 7775 7775 E ArmVmp : Match on catch block at 0xc3 in for 0x149
02-26 13:12:29.218 7775 7775 E ArmVmp : Match on catch block at 0xc3 in for 0x14d
02-26 13:12:29.716 7775 7775 E ArmVmp : Match on catch block at 0xc3 in for 0x14d
02-26 13:12:29.724 7775 7775 E ArmVmp : Match on catch block at 0xc3 in for 0x149
02-26 13:12:29.727 7775 7775 E ArmVmp : Match on catch block at 0xc3 in for 0x14d
02-26 13:12:30.212 7775 7775 E ArmVmp : Match on catch block at 0xc3 in for 0x14d
02-26 13:12:30.218 7775 7775 E ArmVmp : Match on catch block at 0xc3 in for 0x149
02-26 13:12:30.221 7775 7775 E ArmVmp : Match on catch block at 0xc3 in for 0x14d
02-26 13:12:30.758 7775 7775 E ArmVmp : Match on catch block at 0xc3 in for 0x14d
02-26 13:12:30.765 7775 7775 E ArmVmp : Match on catch block at 0xc3 in for 0x149
02-26 13:12:30.768 7775 7775 E ArmVmp : Match on catch block at 0xc3 in for 0x14d
02-26 13:12:31.257 7775 7775 E ArmVmp : Match on catch block at 0xc3 in for 0x14d
02-26 13:12:31.265 7775 7775 E ArmVmp : Match on catch block at 0xc3 in for 0x149
02-26 13:12:31.268 7775 7775 E ArmVmp : Match on catch block at 0xc3 in for 0x14d
02-26 13:12:31.756 7775 7775 E ArmVmp : Match on catch block at 0xc3 in for 0x14d
02-26 13:12:31.761 7775 7775 E ArmVmp : Match on catch block at 0xc3 in for 0x149
02-26 13:12:31.764 7775 7775 E ArmVmp : Match on catch block at 0xc3 in for 0x14d
02-26 13:12:32.258 7775 7775 E ArmVmp : Match on catch block at 0xc3 in for 0x14d
02-26 13:12:32.263 7775 7775 E ArmVmp : Match on catch block at 0xc3 in for 0x149
02-26 13:12:32.265 7775 7775 E ArmVmp : Match on catch block at 0xc3 in for 0x14d
02-26 13:12:32.755 7775 7775 E ArmVmp : Match on catch block at 0xc3 in for 0x14d
02-26 13:12:32.760 7775 7775 E ArmVmp : Match on catch block at 0xc3 in for 0x149
02-26 13:12:32.762 7775 7775 E ArmVmp : Match on catch block at 0xc3 in for 0x14d
02-26 13:12:33.260 7775 7775 E ArmVmp : Match on catch block at 0xc3 in for 0x14d
02-26 13:12:33.265 7775 7775 E ArmVmp : Match on catch block at 0xc3 in for 0x149
02-26 13:12:33.268 7775 7775 E ArmVmp : Match on catch block at 0xc3 in for 0x14d
02-26 13:12:33.759 7775 7775 E ArmVmp : Match on catch block at 0xc3 in for 0x14d
02-26 13:12:33.763 7775 7775 E ArmVmp : Match on catch block at 0xc3 in for 0x149
02-26 13:12:33.766 7775 7775 E ArmVmp : Match on catch block at 0xc3 in for 0x14d
02-26 13:12:34.260 7775 7775 E ArmVmp : Match on catch block at 0xc3 in for 0x14d
02-26 13:12:34.267 7775 7775 E ArmVmp : Match on catch block at 0xc3 in for 0x149
02-26 13:12:34.272 7775 7775 E ArmVmp : Match on catch block at 0xc3 in for 0x14d
02-26 13:12:34.761 7775 7775 E ArmVmp : Match on catch block at 0xc3 in for 0x14d
02-26 13:12:34.766 7775 7775 E ArmVmp : Match on catch block at 0xc3 in for 0x149
02-26 13:12:34.769 7775 7775 E ArmVmp : Match on catch block at 0xc3 in for 0x14d
02-26 13:12:35.259 7775 7775 E ArmVmp : Match on catch block at 0xc3 in for 0x14d
02-26 13:12:35.266 7775 7775 E ArmVmp : Match on catch block at 0xc3 in for 0x149
02-26 13:12:35.269 7775 7775 E ArmVmp : Match on catch block at 0xc3 in for 0x14d
02-26 13:12:35.762 7775 7775 E ArmVmp : Match on catch block at 0xc3 in for 0x14d
02-26 13:12:35.768 7775 7775 E ArmVmp : Match on catch block at 0xc3 in for 0x149
02-26 13:12:35.770 7775 7775 E ArmVmp : Match on catch block at 0xc3 in for 0x14d
02-26 13:12:36.256 7775 7775 E ArmVmp : Match on catch block at 0xc3 in for 0x14d
02-26 13:12:36.261 7775 7775 E ArmVmp : Match on catch block at 0xc3 in for 0x149
02-26 13:12:36.264 7775 7775 E ArmVmp : Match on catch block at 0xc3 in for 0x14d
02-26 13:12:36.758 7775 7775 E ArmVmp : Match on catch block at 0xc3 in for 0x14d
02-26 13:12:36.764 7775 7775 E ArmVmp : Match on catch block at 0xc3 in for 0x149
02-26 13:12:36.767 7775 7775 E ArmVmp : Match on catch block at 0xc3 in for 0x14d
02-26 13:12:37.256 7775 7775 E ArmVmp : Match on catch block at 0xc3 in for 0x14d
02-26 13:12:37.262 7775 7775 E ArmVmp : Match on catch block at 0xc3 in for 0x149
02-26 13:12:37.265 7775 7775 E ArmVmp : Match on catch block at 0xc3 in for 0x14d
02-26 13:12:37.756 7775 7775 E ArmVmp : Match on catch block at 0xc3 in for 0x14d
02-26 13:12:37.761 7775 7775 E ArmVmp : Match on catch block at 0xc3 in for 0x149
02-26 13:12:37.769 7775 7775 E ArmVmp : Match on catch block at 0xc3 in for 0x14d
02-26 13:12:38.305 7775 7775 E ArmVmp : Match on catch block at 0xc3 in for 0x14d
02-26 13:12:38.317 7775 7775 E ArmVmp : Match on catch block at 0xc3 in for 0x149
02-26 13:12:38.321 7775 7775 E ArmVmp : Match on catch block at 0xc3 in for 0x14d
02-26 13:12:38.797 7775 7775 E ArmVmp : Match on catch block at 0xc3 in for 0x14d
02-26 13:12:38.801 7775 7775 E ArmVmp : Match on catch block at 0xc3 in for 0x149
02-26 13:12:38.803 7775 7775 E ArmVmp : Match on catch block at 0xc3 in for 0x14d
02-26 13:12:39.073 7775 7775 E ArmVmp : Match on catch block at 0xc3 in for 0x151
02-26 13:12:39.076 7775 7775 E ArmVmp : Match on catch block at 0xc3 in for 0x14d
02-26 13:12:39.078 7775 7775 E ArmVmp : Match on catch block at 0xc3 in for 0x151
02-26 13:12:39.145 7775 7775 E ArmVmp : Match on catch block at 0xc3 in for 0x145
02-26 13:12:39.148 7775 7775 E ArmVmp : Match on catch block at 0xc3 in for 0x141
02-26 13:12:39.150 7775 7775 E ArmVmp : Match on catch block at 0xc3 in for 0x145
02-26 13:12:39.186 7775 7775 E ArmVmp : Match on catch block at 0xc3 in for 0x14d
02-26 13:12:39.191 7775 7775 E ArmVmp : Match on catch block at 0xc3 in for 0x149
02-26 13:12:39.193 7775 7775 E ArmVmp : Match on catch block at 0xc3 in for 0x14d
02-26 13:12:39.621 7775 7775 E ArmVmp : Match on catch block at 0xc3 in for 0x155
02-26 13:12:39.623 7775 7775 E ArmVmp : Match on catch block at 0xc3 in for 0x151
02-26 13:12:39.624 7775 7775 E ArmVmp : Match on catch block at 0xc3 in for 0x155
02-26 13:13:48.662 7775 24768 W Bitmap : Called getByteCount() on a recycle()'d bitmap! This is undefined behavior!
02-26 13:13:48.663 7775 24768 W Bitmap : Called getByteCount() on a recycle()'d bitmap! This is undefined behavior!
02-26 13:14:21.370 7775 7775 E ArmVmp : Match on catch block at 0x0a in for 0x185
02-26 13:14:21.377 7775 7775 E ArmVmp : Match on catch block at 0x0a in for 0x275
02-26 13:14:21.415 7775 7775 W Activity: Can request only one set of permissions at a time
02-26 13:14:21.440 7775 27715 W com.mbwhatsapp: Accessing hidden method Lcom/android/org/conscrypt/ConscryptEngineSocket;->setUseSessionTickets(Z)V (max- target-q,core-platform-api, reflection, denied)
02-26 13:14:21.440 7775 27715 W com.mbwhatsapp: Accessing hidden method Lcom/android/org/conscrypt/OpenSSLSocketImpl;->setUseSessionTickets(Z)V (max- target-q,core-platform-api, reflection, denied)
02-26 13:14:21.440 7775 27715 W com.mbwhatsapp: Accessing hidden method Lcom/android/org/conscrypt/AbstractConscryptSocket;->setUseSessionTickets(Z)V (max- target-q, reflection, denied)
02-26 13:14:21.440 7775 27715 W com.mbwhatsapp: Accessing hidden method Lcom/android/org/conscrypt/ConscryptEngineSocket;->setHostname(Ljava/lang/String;)V (max-target-q,core-platform-api, reflection, denied)
02-26 13:14:21.440 7775 27715 W com.mbwhatsapp: Accessing hidden method Lcom/android/org/conscrypt/OpenSSLSocketImpl;->setHostname(Ljava/lang/String;)V (max-target-q,core-platform-api, reflection, denied)
02-26 13:14:21.440 7775 27715 W com.mbwhatsapp: Accessing hidden method Lcom/android/org/conscrypt/AbstractConscryptSocket;->setHostname(Ljava/lang/ String;)V (max-target-q, reflection, denied)
02-26 13:14:21.440 7775 27715 W com.mbwhatsapp: Accessing hidden method Lcom/android/org/conscrypt/OpenSSLSocketImpl;->setAlpnProtocols([B)V (max-target- q,core-platform-api, reflection, denied)
02-26 13:14:21.440 7775 27715 W com.mbwhatsapp: Accessing hidden method Lcom/android/org/conscrypt/AbstractConscryptSocket;->setAlpnProtocols([B)V (max- target-q, reflection, denied)
02-26 13:14:21.495 7775 27715 W com.mbwhatsapp: Accessing hidden method Lcom/android/org/conscrypt/OpenSSLSocketImpl;->getAlpnSelectedProtocol()[B (max- target-q,core-platform-api, reflection, denied)
02-26 13:14:21.495 7775 27715 W com.mbwhatsapp: Accessing hidden method Lcom/android/org/conscrypt/AbstractConscryptSocket;->getAlpnSelectedProtocol()[B (max-target-q, reflection, denied)
02-26 13:14:21.729 7775 11782 W Parcel : Expecting binder but got null!
02-26 13:14:21.732 7775 7775 E ArmVmp : Match on catch block at 0x0a in for 0x1b1
02-26 13:14:25.074 7775 11782 W Parcel : Expecting binder but got null!
02-26 13:14:29.155 7775 7775 E ArmVmp : Match on catch block at 0x0a in for 0x191
02-26 13:14:29.156 7775 7775 E ArmVmp : Match on catch block at 0x0a in for 0x189
02-26 13:14:29.249 7775 7775 E ArmVmp : Match on catch block at 0xc3 in for 0x175
02-26 13:14:29.251 7775 7775 E ArmVmp : Match on catch block at 0xc3 in for 0x16d
02-26 13:14:29.252 7775 7775 E ArmVmp : Match on catch block at 0xc3 in for 0x165
02-26 13:14:29.265 7775 11782 W Parcel : Expecting binder but got null!
02-26 13:14:29.277 7775 7775 E ArmVmp : Match on catch block at 0xc3 in for 0x149
02-26 13:14:29.280 7775 7775 E ArmVmp : Match on catch block at 0xc3 in for 0x145
02-26 13:14:29.281 7775 7775 E ArmVmp : Match on catch block at 0xc3 in for 0x149
02-26 13:14:29.294 7775 7775 E ArmVmp : Match on catch block at 0xc3 in for 0x151
02-26 13:14:29.297 7775 7775 E ArmVmp : Match on catch block at 0xc3 in for 0x14d
02-26 13:14:29.299 7775 7775 E ArmVmp : Match on catch block at 0xc3 in for 0x151
02-26 13:14:29.306 7775 7775 E ArmVmp : Match on catch block at 0xc3 in for 0x149
02-26 13:14:29.308 7775 7775 E ArmVmp : Match on catch block at 0xc3 in for 0x145
02-26 13:14:29.309 7775 7775 E ArmVmp : Match on catch block at 0xc3 in for 0x149
02-26 13:14:29.312 7775 7775 E ArmVmp : Match on catch block at 0xc3 in for 0x149
02-26 13:14:29.314 7775 7775 E ArmVmp : Match on catch block at 0xc3 in for 0x145
02-26 13:14:29.322 7775 7775 E ArmVmp : Match on catch block at 0xc3 in for 0x149
02-26 13:14:29.325 7775 7775 E ArmVmp : Match on catch block at 0xc3 in for 0x149
02-26 13:14:29.327 7775 7775 E ArmVmp : Match on catch block at 0xc3 in for 0x145
02-26 13:14:29.329 7775 7775 E ArmVmp : Match on catch block at 0xc3 in for 0x149
02-26 13:14:29.333 7775 7775 E ArmVmp : Match on catch block at 0xc3 in for 0x149
02-26 13:14:29.335 7775 7775 E ArmVmp : Match on catch block at 0xc3 in for 0x145
02-26 13:14:29.336 7775 7775 E ArmVmp : Match on catch block at 0xc3 in for 0x149
02-26 13:14:29.338 7775 7775 E ArmVmp : Match on catch block at 0xc3 in for 0x149
02-26 13:14:29.340 7775 7775 E ArmVmp : Match on catch block at 0xc3 in for 0x145
02-26 13:14:29.341 7775 7775 E ArmVmp : Match on catch block at 0xc3 in for 0x149
02-26 13:14:29.345 7775 7775 E ArmVmp : Match on catch block at 0xc3 in for 0x149
02-26 13:14:29.347 7775 7775 E ArmVmp : Match on catch block at 0xc3 in for 0x145
02-26 13:14:29.349 7775 7775 E ArmVmp : Match on catch block at 0xc3 in for 0x149
02-26 13:14:29.354 7775 7775 E ArmVmp : Match on catch block at 0xc3 in for 0x149
02-26 13:14:29.357 7775 7775 E ArmVmp : Match on catch block at 0xc3 in for 0x145
02-26 13:14:29.359 7775 7775 E ArmVmp : Match on catch block at 0xc3 in for 0x149
02-26 13:14:29.362 7775 7775 E ArmVmp : Match on catch block at 0xc3 in for 0x149
02-26 13:14:29.365 7775 7775 E ArmVmp : Match on catch block at 0xc3 in for 0x145
02-26 13:14:29.366 7775 7775 E ArmVmp : Match on catch block at 0xc3 in for 0x149
02-26 13:14:29.393 7775 7775 E ArmVmp : Match on catch block at 0xc3 in for 0x155
02-26 13:14:29.399 7775 7775 E ArmVmp : Match on catch block at 0xc3 in for 0x151
02-26 13:14:29.401 7775 7775 E ArmVmp : Match on catch block at 0xc3 in for 0x155
02-26 13:14:29.880 7775 7775 E ArmVmp : Match on catch block at 0xc3 in for 0x151
02-26 13:14:29.884 7775 7775 E ArmVmp : Match on catch block at 0xc3 in for 0x14d
02-26 13:14:29.886 7775 7775 E ArmVmp : Match on catch block at 0xc3 in for 0x151
02-26 13:14:30.389 7775 7775 E ArmVmp : Match on catch block at 0xc3 in for 0x149
02-26 13:14:30.394 7775 7775 E ArmVmp : Match on catch block at 0xc3 in for 0x145
02-26 13:14:30.396 7775 7775 E ArmVmp : Match on catch block at 0xc3 in for 0x149
02-26 13:14:30.895 7775 7775 E ArmVmp : Match on catch block at 0xc3 in for 0x149
02-26 13:14:30.900 7775 7775 E ArmVmp : Match on catch block at 0xc3 in for 0x145
02-26 13:14:30.903 7775 7775 E ArmVmp : Match on catch block at 0xc3 in for 0x149
02-26 13:14:31.381 7775 7775 E ArmVmp : Match on catch block at 0xc3 in for 0x149
02-26 13:14:31.383 7775 7775 E ArmVmp : Match on catch block at 0xc3 in for 0x145
02-26 13:14:31.385 7775 7775 E ArmVmp : Match on catch block at 0xc3 in for 0x149
02-26 13:14:31.895 7775 7775 E ArmVmp : Match on catch block at 0xc3 in for 0x149
02-26 13:14:31.897 7775 7775 E ArmVmp : Match on catch block at 0xc3 in for 0x145
02-26 13:14:31.900 7775 7775 E ArmVmp : Match on catch block at 0xc3 in for 0x149
02-26 13:14:32.394 7775 7775 E ArmVmp : Match on catch block at 0xc3 in for 0x151
02-26 13:14:32.398 7775 7775 E ArmVmp : Match on catch block at 0xc3 in for 0x14d
02-26 13:14:32.400 7775 7775 E ArmVmp : Match on catch block at 0xc3 in for 0x151
02-26 13:14:32.893 7775 7775 E ArmVmp : Match on catch block at 0xc3 in for 0x151
02-26 13:14:32.897 7775 7775 E ArmVmp : Match on catch block at 0xc3 in for 0x14d
02-26 13:14:32.899 7775 7775 E ArmVmp : Match on catch block at 0xc3 in for 0x151
02-26 13:14:33.394 7775 7775 E ArmVmp : Match on catch block at 0xc3 in for 0x151
02-26 13:14:33.398 7775 7775 E ArmVmp : Match on catch block at 0xc3 in for 0x14d
02-26 13:14:33.401 7775 7775 E ArmVmp : Match on catch block at 0xc3 in for 0x151
02-26 13:14:33.938 7775 7775 E ArmVmp : Match on catch block at 0xc3 in for 0x151
02-26 13:14:33.943 7775 7775 E ArmVmp : Match on catch block at 0xc3 in for 0x14d
02-26 13:14:33.946 7775 7775 E ArmVmp : Match on catch block at 0xc3 in for 0x151
02-26 13:14:34.437 7775 7775 E ArmVmp : Match on catch block at 0xc3 in for 0x151
02-26 13:14:34.441 7775 7775 E ArmVmp : Match on catch block at 0xc3 in for 0x14d
02-26 13:14:34.444 7775 7775 E ArmVmp : Match on catch block at 0xc3 in for 0x151
02-26 13:14:34.939 7775 7775 E ArmVmp : Match on catch block at 0xc3 in for 0x151
02-26 13:14:34.944 7775 7775 E ArmVmp : Match on catch block at 0xc3 in for 0x14d
02-26 13:14:34.946 7775 7775 E ArmVmp : Match on catch block at 0xc3 in for 0x151
02-26 13:14:35.438 7775 7775 E ArmVmp : Match on catch block at 0xc3 in for 0x151
02-26 13:14:35.443 7775 7775 E ArmVmp : Match on catch block at 0xc3 in for 0x14d
02-26 13:14:35.446 7775 7775 E ArmVmp : Match on catch block at 0xc3 in for 0x151
02-26 13:14:35.597 7775 7775 E ArmVmp : Match on catch block at 0xc3 in for 0x149
02-26 13:14:35.602 7775 7775 E ArmVmp : Match on catch block at 0xc3 in for 0x145
02-26 13:14:35.604 7775 7775 E ArmVmp : Match on catch block at 0xc3 in for 0x149
02-26 13:14:35.617 7775 7775 E ArmVmp : Match on catch block at 0xc3 in for 0x159
02-26 13:14:35.619 7775 7775 E ArmVmp : Match on catch block at 0xc3 in for 0x155
02-26 13:14:35.621 7775 7775 E ArmVmp : Match on catch block at 0xc3 in for 0x159
02-26 13:14:35.694 7775 7775 E ArmVmp : Match on catch block at 0xc3 in for 0x141
02-26 13:14:35.695 7775 7775 E ArmVmp : Match on catch block at 0xc3 in for 0x159
02-26 13:14:35.697 7775 7775 E ArmVmp : Match on catch block at 0xc3 in for 0x141
02-26 13:14:36.084 7775 7775 E ArmVmp : Match on catch block at 0xc3 in for 0x151
02-26 13:14:36.087 7775 7775 E ArmVmp : Match on catch block at 0xc3 in for 0x14d
02-26 13:14:36.089 7775 7775 E ArmVmp : Match on catch block at 0xc3 in for 0x151
02-26 13:14:37.955 7775 11782 W Parcel : Expecting binder but got null!
02-26 13:14:38.964 7775 7775 W InputEventReceiver: Attempted to finish an input event but the input event receiver has already been disposed.
02-26 13:14:39.421 7775 7775 E ArmVmp : Match on catch block at 0x0a in for 0x2f9
02-26 13:14:39.460 7775 11782 W Parcel : Expecting binder but got null!
02-26 13:14:41.733 7775 7775 W InputEventReceiver: Attempted to finish an input event but the input event receiver has already been disposed.
02-26 13:14:42.190 7775 7775 E ArmVmp : Match on catch block at 0x0a in for 0x1d9
02-26 13:14:42.204 7775 7775 E ArmVmp : Match on catch block at 0x0a in for 0x1b5
02-26 13:14:42.242 7775 11782 W Parcel : Expecting binder but got null!
02-26 13:14:54.051 7775 11782 W Parcel : Expecting binder but got null!
02-26 13:14:58.351 7775 7775 E ArmVmp : Match on catch block at 0x0a in for 0x2ed
02-26 13:14:58.396 7775 11782 W Parcel : Expecting binder but got null!
02-26 13:15:00.381 7775 7775 W InputEventReceiver: Attempted to finish an input event but the input event receiver has already been disposed.
02-26 13:15:03.543 7775 11782 W Parcel : Expecting binder but got null!
02-26 13:15:05.060 7775 11782 W Parcel : Expecting binder but got null!
02-26 13:15:11.875 7775 7775 E ArmVmp : Match on catch block at 0x0a in for 0x1a5
02-26 13:15:11.908 7775 11782 W Parcel : Expecting binder but got null!
02-26 13:15:15.094 7775 7775 W InputEventReceiver: Attempted to finish an input event but the input event receiver has already been disposed.
02-26 13:15:16.813 7775 7775 E ArmVmp : Match on catch block at 0x0a in for 0x1ad
02-26 13:15:16.837 7775 11782 W Parcel : Expecting binder but got null!
02-26 13:15:22.696 7775 7775 W InputEventReceiver: Attempted to finish an input event but the input event receiver has already been disposed.
02-26 13:15:24.097 7775 7775 W Settings: Setting show_button_background has moved from android.provider.Settings.System to android.provider.Settings.Global, returning read-only value.
02-26 13:15:24.141 7775 11782 W Parcel : Expecting binder but got null!
02-26 13:15:25.164 7775 7775 W InputEventReceiver: Attempted to finish an input event but the input event receiver has already been disposed.
02-26 13:15:33.212 7775 7775 E ArmVmp : Match on catch block at 0x0a in for 0x1d5
02-26 13:15:33.233 7775 7775 E ArmVmp : Match on catch block at 0x0a in for 0x1a5
02-26 13:15:33.264 7775 11782 W Parcel : Expecting binder but got null!
02-26 13:15:35.712 7775 11782 W Parcel : Expecting binder but got null!
02-26 13:15:40.282 7775 7775 E ArmVmp : Match on catch block at 0x0a in for 0x1d9
02-26 13:15:40.297 7775 7775 E ArmVmp : Match on catch block at 0x0a in for 0x1b1
02-26 13:15:40.334 7775 11782 W Parcel : Expecting binder but got null!
02-26 13:22:19.016 7775 7884 E SQLiteDatabase: Error inserting transferred=1 media_job_uuid=2b5dcad3-a69b-43e2-a7d8-7bb5788ed1f1 transcoded=0 gif_attribution=0 first_scan_length=0 direct_path=/o1/v/t62.7118-24/f1/m234/up-oil-image-238cca58- ff29-44c3-8741-5b09e0e70e0f?ccb=9-4&oh=01_AdS4W_ENqcQVL2GC084ohnrerUf3A5UO5Vifkwk- nXmpMA&oe=66045256&_nc_sid=000000&_nc_hot=1708971698 thumbnail_height_width_ratio=1.0149254 is_animated_sticker=0 file_hash=Rz7BG/9gv9crTBanSUyBzXlO1gM7YDbqSnL4Wcry4yo= file_path=Media/.Statuses/f25d8ff2315d47ef947ecc13ceb72864.jpg file_size=289027 partial_media_hash=null face_x=0 face_y=0 height=1086 trim_to=0 media_key_timestamp=1708971697000 message_url=https://mmg.whatsapp.net/o1/v/t62.7118-24/f1/m234/up-oil-image- 238cca58-ff29-44c3-8741-5b09e0e70e0f?ccb=9- 4&oh=01_AdS4W_ENqcQVL2GC084ohnrerUf3A5UO5Vifkwk- nXmpMA&oe=66045256&_nc_sid=000000&mms3=true media_caption=null trim_from=0 mime_type=image/jpeg partial_media_enc_hash=null width=1080 original_file_hash=null has_streaming_sidecar=0 autotransfer_retry_enabled=1 media_upload_handle=null message_row_id=1228 multicast_id=null enc_file_hash=b8BT3c+gyDouboFU60HhrgdqJcK6+P+wR3Nn0Hiuyms= mute_video=0 page_count=0 first_scan_sidecar=null suspicious_content=0 file_length=289027 media_name=null media_duration=0 chat_row_id=29 media_key=[B@ffdc783
02-26 13:22:19.016 7775 7884 E SQLiteDatabase: android.database.sqlite.SQLiteConstraintException: UNIQUE constraint failed: message_media.message_row_id (code 1555 SQLITE_CONSTRAINT_PRIMARYKEY[1555])
02-26 13:22:19.016 7775 7884 E SQLiteDatabase: at android.database.sqlite.SQLiteConnection.nativeExecuteForLastInsertedRowId(Native Method)
02-26 13:22:19.016 7775 7884 E SQLiteDatabase: at android.database.sqlite.SQLiteConnection.executeForLastInsertedRowId(SQLiteConnecti on.java:1275)
02-26 13:22:19.016 7775 7884 E SQLiteDatabase: at android.database.sqlite.SQLiteSession.executeForLastInsertedRowId(SQLiteSession.jav a:790)
02-26 13:22:19.016 7775 7884 E SQLiteDatabase: at android.database.sqlite.SQLiteStatement.executeInsert(SQLiteStatement.java:89)
02-26 13:22:19.016 7775 7884 E SQLiteDatabase: at android.database.sqlite.SQLiteDatabase.insertWithOnConflict(SQLiteDatabase.java:241 0)
02-26 13:22:19.016 7775 7884 E SQLiteDatabase: at android.database.sqlite.SQLiteDatabase.insert(SQLiteDatabase.java:2279)
02-26 13:22:19.016 7775 7884 E SQLiteDatabase: at X.2tm.A08(Unknown Source:6)
02-26 13:22:19.016 7775 7884 E SQLiteDatabase: at X.35Y.A07(Unknown Source:212)
02-26 13:22:19.016 7775 7884 E SQLiteDatabase: at X.3QF.A14(Unknown Source:470)
02-26 13:22:19.016 7775 7884 E SQLiteDatabase: at X.3gU.run(Unknown Source:982)
02-26 13:22:19.016 7775 7884 E SQLiteDatabase: at android.os.Handler.handleCallback(Handler.java:942)
02-26 13:22:19.016 7775 7884 E SQLiteDatabase: at android.os.Handler.dispatchMessage(Handler.java:99)
02-26 13:22:19.016 7775 7884 E SQLiteDatabase: at X.0zq.dispatchMessage(Unknown Source:4)
02-26 13:22:19.016 7775 7884 E SQLiteDatabase: at android.os.Looper.loopOnce(Looper.java:226)
02-26 13:22:19.016 7775 7884 E SQLiteDatabase: at android.os.Looper.loop(Looper.java:313)
02-26 13:22:19.016 7775 7884 E SQLiteDatabase: at android.os.HandlerThread.run(HandlerThread.java:67)
02-26 13:22:20.536 7775 7884 E SQLiteDatabase: Error inserting transferred=1 media_job_uuid=6f7ce049-293c-41d1-b850-2aafbd576b08 transcoded=0 gif_attribution=0 first_scan_length=0 direct_path=/o1/v/t62.7118-24/f1/m233/up-oil-image-3a55393c- ea59-4bc9-a8d9-7456075d52fc?ccb=9- 4&oh=01_AdStdfMsWeYKoPVuxAoOqnOVrXqYik2w35GYdGffBtr3Sw&oe=66044445&_nc_sid=000000&_ nc_hot=1708971697 thumbnail_height_width_ratio=0.8333333 is_animated_sticker=0 file_hash=fdFBlsHCduO4A2PQDuTR1A8NuC00TCEBCdh1JlmucH8= file_path=Media/.Statuses/60c7a0ed71ed415485e10873eb137d25.jpg file_size=32967 partial_media_hash=null face_x=0 face_y=0 height=507 trim_to=0 media_key_timestamp=1708971696000 message_url=https://mmg.whatsapp.net/o1/v/t62.7118-24/f1/m233/up-oil-image- 3a55393c-ea59-4bc9-a8d9-7456075d52fc?ccb=9- 4&oh=01_AdStdfMsWeYKoPVuxAoOqnOVrXqYik2w35GYdGffBtr3Sw&oe=66044445&_nc_sid=000000&m ms3=true media_caption=null trim_from=0 mime_type=image/jpeg partial_media_enc_hash=null width=605 original_file_hash=null has_streaming_sidecar=0 autotransfer_retry_enabled=1 media_upload_handle=null message_row_id=1229 multicast_id=null enc_file_hash=vhrVq7qJtL6zbcSN8Pdc57wp+MkNe2stdldr+JDJnCs= mute_video=0 page_count=0 first_scan_sidecar=null suspicious_content=0 file_length=32967 media_name=null media_duration=0 chat_row_id=29 media_key=[B@d4262a9
02-26 13:22:20.536 7775 7884 E SQLiteDatabase: android.database.sqlite.SQLiteConstraintException: UNIQUE constraint failed: message_media.message_row_id (code 1555 SQLITE_CONSTRAINT_PRIMARYKEY[1555])
02-26 13:22:20.536 7775 7884 E SQLiteDatabase: at android.database.sqlite.SQLiteConnection.nativeExecuteForLastInsertedRowId(Native Method)
02-26 13:22:20.536 7775 7884 E SQLiteDatabase: at android.database.sqlite.SQLiteConnection.executeForLastInsertedRowId(SQLiteConnecti on.java:1275)
02-26 13:22:20.536 7775 7884 E SQLiteDatabase: at android.database.sqlite.SQLiteSession.executeForLastInsertedRowId(SQLiteSession.jav a:790)
02-26 13:22:20.536 7775 7884 E SQLiteDatabase: at android.database.sqlite.SQLiteStatement.executeInsert(SQLiteStatement.java:89)
02-26 13:22:20.536 7775 7884 E SQLiteDatabase: at android.database.sqlite.SQLiteDatabase.insertWithOnConflict(SQLiteDatabase.java:241 0)
02-26 13:22:20.536 7775 7884 E SQLiteDatabase: at android.database.sqlite.SQLiteDatabase.insert(SQLiteDatabase.java:2279)
02-26 13:22:20.536 7775 7884 E SQLiteDatabase: at X.2tm.A08(Unknown Source:6)
02-26 13:22:20.536 7775 7884 E SQLiteDatabase: at X.35Y.A07(Unknown Source:212)
02-26 13:22:20.536 7775 7884 E SQLiteDatabase: at X.3QF.A14(Unknown Source:470)
02-26 13:22:20.536 7775 7884 E SQLiteDatabase: at X.3gU.run(Unknown Source:982)
02-26 13:22:20.536 7775 7884 E SQLiteDatabase: at android.os.Handler.handleCallback(Handler.java:942)
02-26 13:22:20.536 7775 7884 E SQLiteDatabase: at android.os.Handler.dispatchMessage(Handler.java:99)
02-26 13:22:20.536 7775 7884 E SQLiteDatabase: at X.0zq.dispatchMessage(Unknown Source:4)
02-26 13:22:20.536 7775 7884 E SQLiteDatabase: at android.os.Looper.loopOnce(Looper.java:226)
02-26 13:22:20.536 7775 7884 E SQLiteDatabase: at android.os.Looper.loop(Looper.java:313)
02-26 13:22:20.536 7775 7884 E SQLiteDatabase: at android.os.HandlerThread.run(HandlerThread.java:67)
02-26 13:26:33.373 7775 7775 E ArmVmp : Match on catch block at 0x0a in for 0x189
02-26 13:26:33.374 7775 7775 E ArmVmp : Match on catch block at 0x0a in for 0x181
02-26 13:26:33.526 7775 7775 E ArmVmp : Match on catch block at 0xc3 in for 0x16d
02-26 13:26:33.529 7775 7775 E ArmVmp : Match on catch block at 0xc3 in for 0x165
02-26 13:26:33.530 7775 7775 E ArmVmp : Match on catch block at 0xc3 in for 0x179
02-26 13:26:33.562 7775 11782 W Parcel : Expecting binder but got null!
02-26 13:26:33.576 7775 7775 E ArmVmp : Match on catch block at 0xc3 in for 0x145
02-26 13:26:33.581 7775 7775 E ArmVmp : Match on catch block at 0xc3 in for 0x141
02-26 13:26:33.582 7775 7775 E ArmVmp : Match on catch block at 0xc3 in for 0x145
02-26 13:26:33.589 7775 7775 E ArmVmp : Match on catch block at 0xc3 in for 0x149
02-26 13:26:33.592 7775 7775 E ArmVmp : Match on catch block at 0xc3 in for 0x145
02-26 13:26:33.593 7775 7775 E ArmVmp : Match on catch block at 0xc3 in for 0x149
02-26 13:26:33.606 7775 7775 E ArmVmp : Match on catch block at 0xc3 in for 0x155
02-26 13:26:33.618 7775 7775 E ArmVmp : Match on catch block at 0xc3 in for 0x151
02-26 13:26:33.619 7775 7775 E ArmVmp : Match on catch block at 0xc3 in for 0x155
02-26 13:26:33.623 7775 7775 E ArmVmp : Match on catch block at 0xc3 in for 0x151
02-26 13:26:33.625 7775 7775 E ArmVmp : Match on catch block at 0xc3 in for 0x14d
02-26 13:26:33.626 7775 7775 E ArmVmp : Match on catch block at 0xc3 in for 0x151
02-26 13:26:33.648 7775 7775 E ArmVmp : Match on catch block at 0xc3 in for 0x151
02-26 13:26:33.655 7775 7775 E ArmVmp : Match on catch block at 0xc3 in for 0x14d
02-26 13:26:33.661 7775 7775 E ArmVmp : Match on catch block at 0xc3 in for 0x151
02-26 13:26:33.706 7775 7775 E ArmVmp : Match on catch block at 0xc3 in for 0x151
02-26 13:26:33.709 7775 7775 E ArmVmp : Match on catch block at 0xc3 in for 0x14d
02-26 13:26:33.710 7775 7775 E ArmVmp : Match on catch block at 0xc3 in for 0x151
02-26 13:26:33.772 7775 7775 E ArmVmp : Match on catch block at 0xc3 in for 0x151
02-26 13:26:33.776 7775 7775 E ArmVmp : Match on catch block at 0xc3 in for 0x14d
02-26 13:26:33.776 7775 7775 E ArmVmp : Match on catch block at 0xc3 in for 0x151
02-26 13:26:33.839 7775 7775 E ArmVmp : Match on catch block at 0xc3 in for 0x151
02-26 13:26:33.841 7775 7775 E ArmVmp : Match on catch block at 0xc3 in for 0x14d
02-26 13:26:33.842 7775 7775 E ArmVmp : Match on catch block at 0xc3 in for 0x151
