02-26 09:24:46.573 21189 28228 E SQLiteDatabase: at X.2sR.A03(Unknown Source:39)
02-26 09:24:46.573 21189 28228 E SQLiteDatabase: at X.2sR.A05(Unknown Source:14)
02-26 09:24:46.573 21189 28228 E SQLiteDatabase: at X.32N.A07(Unknown Source:2205)
02-26 09:24:46.573 21189 28228 E SQLiteDatabase: at X.32N.A06(Unknown Source:507)
02-26 09:24:46.573 21189 28228 E SQLiteDatabase: at X.3eA.run(Unknown Source:2207)
02-26 09:24:46.573 21189 28228 E SQLiteDatabase: at java.util.concurrent.ThreadPoolExecutor.runWorker(ThreadPoolExecutor.java:1137)
02-26 09:24:46.573 21189 28228 E SQLiteDatabase: at java.util.concurrent.ThreadPoolExecutor$Worker.run(ThreadPoolExecutor.java:637)
02-26 09:24:46.573 21189 28228 E SQLiteDatabase: at X.3gH.run(Unknown Source:1548)
02-26 09:24:46.573 21189 28228 E SQLiteDatabase: at java.lang.Thread.run(Thread.java:1012)
02-26 09:24:46.583 21189 21189 E ArmVmp : Match on catch block at 0xc3 in for 0x14d
02-26 09:24:46.593 21189 21189 E ArmVmp : Match on catch block at 0xc3 in for 0x149
02-26 09:24:46.620 21189 21189 E ArmVmp : Match on catch block at 0xc3 in for 0x151
02-26 09:24:46.631 21189 21189 E ArmVmp : Match on catch block at 0xc3 in for 0x14d
02-26 09:24:46.659 21189 21189 E ArmVmp : Match on catch block at 0xc3 in for 0x151
02-26 09:24:46.666 21189 21189 E ArmVmp : Match on catch block at 0xc3 in for 0x14d
02-26 09:24:46.684 21189 21189 E ArmVmp : Match on catch block at 0xc3 in for 0x141
02-26 09:24:46.692 21189 21189 E ArmVmp : Match on catch block at 0xc3 in for 0x159
02-26 09:24:46.708 21189 21189 E ArmVmp : Match on catch block at 0xc3 in for 0x14d
02-26 09:24:46.723 21189 21189 E ArmVmp : Match on catch block at 0xc3 in for 0x149
02-26 09:24:46.865 21189 21189 E ArmVmp : Match on catch block at 0xc3 in for 0x149
02-26 09:24:46.869 21189 21189 E ArmVmp : Match on catch block at 0xc3 in for 0x145
02-26 09:24:46.929 21189 21189 E ArmVmp : Match on catch block at 0xc3 in for 0x155
02-26 09:24:46.932 21189 21189 E ArmVmp : Match on catch block at 0xc3 in for 0x151
02-26 09:24:47.017 21189 21189 E ArmVmp : Match on catch block at 0xc3 in for 0x151
02-26 09:24:47.019 21189 21189 E ArmVmp : Match on catch block at 0xc3 in for 0x14d
02-26 09:24:47.297 21189 21189 E ArmVmp : Match on catch block at 0xc3 in for 0x151
02-26 09:24:47.299 21189 21189 E ArmVmp : Match on catch block at 0xc3 in for 0x14d
02-26 09:24:47.815 21189 21189 E ArmVmp : Match on catch block at 0xc3 in for 0x145
02-26 09:24:47.817 21189 21189 E ArmVmp : Match on catch block at 0xc3 in for 0x141
02-26 09:24:48.253 21189 21299 W Parcel : Expecting binder but got null!
02-26 09:24:50.386 21189 21299 W Parcel : Expecting binder but got null!
02-26 09:24:52.369 21189 21299 W Parcel : Expecting binder but got null!
02-26 09:24:53.768 21189 21189 E ArmVmp : Match on catch block at 0x0a in for 0x185
02-26 09:24:53.770 21189 21189 E ArmVmp : Match on catch block at 0x0a in for 0x199
02-26 09:24:53.875 21189 21189 E ArmVmp : Match on catch block at 0xc3 in for 0x16d
02-26 09:24:53.877 21189 21189 E ArmVmp : Match on catch block at 0xc3 in for 0x165
02-26 09:24:53.878 21189 21189 E ArmVmp : Match on catch block at 0xc3 in for 0x179
02-26 09:24:53.893 21189 21299 W Parcel : Expecting binder but got null!
02-26 09:24:53.911 21189 21189 E ArmVmp : Match on catch block at 0xc3 in for 0x14d
02-26 09:24:53.914 21189 21189 E ArmVmp : Match on catch block at 0xc3 in for 0x149
02-26 09:24:53.915 21189 21189 E ArmVmp : Match on catch block at 0xc3 in for 0x14d
02-26 09:24:53.936 21189 21189 E ArmVmp : Match on catch block at 0xc3 in for 0x145
02-26 09:24:53.937 21189 21189 E ArmVmp : Match on catch block at 0xc3 in for 0x141
02-26 09:24:53.938 21189 21189 E ArmVmp : Match on catch block at 0xc3 in for 0x145
02-26 09:24:53.950 21189 21189 E ArmVmp : Match on catch block at 0xc3 in for 0x151
02-26 09:24:53.957 21189 21189 E ArmVmp : Match on catch block at 0xc3 in for 0x14d
02-26 09:24:53.959 21189 21189 E ArmVmp : Match on catch block at 0xc3 in for 0x151
02-26 09:24:53.964 21189 21189 E ArmVmp : Match on catch block at 0xc3 in for 0x141
02-26 09:24:53.965 21189 21189 E ArmVmp : Match on catch block at 0xc3 in for 0x159
02-26 09:24:53.968 21189 21189 E ArmVmp : Match on catch block at 0xc3 in for 0x141
02-26 09:24:53.970 21189 21189 E ArmVmp : Match on catch block at 0xc3 in for 0x141
02-26 09:24:53.972 21189 21189 E ArmVmp : Match on catch block at 0xc3 in for 0x159
02-26 09:24:53.973 21189 21189 E ArmVmp : Match on catch block at 0xc3 in for 0x141
02-26 09:24:53.976 21189 21189 E ArmVmp : Match on catch block at 0xc3 in for 0x141
02-26 09:24:53.978 21189 21189 E ArmVmp : Match on catch block at 0xc3 in for 0x159
02-26 09:24:53.979 21189 21189 E ArmVmp : Match on catch block at 0xc3 in for 0x141
02-26 09:24:54.007 21189 21189 E ArmVmp : Match on catch block at 0xc3 in for 0x14d
02-26 09:24:54.009 21189 21189 E ArmVmp : Match on catch block at 0xc3 in for 0x149
02-26 09:24:54.011 21189 21189 E ArmVmp : Match on catch block at 0xc3 in for 0x14d
02-26 09:24:54.341 21189 21299 W Parcel : Expecting binder but got null!
02-26 09:24:54.504 21189 21189 E ArmVmp : Match on catch block at 0xc3 in for 0x159
02-26 09:24:54.506 21189 21189 E ArmVmp : Match on catch block at 0xc3 in for 0x155
02-26 09:24:54.507 21189 21189 E ArmVmp : Match on catch block at 0xc3 in for 0x159
02-26 09:24:55.002 21189 21189 E ArmVmp : Match on catch block at 0xc3 in for 0x149
02-26 09:24:55.005 21189 21189 E ArmVmp : Match on catch block at 0xc3 in for 0x145
02-26 09:24:55.008 21189 21189 E ArmVmp : Match on catch block at 0xc3 in for 0x149
02-26 09:24:55.502 21189 21189 E ArmVmp : Match on catch block at 0xc3 in for 0x149
02-26 09:24:55.506 21189 21189 E ArmVmp : Match on catch block at 0xc3 in for 0x145
02-26 09:24:55.509 21189 21189 E ArmVmp : Match on catch block at 0xc3 in for 0x149
02-26 09:24:56.003 21189 21189 E ArmVmp : Match on catch block at 0xc3 in for 0x149
02-26 09:24:56.006 21189 21189 E ArmVmp : Match on catch block at 0xc3 in for 0x145
02-26 09:24:56.008 21189 21189 E ArmVmp : Match on catch block at 0xc3 in for 0x149
02-26 09:24:56.353 21189 21299 W Parcel : Expecting binder but got null!
02-26 09:24:56.512 21189 21189 E ArmVmp : Match on catch block at 0xc3 in for 0x151
02-26 09:24:56.514 21189 21189 E ArmVmp : Match on catch block at 0xc3 in for 0x14d
02-26 09:24:56.515 21189 21189 E ArmVmp : Match on catch block at 0xc3 in for 0x151
02-26 09:24:56.882 21189 21189 E ArmVmp : Match on catch block at 0xc3 in for 0x141
02-26 09:24:56.884 21189 21189 E ArmVmp : Match on catch block at 0xc3 in for 0x159
02-26 09:24:56.885 21189 21189 E ArmVmp : Match on catch block at 0xc3 in for 0x141
02-26 09:24:56.894 21189 21189 E ArmVmp : Match on catch block at 0xc3 in for 0x14d
02-26 09:24:56.895 21189 21189 E ArmVmp : Match on catch block at 0xc3 in for 0x149
02-26 09:24:56.896 21189 21189 E ArmVmp : Match on catch block at 0xc3 in for 0x14d
02-26 09:24:57.012 21189 21189 E ArmVmp : Match on catch block at 0xc3 in for 0x14d
02-26 09:24:57.016 21189 21189 E ArmVmp : Match on catch block at 0xc3 in for 0x149
02-26 09:24:57.019 21189 21189 E ArmVmp : Match on catch block at 0xc3 in for 0x14d
02-26 09:24:57.513 21189 21189 E ArmVmp : Match on catch block at 0xc3 in for 0x14d
02-26 09:24:57.517 21189 21189 E ArmVmp : Match on catch block at 0xc3 in for 0x149
02-26 09:24:57.521 21189 21189 E ArmVmp : Match on catch block at 0xc3 in for 0x14d
02-26 09:24:58.013 21189 21189 E ArmVmp : Match on catch block at 0xc3 in for 0x14d
02-26 09:24:58.015 21189 21189 E ArmVmp : Match on catch block at 0xc3 in for 0x149
02-26 09:24:58.016 21189 21189 E ArmVmp : Match on catch block at 0xc3 in for 0x14d
02-26 09:24:58.370 21189 21299 W Parcel : Expecting binder but got null!
02-26 09:24:58.527 21189 21189 E ArmVmp : Match on catch block at 0xc3 in for 0x151
02-26 09:24:58.531 21189 21189 E ArmVmp : Match on catch block at 0xc3 in for 0x14d
02-26 09:24:58.534 21189 21189 E ArmVmp : Match on catch block at 0xc3 in for 0x151
02-26 09:24:59.023 21189 21189 E ArmVmp : Match on catch block at 0xc3 in for 0x151
02-26 09:24:59.027 21189 21189 E ArmVmp : Match on catch block at 0xc3 in for 0x14d
02-26 09:24:59.030 21189 21189 E ArmVmp : Match on catch block at 0xc3 in for 0x151
02-26 09:24:59.523 21189 21189 E ArmVmp : Match on catch block at 0xc3 in for 0x151
02-26 09:24:59.527 21189 21189 E ArmVmp : Match on catch block at 0xc3 in for 0x14d
02-26 09:24:59.530 21189 21189 E ArmVmp : Match on catch block at 0xc3 in for 0x151
02-26 09:24:59.952 21189 21189 E ArmVmp : Match on catch block at 0xc3 in for 0x141
02-26 09:24:59.953 21189 21189 E ArmVmp : Match on catch block at 0xc3 in for 0x159
02-26 09:24:59.954 21189 21189 E ArmVmp : Match on catch block at 0xc3 in for 0x141
02-26 09:25:00.028 21189 21189 E ArmVmp : Match on catch block at 0xc3 in for 0x141
02-26 09:25:00.031 21189 21189 E ArmVmp : Match on catch block at 0xc3 in for 0x159
02-26 09:25:00.032 21189 21189 E ArmVmp : Match on catch block at 0xc3 in for 0x141
02-26 09:25:00.061 21189 21189 W OnBackInvokedCallback: OnBackInvokedCallback is not enabled for the application.
02-26 09:25:00.061 21189 21189 W OnBackInvokedCallback: Set 'android:enableOnBackInvokedCallback="true"' in the application manifest.
02-26 09:25:00.169 21189 21189 E ArmVmp : Match on catch block at 0xc3 in for 0x151
02-26 09:25:00.173 21189 21189 E ArmVmp : Match on catch block at 0xc3 in for 0x14d
02-26 09:25:00.177 21189 21189 E ArmVmp : Match on catch block at 0xc3 in for 0x151
02-26 09:25:00.182 21189 21189 E ArmVmp : Match on catch block at 0xc3 in for 0x151
02-26 09:25:00.187 21189 21189 E ArmVmp : Match on catch block at 0xc3 in for 0x14d
02-26 09:25:00.188 21189 21189 E ArmVmp : Match on catch block at 0xc3 in for 0x151
02-26 09:25:00.382 21189 21299 W Parcel : Expecting binder but got null!
02-26 09:25:00.384 21189 21189 E ArmVmp : Match on catch block at 0xc3 in for 0x145
02-26 09:25:00.387 21189 21189 E ArmVmp : Match on catch block at 0xc3 in for 0x141
02-26 09:25:00.388 21189 21189 E ArmVmp : Match on catch block at 0xc3 in for 0x145
02-26 09:25:00.534 21189 21189 E ArmVmp : Match on catch block at 0xc3 in for 0x151
02-26 09:25:00.536 21189 21189 E ArmVmp : Match on catch block at 0xc3 in for 0x14d
02-26 09:25:00.538 21189 21189 E ArmVmp : Match on catch block at 0xc3 in for 0x151
02-26 09:25:01.046 21189 21189 E ArmVmp : Match on catch block at 0xc3 in for 0x14d
02-26 09:25:01.056 21189 21189 E ArmVmp : Match on catch block at 0xc3 in for 0x149
02-26 09:25:01.060 21189 21189 E ArmVmp : Match on catch block at 0xc3 in for 0x14d
02-26 09:25:01.070 21189 21189 E ArmVmp : Match on catch block at 0xc3 in for 0x149
02-26 09:25:01.072 21189 21189 E ArmVmp : Match on catch block at 0xc3 in for 0x145
02-26 09:25:01.075 21189 21189 E ArmVmp : Match on catch block at 0xc3 in for 0x149
02-26 09:25:01.086 21189 21189 E ArmVmp : Match on catch block at 0xc3 in for 0x149
02-26 09:25:01.095 21189 21189 E ArmVmp : Match on catch block at 0xc3 in for 0x145
02-26 09:25:01.097 21189 21189 E ArmVmp : Match on catch block at 0xc3 in for 0x149
02-26 09:25:01.100 21189 21189 E ArmVmp : Match on catch block at 0xc3 in for 0x149
02-26 09:25:01.102 21189 21189 E ArmVmp : Match on catch block at 0xc3 in for 0x145
02-26 09:25:01.104 21189 21189 E ArmVmp : Match on catch block at 0xc3 in for 0x149
02-26 09:25:01.117 21189 21189 E ArmVmp : Match on catch block at 0xc3 in for 0x149
02-26 09:25:01.118 21189 21189 E ArmVmp : Match on catch block at 0xc3 in for 0x145
02-26 09:25:01.120 21189 21189 E ArmVmp : Match on catch block at 0xc3 in for 0x149
02-26 09:25:01.133 21189 21189 E ArmVmp : Match on catch block at 0xc3 in for 0x149
02-26 09:25:01.135 21189 21189 E ArmVmp : Match on catch block at 0xc3 in for 0x145
02-26 09:25:01.137 21189 21189 E ArmVmp : Match on catch block at 0xc3 in for 0x149
02-26 09:25:01.151 21189 21189 E ArmVmp : Match on catch block at 0xc3 in for 0x149
02-26 09:25:01.155 21189 21189 E ArmVmp : Match on catch block at 0xc3 in for 0x145
02-26 09:25:01.160 21189 21189 E ArmVmp : Match on catch block at 0xc3 in for 0x149
02-26 09:25:01.167 21189 21189 E ArmVmp : Match on catch block at 0xc3 in for 0x149
02-26 09:25:01.169 21189 21189 E ArmVmp : Match on catch block at 0xc3 in for 0x145
02-26 09:25:01.174 21189 21189 E ArmVmp : Match on catch block at 0xc3 in for 0x149
02-26 09:25:01.183 21189 21189 E ArmVmp : Match on catch block at 0xc3 in for 0x151
02-26 09:25:01.189 21189 21189 E ArmVmp : Match on catch block at 0xc3 in for 0x14d
02-26 09:25:01.191 21189 21189 E ArmVmp : Match on catch block at 0xc3 in for 0x151
02-26 09:25:01.200 21189 21189 E ArmVmp : Match on catch block at 0xc3 in for 0x151
02-26 09:25:01.204 21189 21189 E ArmVmp : Match on catch block at 0xc3 in for 0x14d
02-26 09:25:01.206 21189 21189 E ArmVmp : Match on catch block at 0xc3 in for 0x151
02-26 09:25:01.217 21189 21189 E ArmVmp : Match on catch block at 0xc3 in for 0x151
02-26 09:25:01.220 21189 21189 E ArmVmp : Match on catch block at 0xc3 in for 0x14d
02-26 09:25:01.223 21189 21189 E ArmVmp : Match on catch block at 0xc3 in for 0x151
02-26 09:25:01.235 21189 21189 E ArmVmp : Match on catch block at 0xc3 in for 0x151
02-26 09:25:01.238 21189 21189 E ArmVmp : Match on catch block at 0xc3 in for 0x14d
02-26 09:25:01.241 21189 21189 E ArmVmp : Match on catch block at 0xc3 in for 0x151
02-26 09:25:01.318 21189 21189 E ArmVmp : Match on catch block at 0xc3 in for 0x159
02-26 09:25:01.322 21189 21189 E ArmVmp : Match on catch block at 0xc3 in for 0x155
02-26 09:25:01.326 21189 21189 E ArmVmp : Match on catch block at 0xc3 in for 0x159
02-26 09:25:01.818 21189 21189 E ArmVmp : Match on catch block at 0xc3 in for 0x159
02-26 09:25:01.821 21189 21189 E ArmVmp : Match on catch block at 0xc3 in for 0x155
02-26 09:25:01.824 21189 21189 E ArmVmp : Match on catch block at 0xc3 in for 0x159
02-26 09:25:01.967 21189 21189 E ArmVmp : Match on catch block at 0xc3 in for 0x145
02-26 09:25:01.971 21189 21189 E ArmVmp : Match on catch block at 0xc3 in for 0x141
02-26 09:25:01.974 21189 21189 E ArmVmp : Match on catch block at 0xc3 in for 0x145
02-26 09:25:02.372 21189 21189 E ArmVmp : Match on catch block at 0xc3 in for 0x14d
02-26 09:25:02.374 21189 21189 E ArmVmp : Match on catch block at 0xc3 in for 0x149
02-26 09:25:02.376 21189 21189 E ArmVmp : Match on catch block at 0xc3 in for 0x14d
02-26 09:25:02.417 21189 21189 E ArmVmp : Match on catch block at 0xc3 in for 0x159
02-26 09:25:02.425 21189 21189 E ArmVmp : Match on catch block at 0xc3 in for 0x155
02-26 09:25:02.429 21189 21189 E ArmVmp : Match on catch block at 0xc3 in for 0x159
02-26 09:25:02.433 21189 21189 E ArmVmp : Match on catch block at 0xc3 in for 0x159
02-26 09:25:02.435 21189 21189 E ArmVmp : Match on catch block at 0xc3 in for 0x155
02-26 09:25:02.439 21189 21189 E ArmVmp : Match on catch block at 0xc3 in for 0x159
02-26 09:25:02.450 21189 21189 E ArmVmp : Match on catch block at 0xc3 in for 0x159
02-26 09:25:02.452 21189 21189 E ArmVmp : Match on catch block at 0xc3 in for 0x155
02-26 09:25:02.454 21189 21189 E ArmVmp : Match on catch block at 0xc3 in for 0x159
02-26 09:25:02.458 21189 21189 E ArmVmp : Match on catch block at 0xc3 in for 0x159
02-26 09:25:02.461 21189 21189 E ArmVmp : Match on catch block at 0xc3 in for 0x155
02-26 09:25:02.462 21189 21189 E ArmVmp : Match on catch block at 0xc3 in for 0x159
02-26 09:25:02.466 21189 21189 E ArmVmp : Match on catch block at 0xc3 in for 0x159
02-26 09:25:02.468 21189 21189 E ArmVmp : Match on catch block at 0xc3 in for 0x155
02-26 09:25:02.470 21189 21189 E ArmVmp : Match on catch block at 0xc3 in for 0x159
02-26 09:25:02.475 21189 21189 E ArmVmp : Match on catch block at 0xc3 in for 0x159
02-26 09:25:02.477 21189 21189 E ArmVmp : Match on catch block at 0xc3 in for 0x155
02-26 09:25:02.478 21189 21189 E ArmVmp : Match on catch block at 0xc3 in for 0x159
02-26 09:25:02.483 21189 21189 E ArmVmp : Match on catch block at 0xc3 in for 0x159
02-26 09:25:02.487 21189 21189 E ArmVmp : Match on catch block at 0xc3 in for 0x155
02-26 09:25:02.489 21189 21189 E ArmVmp : Match on catch block at 0xc3 in for 0x159
02-26 09:25:02.493 21189 21189 E ArmVmp : Match on catch block at 0xc3 in for 0x159
02-26 09:25:02.495 21189 21189 E ArmVmp : Match on catch block at 0xc3 in for 0x155
02-26 09:25:02.496 21189 21189 E ArmVmp : Match on catch block at 0xc3 in for 0x159
02-26 09:25:02.501 21189 21189 E ArmVmp : Match on catch block at 0xc3 in for 0x141
02-26 09:25:02.503 21189 21189 E ArmVmp : Match on catch block at 0xc3 in for 0x159
02-26 09:25:02.504 21189 21189 E ArmVmp : Match on catch block at 0xc3 in for 0x141
02-26 09:25:02.509 21189 21189 E ArmVmp : Match on catch block at 0xc3 in for 0x141
02-26 09:25:02.512 21189 21189 E ArmVmp : Match on catch block at 0xc3 in for 0x159
02-26 09:25:02.513 21189 21189 E ArmVmp : Match on catch block at 0xc3 in for 0x141
02-26 09:25:02.516 21189 21189 E ArmVmp : Match on catch block at 0xc3 in for 0x141
02-26 09:25:02.518 21189 21189 E ArmVmp : Match on catch block at 0xc3 in for 0x159
02-26 09:25:02.519 21189 21189 E ArmVmp : Match on catch block at 0xc3 in for 0x141
02-26 09:25:02.524 21189 21189 E ArmVmp : Match on catch block at 0xc3 in for 0x141
02-26 09:25:02.526 21189 21189 E ArmVmp : Match on catch block at 0xc3 in for 0x159
02-26 09:25:02.528 21189 21189 E ArmVmp : Match on catch block at 0xc3 in for 0x141
02-26 09:25:02.533 21189 21189 E ArmVmp : Match on catch block at 0xc3 in for 0x141
02-26 09:25:02.536 21189 21189 E ArmVmp : Match on catch block at 0xc3 in for 0x159
02-26 09:25:02.537 21189 21189 E ArmVmp : Match on catch block at 0xc3 in for 0x141
02-26 09:25:02.543 21189 21189 E ArmVmp : Match on catch block at 0xc3 in for 0x141
02-26 09:25:02.545 21189 21189 E ArmVmp : Match on catch block at 0xc3 in for 0x159
02-26 09:25:02.546 21189 21189 E ArmVmp : Match on catch block at 0xc3 in for 0x141
02-26 09:25:02.549 21189 21189 E ArmVmp : Match on catch block at 0xc3 in for 0x149
02-26 09:25:02.552 21189 21189 E ArmVmp : Match on catch block at 0xc3 in for 0x145
02-26 09:25:02.553 21189 21189 E ArmVmp : Match on catch block at 0xc3 in for 0x149
02-26 09:25:02.558 21189 21189 E ArmVmp : Match on catch block at 0xc3 in for 0x149
02-26 09:25:02.560 21189 21189 E ArmVmp : Match on catch block at 0xc3 in for 0x145
02-26 09:25:02.562 21189 21189 E ArmVmp : Match on catch block at 0xc3 in for 0x149
02-26 09:25:02.575 21189 21189 E ArmVmp : Match on catch block at 0xc3 in for 0x149
02-26 09:25:02.578 21189 21189 E ArmVmp : Match on catch block at 0xc3 in for 0x145
02-26 09:25:02.580 21189 21189 E ArmVmp : Match on catch block at 0xc3 in for 0x149
02-26 09:25:02.584 21189 21189 E ArmVmp : Match on catch block at 0xc3 in for 0x149
02-26 09:25:02.586 21189 21189 E ArmVmp : Match on catch block at 0xc3 in for 0x145
02-26 09:25:02.588 21189 21189 E ArmVmp : Match on catch block at 0xc3 in for 0x149
02-26 09:25:02.593 21189 21189 E ArmVmp : Match on catch block at 0xc3 in for 0x149
02-26 09:25:02.595 21189 21189 E ArmVmp : Match on catch block at 0xc3 in for 0x145
02-26 09:25:02.596 21189 21189 E ArmVmp : Match on catch block at 0xc3 in for 0x149
02-26 09:25:02.599 21189 21189 E ArmVmp : Match on catch block at 0xc3 in for 0x149
02-26 09:25:02.615 21189 21189 E ArmVmp : Match on catch block at 0xc3 in for 0x145
02-26 09:25:02.616 21189 21189 E ArmVmp : Match on catch block at 0xc3 in for 0x149
02-26 09:25:02.713 21189 21189 E ArmVmp : Match on catch block at 0xc3 in for 0x145
02-26 09:25:02.721 21189 21189 E ArmVmp : Match on catch block at 0xc3 in for 0x141
02-26 09:25:02.726 21189 21189 E ArmVmp : Match on catch block at 0xc3 in for 0x145
02-26 09:25:02.742 21189 21189 E ArmVmp : Match on catch block at 0xc3 in for 0x159
02-26 09:25:02.758 21189 21189 E ArmVmp : Match on catch block at 0xc3 in for 0x155
02-26 09:25:02.760 21189 21189 E ArmVmp : Match on catch block at 0xc3 in for 0x159
02-26 09:25:02.770 21189 21189 E ArmVmp : Match on catch block at 0xc3 in for 0x159
02-26 09:25:02.774 21189 21189 E ArmVmp : Match on catch block at 0xc3 in for 0x155
02-26 09:25:02.781 21189 21189 E ArmVmp : Match on catch block at 0xc3 in for 0x159
02-26 09:25:02.801 21189 21189 E ArmVmp : Match on catch block at 0xc3 in for 0x159
02-26 09:25:02.805 21189 21189 E ArmVmp : Match on catch block at 0xc3 in for 0x155
02-26 09:25:02.813 21189 21189 E ArmVmp : Match on catch block at 0xc3 in for 0x159
02-26 09:25:02.819 21189 21189 E ArmVmp : Match on catch block at 0xc3 in for 0x159
02-26 09:25:02.828 21189 21189 E ArmVmp : Match on catch block at 0xc3 in for 0x155
02-26 09:25:02.830 21189 21189 E ArmVmp : Match on catch block at 0xc3 in for 0x159
02-26 09:25:02.854 21189 21189 E ArmVmp : Match on catch block at 0xc3 in for 0x159
02-26 09:25:02.858 21189 21189 E ArmVmp : Match on catch block at 0xc3 in for 0x155
02-26 09:25:02.860 21189 21189 E ArmVmp : Match on catch block at 0xc3 in for 0x159
02-26 09:25:02.870 21189 21189 E ArmVmp : Match on catch block at 0xc3 in for 0x159
02-26 09:25:02.875 21189 21189 E ArmVmp : Match on catch block at 0xc3 in for 0x155
02-26 09:25:02.877 21189 21189 E ArmVmp : Match on catch block at 0xc3 in for 0x159
02-26 09:25:02.884 21189 21189 E ArmVmp : Match on catch block at 0xc3 in for 0x145
02-26 09:25:02.891 21189 21189 E ArmVmp : Match on catch block at 0xc3 in for 0x141
02-26 09:25:02.893 21189 21189 E ArmVmp : Match on catch block at 0xc3 in for 0x145
02-26 09:25:02.901 21189 21189 E ArmVmp : Match on catch block at 0xc3 in for 0x145
02-26 09:25:02.905 21189 21189 E ArmVmp : Match on catch block at 0xc3 in for 0x141
02-26 09:25:02.907 21189 21189 E ArmVmp : Match on catch block at 0xc3 in for 0x145
02-26 09:25:02.917 21189 21189 E ArmVmp : Match on catch block at 0xc3 in for 0x145
02-26 09:25:02.925 21189 21189 E ArmVmp : Match on catch block at 0xc3 in for 0x141
02-26 09:25:02.929 21189 21189 E ArmVmp : Match on catch block at 0xc3 in for 0x145
02-26 09:25:03.067 21189 21189 E ArmVmp : Match on catch block at 0xc3 in for 0x14d
02-26 09:25:03.071 21189 21189 E ArmVmp : Match on catch block at 0xc3 in for 0x149
02-26 09:25:03.073 21189 21189 E ArmVmp : Match on catch block at 0xc3 in for 0x14d
02-26 09:25:03.183 21189 21189 E ArmVmp : Match on catch block at 0xc3 in for 0x155
02-26 09:25:03.186 21189 21189 E ArmVmp : Match on catch block at 0xc3 in for 0x151
02-26 09:25:03.187 21189 21189 E ArmVmp : Match on catch block at 0xc3 in for 0x155
02-26 09:25:03.318 21189 21189 E ArmVmp : Match on catch block at 0xc3 in for 0x141
02-26 09:25:03.322 21189 21189 E ArmVmp : Match on catch block at 0xc3 in for 0x159
02-26 09:25:03.324 21189 21189 E ArmVmp : Match on catch block at 0xc3 in for 0x141
02-26 09:25:03.617 21189 21299 W Parcel : Expecting binder but got null!
02-26 09:25:03.620 21189 21189 E ArmVmp : Match on catch block at 0xc3 in for 0x159
02-26 09:25:03.622 21189 21189 E ArmVmp : Match on catch block at 0xc3 in for 0x155
02-26 09:25:03.624 21189 21189 E ArmVmp : Match on catch block at 0xc3 in for 0x159
02-26 09:25:03.633 21189 21189 E ArmVmp : Match on catch block at 0xc3 in for 0x14d
02-26 09:25:03.635 21189 21189 E ArmVmp : Match on catch block at 0xc3 in for 0x149
02-26 09:25:03.637 21189 21189 E ArmVmp : Match on catch block at 0xc3 in for 0x14d
02-26 09:25:03.662 21189 21189 E ArmVmp : Match on catch block at 0xc3 in for 0x141
02-26 09:25:03.663 21189 21189 E ArmVmp : Match on catch block at 0xc3 in for 0x159
02-26 09:25:03.666 21189 21189 E ArmVmp : Match on catch block at 0xc3 in for 0x14d
02-26 09:25:03.668 21189 21189 E ArmVmp : Match on catch block at 0xc3 in for 0x149
02-26 09:25:03.672 21189 21189 E ArmVmp : Match on catch block at 0xc3 in for 0x159
02-26 09:25:03.673 21189 21189 E ArmVmp : Match on catch block at 0xc3 in for 0x155
02-26 09:25:03.699 21189 21189 E ArmVmp : Match on catch block at 0xc3 in for 0x159
02-26 09:25:03.701 21189 21189 E ArmVmp : Match on catch block at 0xc3 in for 0x155
02-26 09:25:03.706 21189 21189 E ArmVmp : Match on catch block at 0xc3 in for 0x151
02-26 09:25:03.708 21189 21189 E ArmVmp : Match on catch block at 0xc3 in for 0x14d
02-26 09:25:03.718 21189 21189 E ArmVmp : Match on catch block at 0xc3 in for 0x155
02-26 09:25:03.722 21189 21189 E ArmVmp : Match on catch block at 0xc3 in for 0x151
02-26 09:25:03.731 21189 21189 E ArmVmp : Match on catch block at 0xc3 in for 0x145
02-26 09:25:03.733 21189 21189 E ArmVmp : Match on catch block at 0xc3 in for 0x141
02-26 09:25:03.735 21189 21189 E ArmVmp : Match on catch block at 0xc3 in for 0x151
02-26 09:25:03.737 21189 21189 E ArmVmp : Match on catch block at 0xc3 in for 0x14d
02-26 09:25:03.742 21189 21189 E ArmVmp : Match on catch block at 0xc3 in for 0x141
02-26 09:25:03.744 21189 21189 E ArmVmp : Match on catch block at 0xc3 in for 0x159
02-26 09:25:03.751 21189 21189 E ArmVmp : Match on catch block at 0xc3 in for 0x14d
02-26 09:25:03.754 21189 21189 E ArmVmp : Match on catch block at 0xc3 in for 0x149
02-26 09:25:03.760 21189 21189 E ArmVmp : Match on catch block at 0xc3 in for 0x159
02-26 09:25:03.762 21189 21189 E ArmVmp : Match on catch block at 0xc3 in for 0x155
02-26 09:25:03.768 21189 21189 E ArmVmp : Match on catch block at 0xc3 in for 0x149
02-26 09:25:03.773 21189 21189 E ArmVmp : Match on catch block at 0xc3 in for 0x145
02-26 09:25:03.778 21189 21189 E ArmVmp : Match on catch block at 0xc3 in for 0x155
02-26 09:25:03.780 21189 21189 E ArmVmp : Match on catch block at 0xc3 in for 0x151
02-26 09:25:03.784 21189 21189 E ArmVmp : Match on catch block at 0xc3 in for 0x145
02-26 09:25:03.786 21189 21189 E ArmVmp : Match on catch block at 0xc3 in for 0x141
02-26 09:25:03.791 21189 21189 E ArmVmp : Match on catch block at 0xc3 in for 0x151
02-26 09:25:03.794 21189 21189 E ArmVmp : Match on catch block at 0xc3 in for 0x14d
02-26 09:25:03.801 21189 21189 E ArmVmp : Match on catch block at 0xc3 in for 0x141
02-26 09:25:03.803 21189 21189 E ArmVmp : Match on catch block at 0xc3 in for 0x159
02-26 09:25:03.809 21189 21189 E ArmVmp : Match on catch block at 0xc3 in for 0x14d
02-26 09:25:03.811 21189 21189 E ArmVmp : Match on catch block at 0xc3 in for 0x149
02-26 09:25:03.914 21189 21189 E ArmVmp : Match on catch block at 0xc3 in for 0x151
02-26 09:25:03.916 21189 21189 E ArmVmp : Match on catch block at 0xc3 in for 0x14d
02-26 09:25:03.928 21189 28139 W MediaPlayer: Use of stream types is deprecated for operations other than volume control
02-26 09:25:03.928 21189 28139 W MediaPlayer: See the documentation of setAudioStreamType() for what to use instead with android.media.AudioAttributes to qualify your playback use case
02-26 09:25:04.002 21189 25589 W MediaPlayerNative: info/warning (10973, 0)
02-26 09:25:04.133 21189 21189 E ArmVmp : Match on catch block at 0xc3 in for 0x155
02-26 09:25:04.136 21189 21189 E ArmVmp : Match on catch block at 0xc3 in for 0x151
02-26 09:25:04.144 21189 21189 E ArmVmp : Match on catch block at 0xc3 in for 0x141
02-26 09:25:04.146 21189 21189 E ArmVmp : Match on catch block at 0xc3 in for 0x159
02-26 09:25:04.155 21189 21189 E ArmVmp : Match on catch block at 0xc3 in for 0x145
02-26 09:25:04.156 21189 21189 E ArmVmp : Match on catch block at 0xc3 in for 0x141
02-26 09:25:04.586 21189 21189 E ArmVmp : Match on catch block at 0xc3 in for 0x14d
02-26 09:25:04.588 21189 21189 E ArmVmp : Match on catch block at 0xc3 in for 0x149
02-26 09:25:04.597 21189 21189 E ArmVmp : Match on catch block at 0xc3 in for 0x151
02-26 09:25:04.598 21189 21189 E ArmVmp : Match on catch block at 0xc3 in for 0x14d
02-26 09:25:04.611 21189 21189 E ArmVmp : Match on catch block at 0xc3 in for 0x141
02-26 09:25:04.616 21189 21189 E ArmVmp : Match on catch block at 0xc3 in for 0x159
02-26 09:25:04.625 21189 21189 E ArmVmp : Match on catch block at 0xc3 in for 0x14d
02-26 09:25:04.628 21189 21189 E ArmVmp : Match on catch block at 0xc3 in for 0x149
02-26 09:25:04.634 21189 21189 E ArmVmp : Match on catch block at 0xc3 in for 0x159
02-26 09:25:04.638 21189 21189 E ArmVmp : Match on catch block at 0xc3 in for 0x155
02-26 09:25:04.650 21189 21189 E ArmVmp : Match on catch block at 0xc3 in for 0x149
02-26 09:25:04.652 21189 21189 E ArmVmp : Match on catch block at 0xc3 in for 0x145
02-26 09:25:04.659 21189 21189 E ArmVmp : Match on catch block at 0xc3 in for 0x155
02-26 09:25:04.661 21189 21189 E ArmVmp : Match on catch block at 0xc3 in for 0x151
02-26 09:25:04.667 21189 21189 E ArmVmp : Match on catch block at 0xc3 in for 0x145
02-26 09:25:04.669 21189 21189 E ArmVmp : Match on catch block at 0xc3 in for 0x141
02-26 09:25:04.675 21189 21189 E ArmVmp : Match on catch block at 0xc3 in for 0x151
02-26 09:25:04.679 21189 21189 E ArmVmp : Match on catch block at 0xc3 in for 0x14d
02-26 09:25:04.684 21189 21189 E ArmVmp : Match on catch block at 0xc3 in for 0x141
02-26 09:25:04.688 21189 21189 E ArmVmp : Match on catch block at 0xc3 in for 0x159
02-26 09:25:04.696 21189 21189 E ArmVmp : Match on catch block at 0xc3 in for 0x155
02-26 09:25:04.700 21189 21189 E ArmVmp : Match on catch block at 0xc3 in for 0x151
02-26 09:25:04.709 21189 21189 E ArmVmp : Match on catch block at 0xc3 in for 0x145
02-26 09:25:04.713 21189 21189 E ArmVmp : Match on catch block at 0xc3 in for 0x141
02-26 09:25:04.725 21189 21189 E ArmVmp : Match on catch block at 0xc3 in for 0x151
02-26 09:25:04.728 21189 21189 E ArmVmp : Match on catch block at 0xc3 in for 0x14d
02-26 09:25:04.733 21189 21189 E ArmVmp : Match on catch block at 0xc3 in for 0x141
02-26 09:25:04.737 21189 21189 E ArmVmp : Match on catch block at 0xc3 in for 0x159
02-26 09:25:04.742 21189 21189 E ArmVmp : Match on catch block at 0xc3 in for 0x14d
02-26 09:25:04.744 21189 21189 E ArmVmp : Match on catch block at 0xc3 in for 0x149
02-26 09:25:04.750 21189 21189 E ArmVmp : Match on catch block at 0xc3 in for 0x159
02-26 09:25:04.752 21189 21189 E ArmVmp : Match on catch block at 0xc3 in for 0x155
02-26 09:25:04.759 21189 21189 E ArmVmp : Match on catch block at 0xc3 in for 0x149
02-26 09:25:04.763 21189 21189 E ArmVmp : Match on catch block at 0xc3 in for 0x145
02-26 09:25:04.776 21189 21189 E ArmVmp : Match on catch block at 0xc3 in for 0x155
02-26 09:25:04.779 21189 21189 E ArmVmp : Match on catch block at 0xc3 in for 0x151
02-26 09:25:04.928 21189 21189 E ArmVmp : Match on catch block at 0xc3 in for 0x14d
02-26 09:25:04.932 21189 21189 E ArmVmp : Match on catch block at 0xc3 in for 0x149
02-26 09:25:05.119 21189 21189 E ArmVmp : Match on catch block at 0xc3 in for 0x145
02-26 09:25:05.125 21189 21189 E ArmVmp : Match on catch block at 0xc3 in for 0x141
02-26 09:25:05.593 21189 21189 E ArmVmp : Match on catch block at 0xc3 in for 0x145
02-26 09:25:05.597 21189 21189 E ArmVmp : Match on catch block at 0xc3 in for 0x141
02-26 09:25:05.612 21189 21189 E ArmVmp : Match on catch block at 0xc3 in for 0x141
02-26 09:25:05.614 21189 21189 E ArmVmp : Match on catch block at 0xc3 in for 0x159
02-26 09:25:05.631 21189 21189 E ArmVmp : Match on catch block at 0xc3 in for 0x155
02-26 09:25:05.633 21189 21189 E ArmVmp : Match on catch block at 0xc3 in for 0x151
02-26 09:25:05.656 21189 21189 E ArmVmp : Match on catch block at 0xc3 in for 0x151
02-26 09:25:05.657 21189 21189 E ArmVmp : Match on catch block at 0xc3 in for 0x14d
02-26 09:25:05.669 21189 21189 E ArmVmp : Match on catch block at 0xc3 in for 0x145
02-26 09:25:05.671 21189 21189 E ArmVmp : Match on catch block at 0xc3 in for 0x141
02-26 09:25:05.679 21189 21189 E ArmVmp : Match on catch block at 0xc3 in for 0x149
02-26 09:25:05.682 21189 21189 E ArmVmp : Match on catch block at 0xc3 in for 0x145
02-26 09:25:05.686 21189 21189 E ArmVmp : Match on catch block at 0xc3 in for 0x155
02-26 09:25:05.689 21189 21189 E ArmVmp : Match on catch block at 0xc3 in for 0x151
02-26 09:25:05.692 21189 21189 E ArmVmp : Match on catch block at 0xc3 in for 0x145
02-26 09:25:05.694 21189 21189 E ArmVmp : Match on catch block at 0xc3 in for 0x141
02-26 09:25:05.700 21189 21189 E ArmVmp : Match on catch block at 0xc3 in for 0x151
02-26 09:25:05.706 21189 21189 E ArmVmp : Match on catch block at 0xc3 in for 0x14d
02-26 09:25:05.708 21189 21189 E ArmVmp : Match on catch block at 0xc3 in for 0x141
02-26 09:25:05.713 21189 21189 E ArmVmp : Match on catch block at 0xc3 in for 0x159
02-26 09:25:05.719 21189 21189 E ArmVmp : Match on catch block at 0xc3 in for 0x14d
02-26 09:25:05.721 21189 21189 E ArmVmp : Match on catch block at 0xc3 in for 0x149
02-26 09:25:05.725 21189 21189 E ArmVmp : Match on catch block at 0xc3 in for 0x159
02-26 09:25:05.728 21189 21189 E ArmVmp : Match on catch block at 0xc3 in for 0x155
02-26 09:25:05.735 21189 21189 E ArmVmp : Match on catch block at 0xc3 in for 0x149
02-26 09:25:05.736 21189 21189 E ArmVmp : Match on catch block at 0xc3 in for 0x145
02-26 09:25:05.742 21189 21189 E ArmVmp : Match on catch block at 0xc3 in for 0x155
02-26 09:25:05.744 21189 21189 E ArmVmp : Match on catch block at 0xc3 in for 0x151
02-26 09:25:05.750 21189 21189 E ArmVmp : Match on catch block at 0xc3 in for 0x145
02-26 09:25:05.752 21189 21189 E ArmVmp : Match on catch block at 0xc3 in for 0x141
02-26 09:25:05.758 21189 21189 E ArmVmp : Match on catch block at 0xc3 in for 0x151
02-26 09:25:05.761 21189 21189 E ArmVmp : Match on catch block at 0xc3 in for 0x14d
02-26 09:25:05.767 21189 21189 E ArmVmp : Match on catch block at 0xc3 in for 0x141
02-26 09:25:05.769 21189 21189 E ArmVmp : Match on catch block at 0xc3 in for 0x159
02-26 09:25:05.775 21189 21189 E ArmVmp : Match on catch block at 0xc3 in for 0x14d
02-26 09:25:05.777 21189 21189 E ArmVmp : Match on catch block at 0xc3 in for 0x149
02-26 09:25:05.783 21189 21189 E ArmVmp : Match on catch block at 0xc3 in for 0x159
02-26 09:25:05.787 21189 21189 E ArmVmp : Match on catch block at 0xc3 in for 0x155
02-26 09:25:05.792 21189 21189 E ArmVmp : Match on catch block at 0xc3 in for 0x149
02-26 09:25:05.794 21189 21189 E ArmVmp : Match on catch block at 0xc3 in for 0x145
02-26 09:25:05.861 21189 21189 E ArmVmp : Match on catch block at 0xc3 in for 0x149
02-26 09:25:05.864 21189 21189 E ArmVmp : Match on catch block at 0xc3 in for 0x145
02-26 09:25:05.876 21189 28139 W MediaPlayer: Use of stream types is deprecated for operations other than volume control
02-26 09:25:05.876 21189 28139 W MediaPlayer: See the documentation of setAudioStreamType() for what to use instead with android.media.AudioAttributes to qualify your playback use case
02-26 09:25:05.891 21189 21295 W MediaPlayerNative: info/warning (10973, 0)
02-26 09:25:06.060 21189 21189 E ArmVmp : Match on catch block at 0xc3 in for 0x159
02-26 09:25:06.062 21189 21189 E ArmVmp : Match on catch block at 0xc3 in for 0x155
02-26 09:25:06.071 21189 21189 E ArmVmp : Match on catch block at 0xc3 in for 0x14d
02-26 09:25:06.073 21189 21189 E ArmVmp : Match on catch block at 0xc3 in for 0x149
02-26 09:25:06.109 21189 21189 E ArmVmp : Match on catch block at 0xc3 in for 0x141
02-26 09:25:06.111 21189 21189 E ArmVmp : Match on catch block at 0xc3 in for 0x159
02-26 09:25:06.158 21189 21189 E ArmVmp : Match on catch block at 0xc3 in for 0x149
02-26 09:25:06.162 21189 21189 E ArmVmp : Match on catch block at 0xc3 in for 0x145
02-26 09:25:06.169 21189 21189 E ArmVmp : Match on catch block at 0xc3 in for 0x155
02-26 09:25:06.172 21189 21189 E ArmVmp : Match on catch block at 0xc3 in for 0x151
02-26 09:25:06.426 21189 21189 E ArmVmp : Match on catch block at 0xc3 in for 0x145
02-26 09:25:06.429 21189 21189 E ArmVmp : Match on catch block at 0xc3 in for 0x141
02-26 09:25:06.521 21189 21189 E ArmVmp : Match on catch block at 0xc3 in for 0x145
02-26 09:25:06.523 21189 21189 E ArmVmp : Match on catch block at 0xc3 in for 0x141
02-26 09:25:06.714 21189 21189 E ArmVmp : Match on catch block at 0xc3 in for 0x141
02-26 09:25:06.717 21189 21189 E ArmVmp : Match on catch block at 0xc3 in for 0x159
02-26 09:25:07.132 21189 21189 E ArmVmp : Match on catch block at 0xc3 in for 0x145
02-26 09:25:07.133 21189 21189 E ArmVmp : Match on catch block at 0xc3 in for 0x141
02-26 09:25:07.749 21189 21299 W Parcel : Expecting binder but got null!
02-26 09:25:08.701 21189 21189 E ArmVmp : Match on catch block at 0x0a in for 0x191
02-26 09:25:08.702 21189 21189 E ArmVmp : Match on catch block at 0x0a in for 0x189
02-26 09:25:08.871 21189 21189 E ArmVmp : Match on catch block at 0xc3 in for 0x179
02-26 09:25:08.873 21189 21189 E ArmVmp : Match on catch block at 0xc3 in for 0x171
02-26 09:25:08.874 21189 21189 E ArmVmp : Match on catch block at 0xc3 in for 0x169
02-26 09:25:08.898 21189 21299 W Parcel : Expecting binder but got null!
02-26 09:25:08.942 21189 21189 E ArmVmp : Match on catch block at 0xc3 in for 0x145
02-26 09:25:08.952 21189 21189 E ArmVmp : Match on catch block at 0xc3 in for 0x141
02-26 09:25:08.955 21189 21189 E ArmVmp : Match on catch block at 0xc3 in for 0x145
02-26 09:25:08.969 21189 21189 E ArmVmp : Match on catch block at 0xc3 in for 0x14d
02-26 09:25:08.970 21189 21189 E ArmVmp : Match on catch block at 0xc3 in for 0x149
02-26 09:25:08.971 21189 21189 E ArmVmp : Match on catch block at 0xc3 in for 0x14d
02-26 09:25:08.979 21189 21189 E ArmVmp : Match on catch block at 0xc3 in for 0x151
02-26 09:25:08.981 21189 21189 E ArmVmp : Match on catch block at 0xc3 in for 0x14d
02-26 09:25:08.982 21189 21189 E ArmVmp : Match on catch block at 0xc3 in for 0x151
02-26 09:25:08.985 21189 21189 E ArmVmp : Match on catch block at 0xc3 in for 0x151
02-26 09:25:08.991 21189 21189 E ArmVmp : Match on catch block at 0xc3 in for 0x14d
02-26 09:25:08.993 21189 21189 E ArmVmp : Match on catch block at 0xc3 in for 0x151
02-26 09:25:09.030 21189 21189 E ArmVmp : Match on catch block at 0xc3 in for 0x141
02-26 09:25:09.032 21189 21189 E ArmVmp : Match on catch block at 0xc3 in for 0x159
02-26 09:25:09.033 21189 21189 E ArmVmp : Match on catch block at 0xc3 in for 0x141
02-26 09:25:09.511 21189 21189 E ArmVmp : Match on catch block at 0xc3 in for 0x141
02-26 09:25:09.516 21189 21189 E ArmVmp : Match on catch block at 0xc3 in for 0x159
02-26 09:25:09.519 21189 21189 E ArmVmp : Match on catch block at 0xc3 in for 0x141
02-26 09:25:09.817 21189 21189 E ArmVmp : Match on catch block at 0xc3 in for 0x145
02-26 09:25:09.820 21189 21189 E ArmVmp : Match on catch block at 0xc3 in for 0x141
02-26 09:25:09.821 21189 21189 E ArmVmp : Match on catch block at 0xc3 in for 0x145
02-26 09:25:09.878 21189 21189 W OnBackInvokedCallback: OnBackInvokedCallback is not enabled for the application.
02-26 09:25:09.878 21189 21189 W OnBackInvokedCallback: Set 'android:enableOnBackInvokedCallback="true"' in the application manifest.
02-26 09:25:09.935 21189 21189 E ArmVmp : Match on catch block at 0xc3 in for 0x14d
02-26 09:25:09.938 21189 21189 E ArmVmp : Match on catch block at 0xc3 in for 0x149
02-26 09:25:09.939 21189 21189 E ArmVmp : Match on catch block at 0xc3 in for 0x14d
02-26 09:25:09.946 21189 21189 E ArmVmp : Match on catch block at 0xc3 in for 0x14d
02-26 09:25:09.947 21189 21189 E ArmVmp : Match on catch block at 0xc3 in for 0x149
02-26 09:25:09.949 21189 21189 E ArmVmp : Match on catch block at 0xc3 in for 0x14d
02-26 09:25:10.011 21189 21189 E ArmVmp : Match on catch block at 0xc3 in for 0x14d
02-26 09:25:10.014 21189 21189 E ArmVmp : Match on catch block at 0xc3 in for 0x149
02-26 09:25:10.015 21189 21189 E ArmVmp : Match on catch block at 0xc3 in for 0x14d
02-26 09:25:10.127 21189 21189 E ArmVmp : Match on catch block at 0xc3 in for 0x14d
02-26 09:25:10.131 21189 21189 E ArmVmp : Match on catch block at 0xc3 in for 0x149
02-26 09:25:10.133 21189 21189 E ArmVmp : Match on catch block at 0xc3 in for 0x14d
02-26 09:25:10.514 21189 21189 E ArmVmp : Match on catch block at 0xc3 in for 0x14d
02-26 09:25:10.521 21189 21189 E ArmVmp : Match on catch block at 0xc3 in for 0x149
02-26 09:25:10.524 21189 21189 E ArmVmp : Match on catch block at 0xc3 in for 0x14d
02-26 09:25:10.788 21189 21189 E ArmVmp : Match on catch block at 0xc3 in for 0x149
02-26 09:25:10.791 21189 21189 E ArmVmp : Match on catch block at 0xc3 in for 0x145
02-26 09:25:10.793 21189 21189 E ArmVmp : Match on catch block at 0xc3 in for 0x149
02-26 09:25:10.820 21189 21189 E ArmVmp : Match on catch block at 0xc3 in for 0x145
02-26 09:25:10.823 21189 21189 E ArmVmp : Match on catch block at 0xc3 in for 0x141
02-26 09:25:10.824 21189 21189 E ArmVmp : Match on catch block at 0xc3 in for 0x145
02-26 09:25:10.837 21189 21189 E ArmVmp : Match on catch block at 0xc3 in for 0x145
02-26 09:25:10.842 21189 21189 E ArmVmp : Match on catch block at 0xc3 in for 0x141
02-26 09:25:10.844 21189 21189 E ArmVmp : Match on catch block at 0xc3 in for 0x145
02-26 09:25:10.854 21189 21189 E ArmVmp : Match on catch block at 0xc3 in for 0x145
02-26 09:25:10.858 21189 21189 E ArmVmp : Match on catch block at 0xc3 in for 0x141
02-26 09:25:10.860 21189 21189 E ArmVmp : Match on catch block at 0xc3 in for 0x145
02-26 09:25:10.871 21189 21189 E ArmVmp : Match on catch block at 0xc3 in for 0x145
02-26 09:25:10.879 21189 21189 E ArmVmp : Match on catch block at 0xc3 in for 0x141
02-26 09:25:10.881 21189 21189 E ArmVmp : Match on catch block at 0xc3 in for 0x145
02-26 09:25:10.887 21189 21189 E ArmVmp : Match on catch block at 0xc3 in for 0x145
02-26 09:25:10.890 21189 21189 E ArmVmp : Match on catch block at 0xc3 in for 0x141
02-26 09:25:10.892 21189 21189 E ArmVmp : Match on catch block at 0xc3 in for 0x145
02-26 09:25:10.906 21189 21189 E ArmVmp : Match on catch block at 0xc3 in for 0x145
02-26 09:25:10.912 21189 21189 E ArmVmp : Match on catch block at 0xc3 in for 0x141
02-26 09:25:10.915 21189 21189 E ArmVmp : Match on catch block at 0xc3 in for 0x145
02-26 09:25:10.921 21189 21189 E ArmVmp : Match on catch block at 0xc3 in for 0x145
02-26 09:25:10.925 21189 21189 E ArmVmp : Match on catch block at 0xc3 in for 0x141
02-26 09:25:10.927 21189 21189 E ArmVmp : Match on catch block at 0xc3 in for 0x145
02-26 09:25:10.937 21189 21189 E ArmVmp : Match on catch block at 0xc3 in for 0x14d
02-26 09:25:10.941 21189 21189 E ArmVmp : Match on catch block at 0xc3 in for 0x149
02-26 09:25:10.945 21189 21189 E ArmVmp : Match on catch block at 0xc3 in for 0x14d
02-26 09:25:10.954 21189 21189 E ArmVmp : Match on catch block at 0xc3 in for 0x14d
02-26 09:25:10.958 21189 21189 E ArmVmp : Match on catch block at 0xc3 in for 0x149
02-26 09:25:10.961 21189 21189 E ArmVmp : Match on catch block at 0xc3 in for 0x14d
02-26 09:25:10.971 21189 21189 E ArmVmp : Match on catch block at 0xc3 in for 0x14d
02-26 09:25:10.975 21189 21189 E ArmVmp : Match on catch block at 0xc3 in for 0x149
02-26 09:25:10.978 21189 21189 E ArmVmp : Match on catch block at 0xc3 in for 0x14d
02-26 09:25:10.988 21189 21189 E ArmVmp : Match on catch block at 0xc3 in for 0x14d
02-26 09:25:10.995 21189 21189 E ArmVmp : Match on catch block at 0xc3 in for 0x149
02-26 09:25:10.998 21189 21189 E ArmVmp : Match on catch block at 0xc3 in for 0x14d
02-26 09:25:11.122 21189 21189 E ArmVmp : Match on catch block at 0xc3 in for 0x155
02-26 09:25:11.130 21189 21189 E ArmVmp : Match on catch block at 0xc3 in for 0x151
02-26 09:25:11.133 21189 21189 E ArmVmp : Match on catch block at 0xc3 in for 0x155
02-26 09:25:11.258 21189 21189 E ArmVmp : Match on catch block at 0xc3 in for 0x141
02-26 09:25:11.263 21189 21189 E ArmVmp : Match on catch block at 0xc3 in for 0x159
02-26 09:25:11.265 21189 21189 E ArmVmp : Match on catch block at 0xc3 in for 0x141
02-26 09:25:11.755 21189 21189 E ArmVmp : Match on catch block at 0xc3 in for 0x149
02-26 09:25:11.759 21189 21189 E ArmVmp : Match on catch block at 0xc3 in for 0x145
02-26 09:25:11.764 21189 21189 E ArmVmp : Match on catch block at 0xc3 in for 0x149
02-26 09:25:11.789 21189 21189 E ArmVmp : Match on catch block at 0xc3 in for 0x151
02-26 09:25:11.794 21189 21189 E ArmVmp : Match on catch block at 0xc3 in for 0x14d
02-26 09:25:11.796 21189 21189 E ArmVmp : Match on catch block at 0xc3 in for 0x151
02-26 09:25:11.954 21189 21189 E ArmVmp : Match on catch block at 0xc3 in for 0x159
02-26 09:25:11.959 21189 21189 E ArmVmp : Match on catch block at 0xc3 in for 0x155
02-26 09:25:11.977 21189 21189 E ArmVmp : Match on catch block at 0xc3 in for 0x159
02-26 09:25:12.040 21189 21189 E ArmVmp : Match on catch block at 0xc3 in for 0x145
02-26 09:25:12.046 21189 21189 E ArmVmp : Match on catch block at 0xc3 in for 0x141
02-26 09:25:12.048 21189 21189 E ArmVmp : Match on catch block at 0xc3 in for 0x145
02-26 09:25:12.171 21189 21189 E ArmVmp : Match on catch block at 0xc3 in for 0x14d
02-26 09:25:12.175 21189 21189 E ArmVmp : Match on catch block at 0xc3 in for 0x149
02-26 09:25:12.178 21189 21189 E ArmVmp : Match on catch block at 0xc3 in for 0x14d
02-26 09:25:12.238 21189 21189 E ArmVmp : Match on catch block at 0xc3 in for 0x155
02-26 09:25:12.243 21189 21189 E ArmVmp : Match on catch block at 0xc3 in for 0x151
02-26 09:25:12.245 21189 21189 E ArmVmp : Match on catch block at 0xc3 in for 0x155
02-26 09:25:12.406 21189 21189 E ArmVmp : Match on catch block at 0xc3 in for 0x141
02-26 09:25:12.421 21189 21189 E ArmVmp : Match on catch block at 0xc3 in for 0x159
02-26 09:25:12.423 21189 21189 E ArmVmp : Match on catch block at 0xc3 in for 0x141
02-26 09:25:12.437 21189 21189 E ArmVmp : Match on catch block at 0xc3 in for 0x159
02-26 09:25:12.440 21189 21189 E ArmVmp : Match on catch block at 0xc3 in for 0x155
02-26 09:25:12.443 21189 21189 E ArmVmp : Match on catch block at 0xc3 in for 0x159
02-26 09:25:12.455 21189 21189 E ArmVmp : Match on catch block at 0xc3 in for 0x159
02-26 09:25:12.458 21189 21189 E ArmVmp : Match on catch block at 0xc3 in for 0x155
02-26 09:25:12.462 21189 21189 E ArmVmp : Match on catch block at 0xc3 in for 0x159
02-26 09:25:12.471 21189 21189 E ArmVmp : Match on catch block at 0xc3 in for 0x159
02-26 09:25:12.475 21189 21189 E ArmVmp : Match on catch block at 0xc3 in for 0x155
02-26 09:25:12.478 21189 21189 E ArmVmp : Match on catch block at 0xc3 in for 0x159
02-26 09:25:12.488 21189 21189 E ArmVmp : Match on catch block at 0xc3 in for 0x159
02-26 09:25:12.492 21189 21189 E ArmVmp : Match on catch block at 0xc3 in for 0x155
02-26 09:25:12.496 21189 21189 E ArmVmp : Match on catch block at 0xc3 in for 0x159
02-26 09:25:12.505 21189 21189 E ArmVmp : Match on catch block at 0xc3 in for 0x159
02-26 09:25:12.509 21189 21189 E ArmVmp : Match on catch block at 0xc3 in for 0x155
02-26 09:25:12.512 21189 21189 E ArmVmp : Match on catch block at 0xc3 in for 0x159
02-26 09:25:12.522 21189 21189 E ArmVmp : Match on catch block at 0xc3 in for 0x159
02-26 09:25:12.526 21189 21189 E ArmVmp : Match on catch block at 0xc3 in for 0x155
02-26 09:25:12.528 21189 21189 E ArmVmp : Match on catch block at 0xc3 in for 0x159
02-26 09:25:12.538 21189 21189 E ArmVmp : Match on catch block at 0xc3 in for 0x159
02-26 09:25:12.543 21189 21189 E ArmVmp : Match on catch block at 0xc3 in for 0x155
02-26 09:25:12.546 21189 21189 E ArmVmp : Match on catch block at 0xc3 in for 0x159
02-26 09:25:12.555 21189 21189 E ArmVmp : Match on catch block at 0xc3 in for 0x159
02-26 09:25:12.559 21189 21189 E ArmVmp : Match on catch block at 0xc3 in for 0x155
02-26 09:25:12.563 21189 21189 E ArmVmp : Match on catch block at 0xc3 in for 0x159
02-26 09:25:12.571 21189 21189 E ArmVmp : Match on catch block at 0xc3 in for 0x159
02-26 09:25:12.574 21189 21189 E ArmVmp : Match on catch block at 0xc3 in for 0x155
02-26 09:25:12.575 21189 21189 E ArmVmp : Match on catch block at 0xc3 in for 0x159
02-26 09:25:12.590 21189 21189 E ArmVmp : Match on catch block at 0xc3 in for 0x159
02-26 09:25:12.593 21189 21189 E ArmVmp : Match on catch block at 0xc3 in for 0x155
02-26 09:25:12.595 21189 21189 E ArmVmp : Match on catch block at 0xc3 in for 0x159
02-26 09:25:12.606 21189 21189 E ArmVmp : Match on catch block at 0xc3 in for 0x159
02-26 09:25:12.610 21189 21189 E ArmVmp : Match on catch block at 0xc3 in for 0x155
02-26 09:25:12.612 21189 21189 E ArmVmp : Match on catch block at 0xc3 in for 0x159
02-26 09:25:12.622 21189 21189 E ArmVmp : Match on catch block at 0xc3 in for 0x159
02-26 09:25:12.626 21189 21189 E ArmVmp : Match on catch block at 0xc3 in for 0x155
02-26 09:25:12.630 21189 21189 E ArmVmp : Match on catch block at 0xc3 in for 0x159
02-26 09:25:12.638 21189 21189 E ArmVmp : Match on catch block at 0xc3 in for 0x159
02-26 09:25:12.642 21189 21189 E ArmVmp : Match on catch block at 0xc3 in for 0x155
02-26 09:25:12.645 21189 21189 E ArmVmp : Match on catch block at 0xc3 in for 0x159
02-26 09:25:12.655 21189 21189 E ArmVmp : Match on catch block at 0xc3 in for 0x159
02-26 09:25:12.662 21189 21189 E ArmVmp : Match on catch block at 0xc3 in for 0x155
02-26 09:25:12.665 21189 21189 E ArmVmp : Match on catch block at 0xc3 in for 0x159
02-26 09:25:12.671 21189 21189 E ArmVmp : Match on catch block at 0xc3 in for 0x159
02-26 09:25:12.675 21189 21189 E ArmVmp : Match on catch block at 0xc3 in for 0x155
02-26 09:25:12.677 21189 21189 E ArmVmp : Match on catch block at 0xc3 in for 0x159
02-26 09:25:12.689 21189 21189 E ArmVmp : Match on catch block at 0xc3 in for 0x159
02-26 09:25:12.696 21189 21189 E ArmVmp : Match on catch block at 0xc3 in for 0x155
02-26 09:25:12.698 21189 21189 E ArmVmp : Match on catch block at 0xc3 in for 0x159
02-26 09:25:12.704 21189 21189 E ArmVmp : Match on catch block at 0xc3 in for 0x159
02-26 09:25:12.709 21189 21189 E ArmVmp : Match on catch block at 0xc3 in for 0x155
02-26 09:25:12.711 21189 21189 E ArmVmp : Match on catch block at 0xc3 in for 0x159
02-26 09:25:12.722 21189 21189 E ArmVmp : Match on catch block at 0xc3 in for 0x159
02-26 09:25:12.728 21189 21189 E ArmVmp : Match on catch block at 0xc3 in for 0x155
02-26 09:25:12.731 21189 21189 E ArmVmp : Match on catch block at 0xc3 in for 0x159
02-26 09:25:12.738 21189 21189 E ArmVmp : Match on catch block at 0xc3 in for 0x159
02-26 09:25:12.742 21189 21189 E ArmVmp : Match on catch block at 0xc3 in for 0x155
02-26 09:25:12.744 21189 21189 E ArmVmp : Match on catch block at 0xc3 in for 0x159
02-26 09:25:12.755 21189 21189 E ArmVmp : Match on catch block at 0xc3 in for 0x159
