02-20 20:06:14.150 5593 5593 W View : requestLayout() improperly called by com.whatsapp.wds.components.actiontile.WDSActionTile{77a9345 VFE...C.. ......ID 455,26-659,191 #7f0b00af app:id/action_search_chat} during layout: running second layout pass
02-20 20:06:14.150 5593 5593 W View : requestLayout() improperly called by com.whatsapp.WaTextView{46dea9a V.ED..... ......ID 26,86-178,139 #7f0b00b9 app:id/action_tile_label} during layout: running second layout pass
02-20 20:06:14.150 5593 5593 W View : requestLayout() improperly called by android.widget.Space{d63ffcb I.ED..... ......I. 26,77-35,86 #7f0b00ba app:id/action_tile_spacing} during layout: running second layout pass
02-20 20:06:14.189 5593 5593 E ArmVmp : Match on catch block at 0xc3 in for 0x738f6da025
02-20 20:06:14.195 5593 5593 E ArmVmp : Match on catch block at 0xc3 in for 0x738f6da025
02-20 20:06:14.393 5593 5593 E ArmVmp : Match on catch block at 0xc3 in for 0x738f6da025
02-20 20:06:14.399 5593 5593 E ArmVmp : Match on catch block at 0xc3 in for 0x738f6da025
02-20 20:06:14.587 5593 5593 E ArmVmp : Match on catch block at 0xc3 in for 0x738f6da025
02-20 20:06:14.594 5593 5593 E ArmVmp : Match on catch block at 0xc3 in for 0x738f6da025
02-20 20:06:19.807 16814 16814 E com.whatsapp: Not starting debugger since process cannot load the jdwp agent.
02-20 20:06:19.809 16814 16814 E USNET : USNET: appName: com.whatsapp
02-20 20:06:20.025 16814 16814 W System.err: java.lang.ClassNotFoundException: mbmodsd.mbmodsw.ui.views.btn.BtnBK
02-20 20:06:20.028 16814 16814 W System.err: at java.lang.Runtime.nativeLoad(Native Method)
02-20 20:06:20.028 16814 16814 W System.err: at java.lang.Runtime.nativeLoad(Runtime.java:1126)
02-20 20:06:20.028 16814 16814 W System.err: at java.lang.Runtime.loadLibrary0(Runtime.java:1080)
02-20 20:06:20.028 16814 16814 W System.err: at java.lang.Runtime.loadLibrary0(Runtime.java:1003)
02-20 20:06:20.028 16814 16814 W System.err: at java.lang.System.loadLibrary(System.java:1661)
02-20 20:06:20.028 16814 16814 W System.err: at arm.EpicVm.<clinit>(Unknown Source:2)
02-20 20:06:20.028 16814 16814 W System.err: at java.lang.Class.newInstance(Native Method)
02-20 20:06:20.028 16814 16814 W System.err: at android.app.AppComponentFactory.instantiateApplication(AppComponentFactory.java:76)
02-20 20:06:20.028 16814 16814 W System.err: at androidx.core.app.CoreComponentFactory.instantiateApplication(Unknown Source:0)
02-20 20:06:20.028 16814 16814 W System.err: at android.app.Instrumentation.newApplication(Instrumentation.java:1177)
02-20 20:06:20.028 16814 16814 W System.err: at android.app.LoadedApk.makeApplication(LoadedApk.java:1456)
02-20 20:06:20.028 16814 16814 W System.err: at android.app.ActivityThread.handleBindApplication(ActivityThread.java:7458)
02-20 20:06:20.028 16814 16814 W System.err: at android.app.ActivityThread.access$1600(ActivityThread.java:310)
02-20 20:06:20.028 16814 16814 W System.err: at android.app.ActivityThread$H.handleMessage(ActivityThread.java:2281)
02-20 20:06:20.028 16814 16814 W System.err: at android.os.Handler.dispatchMessage(Handler.java:106)
02-20 20:06:20.028 16814 16814 W System.err: at android.os.Looper.loopOnce(Looper.java:226)
02-20 20:06:20.028 16814 16814 W System.err: at android.os.Looper.loop(Looper.java:313)
02-20 20:06:20.028 16814 16814 W System.err: at android.app.ActivityThread.main(ActivityThread.java:8663)
02-20 20:06:20.029 16814 16814 W System.err: at java.lang.reflect.Method.invoke(Native Method)
02-20 20:06:20.029 16814 16814 W System.err: at com.android.internal.os.RuntimeInit$MethodAndArgsCaller.run(RuntimeInit.java:571)
02-20 20:06:20.029 16814 16814 W System.err: at com.android.internal.os.ZygoteInit.main(ZygoteInit.java:1135)
02-20 20:06:20.208 16814 16814 E CustomActivityOnCrash: IMPORTANT WARNING! You already have an UncaughtExceptionHandler, are you sure this is correct? If you use a custom UncaughtExceptionHandler, you must initialize it AFTER CustomActivityOnCrash! Installing anyway, but your original handler will not be called.
02-20 20:06:20.965 16814 16814 W com.whatsapp: Accessing hidden method Lcom/android/org/conscrypt/OpenSSLSocketImpl;->setUseSessionTickets(Z)V (max- target-q,core-platform-api, reflection, denied)
02-20 20:06:20.965 16814 16814 W com.whatsapp: Accessing hidden method Lcom/android/org/conscrypt/AbstractConscryptSocket;->setUseSessionTickets(Z)V (max- target-q, reflection, denied)
02-20 20:06:21.477 16814 16892 W com.whatsapp: Method void X.2rL.A03(java.lang.Integer) failed lock verification and will run slower.
02-20 20:06:21.477 16814 16892 W com.whatsapp: Common causes for lock verification issues are non-optimized dex code
02-20 20:06:21.477 16814 16892 W com.whatsapp: and incorrect proguard optimizations. --------- beginning of main
02-21 06:40:53.492 15105 15105 E com.whatsapp: Not starting debugger since process cannot load the jdwp agent.
02-21 06:40:53.494 15105 15105 E USNET : USNET: appName: com.whatsapp
02-21 06:40:53.763 15105 15105 W System.err: java.lang.ClassNotFoundException: mbmodsd.mbmodsw.ui.views.btn.BtnBK
02-21 06:40:53.766 15105 15105 W System.err: at java.lang.Runtime.nativeLoad(Native Method)
02-21 06:40:53.766 15105 15105 W System.err: at java.lang.Runtime.nativeLoad(Runtime.java:1126)
02-21 06:40:53.766 15105 15105 W System.err: at java.lang.Runtime.loadLibrary0(Runtime.java:1080)
02-21 06:40:53.766 15105 15105 W System.err: at java.lang.Runtime.loadLibrary0(Runtime.java:1003)
02-21 06:40:53.766 15105 15105 W System.err: at java.lang.System.loadLibrary(System.java:1661)
02-21 06:40:53.766 15105 15105 W System.err: at arm.EpicVm.<clinit>(Unknown Source:2)
02-21 06:40:53.766 15105 15105 W System.err: at java.lang.Class.newInstance(Native Method)
02-21 06:40:53.766 15105 15105 W System.err: at android.app.AppComponentFactory.instantiateApplication(AppComponentFactory.java:76)
02-21 06:40:53.766 15105 15105 W System.err: at androidx.core.app.CoreComponentFactory.instantiateApplication(Unknown Source:0)
02-21 06:40:53.766 15105 15105 W System.err: at android.app.Instrumentation.newApplication(Instrumentation.java:1177)
02-21 06:40:53.766 15105 15105 W System.err: at android.app.LoadedApk.makeApplication(LoadedApk.java:1456)
02-21 06:40:53.766 15105 15105 W System.err: at android.app.ActivityThread.handleBindApplication(ActivityThread.java:7458)
02-21 06:40:53.766 15105 15105 W System.err: at android.app.ActivityThread.access$1600(ActivityThread.java:310)
02-21 06:40:53.766 15105 15105 W System.err: at android.app.ActivityThread$H.handleMessage(ActivityThread.java:2281)
02-21 06:40:53.766 15105 15105 W System.err: at android.os.Handler.dispatchMessage(Handler.java:106)
02-21 06:40:53.766 15105 15105 W System.err: at android.os.Looper.loopOnce(Looper.java:226)
02-21 06:40:53.766 15105 15105 W System.err: at android.os.Looper.loop(Looper.java:313)
02-21 06:40:53.766 15105 15105 W System.err: at android.app.ActivityThread.main(ActivityThread.java:8663)
02-21 06:40:53.766 15105 15105 W System.err: at java.lang.reflect.Method.invoke(Native Method)
02-21 06:40:53.766 15105 15105 W System.err: at com.android.internal.os.RuntimeInit$MethodAndArgsCaller.run(RuntimeInit.java:571)
02-21 06:40:53.766 15105 15105 W System.err: at com.android.internal.os.ZygoteInit.main(ZygoteInit.java:1135)
02-21 06:40:53.814 15105 15105 E CustomActivityOnCrash: IMPORTANT WARNING! You already have an UncaughtExceptionHandler, are you sure this is correct? If you use a custom UncaughtExceptionHandler, you must initialize it AFTER CustomActivityOnCrash! Installing anyway, but your original handler will not be called.
02-21 06:40:54.416 15105 15105 W com.whatsapp: Accessing hidden method Lcom/android/org/conscrypt/OpenSSLSocketImpl;->setUseSessionTickets(Z)V (max- target-q,core-platform-api, reflection, denied)
02-21 06:40:54.416 15105 15105 W com.whatsapp: Accessing hidden method Lcom/android/org/conscrypt/AbstractConscryptSocket;->setUseSessionTickets(Z)V (max- target-q, reflection, denied) --------- beginning of main
02-21 09:37:07.088 4354 4354 E com.whatsapp: Not starting debugger since process cannot load the jdwp agent.
02-21 09:37:07.091 4354 4354 E USNET : USNET: appName: com.whatsapp
02-21 09:37:07.353 4354 4354 W System.err: java.lang.ClassNotFoundException: mbmodsd.mbmodsw.ui.views.btn.BtnBK
02-21 09:37:07.355 4354 4354 W System.err: at java.lang.Runtime.nativeLoad(Native Method)
02-21 09:37:07.355 4354 4354 W System.err: at java.lang.Runtime.nativeLoad(Runtime.java:1126)
02-21 09:37:07.355 4354 4354 W System.err: at java.lang.Runtime.loadLibrary0(Runtime.java:1080)
02-21 09:37:07.355 4354 4354 W System.err: at java.lang.Runtime.loadLibrary0(Runtime.java:1003)
02-21 09:37:07.355 4354 4354 W System.err: at java.lang.System.loadLibrary(System.java:1661)
02-21 09:37:07.355 4354 4354 W System.err: at arm.EpicVm.<clinit>(Unknown Source:2)
02-21 09:37:07.355 4354 4354 W System.err: at java.lang.Class.newInstance(Native Method)
02-21 09:37:07.355 4354 4354 W System.err: at android.app.AppComponentFactory.instantiateApplication(AppComponentFactory.java:76)
02-21 09:37:07.355 4354 4354 W System.err: at androidx.core.app.CoreComponentFactory.instantiateApplication(Unknown Source:0)
02-21 09:37:07.355 4354 4354 W System.err: at android.app.Instrumentation.newApplication(Instrumentation.java:1177)
02-21 09:37:07.355 4354 4354 W System.err: at android.app.LoadedApk.makeApplication(LoadedApk.java:1456)
02-21 09:37:07.355 4354 4354 W System.err: at android.app.ActivityThread.handleBindApplication(ActivityThread.java:7458)
02-21 09:37:07.355 4354 4354 W System.err: at android.app.ActivityThread.access$1600(ActivityThread.java:310)
02-21 09:37:07.355 4354 4354 W System.err: at android.app.ActivityThread$H.handleMessage(ActivityThread.java:2281)
02-21 09:37:07.355 4354 4354 W System.err: at android.os.Handler.dispatchMessage(Handler.java:106)
02-21 09:37:07.355 4354 4354 W System.err: at android.os.Looper.loopOnce(Looper.java:226)
02-21 09:37:07.355 4354 4354 W System.err: at android.os.Looper.loop(Looper.java:313)
02-21 09:37:07.355 4354 4354 W System.err: at android.app.ActivityThread.main(ActivityThread.java:8663)
02-21 09:37:07.355 4354 4354 W System.err: at java.lang.reflect.Method.invoke(Native Method)
02-21 09:37:07.355 4354 4354 W System.err: at com.android.internal.os.RuntimeInit$MethodAndArgsCaller.run(RuntimeInit.java:571)
02-21 09:37:07.355 4354 4354 W System.err: at com.android.internal.os.ZygoteInit.main(ZygoteInit.java:1135)
02-21 09:37:07.412 4354 4354 E CustomActivityOnCrash: IMPORTANT WARNING! You already have an UncaughtExceptionHandler, are you sure this is correct? If you use a custom UncaughtExceptionHandler, you must initialize it AFTER CustomActivityOnCrash! Installing anyway, but your original handler will not be called.
02-21 09:37:07.742 4354 4354 W com.whatsapp: Accessing hidden method Lcom/android/org/conscrypt/OpenSSLSocketImpl;->setUseSessionTickets(Z)V (max- target-q,core-platform-api, reflection, denied)
02-21 09:37:07.742 4354 4354 W com.whatsapp: Accessing hidden method Lcom/android/org/conscrypt/AbstractConscryptSocket;->setUseSessionTickets(Z)V (max- target-q, reflection, denied)
02-21 09:37:08.035 4354 4354 W com.whatsapp: Method void X.0eU.A0h(X.0tK, boolean) failed lock verification and will run slower.
02-21 09:37:08.035 4354 4354 W com.whatsapp: Common causes for lock verification issues are non-optimized dex code
02-21 09:37:08.035 4354 4354 W com.whatsapp: and incorrect proguard optimizations.
02-21 09:37:08.410 4354 4441 E QT : [QT]file does not exist
02-21 09:37:08.413 4354 4354 W com.whatsapp: Method void com.whatsapp.HomeActivity.A6e() failed lock verification and will run slower.
02-21 09:37:09.100 4354 4354 E ArmVmp : Match on catch block at 0x0a in for 0x738f6da031
02-21 09:37:09.143 4354 4354 E ArmVmp : Match on catch block at 0x0a in for 0x738f6da04d
02-21 09:37:09.263 4354 4439 E ArmVmp : No matching catch block at 0x07
02-21 09:37:09.263 4354 4439 E ArmVmp : Match on catch block at 0x02 in for 0x738c93c605
02-21 09:37:09.265 4354 4439 W System.err: java.net.UnknownHostException: Unable to resolve host "pastebin.com": No address associated with hostname
02-21 09:37:09.266 4354 4439 W System.err: at java.net.Inet6AddressImpl.lookupHostByName(Inet6AddressImpl.java:156)
02-21 09:37:09.267 4354 4439 W System.err: at java.net.Inet6AddressImpl.lookupAllHostAddr(Inet6AddressImpl.java:103)
02-21 09:37:09.267 4354 4439 W System.err: at java.net.InetAddress.getAllByName(InetAddress.java:1152)
02-21 09:37:09.268 4354 4439 W System.err: at com.android.okhttp.Dns$1.lookup(Dns.java:41)
02-21 09:37:09.268 4354 4439 W System.err: at com.android.okhttp.internal.http.RouteSelector.resetNextInetSocketAddress(RouteSele ctor.java:178)
02-21 09:37:09.268 4354 4439 W System.err: at com.android.okhttp.internal.http.RouteSelector.nextProxy(RouteSelector.java:144)
02-21 09:37:09.268 4354 4439 W System.err: at com.android.okhttp.internal.http.RouteSelector.next(RouteSelector.java:86)
02-21 09:37:09.268 4354 4439 W System.err: at com.android.okhttp.internal.http.StreamAllocation.findConnection(StreamAllocation.j ava:176)
02-21 09:37:09.268 4354 4439 W System.err: at com.android.okhttp.internal.http.StreamAllocation.findHealthyConnection(StreamAlloc ation.java:128)
02-21 09:37:09.268 4354 4439 W System.err: at com.android.okhttp.internal.http.StreamAllocation.newStream(StreamAllocation.java:9 7)
02-21 09:37:09.268 4354 4439 W System.err: at com.android.okhttp.internal.http.HttpEngine.connect(HttpEngine.java:289)
02-21 09:37:09.268 4354 4439 W System.err: at com.android.okhttp.internal.http.HttpEngine.sendRequest(HttpEngine.java:232)
02-21 09:37:09.268 4354 4439 W System.err: at com.android.okhttp.internal.huc.HttpURLConnectionImpl.execute(HttpURLConnectionImpl .java:465)
02-21 09:37:09.268 4354 4439 W System.err: at com.android.okhttp.internal.huc.HttpURLConnectionImpl.getResponse(HttpURLConnection Impl.java:411)
02-21 09:37:09.268 4354 4439 W System.err: at com.android.okhttp.internal.huc.HttpURLConnectionImpl.getInputStream(HttpURLConnect ionImpl.java:248)
02-21 09:37:09.268 4354 4439 W System.err: at com.android.okhttp.internal.huc.DelegatingHttpsURLConnection.getInputStream(Delegat ingHttpsURLConnection.java:211)
02-21 09:37:09.268 4354 4439 W System.err: at com.android.okhttp.internal.huc.HttpsURLConnectionImpl.getInputStream(HttpsURLConne ctionImpl.java:30)
02-21 09:37:09.268 4354 4439 W System.err: at java.net.URL.openStream(URL.java:1072)
02-21 09:37:09.269 4354 4439 W System.err: at mbmodsd.mbmodsw.mbdialog.MBDialogMan.loadJsonFromUrl(Native Method)
02-21 09:37:09.269 4354 4439 W System.err: at mbmodsd.mbmodsw.mbdialog.MBDialogMan.access$000(Native Method)
02-21 09:37:09.269 4354 4439 W System.err: at mbmodsd.mbmodsw.mbdialog.MBDialogMan$FetchJsonTask.doInBackground(Native Method)
02-21 09:37:09.269 4354 4439 W System.err: at mbmodsd.mbmodsw.mbdialog.MBDialogMan$FetchJsonTask.doInBackground(Native Method)
02-21 09:37:09.269 4354 4439 W System.err: at android.os.AsyncTask$3.call(AsyncTask.java:394)
02-21 09:37:09.269 4354 4439 W System.err: at java.util.concurrent.FutureTask.run(FutureTask.java:264)
02-21 09:37:09.270 4354 4439 W System.err: at android.os.AsyncTask$SerialExecutor$1.run(AsyncTask.java:305)
02-21 09:37:09.270 4354 4439 W System.err: at java.util.concurrent.ThreadPoolExecutor.runWorker(ThreadPoolExecutor.java:1145)
02-21 09:37:09.270 4354 4439 W System.err: at java.util.concurrent.ThreadPoolExecutor$Worker.run(ThreadPoolExecutor.java:644)
02-21 09:37:09.270 4354 4439 W System.err: at java.lang.Thread.run(Thread.java:1012)
02-21 09:37:09.270 4354 4439 W System.err: Caused by: android.system.GaiException: android_getaddrinfo failed: EAI_NODATA (No address associated with hostname)
02-21 09:37:09.271 4354 4439 W System.err: at libcore.io.Linux.android_getaddrinfo(Native Method)
02-21 09:37:09.273 4354 4439 W System.err: at libcore.io.ForwardingOs.android_getaddrinfo(ForwardingOs.java:133)
02-21 09:37:09.273 4354 4439 W System.err: at libcore.io.BlockGuardOs.android_getaddrinfo(BlockGuardOs.java:222)
02-21 09:37:09.274 4354 4439 W System.err: at libcore.io.ForwardingOs.android_getaddrinfo(ForwardingOs.java:133)
02-21 09:37:09.274 4354 4439 W System.err: at java.net.Inet6AddressImpl.lookupHostByName(Inet6AddressImpl.java:135)
02-21 09:37:09.274 4354 4439 W System.err: ... 27 more
02-21 09:37:10.148 4354 4483 E ion : ioctl c0044901 failed with code -1: Invalid argument
02-21 09:37:10.918 4354 4354 E RecyclerView: No adapter attached; skipping layout
02-21 09:37:11.203 4354 4354 E RecyclerView: No adapter attached; skipping layout
02-21 09:37:11.279 4354 4354 E ArmVmp : Match on catch block at 0x0a in for 0x738f6da035
02-21 09:37:11.588 4354 4500 W LOTTIE : Animation contains merge paths. Merge paths are only supported on KitKat+ and must be manually enabled by calling enableMergePathsForKitKatAndAbove().
02-21 09:37:12.105 4354 4354 W LOTTIE : Animation contains merge paths but they are disabled.
02-21 09:37:12.416 4354 4354 E ViewRootImpl: sendUserActionEvent() mView returned.
02-21 09:37:16.267 4354 4363 W com.whatsapp: Cleared Reference was only reachable from finalizer (only reported once)
02-21 09:37:16.338 4354 4366 W System : A resource failed to call end.
02-21 09:37:16.339 4354 4366 W System : A resource failed to call end.
02-21 09:37:22.914 4354 4441 E FrameEvents: updateAcquireFence: Did not find frame.
02-21 09:37:34.889 4354 4354 W BottomSheetBehavior: BottomSheetBehavior now supports multiple callbacks. `setBottomSheetCallback()` removes all existing callbacks, including ones set internally by library authors, which may result in unintended behavior. This may change in the future. Please use `addBottomSheetCallback()` and `removeBottomSheetCallback()` instead to set your own callbacks.
02-21 09:37:34.890 4354 4354 W BottomSheetBehavior: BottomSheetBehavior now supports multiple callbacks. `setBottomSheetCallback()` removes all existing callbacks, including ones set internally by library authors, which may result in unintended behavior. This may change in the future. Please use `addBottomSheetCallback()` and `removeBottomSheetCallback()` instead to set your own callbacks.
02-21 09:37:35.146 4354 4681 W AudioCapabilities: Unsupported mime audio/x-ima
02-21 09:37:35.146 4354 4681 W AudioCapabilities: Unsupported mime audio/mpeg-L1
02-21 09:37:35.147 4354 4681 W AudioCapabilities: Unsupported mime audio/mpeg-L2
02-21 09:37:35.147 4354 4681 W VideoCapabilities: Unsupported mime video/mp43
02-21 09:37:35.148 4354 4681 W VideoCapabilities: Unsupported mime video/wvc1
02-21 09:37:35.148 4354 4681 W VideoCapabilities: Unsupported mime video/x-ms-wmv
02-21 09:37:35.149 4354 4681 W AudioCapabilities: Unsupported mime audio/x-ms-wma
02-21 09:37:35.149 4354 4681 W VideoCapabilities: Unsupported mime video/x-ms- wmv7
02-21 09:37:35.149 4354 4681 W VideoCapabilities: Unsupported mime video/x-ms- wmv8
02-21 09:37:35.150 4354 4681 W AudioCapabilities: Unsupported mime audio/x-adpcm- dvi-ima
02-21 09:37:35.151 4354 4681 W AudioCapabilities: Unsupported mime audio/x-adpcm- dvi-ima
02-21 09:37:35.151 4354 4681 W AudioCapabilities: Unsupported mime audio/x-adpcm- ms
02-21 09:37:35.151 4354 4681 W AudioCapabilities: Unsupported mime audio/x-adpcm- ms
02-21 09:37:35.168 4354 4681 W VideoCapabilities: Unrecognized profile/level 1/32 for video/mp4v-es
02-21 09:37:35.171 4354 4681 W VideoCapabilities: Unrecognized profile/level 1/32 for video/mp4v-es
02-21 09:37:35.266 4354 4714 W ColorUtils: expected specified color aspects (2:0:0:0)
02-21 09:37:35.295 4354 4714 W Codec2Client: query -- param skipped: index = 1107298332.
02-21 09:37:35.295 4354 4714 W CCodec : This behavior is subject to change. It is recommended that app developers double check whether the requested max input size is in reasonable range.
02-21 09:37:35.301 4354 4714 W Codec2Client: query -- param skipped: index = 1342179345.
02-21 09:37:35.301 4354 4714 W Codec2Client: query -- param skipped: index = 2415921170.
02-21 09:37:35.301 4354 4714 W Codec2Client: query -- param skipped: index = 1610614798.
02-21 09:37:35.314 4354 4714 E ion : ioctl c0044901 failed with code -1: Invalid argument
02-21 09:37:35.408 4354 4733 W Codec2Client: query -- param skipped: index = 1107298332.
02-21 09:37:35.408 4354 4733 W CCodec : This behavior is subject to change. It is recommended that app developers double check whether the requested max input size is in reasonable range.
02-21 09:37:35.413 4354 4733 W Codec2Client: query -- param skipped: index = 1342179345.
02-21 09:37:35.413 4354 4733 W Codec2Client: query -- param skipped: index = 2415921170.
02-21 09:37:35.413 4354 4733 W Codec2Client: query -- param skipped: index = 1610614798.
02-21 09:37:35.455 4354 4712 W MediaCodec: mapFormat: no mediaType information
02-21 09:37:35.469 4354 4366 W System : A resource failed to call end.
02-21 09:37:35.469 4354 4366 W System : A resource failed to call end.
02-21 09:37:45.406 4354 4712 W Codec2Client: query -- param skipped: index = 1342179345.
02-21 09:37:45.406 4354 4712 W Codec2Client: query -- param skipped: index = 2415921170.
02-21 09:37:45.406 4354 4712 W Codec2Client: query -- param skipped: index = 1610614798.
02-21 09:37:45.414 4354 4733 W Codec2Client: query -- param skipped: index = 1342179345.
02-21 09:37:45.414 4354 4733 W Codec2Client: query -- param skipped: index = 2415921170.
02-21 09:37:45.414 4354 4733 W Codec2Client: query -- param skipped: index = 1610614798.
02-21 09:37:45.425 4354 4712 E BufferQueueProducer: [SurfaceTexture-0-4354-0] (id:110200000009,api:3,p:4354,c:4354) detachBuffer: slot 1 is not owned by the producer (state = FREE)
02-21 09:37:45.425 4354 4712 E BufferQueueProducer: [SurfaceTexture-0-4354-0] (id:110200000009,api:3,p:4354,c:4354) detachBuffer: slot 2 is not owned by the producer (state = FREE)
02-21 09:37:45.425 4354 4712 E BufferQueueProducer: [SurfaceTexture-0-4354-0] (id:110200000009,api:3,p:4354,c:4354) detachBuffer: slot 3 is not owned by the producer (state = FREE)
02-21 09:37:45.425 4354 4712 E BufferQueueProducer: [SurfaceTexture-0-4354-0] (id:110200000009,api:3,p:4354,c:4354) detachBuffer: slot 4 is not owned by the producer (state = FREE)
02-21 09:37:45.426 4354 4712 E BufferQueueProducer: [SurfaceTexture-0-4354-0] (id:110200000009,api:3,p:4354,c:4354) detachBuffer: slot 5 is not owned by the producer (state = FREE)
02-21 09:37:45.426 4354 4712 E BufferQueueProducer: [SurfaceTexture-0-4354-0] (id:110200000009,api:3,p:4354,c:4354) detachBuffer: slot 6 is not owned by the producer (state = FREE)
02-21 09:37:45.426 4354 4712 E BufferQueueProducer: [SurfaceTexture-0-4354-0] (id:110200000009,api:3,p:4354,c:4354) detachBuffer: slot 7 is not owned by the producer (state = FREE)
02-21 09:37:45.426 4354 4712 E BufferQueueProducer: [SurfaceTexture-0-4354-0] (id:110200000009,api:3,p:4354,c:4354) detachBuffer: slot 8 is not owned by the producer (state = FREE)
02-21 09:37:45.426 4354 4712 E BufferQueueProducer: [SurfaceTexture-0-4354-0] (id:110200000009,api:3,p:4354,c:4354) detachBuffer: slot 9 is not owned by the producer (state = FREE)
02-21 09:37:45.426 4354 4712 E BufferQueueProducer: [SurfaceTexture-0-4354-0] (id:110200000009,api:3,p:4354,c:4354) detachBuffer: slot 10 is not owned by the producer (state = FREE)
02-21 09:37:45.426 4354 4712 E BufferQueueProducer: [SurfaceTexture-0-4354-0] (id:110200000009,api:3,p:4354,c:4354) detachBuffer: slot 11 is not owned by the producer (state = FREE)
02-21 09:37:45.426 4354 4712 E BufferQueueProducer: [SurfaceTexture-0-4354-0] (id:110200000009,api:3,p:4354,c:4354) detachBuffer: slot 12 is not owned by the producer (state = FREE)
02-21 09:37:45.427 4354 4712 E BufferQueueProducer: [SurfaceTexture-0-4354-0] (id:110200000009,api:3,p:4354,c:4354) detachBuffer: slot 13 is not owned by the producer (state = FREE)
02-21 09:37:45.427 4354 4712 E BufferQueueProducer: [SurfaceTexture-0-4354-0] (id:110200000009,api:3,p:4354,c:4354) detachBuffer: slot 14 is not owned by the producer (state = FREE)
02-21 09:37:45.427 4354 4712 E BufferQueueProducer: [SurfaceTexture-0-4354-0] (id:110200000009,api:3,p:4354,c:4354) detachBuffer: slot 15 is not owned by the producer (state = ACQUIRED)
02-21 09:37:45.428 4354 4712 E BufferQueueProducer: [SurfaceTexture-0-4354-0] (id:110200000009,api:3,p:4354,c:4354) detachBuffer: slot 16 is not owned by the producer (state = FREE)
02-21 09:37:45.428 4354 4712 E BufferQueueProducer: [SurfaceTexture-0-4354-0] (id:110200000009,api:3,p:4354,c:4354) detachBuffer: slot 17 is not owned by the producer (state = FREE)
02-21 09:37:45.428 4354 4712 E BufferQueueProducer: [SurfaceTexture-0-4354-0] (id:110200000009,api:3,p:4354,c:4354) detachBuffer: slot 18 is not owned by the producer (state = FREE)
02-21 09:37:45.428 4354 4712 E BufferQueueProducer: [SurfaceTexture-0-4354-0] (id:110200000009,api:3,p:4354,c:4354) detachBuffer: slot 19 is not owned by the producer (state = FREE)
02-21 09:37:45.428 4354 4712 E BufferQueueProducer: [SurfaceTexture-0-4354-0] (id:110200000009,api:3,p:4354,c:4354) detachBuffer: slot 20 is not owned by the producer (state = FREE)
02-21 09:37:45.428 4354 4712 E BufferQueueProducer: [SurfaceTexture-0-4354-0] (id:110200000009,api:3,p:4354,c:4354) detachBuffer: slot 21 is not owned by the producer (state = FREE)
02-21 09:37:45.428 4354 4712 E BufferQueueProducer: [SurfaceTexture-0-4354-0] (id:110200000009,api:3,p:4354,c:4354) detachBuffer: slot 22 is not owned by the producer (state = FREE)
02-21 09:37:45.428 4354 4712 E BufferQueueProducer: [SurfaceTexture-0-4354-0] (id:110200000009,api:3,p:4354,c:4354) detachBuffer: slot 23 is not owned by the producer (state = FREE)
02-21 09:37:45.428 4354 4712 E BufferQueueProducer: [SurfaceTexture-0-4354-0] (id:110200000009,api:3,p:4354,c:4354) detachBuffer: slot 24 is not owned by the producer (state = FREE)
02-21 09:37:45.428 4354 4712 E BufferQueueProducer: [SurfaceTexture-0-4354-0] (id:110200000009,api:3,p:4354,c:4354) detachBuffer: slot 25 is not owned by the producer (state = FREE)
02-21 09:37:45.429 4354 4712 E BufferQueueProducer: [SurfaceTexture-0-4354-0] (id:110200000009,api:3,p:4354,c:4354) detachBuffer: slot 26 is not owned by the producer (state = FREE)
02-21 09:37:45.429 4354 4712 E BufferQueueProducer: [SurfaceTexture-0-4354-0] (id:110200000009,api:3,p:4354,c:4354) detachBuffer: slot 27 is not owned by the producer (state = FREE)
02-21 09:37:45.429 4354 4712 E BufferQueueProducer: [SurfaceTexture-0-4354-0] (id:110200000009,api:3,p:4354,c:4354) detachBuffer: slot 28 is not owned by the producer (state = FREE)
02-21 09:37:45.429 4354 4712 E BufferQueueProducer: [SurfaceTexture-0-4354-0] (id:110200000009,api:3,p:4354,c:4354) detachBuffer: slot 29 is not owned by the producer (state = FREE)
02-21 09:37:45.429 4354 4712 E BufferQueueProducer: [SurfaceTexture-0-4354-0] (id:110200000009,api:3,p:4354,c:4354) detachBuffer: slot 30 is not owned by the producer (state = FREE)
02-21 09:37:45.429 4354 4712 E BufferQueueProducer: [SurfaceTexture-0-4354-0] (id:110200000009,api:3,p:4354,c:4354) detachBuffer: slot 31 is not owned by the producer (state = FREE)
02-21 09:37:45.429 4354 4712 E BufferQueueProducer: [SurfaceTexture-0-4354-0] (id:110200000009,api:3,p:4354,c:4354) detachBuffer: slot 32 is not owned by the producer (state = FREE)
02-21 09:37:45.429 4354 4712 E BufferQueueProducer: [SurfaceTexture-0-4354-0] (id:110200000009,api:3,p:4354,c:4354) detachBuffer: slot 33 is not owned by the producer (state = FREE)
02-21 09:37:45.429 4354 4712 E BufferQueueProducer: [SurfaceTexture-0-4354-0] (id:110200000009,api:3,p:4354,c:4354) detachBuffer: slot 34 is not owned by the producer (state = FREE)
02-21 09:37:45.429 4354 4712 E BufferQueueProducer: [SurfaceTexture-0-4354-0] (id:110200000009,api:3,p:4354,c:4354) detachBuffer: slot 35 is not owned by the producer (state = FREE)
02-21 09:37:45.429 4354 4712 E BufferQueueProducer: [SurfaceTexture-0-4354-0] (id:110200000009,api:3,p:4354,c:4354) detachBuffer: slot 36 is not owned by the producer (state = FREE)
02-21 09:37:45.429 4354 4712 E BufferQueueProducer: [SurfaceTexture-0-4354-0] (id:110200000009,api:3,p:4354,c:4354) detachBuffer: slot 37 is not owned by the producer (state = FREE)
02-21 09:37:45.429 4354 4712 E BufferQueueProducer: [SurfaceTexture-0-4354-0] (id:110200000009,api:3,p:4354,c:4354) detachBuffer: slot 38 is not owned by the producer (state = FREE)
02-21 09:37:45.430 4354 4712 E BufferQueueProducer: [SurfaceTexture-0-4354-0] (id:110200000009,api:3,p:4354,c:4354) detachBuffer: slot 39 is not owned by the producer (state = FREE)
02-21 09:37:45.430 4354 4712 E BufferQueueProducer: [SurfaceTexture-0-4354-0] (id:110200000009,api:3,p:4354,c:4354) detachBuffer: slot 40 is not owned by the producer (state = FREE)
02-21 09:37:45.430 4354 4712 E BufferQueueProducer: [SurfaceTexture-0-4354-0] (id:110200000009,api:3,p:4354,c:4354) detachBuffer: slot 41 is not owned by the producer (state = FREE)
02-21 09:37:45.430 4354 4712 E BufferQueueProducer: [SurfaceTexture-0-4354-0] (id:110200000009,api:3,p:4354,c:4354) detachBuffer: slot 42 is not owned by the producer (state = FREE)
02-21 09:37:45.430 4354 4712 E BufferQueueProducer: [SurfaceTexture-0-4354-0] (id:110200000009,api:3,p:4354,c:4354) detachBuffer: slot 43 is not owned by the producer (state = FREE)
02-21 09:37:45.430 4354 4712 E BufferQueueProducer: [SurfaceTexture-0-4354-0] (id:110200000009,api:3,p:4354,c:4354) detachBuffer: slot 44 is not owned by the producer (state = FREE)
02-21 09:37:45.430 4354 4712 E BufferQueueProducer: [SurfaceTexture-0-4354-0] (id:110200000009,api:3,p:4354,c:4354) detachBuffer: slot 45 is not owned by the producer (state = FREE)
02-21 09:37:45.430 4354 4712 E BufferQueueProducer: [SurfaceTexture-0-4354-0] (id:110200000009,api:3,p:4354,c:4354) detachBuffer: slot 46 is not owned by the producer (state = FREE)
02-21 09:37:45.430 4354 4712 E BufferQueueProducer: [SurfaceTexture-0-4354-0] (id:110200000009,api:3,p:4354,c:4354) detachBuffer: slot 47 is not owned by the producer (state = FREE)
02-21 09:37:45.430 4354 4712 E BufferQueueProducer: [SurfaceTexture-0-4354-0] (id:110200000009,api:3,p:4354,c:4354) detachBuffer: slot 48 is not owned by the producer (state = FREE)
02-21 09:37:45.430 4354 4712 E BufferQueueProducer: [SurfaceTexture-0-4354-0] (id:110200000009,api:3,p:4354,c:4354) detachBuffer: slot 49 is not owned by the producer (state = FREE)
02-21 09:37:45.430 4354 4712 E BufferQueueProducer: [SurfaceTexture-0-4354-0] (id:110200000009,api:3,p:4354,c:4354) detachBuffer: slot 50 is not owned by the producer (state = FREE)
02-21 09:37:45.430 4354 4712 E BufferQueueProducer: [SurfaceTexture-0-4354-0] (id:110200000009,api:3,p:4354,c:4354) detachBuffer: slot 51 is not owned by the producer (state = FREE)
02-21 09:37:45.431 4354 4712 E BufferQueueProducer: [SurfaceTexture-0-4354-0] (id:110200000009,api:3,p:4354,c:4354) detachBuffer: slot 52 is not owned by the producer (state = FREE)
02-21 09:37:45.431 4354 4712 E BufferQueueProducer: [SurfaceTexture-0-4354-0] (id:110200000009,api:3,p:4354,c:4354) detachBuffer: slot 53 is not owned by the producer (state = FREE)
02-21 09:37:45.431 4354 4712 E BufferQueueProducer: [SurfaceTexture-0-4354-0] (id:110200000009,api:3,p:4354,c:4354) detachBuffer: slot 54 is not owned by the producer (state = FREE)
02-21 09:37:45.431 4354 4712 E BufferQueueProducer: [SurfaceTexture-0-4354-0] (id:110200000009,api:3,p:4354,c:4354) detachBuffer: slot 55 is not owned by the producer (state = FREE)
02-21 09:37:45.432 4354 4712 E BufferQueueProducer: [SurfaceTexture-0-4354-0] (id:110200000009,api:3,p:4354,c:4354) detachBuffer: slot 56 is not owned by the producer (state = FREE)
02-21 09:37:45.432 4354 4712 E BufferQueueProducer: [SurfaceTexture-0-4354-0] (id:110200000009,api:3,p:4354,c:4354) detachBuffer: slot 57 is not owned by the producer (state = FREE)
02-21 09:37:45.432 4354 4712 E BufferQueueProducer: [SurfaceTexture-0-4354-0] (id:110200000009,api:3,p:4354,c:4354) detachBuffer: slot 58 is not owned by the producer (state = FREE)
02-21 09:37:45.432 4354 4712 E BufferQueueProducer: [SurfaceTexture-0-4354-0] (id:110200000009,api:3,p:4354,c:4354) detachBuffer: slot 59 is not owned by the producer (state = FREE)
02-21 09:37:45.432 4354 4712 E BufferQueueProducer: [SurfaceTexture-0-4354-0] (id:110200000009,api:3,p:4354,c:4354) detachBuffer: slot 60 is not owned by the producer (state = FREE)
02-21 09:37:45.432 4354 4712 E BufferQueueProducer: [SurfaceTexture-0-4354-0] (id:110200000009,api:3,p:4354,c:4354) detachBuffer: slot 61 is not owned by the producer (state = FREE)
02-21 09:37:45.432 4354 4712 E BufferQueueProducer: [SurfaceTexture-0-4354-0] (id:110200000009,api:3,p:4354,c:4354) detachBuffer: slot 62 is not owned by the producer (state = FREE)
02-21 09:37:45.432 4354 4712 E BufferQueueProducer: [SurfaceTexture-0-4354-0] (id:110200000009,api:3,p:4354,c:4354) detachBuffer: slot 63 is not owned by the producer (state = FREE)
02-21 09:37:45.462 4354 4720 E BufferQueueProducer: [MediaCodec.release] (id:11020000000a,api:0,p:-1,c:4354) cancelBuffer: BufferQueue has no connected producer
02-21 09:37:45.463 4354 4720 E BufferQueueProducer: [MediaCodec.release] (id:11020000000a,api:0,p:-1,c:4354) detachBuffer: BufferQueue has no connected producer
02-21 09:38:24.927 4354 4366 W System : A resource failed to call end.
02-21 09:38:24.928 4354 4366 W System : A resource failed to call end.
02-21 09:38:24.928 4354 4366 W System : A resource failed to call end. --------- beginning of main
02-21 10:17:34.784 11520 11520 E com.whatsapp: Not starting debugger since process cannot load the jdwp agent.
02-21 10:17:34.786 11520 11520 E USNET : USNET: appName: com.whatsapp
02-21 10:17:35.430 11520 11520 W System.err: java.lang.ClassNotFoundException: mbmodsd.mbmodsw.ui.views.btn.BtnBK
02-21 10:17:35.432 11520 11520 W System.err: at java.lang.Runtime.nativeLoad(Native Method)
02-21 10:17:35.432 11520 11520 W System.err: at java.lang.Runtime.nativeLoad(Runtime.java:1126)
02-21 10:17:35.432 11520 11520 W System.err: at java.lang.Runtime.loadLibrary0(Runtime.java:1080)
02-21 10:17:35.432 11520 11520 W System.err: at java.lang.Runtime.loadLibrary0(Runtime.java:1003)
02-21 10:17:35.432 11520 11520 W System.err: at java.lang.System.loadLibrary(System.java:1661)
02-21 10:17:35.432 11520 11520 W System.err: at arm.EpicVm.<clinit>(Unknown Source:2)
02-21 10:17:35.432 11520 11520 W System.err: at java.lang.Class.newInstance(Native Method)
02-21 10:17:35.432 11520 11520 W System.err: at android.app.AppComponentFactory.instantiateApplication(AppComponentFactory.java:76)
02-21 10:17:35.432 11520 11520 W System.err: at androidx.core.app.CoreComponentFactory.instantiateApplication(Unknown Source:0)
02-21 10:17:35.432 11520 11520 W System.err: at android.app.Instrumentation.newApplication(Instrumentation.java:1177)
02-21 10:17:35.432 11520 11520 W System.err: at android.app.LoadedApk.makeApplication(LoadedApk.java:1456)
02-21 10:17:35.432 11520 11520 W System.err: at android.app.ActivityThread.handleBindApplication(ActivityThread.java:7458)
02-21 10:17:35.432 11520 11520 W System.err: at android.app.ActivityThread.access$1600(ActivityThread.java:310)
02-21 10:17:35.432 11520 11520 W System.err: at android.app.ActivityThread$H.handleMessage(ActivityThread.java:2281)
02-21 10:17:35.432 11520 11520 W System.err: at android.os.Handler.dispatchMessage(Handler.java:106)
02-21 10:17:35.432 11520 11520 W System.err: at android.os.Looper.loopOnce(Looper.java:226)
02-21 10:17:35.432 11520 11520 W System.err: at android.os.Looper.loop(Looper.java:313)
02-21 10:17:35.432 11520 11520 W System.err: at android.app.ActivityThread.main(ActivityThread.java:8663)
02-21 10:17:35.432 11520 11520 W System.err: at java.lang.reflect.Method.invoke(Native Method)
02-21 10:17:35.432 11520 11520 W System.err: at com.android.internal.os.RuntimeInit$MethodAndArgsCaller.run(RuntimeInit.java:571)
02-21 10:17:35.433 11520 11520 W System.err: at com.android.internal.os.ZygoteInit.main(ZygoteInit.java:1135)
02-21 10:17:35.795 11520 11520 E CustomActivityOnCrash: IMPORTANT WARNING! You already have an UncaughtExceptionHandler, are you sure this is correct? If you use a custom UncaughtExceptionHandler, you must initialize it AFTER CustomActivityOnCrash! Installing anyway, but your original handler will not be called.
02-21 10:17:36.887 11520 11520 W com.whatsapp: Accessing hidden method Lcom/android/org/conscrypt/OpenSSLSocketImpl;->setUseSessionTickets(Z)V (max- target-q,core-platform-api, reflection, denied)
02-21 10:17:36.887 11520 11520 W com.whatsapp: Accessing hidden method Lcom/android/org/conscrypt/AbstractConscryptSocket;->setUseSessionTickets(Z)V (max- target-q, reflection, denied)
02-21 10:17:37.589 11520 11768 W com.whatsapp: Method void X.2rL.A03(java.lang.Integer) failed lock verification and will run slower.
02-21 10:17:37.589 11520 11768 W com.whatsapp: Common causes for lock verification issues are non-optimized dex code
02-21 10:17:37.589 11520 11768 W com.whatsapp: and incorrect proguard optimizations.
02-21 10:18:42.056 11520 11535 W System : A resource failed to call close.
02-21 10:18:42.056 11520 11535 W System : A resource failed to call close.
02-21 10:18:42.056 11520 11535 W System : A resource failed to call close.
02-21 10:18:42.056 11520 11535 W System : A resource failed to call close.
02-21 10:18:42.056 11520 11535 W System : A resource failed to call close.
02-21 10:18:42.056 11520 11535 W System : A resource failed to call close.
02-21 10:18:42.056 11520 11535 W System : A resource failed to call close.
02-21 10:18:42.056 11520 11535 W System : A resource failed to call close.
02-21 10:18:42.056 11520 11535 W System : A resource failed to call close.
02-21 10:18:42.056 11520 11535 W System : A resource failed to call close.
02-21 10:18:42.057 11520 11535 W System : A resource failed to call close.
02-21 10:18:42.057 11520 11535 W System : A resource failed to call close.
02-21 10:18:42.057 11520 11535 W System : A resource failed to call close.
02-21 10:18:42.057 11520 11535 W System : A resource failed to call close.
02-21 10:18:42.057 11520 11535 W System : A resource failed to call close.
02-21 10:18:42.057 11520 11535 W System : A resource failed to call close.
02-21 10:18:42.057 11520 11535 W System : A resource failed to call close.
02-21 10:18:42.057 11520 11535 W System : A resource failed to call close.
02-21 10:18:42.057 11520 11535 W System : A resource failed to call close.
02-21 10:18:42.057 11520 11535 W System : A resource failed to call close.
02-21 10:18:42.057 11520 11535 W System : A resource failed to call close.
02-21 10:18:42.057 11520 11535 W System : A resource failed to call close.
02-21 10:18:42.057 11520 11535 W System : A resource failed to call close.
02-21 10:18:42.057 11520 11535 W System : A resource failed to call close.
02-21 10:18:42.057 11520 11535 W System : A resource failed to call close.
02-21 10:18:42.057 11520 11535 W System : A resource failed to call close.
02-21 10:18:42.057 11520 11535 W System : A resource failed to call close.
02-21 10:18:42.057 11520 11535 W System : A resource failed to call close.
02-21 10:18:42.057 11520 11535 W System : A resource failed to call close.
02-21 10:18:42.057 11520 11535 W System : A resource failed to call close.
02-21 10:18:42.057 11520 11535 W System : A resource failed to call close.
02-21 10:18:42.057 11520 11535 W System : A resource failed to call close.
02-21 10:18:42.057 11520 11535 W System : A resource failed to call close.
02-21 10:18:42.057 11520 11535 W System : A resource failed to call close.
02-21 10:18:42.057 11520 11535 W System : A resource failed to call close.
02-21 10:18:42.057 11520 11535 W System : A resource failed to call close.
02-21 10:18:42.057 11520 11535 W System : A resource failed to call close.
02-21 10:18:42.057 11520 11535 W System : A resource failed to call close.
02-21 10:18:42.057 11520 11535 W System : A resource failed to call close.
02-21 10:18:42.057 11520 11535 W System : A resource failed to call close.
02-21 10:18:42.057 11520 11535 W System : A resource failed to call close.
02-21 10:18:42.057 11520 11535 W System : A resource failed to call close.
02-21 10:18:42.057 11520 11535 W System : A resource failed to call close.
02-21 10:18:42.057 11520 11535 W System : A resource failed to call close.
02-21 10:18:42.057 11520 11535 W System : A resource failed to call close.
02-21 10:18:42.057 11520 11535 W System : A resource failed to call close.
02-21 10:18:42.057 11520 11535 W System : A resource failed to call close.
02-21 10:18:42.057 11520 11535 W System : A resource failed to call close.
02-21 10:18:42.058 11520 11535 W System : A resource failed to call close.
02-21 10:18:42.058 11520 11535 W System : A resource failed to call close.
02-21 10:18:42.058 11520 11535 W System : A resource failed to call close.
02-21 10:18:42.058 11520 11535 W System : A resource failed to call close.
02-21 10:18:42.058 11520 11535 W System : A resource failed to call close.
02-21 10:18:42.058 11520 11535 W System : A resource failed to call close.
02-21 10:18:42.058 11520 11535 W System : A resource failed to call close.
02-21 10:18:42.058 11520 11535 W System : A resource failed to call close.
02-21 10:18:42.058 11520 11535 W System : A resource failed to call close.
02-21 10:18:42.058 11520 11535 W System : A resource failed to call close.
02-21 10:18:42.058 11520 11535 W System : A resource failed to call close.
02-21 10:18:42.058 11520 11535 W System : A resource failed to call close.
02-21 10:18:42.058 11520 11535 W System : A resource failed to call close.
02-21 10:18:42.058 11520 11535 W System : A resource failed to call close.
02-21 10:18:42.058 11520 11535 W System : A resource failed to call close.
02-21 10:18:42.058 11520 11535 W System : A resource failed to call close.
02-21 10:18:42.058 11520 11535 W System : A resource failed to call close.
02-21 10:18:42.058 11520 11535 W System : A resource failed to call close.
02-21 10:18:42.058 11520 11535 W System : A resource failed to call close.
02-21 10:18:42.058 11520 11535 W System : A resource failed to call close.
02-21 10:18:42.058 11520 11535 W System : A resource failed to call close.
02-21 10:18:42.058 11520 11535 W System : A resource failed to call close.
02-21 10:18:42.058 11520 11535 W System : A resource failed to call close.
02-21 10:18:42.058 11520 11535 W System : A resource failed to call close.
02-21 10:18:42.058 11520 11535 W System : A resource failed to call close.
02-21 10:18:42.058 11520 11535 W System : A resource failed to call close.
02-21 10:18:42.058 11520 11535 W System : A resource failed to call close.
02-21 10:18:42.058 11520 11535 W System : A resource failed to call close.
02-21 10:18:42.058 11520 11535 W System : A resource failed to call close.
02-21 10:18:42.058 11520 11535 W System : A resource failed to call close.
02-21 10:18:42.058 11520 11535 W System : A resource failed to call close.
02-21 10:18:42.058 11520 11535 W System : A resource failed to call close.
02-21 10:18:42.059 11520 11535 W System : A resource failed to call close.
02-21 10:18:42.059 11520 11535 W System : A resource failed to call close.
02-21 10:18:42.059 11520 11535 W System : A resource failed to call close.
02-21 10:18:42.059 11520 11535 W System : A resource failed to call close.
02-21 10:18:42.059 11520 11535 W System : A resource failed to call close.
02-21 10:18:42.059 11520 11535 W System : A resource failed to call close.
02-21 10:18:42.059 11520 11535 W System : A resource failed to call close.
02-21 10:18:42.065 11520 11535 W System : A resource failed to call close.
02-21 10:18:42.065 11520 11535 W System : A resource failed to call close.
02-21 10:18:42.065 11520 11535 W System : A resource failed to call close.
02-21 10:18:42.065 11520 11535 W System : A resource failed to call close.
02-21 10:18:42.065 11520 11535 W System : A resource failed to call close.
02-21 10:18:42.065 11520 11535 W System : A resource failed to call close.
02-21 10:18:42.065 11520 11535 W System : A resource failed to call close.
02-21 10:18:42.065 11520 11535 W System : A resource failed to call close.
02-21 10:18:42.065 11520 11535 W System : A resource failed to call close.
02-21 10:18:42.065 11520 11535 W System : A resource failed to call close.
02-21 10:18:42.065 11520 11535 W System : A resource failed to call close.
02-21 10:18:42.065 11520 11535 W System : A resource failed to call close.
02-21 10:18:42.065 11520 11535 W System : A resource failed to call close.
02-21 10:18:42.065 11520 11535 W System : A resource failed to call close.
02-21 10:18:42.065 11520 11535 W System : A resource failed to call close.
02-21 10:18:42.065 11520 11535 W System : A resource failed to call close.
02-21 10:18:42.065 11520 11535 W System : A resource failed to call close.
02-21 10:18:42.065 11520 11535 W System : A resource failed to call close.
02-21 10:18:42.065 11520 11535 W System : A resource failed to call close.
02-21 10:18:42.065 11520 11535 W System : A resource failed to call close.
02-21 10:18:42.065 11520 11535 W System : A resource failed to call close.
02-21 10:18:42.065 11520 11535 W System : A resource failed to call close.
02-21 10:18:42.065 11520 11535 W System : A resource failed to call close.
02-21 10:18:42.065 11520 11535 W System : A resource failed to call close.
02-21 10:18:42.065 11520 11535 W System : A resource failed to call close.
02-21 10:18:42.065 11520 11535 W System : A resource failed to call close.
02-21 10:18:42.065 11520 11535 W System : A resource failed to call close.
02-21 10:18:42.065 11520 11535 W System : A resource failed to call close.
02-21 10:18:42.065 11520 11535 W System : A resource failed to call close.
02-21 10:18:42.065 11520 11535 W System : A resource failed to call close.
02-21 10:18:42.065 11520 11535 W System : A resource failed to call close.
02-21 10:18:42.065 11520 11535 W System : A resource failed to call close.
02-21 10:18:42.065 11520 11535 W System : A resource failed to call close.
02-21 10:18:42.065 11520 11535 W System : A resource failed to call close.
02-21 10:18:42.065 11520 11535 W System : A resource failed to call close.
02-21 10:18:42.065 11520 11535 W System : A resource failed to call close.
02-21 10:18:42.066 11520 11535 W System : A resource failed to call close.
02-21 10:18:42.066 11520 11535 W System : A resource failed to call close.
02-21 10:18:42.066 11520 11535 W System : A resource failed to call close.
02-21 10:18:42.066 11520 11535 W System : A resource failed to call close.
02-21 10:18:42.066 11520 11535 W System : A resource failed to call close.
02-21 10:18:42.066 11520 11535 W System : A resource failed to call close.
02-21 10:18:42.066 11520 11535 W System : A resource failed to call close.
02-21 10:18:42.066 11520 11535 W System : A resource failed to call close.
02-21 10:18:42.066 11520 11535 W System : A resource failed to call close.
02-21 10:18:42.066 11520 11535 W System : A resource failed to call close.
02-21 10:18:42.066 11520 11535 W System : A resource failed to call close.
02-21 10:18:42.066 11520 11535 W System : A resource failed to call close.
02-21 10:18:42.066 11520 11535 W System : A resource failed to call close.
02-21 10:18:42.066 11520 11535 W System : A resource failed to call close.
02-21 10:18:42.066 11520 11535 W System : A resource failed to call close.
02-21 10:18:42.066 11520 11535 W System : A resource failed to call close.
02-21 10:18:42.066 11520 11535 W System : A resource failed to call close.
02-21 10:18:42.066 11520 11535 W System : A resource failed to call close.
02-21 10:18:42.066 11520 11535 W System : A resource failed to call close.
02-21 10:18:42.066 11520 11535 W System : A resource failed to call close.
02-21 10:18:42.066 11520 11535 W System : A resource failed to call close.
02-21 10:18:42.066 11520 11535 W System : A resource failed to call close.
02-21 10:18:42.066 11520 11535 W System : A resource failed to call close.
02-21 10:18:42.066 11520 11535 W System : A resource failed to call close.
02-21 10:18:42.066 11520 11535 W System : A resource failed to call close.
02-21 10:18:42.066 11520 11535 W System : A resource failed to call close.
02-21 10:18:42.066 11520 11535 W System : A resource failed to call close.
02-21 10:18:42.066 11520 11535 W System : A resource failed to call close.
02-21 10:18:42.066 11520 11535 W System : A resource failed to call close.
02-21 10:18:42.066 11520 11535 W System : A resource failed to call close.
02-21 10:18:42.066 11520 11535 W System : A resource failed to call close.
02-21 10:18:42.066 11520 11535 W System : A resource failed to call close.
02-21 10:18:42.066 11520 11535 W System : A resource failed to call close.
02-21 10:18:42.066 11520 11535 W System : A resource failed to call close.
02-21 10:18:42.066 11520 11535 W System : A resource failed to call close.
02-21 10:18:42.066 11520 11535 W System : A resource failed to call close.
02-21 10:18:42.066 11520 11535 W System : A resource failed to call close.
02-21 10:18:42.066 11520 11535 W System : A resource failed to call close.
02-21 10:18:42.066 11520 11535 W System : A resource failed to call close.
02-21 10:18:42.067 11520 11535 W System : A resource failed to call close.
02-21 10:18:42.067 11520 11535 W System : A resource failed to call close.
02-21 10:18:42.067 11520 11535 W System : A resource failed to call close.
02-21 10:18:42.067 11520 11535 W System : A resource failed to call close.
02-21 10:18:42.067 11520 11535 W System : A resource failed to call close.
02-21 10:18:42.067 11520 11535 W System : A resource failed to call close.
02-21 10:18:42.067 11520 11535 W System : A resource failed to call close.
02-21 10:18:42.067 11520 11535 W System : A resource failed to call close.
02-21 10:18:42.067 11520 11535 W System : A resource failed to call close.
02-21 10:18:42.067 11520 11535 W System : A resource failed to call close.
