12-15 12:51:07.552 13466 13554 E CAM_A : Null pointer for OIS data. OIS API version: 2 [CONTEXT ratelimit_period="67 MILLISECONDS [skipped: 2]" ]
12-15 12:51:07.557 13466 13501 D qdgralloc: GetYUVPlaneInfo: Invalid format passed: 0x21
12-15 12:51:07.561 13466 13501 I chatty : uid=10296(com.android.lmc82) GcaGeneric- 2 identical 41 lines
12-15 12:51:07.561 13466 13501 D qdgralloc: GetYUVPlaneInfo: Invalid format passed: 0x21
12-15 12:51:07.562 13466 13501 W ntj : CaptureResult is present COLOR_CORRECTION_GAINS for Mi.
12-15 12:51:07.562 13466 13501 W ntj : CaptureResult is present COLOR_CORRECTION_GAINS NEUTRAL.
12-15 12:51:07.586 13466 13518 W CameraMetadataJV: Expect face scores and rectangles to be non-null
12-15 12:51:07.609 13466 13518 W CameraMetadataJV: Expect face scores and rectangles to be non-null
12-15 12:51:07.640 13466 13518 W CameraMetadataJV: Expect face scores and rectangles to be non-null
12-15 12:51:07.641 13466 13554 E CAM_A : Null pointer for OIS data. OIS API version: 2 [CONTEXT ratelimit_period="67 MILLISECONDS [skipped: 2]" ]
12-15 12:51:07.676 13466 13518 W CameraMetadataJV: Expect face scores and rectangles to be non-null
12-15 12:51:07.709 13466 13518 W CameraMetadataJV: Expect face scores and rectangles to be non-null
12-15 12:51:07.709 13466 13554 E CAM_A : Null pointer for OIS data. OIS API version: 2 [CONTEXT ratelimit_period="67 MILLISECONDS [skipped: 1]" ]
12-15 12:51:07.741 13466 13518 W CameraMetadataJV: Expect face scores and rectangles to be non-null
12-15 12:51:07.747 13466 13500 D qdgralloc: GetYUVPlaneInfo: Invalid format passed: 0x21
12-15 12:51:07.748 13466 13500 I chatty : uid=10296(com.android.lmc82) GcaGeneric- 1 identical 37 lines
12-15 12:51:07.748 13466 13500 D qdgralloc: GetYUVPlaneInfo: Invalid format passed: 0x21
12-15 12:51:07.750 13466 13500 W ntj : CaptureResult is present COLOR_CORRECTION_GAINS for Mi.
12-15 12:51:07.750 13466 13500 W ntj : CaptureResult is present COLOR_CORRECTION_GAINS NEUTRAL.
12-15 12:51:07.775 13466 13518 W CameraMetadataJV: Expect face scores and rectangles to be non-null
12-15 12:51:07.776 13466 13554 E CAM_A : Null pointer for OIS data. OIS API version: 2 [CONTEXT ratelimit_period="67 MILLISECONDS [skipped: 1]" ]
12-15 12:51:07.816 13466 13518 W CameraMetadataJV: Expect face scores and rectangles to be non-null
12-15 12:51:07.849 13466 13518 W CameraMetadataJV: Expect face scores and rectangles to be non-null
12-15 12:51:07.850 13466 13554 E CAM_A : Null pointer for OIS data. OIS API version: 2 [CONTEXT ratelimit_period="67 MILLISECONDS [skipped: 1]" ]
12-15 12:51:07.884 13466 13518 W CameraMetadataJV: Expect face scores and rectangles to be non-null
12-15 12:51:07.910 13466 13518 W CameraMetadataJV: Expect face scores and rectangles to be non-null
12-15 12:51:07.943 13466 13518 W CameraMetadataJV: Expect face scores and rectangles to be non-null
12-15 12:51:07.944 13466 13554 E CAM_A : Null pointer for OIS data. OIS API version: 2 [CONTEXT ratelimit_period="67 MILLISECONDS [skipped: 2]" ]
12-15 12:51:07.948 13466 13501 D qdgralloc: GetYUVPlaneInfo: Invalid format passed: 0x21
12-15 12:51:07.950 13466 13501 I chatty : uid=10296(com.android.lmc82) GcaGeneric- 2 identical 40 lines
12-15 12:51:07.950 13466 13501 D qdgralloc: GetYUVPlaneInfo: Invalid format passed: 0x21
12-15 12:51:07.951 13466 13501 W ntj : CaptureResult is present COLOR_CORRECTION_GAINS for Mi.
12-15 12:51:07.951 13466 13501 W ntj : CaptureResult is present COLOR_CORRECTION_GAINS NEUTRAL.
12-15 12:51:07.974 13466 13518 W CameraMetadataJV: Expect face scores and rectangles to be non-null
12-15 12:51:08.014 13466 13518 W CameraMetadataJV: Expect face scores and rectangles to be non-null
12-15 12:51:08.015 13466 13554 E CAM_A : Null pointer for OIS data. OIS API version: 2 [CONTEXT ratelimit_period="67 MILLISECONDS [skipped: 1]" ]
12-15 12:51:08.048 13466 13518 W CameraMetadataJV: Expect face scores and rectangles to be non-null
12-15 12:51:08.088 13466 13518 W CameraMetadataJV: Expect face scores and rectangles to be non-null
12-15 12:51:08.091 13466 13554 E CAM_A : Null pointer for OIS data. OIS API version: 2 [CONTEXT ratelimit_period="67 MILLISECONDS [skipped: 1]" ]
12-15 12:51:08.117 13466 13518 W CameraMetadataJV: Expect face scores and rectangles to be non-null
12-15 12:51:08.144 13466 13518 W CameraMetadataJV: Expect face scores and rectangles to be non-null
12-15 12:51:08.154 13466 13501 D qdgralloc: GetYUVPlaneInfo: Invalid format passed: 0x21
12-15 12:51:08.155 13466 13501 I chatty : uid=10296(com.android.lmc82) GcaGeneric- 2 identical 40 lines
12-15 12:51:08.155 13466 13501 D qdgralloc: GetYUVPlaneInfo: Invalid format passed: 0x21
12-15 12:51:08.155 13466 13501 W ntj : CaptureResult is present COLOR_CORRECTION_GAINS for Mi.
12-15 12:51:08.155 13466 13501 W ntj : CaptureResult is present COLOR_CORRECTION_GAINS NEUTRAL.
12-15 12:51:08.179 13466 13518 W CameraMetadataJV: Expect face scores and rectangles to be non-null
12-15 12:51:08.180 13466 13554 E CAM_A : Null pointer for OIS data. OIS API version: 2 [CONTEXT ratelimit_period="67 MILLISECONDS [skipped: 2]" ]
12-15 12:51:08.200 13466 13648 E CAM_A : Hexagon failed
12-15 12:51:08.218 13466 13518 W CameraMetadataJV: Expect face scores and rectangles to be non-null
12-15 12:51:08.246 13466 13518 W CameraMetadataJV: Expect face scores and rectangles to be non-null
12-15 12:51:08.247 13466 13554 E CAM_A : Null pointer for OIS data. OIS API version: 2 [CONTEXT ratelimit_period="67 MILLISECONDS [skipped: 1]" ]
12-15 12:51:08.276 13466 13518 W CameraMetadataJV: Expect face scores and rectangles to be non-null
12-15 12:51:08.309 13466 13518 W CameraMetadataJV: Expect face scores and rectangles to be non-null
12-15 12:51:08.314 13466 13466 E VibrationEffect: VibrationEffect get 2
12-15 12:51:08.342 13466 13518 W CameraMetadataJV: Expect face scores and rectangles to be non-null
12-15 12:51:08.342 13466 13554 E CAM_A : Null pointer for OIS data. OIS API version: 2 [CONTEXT ratelimit_period="67 MILLISECONDS [skipped: 2]" ]
12-15 12:51:08.348 13466 13500 D qdgralloc: GetYUVPlaneInfo: Invalid format passed: 0x21
12-15 12:51:08.349 13466 13500 I chatty : uid=10296(com.android.lmc82) GcaGeneric- 1 identical 39 lines
12-15 12:51:08.350 13466 13500 D qdgralloc: GetYUVPlaneInfo: Invalid format passed: 0x21
12-15 12:51:08.353 13466 13500 W ntj : CaptureResult is present COLOR_CORRECTION_GAINS for Mi.
12-15 12:51:08.353 13466 13500 W ntj : CaptureResult is present COLOR_CORRECTION_GAINS NEUTRAL.
12-15 12:51:08.370 13466 13478 I m.android.lmc8: Background concurrent copying GC freed 9086(529KB) AllocSpace objects, 0(0B) LOS objects, 49% free, 19MB/39MB, paused 61us total 122.954ms
12-15 12:51:08.391 13466 13623 E native : jni_environment.cc:95 Failed to detach current thread from the JVM. JavaVM::DetachCurrentThread returned: -1
12-15 12:51:08.400 13466 13656 W CAM_A : Failed to resolve nqm@5309d3f[status=FAILURE, cause=[java.lang.Exception]], returning absent instead.
12-15 12:51:08.403 13466 13466 D SurfaceView: UPDATE Surface(name=SurfaceView - com.android.lmc82/com.android.camera.CameraLauncher)/@0x3427b55, mIsCastMode = false
12-15 12:51:08.415 13466 13466 W View : requestLayout() improperly called by msb{14c9ca VFED..C.. ..SP..ID 1443,11-1672,142} during layout: running second layout pass
12-15 12:51:08.416 13466 13466 D SurfaceView: UPDATE null, mIsCastMode = false
12-15 12:51:08.424 13466 13518 W CameraMetadataJV: Expect face scores and rectangles to be non-null
12-15 12:51:08.424 13466 13554 E CAM_A : Null pointer for OIS data. OIS API version: 2 [CONTEXT ratelimit_period="67 MILLISECONDS" ]
12-15 12:51:08.613 13466 13661 W CAM_SurfaceMap: Surface(name=null)/@0x468a8a5 is valid but deferred streams are not yet available for CaptureSession-1
12-15 12:51:08.613 13466 13661 W CAM_SimpleReqProcessor: Failed to add Stream-3 to CaptureRequest for Request-21. The surface is not yet available.
12-15 12:51:08.613 13466 13661 W CAM_SimpleReqProcessor: Failed to submit a CaptureRequest for Request-21: There were no surfaces on the request.
12-15 12:51:08.614 13466 13661 W CAM_SurfaceMap: Surface(name=null)/@0x468a8a5 is valid but deferred streams are not yet available for CaptureSession-1
12-15 12:51:08.614 13466 13661 W CAM_SimpleReqProcessor: Failed to add Stream-3 to CaptureRequest for Request-22. The surface is not yet available.
12-15 12:51:08.614 13466 13661 W CAM_SimpleReqProcessor: Failed to submit a CaptureRequest for Request-22: There were no surfaces on the request.
12-15 12:51:08.617 13466 13519 W CAM_MetadataDst: onCaptureFailed for Frame 270
12-15 12:51:08.624 13466 13519 W CAM_MetadataDst: onCaptureFailed for Frame 268
12-15 12:51:08.624 13466 13519 W CAM_MetadataDst: onCaptureFailed for Frame 266
12-15 12:51:08.625 13466 13519 W CAM_MetadataDst: onCaptureFailed for Frame 267
12-15 12:51:08.626 13466 13482 V CameraDevice-JV-0: Stream 0 has been removed. Skipping buffer lost callback
12-15 12:51:08.626 13466 13482 V CameraDevice-JV-0: Stream 2 has been removed. Skipping buffer lost callback
12-15 12:51:08.627 13466 13520 V CameraDevice-JV-0: Stream 1 has been removed. Skipping buffer lost callback
12-15 12:51:08.627 13466 13520 V CameraDevice-JV-0: Stream 0 has been removed. Skipping buffer lost callback
12-15 12:51:08.627 13466 13520 V CameraDevice-JV-0: Stream 2 has been removed. Skipping buffer lost callback
12-15 12:51:08.627 13466 13520 V CameraDevice-JV-0: Stream 1 has been removed. Skipping buffer lost callback
12-15 12:51:08.627 13466 13520 V CameraDevice-JV-0: Stream 0 has been removed. Skipping buffer lost callback
12-15 12:51:08.627 13466 13520 V CameraDevice-JV-0: Stream 2 has been removed. Skipping buffer lost callback
12-15 12:51:08.627 13466 13520 V CameraDevice-JV-0: Stream 1 has been removed. Skipping buffer lost callback
12-15 12:51:08.627 13466 13520 V CameraDevice-JV-0: Stream 0 has been removed. Skipping buffer lost callback
12-15 12:51:08.627 13466 13520 V CameraDevice-JV-0: Stream 2 has been removed. Skipping buffer lost callback
12-15 12:51:08.627 13466 13520 V CameraDevice-JV-0: Stream 1 has been removed. Skipping buffer lost callback
12-15 12:51:08.627 13466 13520 V CameraDevice-JV-0: Stream 0 has been removed. Skipping buffer lost callback
12-15 12:51:08.627 13466 13520 V CameraDevice-JV-0: Stream 2 has been removed. Skipping buffer lost callback
12-15 12:51:08.628 13466 13519 W CAM_MetadataDst: onCaptureFailed for Frame 269
12-15 12:51:08.743 13466 13466 W CAM_A : Placeholder drawable removed: key=ShotId-0 evicted=false
12-15 12:51:10.217 13466 13466 E VibrationEffect: VibrationEffect get 2
12-15 12:51:10.227 13466 13466 D SurfaceView: UPDATE Surface(name=SurfaceView - com.android.lmc82/com.android.camera.CameraLauncher)/@0x98e824e, mIsCastMode = false
12-15 12:51:10.228 13466 13661 W CAM_SimpleReqProcessor: Failed to add Stream-3 to CaptureRequest for Request-24. The surface (null) was not valid.
12-15 12:51:10.228 13466 13661 W CAM_SimpleReqProcessor: Failed to submit a CaptureRequest for Request-24: There were no surfaces on the request.
12-15 12:51:10.231 13466 13466 W CAM_A : ModeSwitcher WAS ALREADY DISABLED!
12-15 12:51:10.233 13466 13466 D DecorView[CameraLauncher]: getWindowModeFromSystem windowmode is 1
12-15 12:51:10.343 13466 13484 E CameraManagerGlobal: Camera 61 is not available. Ignore physical camera status change
12-15 12:51:10.370 13466 13678 E libc : Access denied finding property "vendor.camera.hal1.packagelist"
12-15 12:51:10.375 13466 13622 E CameraManagerGlobal: Camera 61 is not available. Ignore physical camera status change
12-15 12:51:10.546 13466 13466 D DecorView[CameraLauncher]: getWindowModeFromSystem windowmode is 1
12-15 12:51:12.667 13466 13466 D MIUIInput: [KeyEvent] ViewRootImpl KeyEvent { action=ACTION_DOWN, keyCode=KEYCODE_BACK, scanCode=0, metaState=0, flags=0x48, repeatCount=0, eventTime=10711536, downTime=10711536, deviceId=-1, source=0x101, displayId=0 }
12-15 12:51:12.750 13466 13466 D MIUIInput: [KeyEvent] ViewRootImpl KeyEvent { action=ACTION_UP, keyCode=KEYCODE_BACK, scanCode=0, metaState=0, flags=0x48, repeatCount=0, eventTime=10711620, downTime=10711536, deviceId=-1, source=0x101, displayId=0 }
12-15 12:51:12.752 13466 13466 W CAM_A : ModeSwitcher WAS ALREADY DISABLED!
12-15 12:51:12.790 13466 13466 W CAM_OrientMgrImpl: Can't unlock orientation now. Lock is held by 1 requests.
12-15 12:51:12.803 13466 13466 D DecorView[CameraLauncher]: getWindowModeFromSystem windowmode is 1
12-15 12:51:12.934 13466 13671 E CameraManagerGlobal: Camera 61 is not available. Ignore physical camera status change
12-15 12:51:12.944 13466 13509 W CAM_DeviceErrorBroadcas: Tag DeviceErrorBroadcaster is 3 chars longer than limit.
12-15 12:51:12.953 13466 13513 E libc : Access denied finding property "persist.vendor.camera.privapp.list"
12-15 12:51:12.945 13466 13466 W Camera-Ex: type=1400 audit(0.0:18768): avc: denied { read } for name="u:object_r:vendor_persist_camera_prop:s0" dev="tmpfs" ino=10215 scontext=u:r:untrusted_app_29:s0:c40,c257,c512,c768 tcontext=u:object_r:vendor_persist_camera_prop:s0 tclass=file permissive=0 app=com.android.lmc82
12-15 12:51:12.956 13466 13671 E CameraManagerGlobal: Camera 61 is not available. Ignore physical camera status change
12-15 12:51:12.959 13466 13466 D SurfaceView: UPDATE null, mIsCastMode = false
12-15 12:51:13.103 13466 13513 W CAM_SurfaceMap: Surface(name=null)/@0x14971dd is valid but deferred streams are not yet available for CaptureSession-2
12-15 12:51:13.103 13466 13513 W CAM_SimpleReqProcessor: Failed to add Stream-4 to CaptureRequest for Request-38. The surface is not yet available.
12-15 12:51:13.103 13466 13512 W m.android.lmc8: Long monitor contention with owner Camera-Ex (13513) at boolean android.hardware.camera2.impl.CameraDeviceImpl.configureStreamsChecked(android.hard ware.camera2.params.InputConfiguration, java.util.List, int, android.hardware.camera2.CaptureRequest)(CameraDeviceImpl.java:543) waiters=0 in void android.hardware.camera2.impl.CameraDeviceImpl$4.run() for 137ms
12-15 12:51:13.105 13466 13513 W CAM_SurfaceMap: Surface(name=null)/@0x14971dd is valid but deferred streams are not yet available for CaptureSession-2
12-15 12:51:13.105 13466 13513 W CAM_SimpleReqProcessor: Failed to add Stream-4 to CaptureRequest for Request-39. The surface is not yet available.
12-15 12:51:13.406 13466 13743 W CameraMetadataJV: Expect face scores and rectangles to be non-null
12-15 12:51:13.406 13466 13554 E CAM_A : Null pointer for OIS data. OIS API version: 2 [CONTEXT ratelimit_period="67 MILLISECONDS" ]
12-15 12:51:13.407 13466 13743 W CAM_A : PHOTO > abs Δ(result sensor timestamp) = 5027.42 ms > 70.00 ms
12-15 12:51:13.407 13466 13743 W CAM_A : PHOTO > rel Δ(result sensor timestamp) = 149.84 > 0.25
12-15 12:51:13.407 13466 13743 W CAM_A : PHOTO > result sensor delay = 150.82 > 1.10
12-15 12:51:13.414 13466 13501 W CAM_A : Extractor (frame) of type feature.acmi.imu.frame-straightness depends on foreign type feature.acmi.imu.camera-orientation! Feature values may be calculated out of order!
12-15 12:51:13.414 13466 13501 W CAM_A : Extractor (frame) of type feature.acmi.imu.frame-straightness depends on foreign type feature.acmi.imu.camera-orientation! Feature values may be calculated out of order!
12-15 12:51:13.434 13466 13743 W CameraMetadataJV: Expect face scores and rectangles to be non-null
12-15 12:51:13.434 13466 13743 W CAM_A : PHOTO > rel Δ(result sensor timestamp) = 0.99 > 0.25
12-15 12:51:13.468 13466 13743 W CameraMetadataJV: Expect face scores and rectangles to be non-null
12-15 12:51:13.502 13466 13743 W CameraMetadataJV: Expect face scores and rectangles to be non-null
12-15 12:51:13.503 13466 13554 E CAM_A : Null pointer for OIS data. OIS API version: 2 [CONTEXT ratelimit_period="67 MILLISECONDS [skipped: 2]" ]
12-15 12:51:13.538 13466 13743 W CameraMetadataJV: Expect face scores and rectangles to be non-null
12-15 12:51:13.571 13466 13743 W CameraMetadataJV: Expect face scores and rectangles to be non-null
12-15 12:51:13.572 13466 13554 E CAM_A : Null pointer for OIS data. OIS API version: 2 [CONTEXT ratelimit_period="67 MILLISECONDS [skipped: 1]" ]
12-15 12:51:13.602 13466 13743 W CameraMetadataJV: Expect face scores and rectangles to be non-null
12-15 12:51:13.605 13466 13501 D qdgralloc: GetYUVPlaneInfo: Invalid format passed: 0x21
12-15 12:51:13.608 13466 13501 W ntj : CaptureResult is present COLOR_CORRECTION_GAINS for Mi.
12-15 12:51:13.608 13466 13501 W ntj : CaptureResult is present COLOR_CORRECTION_GAINS NEUTRAL.
12-15 12:51:13.639 13466 13743 W CameraMetadataJV: Expect face scores and rectangles to be non-null
12-15 12:51:13.639 13466 13554 E CAM_A : Null pointer for OIS data. OIS API version: 2 [CONTEXT ratelimit_period="67 MILLISECONDS [skipped: 1]" ]
12-15 12:51:13.668 13466 13743 W CameraMetadataJV: Expect face scores and rectangles to be non-null
12-15 12:51:13.701 13466 13743 W CameraMetadataJV: Expect face scores and rectangles to be non-null
12-15 12:51:13.736 13466 13743 W CameraMetadataJV: Expect face scores and rectangles to be non-null
12-15 12:51:13.736 13466 13554 E CAM_A : Null pointer for OIS data. OIS API version: 2 [CONTEXT ratelimit_period="67 MILLISECONDS [skipped: 2]" ]
12-15 12:51:13.768 13466 13743 W CameraMetadataJV: Expect face scores and rectangles to be non-null
12-15 12:51:13.803 13466 13743 W CameraMetadataJV: Expect face scores and rectangles to be non-null
12-15 12:51:13.804 13466 13554 E CAM_A : Null pointer for OIS data. OIS API version: 2 [CONTEXT ratelimit_period="67 MILLISECONDS [skipped: 1]" ]
12-15 12:51:13.807 13466 13500 D qdgralloc: GetYUVPlaneInfo: Invalid format passed: 0x21
12-15 12:51:13.808 13466 13500 I chatty : uid=10296(com.android.lmc82) GcaGeneric- 1 identical 40 lines
12-15 12:51:13.808 13466 13500 D qdgralloc: GetYUVPlaneInfo: Invalid format passed: 0x21
12-15 12:51:13.809 13466 13500 W ntj : CaptureResult is present COLOR_CORRECTION_GAINS for Mi.
12-15 12:51:13.809 13466 13500 W ntj : CaptureResult is present COLOR_CORRECTION_GAINS NEUTRAL.
12-15 12:51:13.836 13466 13743 W CameraMetadataJV: Expect face scores and rectangles to be non-null
12-15 12:51:13.871 13466 13743 W CameraMetadataJV: Expect face scores and rectangles to be non-null
12-15 12:51:13.872 13466 13554 E CAM_A : Null pointer for OIS data. OIS API version: 2 [CONTEXT ratelimit_period="67 MILLISECONDS [skipped: 1]" ]
12-15 12:51:13.908 13466 13743 W CameraMetadataJV: Expect face scores and rectangles to be non-null
12-15 12:51:13.941 13466 13743 W CameraMetadataJV: Expect face scores and rectangles to be non-null
12-15 12:51:13.941 13466 13554 E CAM_A : Null pointer for OIS data. OIS API version: 2 [CONTEXT ratelimit_period="67 MILLISECONDS [skipped: 1]" ]
12-15 12:51:13.948 13466 13466 D MIUIInput: [KeyEvent] ViewRootImpl KeyEvent { action=ACTION_DOWN, keyCode=KEYCODE_BACK, scanCode=0, metaState=0, flags=0x48, repeatCount=0, eventTime=10712816, downTime=10712816, deviceId=-1, source=0x101, displayId=0 }
12-15 12:51:13.974 13466 13743 W CameraMetadataJV: Expect face scores and rectangles to be non-null
12-15 12:51:14.005 13466 13466 D MIUIInput: [KeyEvent] ViewRootImpl KeyEvent { action=ACTION_UP, keyCode=KEYCODE_BACK, scanCode=0, metaState=0, flags=0x48, repeatCount=0, eventTime=10712876, downTime=10712816, deviceId=-1, source=0x101, displayId=0 }
12-15 12:51:14.006 13466 13743 W CameraMetadataJV: Expect face scores and rectangles to be non-null
12-15 12:51:14.013 13466 13500 D qdgralloc: GetYUVPlaneInfo: Invalid format passed: 0x21
12-15 12:51:14.015 13466 13500 I chatty : uid=10296(com.android.lmc82) GcaGeneric- 1 identical 41 lines
12-15 12:51:14.015 13466 13500 D qdgralloc: GetYUVPlaneInfo: Invalid format passed: 0x21
12-15 12:51:14.017 13466 13500 W ntj : CaptureResult is present COLOR_CORRECTION_GAINS for Mi.
12-15 12:51:14.017 13466 13500 W ntj : CaptureResult is present COLOR_CORRECTION_GAINS NEUTRAL.
12-15 12:51:14.040 13466 13743 W CameraMetadataJV: Expect face scores and rectangles to be non-null
12-15 12:51:14.040 13466 13554 E CAM_A : Null pointer for OIS data. OIS API version: 2 [CONTEXT ratelimit_period="67 MILLISECONDS [skipped: 2]" ]
12-15 12:51:14.080 13466 13743 W CameraMetadataJV: Expect face scores and rectangles to be non-null
12-15 12:51:14.119 13466 13743 W CameraMetadataJV: Expect face scores and rectangles to be non-null
12-15 12:51:14.123 13466 13554 E CAM_A : Null pointer for OIS data. OIS API version: 2 [CONTEXT ratelimit_period="67 MILLISECONDS [skipped: 1]" ]
12-15 12:51:14.168 13466 13743 W CameraMetadataJV: Expect face scores and rectangles to be non-null
12-15 12:51:14.178 13466 13501 E PhenotypeFlagCommitter: Retrieving snapshot for com.google.android.apps.camera#com.android.lmc82 failed
12-15 12:51:14.178 13466 13501 E PhenotypeFlagCommitter: java.util.concurrent.ExecutionException: java.lang.SecurityException: GoogleCertificatesRslt: Package signed with unknown certificate (go/gsrlt)
12-15 12:51:14.178 13466 13501 E PhenotypeFlagCommitter: at nlw.d(Unknown Source:27)
12-15 12:51:14.178 13466 13501 E PhenotypeFlagCommitter: at nlw.c(Unknown Source:63)
12-15 12:51:14.178 13466 13501 E PhenotypeFlagCommitter: at jor.c(Unknown Source:12)
12-15 12:51:14.178 13466 13501 E PhenotypeFlagCommitter: at jor.e(Unknown Source:35)
12-15 12:51:14.178 13466 13501 E PhenotypeFlagCommitter: at jor.b(Unknown Source:1)
12-15 12:51:14.178 13466 13501 E PhenotypeFlagCommitter: at gao.c(Unknown Source:35)
12-15 12:51:14.178 13466 13501 E PhenotypeFlagCommitter: at gap.run(Unknown Source:32)
12-15 12:51:14.178 13466 13501 E PhenotypeFlagCommitter: at jvm.run(Unknown Source:2)
12-15 12:51:14.178 13466 13501 E PhenotypeFlagCommitter: at java.util.concurrent.Executors$RunnableAdapter.call(Executors.java:462)
12-15 12:51:14.178 13466 13501 E PhenotypeFlagCommitter: at nrk.c(Unknown Source:2)
12-15 12:51:14.178 13466 13501 E PhenotypeFlagCommitter: at nqo.run(Unknown Source:23)
12-15 12:51:14.178 13466 13501 E PhenotypeFlagCommitter: at nrl.run(Unknown Source:4)
12-15 12:51:14.178 13466 13501 E PhenotypeFlagCommitter: at java.util.concurrent.Executors$RunnableAdapter.call(Executors.java:462)
12-15 12:51:14.178 13466 13501 E PhenotypeFlagCommitter: at java.util.concurrent.FutureTask.run(FutureTask.java:266)
12-15 12:51:14.178 13466 13501 E PhenotypeFlagCommitter: at java.util.concurrent.ScheduledThreadPoolExecutor$ScheduledFutureTask.run(ScheduledT hreadPoolExecutor.java:301)
12-15 12:51:14.178 13466 13501 E PhenotypeFlagCommitter: at jvy.run(Unknown Source:2)
12-15 12:51:14.178 13466 13501 E PhenotypeFlagCommitter: at jvx.run(Unknown Source:0)
12-15 12:51:14.178 13466 13501 E PhenotypeFlagCommitter: at java.util.concurrent.ThreadPoolExecutor.runWorker(ThreadPoolExecutor.java:1167)
12-15 12:51:14.178 13466 13501 E PhenotypeFlagCommitter: at java.util.concurrent.ThreadPoolExecutor$Worker.run(ThreadPoolExecutor.java:641)
12-15 12:51:14.178 13466 13501 E PhenotypeFlagCommitter: at java.lang.Thread.run(Thread.java:923)
12-15 12:51:14.178 13466 13501 E PhenotypeFlagCommitter: at juq.run(Unknown Source:5)
12-15 12:51:14.178 13466 13501 E PhenotypeFlagCommitter: Caused by: java.lang.SecurityException: GoogleCertificatesRslt: Package signed with unknown certificate (go/gsrlt)
12-15 12:51:14.178 13466 13501 E PhenotypeFlagCommitter: at android.os.Parcel.createExceptionOrNull(Parcel.java:2376)
12-15 12:51:14.178 13466 13501 E PhenotypeFlagCommitter: at android.os.Parcel.createException(Parcel.java:2360)
12-15 12:51:14.178 13466 13501 E PhenotypeFlagCommitter: at android.os.Parcel.readException(Parcel.java:2343)
12-15 12:51:14.178 13466 13501 E PhenotypeFlagCommitter: at android.os.Parcel.readException(Parcel.java:2285)
12-15 12:51:14.178 13466 13501 E PhenotypeFlagCommitter: at bil.z(Unknown Source:10)
12-15 12:51:14.178 13466 13501 E PhenotypeFlagCommitter: at jop.a(Unknown Source:38)
12-15 12:51:14.178 13466 13501 E PhenotypeFlagCommitter: at jdr.f(Unknown Source:10)
12-15 12:51:14.178 13466 13501 E PhenotypeFlagCommitter: at jep.r(Unknown Source:10)
12-15 12:51:14.178 13466 13501 E PhenotypeFlagCommitter: at jep.q(Unknown Source:22)
12-15 12:51:14.178 13466 13501 E PhenotypeFlagCommitter: at jep.g(Unknown Source:29)
12-15 12:51:14.178 13466 13501 E PhenotypeFlagCommitter: at jep.c(Unknown Source:76)
12-15 12:51:14.178 13466 13501 E PhenotypeFlagCommitter: at jep.b(Unknown Source:14)
12-15 12:51:14.178 13466 13501 E PhenotypeFlagCommitter: at jgp.a(Unknown Source:114)
12-15 12:51:14.178 13466 13501 E PhenotypeFlagCommitter: at jgj.d(Unknown Source:6)
12-15 12:51:14.178 13466 13501 E PhenotypeFlagCommitter: at jgk.handleMessage(Unknown Source:308)
12-15 12:51:14.178 13466 13501 E PhenotypeFlagCommitter: at android.os.Handler.dispatchMessage(Handler.java:106)
12-15 12:51:14.178 13466 13501 E PhenotypeFlagCommitter: at jms.b(Unknown Source:0)
12-15 12:51:14.178 13466 13501 E PhenotypeFlagCommitter: at jms.dispatchMessage(Unknown Source:0)
12-15 12:51:14.178 13466 13501 E PhenotypeFlagCommitter: at android.os.Looper.loop(Looper.java:236)
12-15 12:51:14.178 13466 13501 E PhenotypeFlagCommitter: at android.os.HandlerThread.run(HandlerThread.java:67)
12-15 12:51:14.196 13466 13743 W CameraMetadataJV: Expect face scores and rectangles to be non-null
12-15 12:51:14.197 13466 13554 E CAM_A : Null pointer for OIS data. OIS API version: 2 [CONTEXT ratelimit_period="67 MILLISECONDS [skipped: 1]" ]
12-15 12:51:14.217 13466 13743 W CameraMetadataJV: Expect face scores and rectangles to be non-null
12-15 12:51:14.224 13466 13501 D qdgralloc: GetYUVPlaneInfo: Invalid format passed: 0x21
12-15 12:51:14.225 13466 13501 I chatty : uid=10296(com.android.lmc82) GcaGeneric- 2 identical 19 lines
12-15 12:51:14.225 13466 13501 D qdgralloc: GetYUVPlaneInfo: Invalid format passed: 0x21
12-15 12:51:14.228 13466 13501 D qdgralloc: GetYUVPlaneInfo: Invalid format passed: 0x21
12-15 12:51:14.229 13466 13501 I chatty : uid=10296(com.android.lmc82) GcaGeneric- 2 identical 19 lines
12-15 12:51:14.229 13466 13501 D qdgralloc: GetYUVPlaneInfo: Invalid format passed: 0x21
12-15 12:51:14.241 13466 13501 W ntj : CaptureResult is present COLOR_CORRECTION_GAINS for Mi.
12-15 12:51:14.241 13466 13501 W ntj : CaptureResult is present COLOR_CORRECTION_GAINS NEUTRAL.
12-15 12:51:14.280 13466 13743 W CameraMetadataJV: Expect face scores and rectangles to be non-null
12-15 12:51:14.281 13466 13743 W CAM_A : PHOTO > rel Δ(result sensor timestamp) = 1.00 > 0.25
12-15 12:51:14.281 13466 13743 W CAM_A : PHOTO > result sensor delay = 2.00 > 1.10
12-15 12:51:14.287 13466 13554 E CAM_A : Null pointer for OIS data. OIS API version: 2 [CONTEXT ratelimit_period="67 MILLISECONDS [skipped: 1]" ]
12-15 12:51:14.308 13466 13743 W CameraMetadataJV: Expect face scores and rectangles to be non-null
12-15 12:51:14.308 13466 13743 W CAM_A : PHOTO > rel Δ(result sensor timestamp) = 0.50 > 0.25
12-15 12:51:14.339 13466 13743 W CameraMetadataJV: Expect face scores and rectangles to be non-null
12-15 12:51:14.375 13466 13743 W CameraMetadataJV: Expect face scores and rectangles to be non-null
12-15 12:51:14.376 13466 13554 E CAM_A : Null pointer for OIS data. OIS API version: 2 [CONTEXT ratelimit_period="67 MILLISECONDS [skipped: 2]" ]
12-15 12:51:14.408 13466 13743 W CameraMetadataJV: Expect face scores and rectangles to be non-null
12-15 12:51:14.439 13466 13743 W CameraMetadataJV: Expect face scores and rectangles to be non-null
12-15 12:51:14.452 13466 13500 D qdgralloc: GetYUVPlaneInfo: Invalid format passed: 0x21
12-15 12:51:14.452 13466 13500 D qdgralloc: GetYUVPlaneInfo: Invalid format passed: 0x21
12-15 12:51:14.452 13466 13500 D qdgralloc: GetYUVPlaneInfo: Invalid format passed: 0x21
12-15 12:51:14.452 13466 13500 I chatty : uid=10296(com.android.lmc82) GcaGeneric- 1 identical 4 lines
12-15 12:51:14.453 13466 13500 D qdgralloc: GetYUVPlaneInfo: Invalid format passed: 0x21
12-15 12:51:14.453 13466 13500 D qdgralloc: GetYUVPlaneInfo: Invalid format passed: 0x21
12-15 12:51:14.457 13466 13500 I chatty : uid=10296(com.android.lmc82) GcaGeneric- 1 identical 39 lines
12-15 12:51:14.457 13466 13500 D qdgralloc: GetYUVPlaneInfo: Invalid format passed: 0x21
12-15 12:51:14.458 13466 13500 W ntj : CaptureResult is present COLOR_CORRECTION_GAINS for Mi.
12-15 12:51:14.458 13466 13500 W ntj : CaptureResult is present COLOR_CORRECTION_GAINS NEUTRAL.
12-15 12:51:14.474 13466 13743 W CameraMetadataJV: Expect face scores and rectangles to be non-null
12-15 12:51:14.476 13466 13554 E CAM_A : Null pointer for OIS data. OIS API version: 2 [CONTEXT ratelimit_period="67 MILLISECONDS [skipped: 2]" ]
12-15 12:51:14.504 13466 13743 W CameraMetadataJV: Expect face scores and rectangles to be non-null
12-15 12:51:14.539 13466 13743 W CameraMetadataJV: Expect face scores and rectangles to be non-null
12-15 12:51:14.572 13466 13743 W CameraMetadataJV: Expect face scores and rectangles to be non-null
12-15 12:51:14.572 13466 13554 E CAM_A : Null pointer for OIS data. OIS API version: 2 [CONTEXT ratelimit_period="67 MILLISECONDS [skipped: 2]" ]
12-15 12:51:14.608 13466 13743 W CameraMetadataJV: Expect face scores and rectangles to be non-null
12-15 12:51:14.641 13466 13743 W CameraMetadataJV: Expect face scores and rectangles to be non-null
12-15 12:51:14.642 13466 13554 E CAM_A : Null pointer for OIS data. OIS API version: 2 [CONTEXT ratelimit_period="67 MILLISECONDS [skipped: 1]" ]
12-15 12:51:14.648 13466 13501 D qdgralloc: GetYUVPlaneInfo: Invalid format passed: 0x21
12-15 12:51:14.651 13466 13501 I chatty : uid=10296(com.android.lmc82) GcaGeneric- 2 identical 39 lines
12-15 12:51:14.651 13466 13501 D qdgralloc: GetYUVPlaneInfo: Invalid format passed: 0x21
12-15 12:51:14.652 13466 13501 W ntj : CaptureResult is present COLOR_CORRECTION_GAINS for Mi.
12-15 12:51:14.652 13466 13501 W ntj : CaptureResult is present COLOR_CORRECTION_GAINS NEUTRAL.
12-15 12:51:14.693 13466 13466 D DecorView[CameraLauncher]: getWindowModeFromSystem windowmode is 1
12-15 12:51:14.710 13466 13466 W CAM_A : Duplicate call to stopModule; skipping stop.
12-15 12:51:14.711 13466 13678 W CAM2PORT_AndCamAgntImp: Releasing camera without any camera opened.
12-15 12:51:14.733 13466 13466 W ProtoDataStoreFlagStore: Unable to retrieve flag snapshot for com.google.android.libraries.performance.primes#com.android.lmc82, using defaults.
12-15 12:51:14.736 13466 13785 W ProtoDataStoreFlagStore: Unable to update local snapshot for com.google.android.libraries.performance.primes#com.android.lmc82, may result in stale flags.
12-15 12:51:14.736 13466 13785 W ProtoDataStoreFlagStore: java.util.concurrent.ExecutionException: java.lang.SecurityException: GoogleCertificatesRslt: Package signed with unknown certificate (go/gsrlt)
12-15 12:51:14.736 13466 13785 W ProtoDataStoreFlagStore: at nos.s(Unknown Source:20)
12-15 12:51:14.736 13466 13785 W ProtoDataStoreFlagStore: at nos.get(Unknown Source:21)
12-15 12:51:14.736 13466 13785 W ProtoDataStoreFlagStore: at nrn.l(Unknown Source:1)
12-15 12:51:14.736 13466 13785 W ProtoDataStoreFlagStore: at nql.x(Unknown Source:9)
12-15 12:51:14.736 13466 13785 W ProtoDataStoreFlagStore: at lzt.c(Unknown Source:0)
12-15 12:51:14.736 13466 13785 W ProtoDataStoreFlagStore: at lzr.run(Unknown Source:14)
12-15 12:51:14.736 13466 13785 W ProtoDataStoreFlagStore: at java.util.concurrent.Executors$RunnableAdapter.call(Executors.java:462)
12-15 12:51:14.736 13466 13785 W ProtoDataStoreFlagStore: at java.util.concurrent.FutureTask.run(FutureTask.java:266)
12-15 12:51:14.736 13466 13785 W ProtoDataStoreFlagStore: at java.util.concurrent.ScheduledThreadPoolExecutor$ScheduledFutureTask.run(ScheduledT hreadPoolExecutor.java:301)
12-15 12:51:14.736 13466 13785 W ProtoDataStoreFlagStore: at java.util.concurrent.ThreadPoolExecutor.runWorker(ThreadPoolExecutor.java:1167)
12-15 12:51:14.736 13466 13785 W ProtoDataStoreFlagStore: at java.util.concurrent.ThreadPoolExecutor$Worker.run(ThreadPoolExecutor.java:641)
12-15 12:51:14.736 13466 13785 W ProtoDataStoreFlagStore: at java.lang.Thread.run(Thread.java:923)
12-15 12:51:14.736 13466 13785 W ProtoDataStoreFlagStore: Caused by: java.lang.SecurityException: GoogleCertificatesRslt: Package signed with unknown certificate (go/gsrlt)
12-15 12:51:14.736 13466 13785 W ProtoDataStoreFlagStore: at android.os.Parcel.createExceptionOrNull(Parcel.java:2376)
12-15 12:51:14.736 13466 13785 W ProtoDataStoreFlagStore: at android.os.Parcel.createException(Parcel.java:2360)
12-15 12:51:14.736 13466 13785 W ProtoDataStoreFlagStore: at android.os.Parcel.readException(Parcel.java:2343)
12-15 12:51:14.736 13466 13785 W ProtoDataStoreFlagStore: at android.os.Parcel.readException(Parcel.java:2285)
12-15 12:51:14.736 13466 13785 W ProtoDataStoreFlagStore: at bil.z(Unknown Source:10)
12-15 12:51:14.736 13466 13785 W ProtoDataStoreFlagStore: at jop.a(Unknown Source:38)
12-15 12:51:14.736 13466 13785 W ProtoDataStoreFlagStore: at jdr.f(Unknown Source:10)
12-15 12:51:14.736 13466 13785 W ProtoDataStoreFlagStore: at jep.r(Unknown Source:10)
12-15 12:51:14.736 13466 13785 W ProtoDataStoreFlagStore: at jep.q(Unknown Source:22)
12-15 12:51:14.736 13466 13785 W ProtoDataStoreFlagStore: at jep.h(Unknown Source:15)
12-15 12:51:14.736 13466 13785 W ProtoDataStoreFlagStore: at jet.handleMessage(Unknown Source:921)
12-15 12:51:14.736 13466 13785 W ProtoDataStoreFlagStore: at android.os.Handler.dispatchMessage(Handler.java:102)
12-15 12:51:14.736 13466 13785 W ProtoDataStoreFlagStore: at jms.b(Unknown Source:0)
12-15 12:51:14.736 13466 13785 W ProtoDataStoreFlagStore: at jms.dispatchMessage(Unknown Source:0)
12-15 12:51:14.736 13466 13785 W ProtoDataStoreFlagStore: at android.os.Looper.loop(Looper.java:236)
12-15 12:51:14.736 13466 13785 W ProtoDataStoreFlagStore: at android.os.HandlerThread.run(HandlerThread.java:67)
12-15 12:51:14.741 13466 13678 W CAM2PORT_AndCamAgntImp: Releasing camera without any camera opened.
12-15 12:51:14.741 13466 13743 W CameraMetadataJV: Expect face scores and rectangles to be non-null
12-15 12:51:14.741 13466 13744 W CAM_MetadataDst: onCaptureFailed for Frame 38
12-15 12:51:14.742 13466 13744 W CAM_YUV_420_888w640: Received onBufferLost from Stream-6 for frame 38 but was unable to find a matching request to abort.
12-15 12:51:14.742 13466 13554 E CAM_A : Null pointer for OIS data. OIS API version: 2 [CONTEXT ratelimit_period="67 MILLISECONDS" ]
12-15 12:51:14.742 13466 13744 W CAM_MetadataDst: onCaptureFailed for Frame 42
12-15 12:51:14.742 13466 13744 W CAM_MetadataDst: onCaptureFailed for Frame 41
12-15 12:51:14.742 13466 13744 W CAM_MetadataDst: onCaptureFailed for Frame 39
12-15 12:51:14.742 13466 13744 W CAM_MetadataDst: onCaptureFailed for Frame 40
12-15 12:51:14.742 13466 13744 W CAM_YUV_420_888w640: Distributing null to Stream-6 for frame 39 at 14676016896432 because the buffer was lost.
12-15 12:51:14.743 13466 13744 W CAM_RAW10w4624: Received onBufferLost from Stream- 5 for frame 40 but was unable to find a matching request to abort.
12-15 12:51:14.743 13466 13744 W CAM_YUV_420_888w640: Received onBufferLost from Stream-6 for frame 40 but was unable to find a matching request to abort.
12-15 12:51:14.743 13466 13744 W CAM_RAW10w4624: Received onBufferLost from Stream- 5 for frame 41 but was unable to find a matching request to abort.
12-15 12:51:14.743 13466 13744 W CAM_YUV_420_888w640: Received onBufferLost from Stream-6 for frame 41 but was unable to find a matching request to abort.
12-15 12:51:14.743 13466 13744 W CAM_RAW10w4624: Received onBufferLost from Stream- 5 for frame 42 but was unable to find a matching request to abort.
12-15 12:51:14.743 13466 13744 W CAM_YUV_420_888w640: Received onBufferLost from Stream-6 for frame 42 but was unable to find a matching request to abort.
12-15 12:51:15.867 13466 13622 E CameraManagerGlobal: Camera 61 is not available. Ignore physical camera status change
12-15 12:51:16.115 13466 13622 E CameraManagerGlobal: Camera 61 is not available. Ignore physical camera status change
12-15 12:51:16.167 13466 13671 E CameraManagerGlobal: Camera 61 is not available. Ignore physical camera status change
12-15 12:51:16.181 13466 13671 E CameraManagerGlobal: Camera 61 is not available. Ignore physical camera status change
12-15 12:51:16.620 13466 13596 D BufferPoolAccessor2.0: bufferpool2 0x7c36598e28 : 0(0 size) total buffers - 0(0 size) used buffers - 1/9 (recycle/alloc) - 8/58 (fetch/transfer)
12-15 12:51:16.620 13466 13596 D BufferPoolAccessor2.0: Destruction - bufferpool2 0x7c36598e28 cached: 0/0M, 0/0% in use; allocs: 9, 11% recycled; transfers: 58, 86% unfetched
12-15 12:51:16.620 13466 13596 D BufferPoolAccessor2.0: bufferpool2 0x7c41674a28 : 0(0 size) total buffers - 0(0 size) used buffers - 1/9 (recycle/alloc) - 8/40 (fetch/transfer)
12-15 12:51:16.620 13466 13596 D BufferPoolAccessor2.0: Destruction - bufferpool2 0x7c41674a28 cached: 0/0M, 0/0% in use; allocs: 9, 11% recycled; transfers: 40, 80% unfetched