12-15 12:51:03.349 13466 13501 W ntj : CaptureResult is present COLOR_CORRECTION_GAINS NEUTRAL.
12-15 12:51:03.378 13466 13518 W CameraMetadataJV: Expect face scores and rectangles to be non-null
12-15 12:51:03.412 13466 13518 W CameraMetadataJV: Expect face scores and rectangles to be non-null
12-15 12:51:03.412 13466 13554 E CAM_A : Null pointer for OIS data. OIS API version: 2 [CONTEXT ratelimit_period="67 MILLISECONDS [skipped: 2]" ]
12-15 12:51:03.442 13466 13518 W CameraMetadataJV: Expect face scores and rectangles to be non-null
12-15 12:51:03.477 13466 13518 W CameraMetadataJV: Expect face scores and rectangles to be non-null
12-15 12:51:03.479 13466 13554 E CAM_A : Null pointer for OIS data. OIS API version: 2 [CONTEXT ratelimit_period="67 MILLISECONDS [skipped: 1]" ]
12-15 12:51:03.512 13466 13518 W CameraMetadataJV: Expect face scores and rectangles to be non-null
12-15 12:51:03.544 13466 13518 W CameraMetadataJV: Expect face scores and rectangles to be non-null
12-15 12:51:03.548 13466 13500 D qdgralloc: GetYUVPlaneInfo: Invalid format passed: 0x21
12-15 12:51:03.549 13466 13500 I chatty : uid=10296(com.android.lmc82) GcaGeneric- 1 identical 39 lines
12-15 12:51:03.549 13466 13500 D qdgralloc: GetYUVPlaneInfo: Invalid format passed: 0x21
12-15 12:51:03.550 13466 13500 W ntj : CaptureResult is present COLOR_CORRECTION_GAINS for Mi.
12-15 12:51:03.550 13466 13500 W ntj : CaptureResult is present COLOR_CORRECTION_GAINS NEUTRAL.
12-15 12:51:03.580 13466 13518 W CameraMetadataJV: Expect face scores and rectangles to be non-null
12-15 12:51:03.581 13466 13554 E CAM_A : Null pointer for OIS data. OIS API version: 2 [CONTEXT ratelimit_period="67 MILLISECONDS [skipped: 2]" ]
12-15 12:51:03.612 13466 13518 W CameraMetadataJV: Expect face scores and rectangles to be non-null
12-15 12:51:03.644 13466 13518 W CameraMetadataJV: Expect face scores and rectangles to be non-null
12-15 12:51:03.678 13466 13466 W CameraMetadataJV: Expect face scores and rectangles to be non-null
12-15 12:51:03.680 13466 13554 E CAM_A : Null pointer for OIS data. OIS API version: 2 [CONTEXT ratelimit_period="67 MILLISECONDS [skipped: 2]" ]
12-15 12:51:03.710 13466 13518 W CameraMetadataJV: Expect face scores and rectangles to be non-null
12-15 12:51:03.745 13466 13518 W CameraMetadataJV: Expect face scores and rectangles to be non-null
12-15 12:51:03.746 13466 13554 E CAM_A : Null pointer for OIS data. OIS API version: 2 [CONTEXT ratelimit_period="67 MILLISECONDS [skipped: 1]" ]
12-15 12:51:03.750 13466 13500 D qdgralloc: GetYUVPlaneInfo: Invalid format passed: 0x21
12-15 12:51:03.752 13466 13500 I chatty : uid=10296(com.android.lmc82) GcaGeneric- 1 identical 40 lines
12-15 12:51:03.752 13466 13500 D qdgralloc: GetYUVPlaneInfo: Invalid format passed: 0x21
12-15 12:51:03.753 13466 13500 W ntj : CaptureResult is present COLOR_CORRECTION_GAINS for Mi.
12-15 12:51:03.753 13466 13500 W ntj : CaptureResult is present COLOR_CORRECTION_GAINS NEUTRAL.
12-15 12:51:03.780 13466 13518 W CameraMetadataJV: Expect face scores and rectangles to be non-null
12-15 12:51:03.811 13466 13518 W CameraMetadataJV: Expect face scores and rectangles to be non-null
12-15 12:51:03.814 13466 13554 E CAM_A : Null pointer for OIS data. OIS API version: 2 [CONTEXT ratelimit_period="67 MILLISECONDS [skipped: 1]" ]
12-15 12:51:03.845 13466 13518 W CameraMetadataJV: Expect face scores and rectangles to be non-null
12-15 12:51:03.877 13466 13518 W CameraMetadataJV: Expect face scores and rectangles to be non-null
12-15 12:51:03.882 13466 13554 E CAM_A : Null pointer for OIS data. OIS API version: 2 [CONTEXT ratelimit_period="67 MILLISECONDS [skipped: 1]" ]
12-15 12:51:03.915 13466 13518 W CameraMetadataJV: Expect face scores and rectangles to be non-null
12-15 12:51:03.948 13466 13518 W CameraMetadataJV: Expect face scores and rectangles to be non-null
12-15 12:51:03.949 13466 13554 E CAM_A : Null pointer for OIS data. OIS API version: 2 [CONTEXT ratelimit_period="67 MILLISECONDS [skipped: 1]" ]
12-15 12:51:03.951 13466 13500 D qdgralloc: GetYUVPlaneInfo: Invalid format passed: 0x21
12-15 12:51:03.953 13466 13500 I chatty : uid=10296(com.android.lmc82) GcaGeneric- 1 identical 40 lines
12-15 12:51:03.953 13466 13500 D qdgralloc: GetYUVPlaneInfo: Invalid format passed: 0x21
12-15 12:51:03.954 13466 13500 W ntj : CaptureResult is present COLOR_CORRECTION_GAINS for Mi.
12-15 12:51:03.954 13466 13500 W ntj : CaptureResult is present COLOR_CORRECTION_GAINS NEUTRAL.
12-15 12:51:03.976 13466 13518 W CameraMetadataJV: Expect face scores and rectangles to be non-null
12-15 12:51:04.012 13466 13518 W CameraMetadataJV: Expect face scores and rectangles to be non-null
12-15 12:51:04.043 13466 13518 W CameraMetadataJV: Expect face scores and rectangles to be non-null
12-15 12:51:04.044 13466 13554 E CAM_A : Null pointer for OIS data. OIS API version: 2 [CONTEXT ratelimit_period="67 MILLISECONDS [skipped: 2]" ]
12-15 12:51:04.078 13466 13518 W CameraMetadataJV: Expect face scores and rectangles to be non-null
12-15 12:51:04.111 13466 13518 W CameraMetadataJV: Expect face scores and rectangles to be non-null
12-15 12:51:04.112 13466 13554 E CAM_A : Null pointer for OIS data. OIS API version: 2 [CONTEXT ratelimit_period="67 MILLISECONDS [skipped: 1]" ]
12-15 12:51:04.143 13466 13518 W CameraMetadataJV: Expect face scores and rectangles to be non-null
12-15 12:51:04.147 13466 13500 D qdgralloc: GetYUVPlaneInfo: Invalid format passed: 0x21
12-15 12:51:04.149 13466 13500 I chatty : uid=10296(com.android.lmc82) GcaGeneric- 1 identical 39 lines
12-15 12:51:04.149 13466 13500 D qdgralloc: GetYUVPlaneInfo: Invalid format passed: 0x21
12-15 12:51:04.150 13466 13500 W ntj : CaptureResult is present COLOR_CORRECTION_GAINS for Mi.
12-15 12:51:04.150 13466 13500 W ntj : CaptureResult is present COLOR_CORRECTION_GAINS NEUTRAL.
12-15 12:51:04.178 13466 13518 W CameraMetadataJV: Expect face scores and rectangles to be non-null
12-15 12:51:04.179 13466 13554 E CAM_A : Null pointer for OIS data. OIS API version: 2 [CONTEXT ratelimit_period="67 MILLISECONDS [skipped: 1]" ]
12-15 12:51:04.213 13466 13518 W CameraMetadataJV: Expect face scores and rectangles to be non-null
12-15 12:51:04.243 13466 13518 W CameraMetadataJV: Expect face scores and rectangles to be non-null
12-15 12:51:04.283 13466 13518 W CameraMetadataJV: Expect face scores and rectangles to be non-null
12-15 12:51:04.284 13466 13554 E CAM_A : Null pointer for OIS data. OIS API version: 2 [CONTEXT ratelimit_period="67 MILLISECONDS [skipped: 2]" ]
12-15 12:51:04.310 13466 13518 W CameraMetadataJV: Expect face scores and rectangles to be non-null
12-15 12:51:04.348 13466 13518 W CameraMetadataJV: Expect face scores and rectangles to be non-null
12-15 12:51:04.352 13466 13500 D qdgralloc: GetYUVPlaneInfo: Invalid format passed: 0x21
12-15 12:51:04.353 13466 13500 I chatty : uid=10296(com.android.lmc82) GcaGeneric- 1 identical 40 lines
12-15 12:51:04.353 13466 13500 D qdgralloc: GetYUVPlaneInfo: Invalid format passed: 0x21
12-15 12:51:04.354 13466 13500 W ntj : CaptureResult is present COLOR_CORRECTION_GAINS for Mi.
12-15 12:51:04.354 13466 13500 W ntj : CaptureResult is present COLOR_CORRECTION_GAINS NEUTRAL.
12-15 12:51:04.377 13466 13518 W CameraMetadataJV: Expect face scores and rectangles to be non-null
12-15 12:51:04.379 13466 13554 E CAM_A : Null pointer for OIS data. OIS API version: 2 [CONTEXT ratelimit_period="67 MILLISECONDS [skipped: 2]" ]
12-15 12:51:04.410 13466 13518 W CameraMetadataJV: Expect face scores and rectangles to be non-null
12-15 12:51:04.441 13466 13518 W CameraMetadataJV: Expect face scores and rectangles to be non-null
12-15 12:51:04.478 13466 13518 W CameraMetadataJV: Expect face scores and rectangles to be non-null
12-15 12:51:04.479 13466 13554 E CAM_A : Null pointer for OIS data. OIS API version: 2 [CONTEXT ratelimit_period="67 MILLISECONDS [skipped: 2]" ]
12-15 12:51:04.513 13466 13518 W CameraMetadataJV: Expect face scores and rectangles to be non-null
12-15 12:51:04.542 13466 13518 W CameraMetadataJV: Expect face scores and rectangles to be non-null
12-15 12:51:04.546 13466 13500 D qdgralloc: GetYUVPlaneInfo: Invalid format passed: 0x21
12-15 12:51:04.548 13466 13500 I chatty : uid=10296(com.android.lmc82) GcaGeneric- 1 identical 39 lines
12-15 12:51:04.548 13466 13500 D qdgralloc: GetYUVPlaneInfo: Invalid format passed: 0x21
12-15 12:51:04.549 13466 13500 W ntj : CaptureResult is present COLOR_CORRECTION_GAINS for Mi.
12-15 12:51:04.549 13466 13500 W ntj : CaptureResult is present COLOR_CORRECTION_GAINS NEUTRAL.
12-15 12:51:04.578 13466 13518 W CameraMetadataJV: Expect face scores and rectangles to be non-null
12-15 12:51:04.580 13466 13554 E CAM_A : Null pointer for OIS data. OIS API version: 2 [CONTEXT ratelimit_period="67 MILLISECONDS [skipped: 2]" ]
12-15 12:51:04.613 13466 13518 W CameraMetadataJV: Expect face scores and rectangles to be non-null
12-15 12:51:04.645 13466 13518 W CameraMetadataJV: Expect face scores and rectangles to be non-null
12-15 12:51:04.675 13466 13518 W CameraMetadataJV: Expect face scores and rectangles to be non-null
12-15 12:51:04.676 13466 13554 E CAM_A : Null pointer for OIS data. OIS API version: 2 [CONTEXT ratelimit_period="67 MILLISECONDS [skipped: 2]" ]
12-15 12:51:04.711 13466 13518 W CameraMetadataJV: Expect face scores and rectangles to be non-null
12-15 12:51:04.743 13466 13518 W CameraMetadataJV: Expect face scores and rectangles to be non-null
12-15 12:51:04.744 13466 13554 E CAM_A : Null pointer for OIS data. OIS API version: 2 [CONTEXT ratelimit_period="67 MILLISECONDS [skipped: 1]" ]
12-15 12:51:04.747 13466 13501 D qdgralloc: GetYUVPlaneInfo: Invalid format passed: 0x21
12-15 12:51:04.749 13466 13501 I chatty : uid=10296(com.android.lmc82) GcaGeneric- 2 identical 39 lines
12-15 12:51:04.749 13466 13501 D qdgralloc: GetYUVPlaneInfo: Invalid format passed: 0x21
12-15 12:51:04.750 13466 13501 W ntj : CaptureResult is present COLOR_CORRECTION_GAINS for Mi.
12-15 12:51:04.750 13466 13501 W ntj : CaptureResult is present COLOR_CORRECTION_GAINS NEUTRAL.
12-15 12:51:04.752 13466 13595 D BufferPoolAccessor2.0: bufferpool2 0x7c36598e28 : 0(0 size) total buffers - 0(0 size) used buffers - 1/9 (recycle/alloc) - 8/58 (fetch/transfer)
12-15 12:51:04.752 13466 13595 D BufferPoolAccessor2.0: bufferpool2 0x7c41674a28 : 0(0 size) total buffers - 0(0 size) used buffers - 1/9 (recycle/alloc) - 8/40 (fetch/transfer)
12-15 12:51:04.752 13466 13595 D BufferPoolAccessor2.0: evictor expired: 2, evicted: 2
12-15 12:51:04.775 13466 13518 W CameraMetadataJV: Expect face scores and rectangles to be non-null
12-15 12:51:04.809 13466 13518 W CameraMetadataJV: Expect face scores and rectangles to be non-null
12-15 12:51:04.847 13466 13518 W CameraMetadataJV: Expect face scores and rectangles to be non-null
12-15 12:51:04.848 13466 13554 E CAM_A : Null pointer for OIS data. OIS API version: 2 [CONTEXT ratelimit_period="67 MILLISECONDS [skipped: 2]" ]
12-15 12:51:04.878 13466 13518 W CameraMetadataJV: Expect face scores and rectangles to be non-null
12-15 12:51:04.910 13466 13518 W CameraMetadataJV: Expect face scores and rectangles to be non-null
12-15 12:51:04.946 13466 13518 W CameraMetadataJV: Expect face scores and rectangles to be non-null
12-15 12:51:04.947 13466 13554 E CAM_A : Null pointer for OIS data. OIS API version: 2 [CONTEXT ratelimit_period="67 MILLISECONDS [skipped: 2]" ]
12-15 12:51:04.950 13466 13500 D qdgralloc: GetYUVPlaneInfo: Invalid format passed: 0x21
12-15 12:51:04.951 13466 13500 I chatty : uid=10296(com.android.lmc82) GcaGeneric- 1 identical 40 lines
12-15 12:51:04.951 13466 13500 D qdgralloc: GetYUVPlaneInfo: Invalid format passed: 0x21
12-15 12:51:04.953 13466 13500 W ntj : CaptureResult is present COLOR_CORRECTION_GAINS for Mi.
12-15 12:51:04.953 13466 13500 W ntj : CaptureResult is present COLOR_CORRECTION_GAINS NEUTRAL.
12-15 12:51:04.976 13466 13518 W CameraMetadataJV: Expect face scores and rectangles to be non-null
12-15 12:51:05.014 13466 13518 W CameraMetadataJV: Expect face scores and rectangles to be non-null
12-15 12:51:05.016 13466 13554 E CAM_A : Null pointer for OIS data. OIS API version: 2 [CONTEXT ratelimit_period="67 MILLISECONDS [skipped: 1]" ]
12-15 12:51:05.049 13466 13518 W CameraMetadataJV: Expect face scores and rectangles to be non-null
12-15 12:51:05.079 13466 13518 W CameraMetadataJV: Expect face scores and rectangles to be non-null
12-15 12:51:05.113 13466 13518 W CameraMetadataJV: Expect face scores and rectangles to be non-null
12-15 12:51:05.114 13466 13554 E CAM_A : Null pointer for OIS data. OIS API version: 2 [CONTEXT ratelimit_period="67 MILLISECONDS [skipped: 2]" ]
12-15 12:51:05.145 13466 13518 W CameraMetadataJV: Expect face scores and rectangles to be non-null
12-15 12:51:05.149 13466 13501 D qdgralloc: GetYUVPlaneInfo: Invalid format passed: 0x21
12-15 12:51:05.150 13466 13501 I chatty : uid=10296(com.android.lmc82) GcaGeneric- 2 identical 39 lines
12-15 12:51:05.150 13466 13501 D qdgralloc: GetYUVPlaneInfo: Invalid format passed: 0x21
12-15 12:51:05.151 13466 13501 W ntj : CaptureResult is present COLOR_CORRECTION_GAINS for Mi.
12-15 12:51:05.151 13466 13501 W ntj : CaptureResult is present COLOR_CORRECTION_GAINS NEUTRAL.
12-15 12:51:05.180 13466 13518 W CameraMetadataJV: Expect face scores and rectangles to be non-null
12-15 12:51:05.181 13466 13554 E CAM_A : Null pointer for OIS data. OIS API version: 2 [CONTEXT ratelimit_period="67 MILLISECONDS [skipped: 1]" ]
12-15 12:51:05.209 13466 13518 W CameraMetadataJV: Expect face scores and rectangles to be non-null
12-15 12:51:05.244 13466 13518 W CameraMetadataJV: Expect face scores and rectangles to be non-null
12-15 12:51:05.278 13466 13518 W CameraMetadataJV: Expect face scores and rectangles to be non-null
12-15 12:51:05.279 13466 13554 E CAM_A : Null pointer for OIS data. OIS API version: 2 [CONTEXT ratelimit_period="67 MILLISECONDS [skipped: 2]" ]
12-15 12:51:05.312 13466 13518 W CameraMetadataJV: Expect face scores and rectangles to be non-null
12-15 12:51:05.344 13466 13518 W CameraMetadataJV: Expect face scores and rectangles to be non-null
12-15 12:51:05.349 13466 13500 D qdgralloc: GetYUVPlaneInfo: Invalid format passed: 0x21
12-15 12:51:05.350 13466 13500 I chatty : uid=10296(com.android.lmc82) GcaGeneric- 1 identical 40 lines
12-15 12:51:05.350 13466 13500 D qdgralloc: GetYUVPlaneInfo: Invalid format passed: 0x21
12-15 12:51:05.351 13466 13500 W ntj : CaptureResult is present COLOR_CORRECTION_GAINS for Mi.
12-15 12:51:05.351 13466 13500 W ntj : CaptureResult is present COLOR_CORRECTION_GAINS NEUTRAL.
12-15 12:51:05.377 13466 13518 W CameraMetadataJV: Expect face scores and rectangles to be non-null
12-15 12:51:05.379 13466 13554 E CAM_A : Null pointer for OIS data. OIS API version: 2 [CONTEXT ratelimit_period="67 MILLISECONDS [skipped: 2]" ]
12-15 12:51:05.410 13466 13518 W CameraMetadataJV: Expect face scores and rectangles to be non-null
12-15 12:51:05.445 13466 13518 W CameraMetadataJV: Expect face scores and rectangles to be non-null
12-15 12:51:05.447 13466 13554 E CAM_A : Null pointer for OIS data. OIS API version: 2 [CONTEXT ratelimit_period="67 MILLISECONDS [skipped: 1]" ]
12-15 12:51:05.477 13466 13518 W CameraMetadataJV: Expect face scores and rectangles to be non-null
12-15 12:51:05.511 13466 13518 W CameraMetadataJV: Expect face scores and rectangles to be non-null
12-15 12:51:05.545 13466 13518 W CameraMetadataJV: Expect face scores and rectangles to be non-null
12-15 12:51:05.546 13466 13554 E CAM_A : Null pointer for OIS data. OIS API version: 2 [CONTEXT ratelimit_period="67 MILLISECONDS [skipped: 2]" ]
12-15 12:51:05.550 13466 13500 D qdgralloc: GetYUVPlaneInfo: Invalid format passed: 0x21
12-15 12:51:05.551 13466 13500 I chatty : uid=10296(com.android.lmc82) GcaGeneric- 1 identical 40 lines
12-15 12:51:05.551 13466 13500 D qdgralloc: GetYUVPlaneInfo: Invalid format passed: 0x21
12-15 12:51:05.552 13466 13500 W ntj : CaptureResult is present COLOR_CORRECTION_GAINS for Mi.
12-15 12:51:05.552 13466 13500 W ntj : CaptureResult is present COLOR_CORRECTION_GAINS NEUTRAL.
12-15 12:51:05.577 13466 13518 W CameraMetadataJV: Expect face scores and rectangles to be non-null
12-15 12:51:05.612 13466 13518 W CameraMetadataJV: Expect face scores and rectangles to be non-null
12-15 12:51:05.614 13466 13554 E CAM_A : Null pointer for OIS data. OIS API version: 2 [CONTEXT ratelimit_period="67 MILLISECONDS [skipped: 1]" ]
12-15 12:51:05.644 13466 13518 W CameraMetadataJV: Expect face scores and rectangles to be non-null
12-15 12:51:05.684 13466 13518 W CameraMetadataJV: Expect face scores and rectangles to be non-null
12-15 12:51:05.685 13466 13554 E CAM_A : Null pointer for OIS data. OIS API version: 2 [CONTEXT ratelimit_period="67 MILLISECONDS [skipped: 1]" ]
12-15 12:51:05.713 13466 13518 W CameraMetadataJV: Expect face scores and rectangles to be non-null
12-15 12:51:05.741 13466 13518 W CameraMetadataJV: Expect face scores and rectangles to be non-null
12-15 12:51:05.745 13466 13500 D qdgralloc: GetYUVPlaneInfo: Invalid format passed: 0x21
12-15 12:51:05.748 13466 13500 I chatty : uid=10296(com.android.lmc82) GcaGeneric- 1 identical 38 lines
12-15 12:51:05.748 13466 13500 D qdgralloc: GetYUVPlaneInfo: Invalid format passed: 0x21
12-15 12:51:05.749 13466 13500 W ntj : CaptureResult is present COLOR_CORRECTION_GAINS for Mi.
12-15 12:51:05.749 13466 13500 W ntj : CaptureResult is present COLOR_CORRECTION_GAINS NEUTRAL.
12-15 12:51:05.778 13466 13518 W CameraMetadataJV: Expect face scores and rectangles to be non-null
12-15 12:51:05.779 13466 13554 E CAM_A : Null pointer for OIS data. OIS API version: 2 [CONTEXT ratelimit_period="67 MILLISECONDS [skipped: 2]" ]
12-15 12:51:05.804 13466 13466 W MediaFsQModule: Returning Q MediaFs implementation
12-15 12:51:05.828 13466 13466 W m.android.lmc8: Class com.google.android.apps.camera.processing.ProcessingService failed lock verification and will run slower.
12-15 12:51:05.828 13466 13466 W m.android.lmc8: Common causes for lock verification issues are non-optimized dex code
12-15 12:51:05.828 13466 13466 W m.android.lmc8: and incorrect proguard optimizations.
12-15 12:51:05.829 13466 13482 D CompatibilityChangeReporter: Compat change id reported: 150939131; UID 10296; state: DISABLED
12-15 12:51:05.842 13466 13518 W CameraMetadataJV: Expect face scores and rectangles to be non-null
12-15 12:51:05.849 13466 13518 W CameraMetadataJV: Expect face scores and rectangles to be non-null
12-15 12:51:05.851 13466 13554 E CAM_A : Null pointer for OIS data. OIS API version: 2 [CONTEXT ratelimit_period="67 MILLISECONDS [skipped: 1]" ]
12-15 12:51:05.874 13466 13623 W ntj : CaptureResult is present COLOR_CORRECTION_GAINS for Mi.
12-15 12:51:05.874 13466 13623 W ntj : CaptureResult is present COLOR_CORRECTION_GAINS NEUTRAL.
12-15 12:51:05.879 13466 13518 W CameraMetadataJV: Expect face scores and rectangles to be non-null
12-15 12:51:05.892 13466 13623 D qdgralloc: GetYUVPlaneInfo: Invalid format passed: 0x21
12-15 12:51:05.892 13466 13623 I chatty : uid=10296(com.android.lmc82) CameraEx-1 identical 29 lines
12-15 12:51:05.892 13466 13623 D qdgralloc: GetYUVPlaneInfo: Invalid format passed: 0x21
12-15 12:51:05.893 13466 13623 W ntj : CaptureResult is present COLOR_CORRECTION_GAINS for Mi.
12-15 12:51:05.893 13466 13623 W ntj : CaptureResult is present COLOR_CORRECTION_GAINS NEUTRAL.
12-15 12:51:05.902 13466 13623 D qdgralloc: GetYUVPlaneInfo: Invalid format passed: 0x21
12-15 12:51:05.902 13466 13623 I chatty : uid=10296(com.android.lmc82) CameraEx-1 identical 2 lines
12-15 12:51:05.902 13466 13623 D qdgralloc: GetYUVPlaneInfo: Invalid format passed: 0x21
12-15 12:51:05.903 13466 13623 W ntj : CaptureResult is present COLOR_CORRECTION_GAINS for Mi.
12-15 12:51:05.903 13466 13623 W ntj : CaptureResult is present COLOR_CORRECTION_GAINS NEUTRAL.
12-15 12:51:05.909 13466 13518 W CameraMetadataJV: Expect face scores and rectangles to be non-null
12-15 12:51:05.913 13466 13623 D qdgralloc: GetYUVPlaneInfo: Invalid format passed: 0x21
12-15 12:51:05.913 13466 13623 I chatty : uid=10296(com.android.lmc82) CameraEx-1 identical 2 lines
12-15 12:51:05.913 13466 13623 D qdgralloc: GetYUVPlaneInfo: Invalid format passed: 0x21
12-15 12:51:05.914 13466 13623 W ntj : CaptureResult is present COLOR_CORRECTION_GAINS for Mi.
12-15 12:51:05.914 13466 13623 W ntj : CaptureResult is present COLOR_CORRECTION_GAINS NEUTRAL.
12-15 12:51:05.920 13466 13623 D qdgralloc: GetYUVPlaneInfo: Invalid format passed: 0x21
12-15 12:51:05.921 13466 13623 I chatty : uid=10296(com.android.lmc82) CameraEx-1 identical 1 line
12-15 12:51:05.921 13466 13623 D qdgralloc: GetYUVPlaneInfo: Invalid format passed: 0x21
12-15 12:51:05.921 13466 13623 W ntj : CaptureResult is present COLOR_CORRECTION_GAINS for Mi.
12-15 12:51:05.921 13466 13623 W ntj : CaptureResult is present COLOR_CORRECTION_GAINS NEUTRAL.
12-15 12:51:05.929 13466 13623 D qdgralloc: GetYUVPlaneInfo: Invalid format passed: 0x21
12-15 12:51:05.930 13466 13623 I chatty : uid=10296(com.android.lmc82) CameraEx-1 identical 2 lines
12-15 12:51:05.930 13466 13623 D qdgralloc: GetYUVPlaneInfo: Invalid format passed: 0x21
12-15 12:51:05.931 13466 13623 W ntj : CaptureResult is present COLOR_CORRECTION_GAINS for Mi.
12-15 12:51:05.931 13466 13623 W ntj : CaptureResult is present COLOR_CORRECTION_GAINS NEUTRAL.
12-15 12:51:05.942 13466 13518 W CameraMetadataJV: Expect face scores and rectangles to be non-null
12-15 12:51:05.943 13466 13554 E CAM_A : Null pointer for OIS data. OIS API version: 2 [CONTEXT ratelimit_period="67 MILLISECONDS [skipped: 2]" ]
12-15 12:51:05.943 13466 13623 D qdgralloc: GetYUVPlaneInfo: Invalid format passed: 0x21
12-15 12:51:05.943 13466 13623 I chatty : uid=10296(com.android.lmc82) CameraEx-1 identical 3 lines
12-15 12:51:05.943 13466 13623 D qdgralloc: GetYUVPlaneInfo: Invalid format passed: 0x21
12-15 12:51:05.944 13466 13501 D qdgralloc: GetYUVPlaneInfo: Invalid format passed: 0x21
12-15 12:51:05.944 13466 13501 D qdgralloc: GetYUVPlaneInfo: Invalid format passed: 0x21
12-15 12:51:05.944 13466 13623 W ntj : CaptureResult is present COLOR_CORRECTION_GAINS for Mi.
12-15 12:51:05.944 13466 13623 W ntj : CaptureResult is present COLOR_CORRECTION_GAINS NEUTRAL.
12-15 12:51:05.944 13466 13501 W ntj : CaptureResult is present COLOR_CORRECTION_GAINS for Mi.
12-15 12:51:05.944 13466 13501 W ntj : CaptureResult is present COLOR_CORRECTION_GAINS NEUTRAL.
12-15 12:51:05.967 13466 13623 D qdgralloc: GetYUVPlaneInfo: Invalid format passed: 0x21
12-15 12:51:05.968 13466 13623 I chatty : uid=10296(com.android.lmc82) CameraEx-1 identical 5 lines
12-15 12:51:05.968 13466 13623 D qdgralloc: GetYUVPlaneInfo: Invalid format passed: 0x21
12-15 12:51:05.968 13466 13623 W ntj : CaptureResult is present COLOR_CORRECTION_GAINS for Mi.
12-15 12:51:05.968 13466 13623 W ntj : CaptureResult is present COLOR_CORRECTION_GAINS NEUTRAL.
12-15 12:51:05.977 13466 13623 D qdgralloc: GetYUVPlaneInfo: Invalid format passed: 0x21
12-15 12:51:05.977 13466 13623 I chatty : uid=10296(com.android.lmc82) CameraEx-1 identical 2 lines
12-15 12:51:05.977 13466 13623 D qdgralloc: GetYUVPlaneInfo: Invalid format passed: 0x21
12-15 12:51:05.978 13466 13623 W ntj : CaptureResult is present COLOR_CORRECTION_GAINS for Mi.
12-15 12:51:05.978 13466 13623 W ntj : CaptureResult is present COLOR_CORRECTION_GAINS NEUTRAL.
12-15 12:51:05.981 13466 13518 W CameraMetadataJV: Expect face scores and rectangles to be non-null
12-15 12:51:05.988 13466 13623 D qdgralloc: GetYUVPlaneInfo: Invalid format passed: 0x21
12-15 12:51:05.988 13466 13623 I chatty : uid=10296(com.android.lmc82) CameraEx-1 identical 2 lines
12-15 12:51:05.988 13466 13623 D qdgralloc: GetYUVPlaneInfo: Invalid format passed: 0x21
12-15 12:51:05.988 13466 13623 W ntj : CaptureResult is present COLOR_CORRECTION_GAINS for Mi.
12-15 12:51:05.988 13466 13623 W ntj : CaptureResult is present COLOR_CORRECTION_GAINS NEUTRAL.
12-15 12:51:06.007 13466 13623 D qdgralloc: GetYUVPlaneInfo: Invalid format passed: 0x21
12-15 12:51:06.007 13466 13623 I chatty : uid=10296(com.android.lmc82) CameraEx-1 identical 4 lines
12-15 12:51:06.007 13466 13623 D qdgralloc: GetYUVPlaneInfo: Invalid format passed: 0x21
12-15 12:51:06.008 13466 13623 W ntj : CaptureResult is present COLOR_CORRECTION_GAINS for Mi.
12-15 12:51:06.008 13466 13623 W ntj : CaptureResult is present COLOR_CORRECTION_GAINS NEUTRAL.
12-15 12:51:06.009 13466 13518 W CameraMetadataJV: Expect face scores and rectangles to be non-null
12-15 12:51:06.017 13466 13623 D qdgralloc: GetYUVPlaneInfo: Invalid format passed: 0x21
12-15 12:51:06.017 13466 13623 I chatty : uid=10296(com.android.lmc82) CameraEx-1 identical 1 line
12-15 12:51:06.017 13466 13623 D qdgralloc: GetYUVPlaneInfo: Invalid format passed: 0x21
12-15 12:51:06.017 13466 13623 W ntj : CaptureResult is present COLOR_CORRECTION_GAINS for Mi.
12-15 12:51:06.018 13466 13623 W ntj : CaptureResult is present COLOR_CORRECTION_GAINS NEUTRAL.
12-15 12:51:06.031 13466 13623 D qdgralloc: GetYUVPlaneInfo: Invalid format passed: 0x21
12-15 12:51:06.031 13466 13623 I chatty : uid=10296(com.android.lmc82) CameraEx-1 identical 3 lines
12-15 12:51:06.032 13466 13623 D qdgralloc: GetYUVPlaneInfo: Invalid format passed: 0x21
12-15 12:51:06.033 13466 13623 W ntj : CaptureResult is present COLOR_CORRECTION_GAINS for Mi.
12-15 12:51:06.033 13466 13623 W ntj : CaptureResult is present COLOR_CORRECTION_GAINS NEUTRAL.
12-15 12:51:06.045 13466 13518 W CameraMetadataJV: Expect face scores and rectangles to be non-null
12-15 12:51:06.046 13466 13554 E CAM_A : Null pointer for OIS data. OIS API version: 2 [CONTEXT ratelimit_period="67 MILLISECONDS [skipped: 2]" ]
12-15 12:51:06.050 13466 13623 D qdgralloc: GetYUVPlaneInfo: Invalid format passed: 0x21
12-15 12:51:06.050 13466 13623 I chatty : uid=10296(com.android.lmc82) CameraEx-1 identical 4 lines
12-15 12:51:06.050 13466 13623 D qdgralloc: GetYUVPlaneInfo: Invalid format passed: 0x21
12-15 12:51:06.050 13466 13623 W ntj : CaptureResult is present COLOR_CORRECTION_GAINS for Mi.
12-15 12:51:06.050 13466 13623 W ntj : CaptureResult is present COLOR_CORRECTION_GAINS NEUTRAL.
12-15 12:51:06.071 13466 13623 D qdgralloc: GetYUVPlaneInfo: Invalid format passed: 0x21
12-15 12:51:06.071 13466 13623 I chatty : uid=10296(com.android.lmc82) CameraEx-1 identical 4 lines
12-15 12:51:06.071 13466 13623 D qdgralloc: GetYUVPlaneInfo: Invalid format passed: 0x21
12-15 12:51:06.071 13466 13623 W ntj : CaptureResult is present COLOR_CORRECTION_GAINS for Mi.
12-15 12:51:06.071 13466 13623 W ntj : CaptureResult is present COLOR_CORRECTION_GAINS NEUTRAL.
12-15 12:51:06.075 13466 13518 W CameraMetadataJV: Expect face scores and rectangles to be non-null
12-15 12:51:06.113 13466 13518 W CameraMetadataJV: Expect face scores and rectangles to be non-null
12-15 12:51:06.114 13466 13554 E CAM_A : Null pointer for OIS data. OIS API version: 2 [CONTEXT ratelimit_period="67 MILLISECONDS [skipped: 1]" ]
12-15 12:51:06.142 13466 13518 W CameraMetadataJV: Expect face scores and rectangles to be non-null
12-15 12:51:06.148 13466 13501 D qdgralloc: GetYUVPlaneInfo: Invalid format passed: 0x21
12-15 12:51:06.148 13466 13501 I chatty : uid=10296(com.android.lmc82) GcaGeneric- 2 identical 15 lines
12-15 12:51:06.148 13466 13501 D qdgralloc: GetYUVPlaneInfo: Invalid format passed: 0x21
12-15 12:51:06.149 13466 13501 W ntj : CaptureResult is present COLOR_CORRECTION_GAINS for Mi.
12-15 12:51:06.149 13466 13501 W ntj : CaptureResult is present COLOR_CORRECTION_GAINS NEUTRAL.
12-15 12:51:06.174 13466 13518 W CameraMetadataJV: Expect face scores and rectangles to be non-null
12-15 12:51:06.211 13466 13518 W CameraMetadataJV: Expect face scores and rectangles to be non-null
12-15 12:51:06.212 13466 13554 E CAM_A : Null pointer for OIS data. OIS API version: 2 [CONTEXT ratelimit_period="67 MILLISECONDS [skipped: 2]" ]
12-15 12:51:06.245 13466 13518 W CameraMetadataJV: Expect face scores and rectangles to be non-null
12-15 12:51:06.277 13466 13518 W CameraMetadataJV: Expect face scores and rectangles to be non-null
12-15 12:51:06.278 13466 13554 E CAM_A : Null pointer for OIS data. OIS API version: 2 [CONTEXT ratelimit_period="67 MILLISECONDS [skipped: 1]" ]
12-15 12:51:06.312 13466 13518 W CameraMetadataJV: Expect face scores and rectangles to be non-null
12-15 12:51:06.343 13466 13518 W CameraMetadataJV: Expect face scores and rectangles to be non-null
12-15 12:51:06.346 13466 13501 D qdgralloc: GetYUVPlaneInfo: Invalid format passed: 0x21
12-15 12:51:06.347 13466 13501 I chatty : uid=10296(com.android.lmc82) GcaGeneric- 2 identical 40 lines
12-15 12:51:06.347 13466 13501 D qdgralloc: GetYUVPlaneInfo: Invalid format passed: 0x21
12-15 12:51:06.347 13466 13501 W ntj : CaptureResult is present COLOR_CORRECTION_GAINS for Mi.
12-15 12:51:06.347 13466 13501 W ntj : CaptureResult is present COLOR_CORRECTION_GAINS NEUTRAL.
12-15 12:51:06.375 13466 13518 W CameraMetadataJV: Expect face scores and rectangles to be non-null
12-15 12:51:06.376 13466 13554 E CAM_A : Null pointer for OIS data. OIS API version: 2 [CONTEXT ratelimit_period="67 MILLISECONDS [skipped: 2]" ]
12-15 12:51:06.418 13466 13518 W CameraMetadataJV: Expect face scores and rectangles to be non-null
12-15 12:51:06.445 13466 13466 W CAM_A : isListed: unknown activity. mimeType=image/* className=com.facebook.composer.shareintent.ImplicitShareIntentHandlerDefaultAlias
12-15 12:51:06.445 13466 13466 W CAM_A : isListed: unknown activity. mimeType=image/* className=com.facebook.composer.shareintent.ShareToGroupsAlias
12-15 12:51:06.447 13466 13466 W CAM_A : isListed: unknown activity. mimeType=video/* className=com.google.android.apps.youtube.app.application.Shell_UploadActivity
12-15 12:51:06.447 13466 13466 W CAM_A : isListed: unknown activity. mimeType=video/* className=com.facebook.composer.shareintent.ImplicitShareIntentHandlerDefaultAlias
12-15 12:51:06.447 13466 13466 W CAM_A : isListed: unknown activity. mimeType=video/* className=com.facebook.composer.shareintent.ShareToGroupsAlias
12-15 12:51:06.447 13466 13466 W CAM_A : isListed: unknown activity. mimeType=video/* className=com.facebook.composer.shareintent.ShareToGroupsDisableSinglePhotoAlias
12-15 12:51:06.451 13466 13518 W CameraMetadataJV: Expect face scores and rectangles to be non-null
12-15 12:51:06.455 13466 13554 E CAM_A : Null pointer for OIS data. OIS API version: 2 [CONTEXT ratelimit_period="67 MILLISECONDS [skipped: 1]" ]
12-15 12:51:06.467 13466 13466 W Glide : Failed to find GeneratedAppGlideModule. You should include an annotationProcessor compile dependency on com.github.bumptech.glide:compiler in your application and a @GlideModule annotated AppGlideModule implementation or LibraryGlideModules will be silently ignored
12-15 12:51:06.482 13466 13518 W CameraMetadataJV: Expect face scores and rectangles to be non-null
12-15 12:51:06.504 13466 13466 D IconCustomizer: Content Ratio = -1.0
12-15 12:51:06.507 13466 13466 D IconCustomizer: Generate customized icon for com.google.android.apps.messaging.png
12-15 12:51:06.520 13466 13518 W CameraMetadataJV: Expect face scores and rectangles to be non-null
12-15 12:51:06.522 13466 13554 E CAM_A : Null pointer for OIS data. OIS API version: 2 [CONTEXT ratelimit_period="67 MILLISECONDS [skipped: 1]" ]
12-15 12:51:06.547 13466 13518 W CameraMetadataJV: Expect face scores and rectangles to be non-null
12-15 12:51:06.550 13466 13501 D qdgralloc: GetYUVPlaneInfo: Invalid format passed: 0x21
12-15 12:51:06.551 13466 13501 I chatty : uid=10296(com.android.lmc82) GcaGeneric- 2 identical 40 lines
12-15 12:51:06.551 13466 13501 D qdgralloc: GetYUVPlaneInfo: Invalid format passed: 0x21
12-15 12:51:06.552 13466 13501 W ntj : CaptureResult is present COLOR_CORRECTION_GAINS for Mi.
12-15 12:51:06.552 13466 13501 W ntj : CaptureResult is present COLOR_CORRECTION_GAINS NEUTRAL.
12-15 12:51:06.554 13466 13466 I TetheringManager: registerTetheringEventCallback:com.android.lmc82
12-15 12:51:06.593 13466 13518 W CameraMetadataJV: Expect face scores and rectangles to be non-null
12-15 12:51:06.594 13466 13554 E CAM_A : Null pointer for OIS data. OIS API version: 2 [CONTEXT ratelimit_period="67 MILLISECONDS [skipped: 1]" ]
12-15 12:51:06.615 13466 13518 W CameraMetadataJV: Expect face scores and rectangles to be non-null
12-15 12:51:06.641 13466 13518 W CameraMetadataJV: Expect face scores and rectangles to be non-null
12-15 12:51:06.682 13466 13518 W CameraMetadataJV: Expect face scores and rectangles to be non-null
12-15 12:51:06.685 13466 13554 E CAM_A : Null pointer for OIS data. OIS API version: 2 [CONTEXT ratelimit_period="67 MILLISECONDS [skipped: 2]" ]
12-15 12:51:06.707 13466 13518 W CameraMetadataJV: Expect face scores and rectangles to be non-null
12-15 12:51:06.744 13466 13518 W CameraMetadataJV: Expect face scores and rectangles to be non-null
12-15 12:51:06.756 13466 13500 D qdgralloc: GetYUVPlaneInfo: Invalid format passed: 0x21
12-15 12:51:06.758 13466 13500 I chatty : uid=10296(com.android.lmc82) GcaGeneric- 1 identical 41 lines
12-15 12:51:06.758 13466 13500 D qdgralloc: GetYUVPlaneInfo: Invalid format passed: 0x21
12-15 12:51:06.759 13466 13500 W ntj : CaptureResult is present COLOR_CORRECTION_GAINS for Mi.
12-15 12:51:06.759 13466 13500 W ntj : CaptureResult is present COLOR_CORRECTION_GAINS NEUTRAL.
12-15 12:51:06.787 13466 13518 W CameraMetadataJV: Expect face scores and rectangles to be non-null
12-15 12:51:06.788 13466 13554 E CAM_A : Null pointer for OIS data. OIS API version: 2 [CONTEXT ratelimit_period="67 MILLISECONDS [skipped: 2]" ]
12-15 12:51:06.810 13466 13518 W CameraMetadataJV: Expect face scores and rectangles to be non-null
12-15 12:51:06.843 13466 13518 W CameraMetadataJV: Expect face scores and rectangles to be non-null
12-15 12:51:06.887 13466 13518 W CameraMetadataJV: Expect face scores and rectangles to be non-null
12-15 12:51:06.888 13466 13554 E CAM_A : Null pointer for OIS data. OIS API version: 2 [CONTEXT ratelimit_period="67 MILLISECONDS [skipped: 2]" ]
12-15 12:51:06.909 13466 13518 W CameraMetadataJV: Expect face scores and rectangles to be non-null
12-15 12:51:06.943 13466 13518 W CameraMetadataJV: Expect face scores and rectangles to be non-null
12-15 12:51:06.948 13466 13501 D qdgralloc: GetYUVPlaneInfo: Invalid format passed: 0x21
12-15 12:51:06.950 13466 13501 I chatty : uid=10296(com.android.lmc82) GcaGeneric- 2 identical 38 lines
12-15 12:51:06.950 13466 13501 D qdgralloc: GetYUVPlaneInfo: Invalid format passed: 0x21
12-15 12:51:06.956 13466 13501 W ntj : CaptureResult is present COLOR_CORRECTION_GAINS for Mi.
12-15 12:51:06.957 13466 13501 W ntj : CaptureResult is present COLOR_CORRECTION_GAINS NEUTRAL.
12-15 12:51:06.976 13466 13518 W CameraMetadataJV: Expect face scores and rectangles to be non-null
12-15 12:51:06.977 13466 13554 E CAM_A : Null pointer for OIS data. OIS API version: 2 [CONTEXT ratelimit_period="67 MILLISECONDS [skipped: 2]" ]
12-15 12:51:07.009 13466 13518 W CameraMetadataJV: Expect face scores and rectangles to be non-null
12-15 12:51:07.045 13466 13518 W CameraMetadataJV: Expect face scores and rectangles to be non-null
12-15 12:51:07.045 13466 13554 E CAM_A : Null pointer for OIS data. OIS API version: 2 [CONTEXT ratelimit_period="67 MILLISECONDS [skipped: 1]" ]
12-15 12:51:07.077 13466 13518 W CameraMetadataJV: Expect face scores and rectangles to be non-null
12-15 12:51:07.109 13466 13518 W CameraMetadataJV: Expect face scores and rectangles to be non-null
12-15 12:51:07.143 13466 13518 W CameraMetadataJV: Expect face scores and rectangles to be non-null
12-15 12:51:07.144 13466 13554 E CAM_A : Null pointer for OIS data. OIS API version: 2 [CONTEXT ratelimit_period="67 MILLISECONDS [skipped: 2]" ]
12-15 12:51:07.150 13466 13501 D qdgralloc: GetYUVPlaneInfo: Invalid format passed: 0x21
12-15 12:51:07.151 13466 13501 I chatty : uid=10296(com.android.lmc82) GcaGeneric- 2 identical 39 lines
12-15 12:51:07.151 13466 13501 D qdgralloc: GetYUVPlaneInfo: Invalid format passed: 0x21
12-15 12:51:07.157 13466 13501 W ntj : CaptureResult is present COLOR_CORRECTION_GAINS for Mi.
12-15 12:51:07.157 13466 13501 W ntj : CaptureResult is present COLOR_CORRECTION_GAINS NEUTRAL.
12-15 12:51:07.186 13466 13518 W CameraMetadataJV: Expect face scores and rectangles to be non-null
12-15 12:51:07.211 13466 13518 W CameraMetadataJV: Expect face scores and rectangles to be non-null
12-15 12:51:07.212 13466 13554 E CAM_A : Null pointer for OIS data. OIS API version: 2 [CONTEXT ratelimit_period="67 MILLISECONDS [skipped: 1]" ]
12-15 12:51:07.246 13466 13518 W CameraMetadataJV: Expect face scores and rectangles to be non-null
12-15 12:51:07.276 13466 13518 W CameraMetadataJV: Expect face scores and rectangles to be non-null
12-15 12:51:07.301 13466 13648 E com.android.lmc82: vendor/qcom/proprietary/commonsys-intf/adsprpc/src/fastrpc_apps_user.c:2339: Error 0xd: open_shell failed for domain 3 search paths used are /dsp/, /vendor/dsp/, /vendor/dsp/xdsp/
12-15 12:51:07.301 13466 13648 I com.android.lmc82: vendor/qcom/proprietary/commonsys-intf/adsprpc/src/fastrpc_config.c:133: Reading configuration file: com.android.lmc82.debugconfig
12-15 12:51:07.303 13466 13648 E com.android.lmc82: vendor/qcom/proprietary/commonsys-intf/adsprpc/src/apps_std_imp.c:922:Error 0x2: fileExists failed for path /data/user/0/com.android.lmc82/com.android.lmc82.debugconfig
12-15 12:51:07.303 13466 13648 E com.android.lmc82: vendor/qcom/proprietary/commonsys-intf/adsprpc/src/fastrpc_config.c:57::error: 2: AEE_SUCCESS == (nErr = apps_std_fileExists(path, &fileExists))
12-15 12:51:07.303 13466 13648 I com.android.lmc82: vendor/qcom/proprietary/commonsys-intf/adsprpc/src/fastrpc_config.c:105: Error 2: failed for /data/user/0/com.android.lmc82/com.android.lmc82.debugconfig with errno(No such file or directory)
12-15 12:51:07.303 13466 13648 E com.android.lmc82: vendor/qcom/proprietary/commonsys-intf/adsprpc/src/apps_std_imp.c:922:Error 0x2: fileExists failed for path /vendor/lib/rfsa/adsp/com.android.lmc82.debugconfig
12-15 12:51:07.303 13466 13648 E com.android.lmc82: vendor/qcom/proprietary/commonsys-intf/adsprpc/src/fastrpc_config.c:57::error: 2: AEE_SUCCESS == (nErr = apps_std_fileExists(path, &fileExists))
12-15 12:51:07.303 13466 13648 I com.android.lmc82: vendor/qcom/proprietary/commonsys-intf/adsprpc/src/fastrpc_config.c:105: Error 2: failed for /vendor/lib/rfsa/adsp/com.android.lmc82.debugconfig with errno(No such file or directory)
12-15 12:51:07.295 13466 13466 W FinishThread: type=1400 audit(0.0:18749): avc: denied { read } for name="adsprpc-smd-secure" dev="tmpfs" ino=1332 scontext=u:r:untrusted_app_29:s0:c40,c257,c512,c768 tcontext=u:object_r:vendor_xdsp_device:s0 tclass=chr_file permissive=0 app=com.android.lmc82
12-15 12:51:07.309 13466 13518 W CameraMetadataJV: Expect face scores and rectangles to be non-null
12-15 12:51:07.310 13466 13554 E CAM_A : Null pointer for OIS data. OIS API version: 2 [CONTEXT ratelimit_period="67 MILLISECONDS [skipped: 2]" ]
12-15 12:51:07.295 13466 13466 W FinishThread: type=1400 audit(0.0:18752): avc: denied { search } for name="/" dev="sde9" ino=2 scontext=u:r:untrusted_app_29:s0:c40,c257,c512,c768 tcontext=u:object_r:adsprpcd_file:s0 tclass=dir permissive=0 app=com.android.lmc82
12-15 12:51:07.344 13466 13518 W CameraMetadataJV: Expect face scores and rectangles to be non-null
12-15 12:51:07.346 13466 13648 I com.android.lmc82: vendor/qcom/proprietary/commonsys-intf/adsprpc/src/fastrpc_apps_user.c:2510: Successfully created user PD on domain 3 (attrs 0x0, debug_trace 0x0)
12-15 12:51:07.347 13466 13648 I com.android.lmc82: vendor/qcom/proprietary/commonsys-intf/adsprpc/src/fastrpc_perf.c:239: fastrpc_perf_init: enabled RPC traces (kernel 0, dsp 0) with frequency 1000
12-15 12:51:07.347 13466 13650 I com.android.lmc82: vendor/qcom/proprietary/commonsys-intf/adsprpc/src/log_config.c:339: file_watcher_thread starting for domain 3
12-15 12:51:07.347 13466 13649 I com.android.lmc82: vendor/qcom/proprietary/commonsys-intf/adsprpc/src/listener_android.c:119: listener thread starting
12-15 12:51:07.347 13466 13650 E com.android.lmc82: vendor/qcom/proprietary/commonsys-intf/adsprpc/src/apps_std_imp.c:922:Error 0x2: fileExists failed for path /data/user/0/com.android.lmc82/com.android.lmc82.farf
12-15 12:51:07.347 13466 13650 E com.android.lmc82: vendor/qcom/proprietary/commonsys-intf/adsprpc/src/log_config.c:168::error: 2: AEE_SUCCESS == (nErr = apps_std_fileExists(path,&fileExists))
12-15 12:51:07.347 13466 13650 E com.android.lmc82: vendor/qcom/proprietary/commonsys-intf/adsprpc/src/log_config.c:262:Error 2: fopen failed for /data/user/0/com.android.lmc82/com.android.lmc82.farf. (No such file or directory)
12-15 12:51:07.347 13466 13650 E com.android.lmc82: vendor/qcom/proprietary/commonsys-intf/adsprpc/src/apps_std_imp.c:922:Error 0x2: fileExists failed for path /vendor/lib/rfsa/adsp/com.android.lmc82.farf
12-15 12:51:07.347 13466 13650 E com.android.lmc82: vendor/qcom/proprietary/commonsys-intf/adsprpc/src/log_config.c:168::error: 2: AEE_SUCCESS == (nErr = apps_std_fileExists(path,&fileExists))
12-15 12:51:07.347 13466 13650 E com.android.lmc82: vendor/qcom/proprietary/commonsys-intf/adsprpc/src/log_config.c:262:Error 2: fopen failed for /vendor/lib/rfsa/adsp/com.android.lmc82.farf. (No such file or directory)
12-15 12:51:07.348 13466 13649 I com.android.lmc82: vendor/qcom/proprietary/commonsys-intf/adsprpc/src/mod_table.c:680: open_mod_table_open_from_static: reverse module apps_std opened with handle 0x417068f0 (idx 0)
12-15 12:51:07.349 13466 13649 I com.android.lmc82: vendor/qcom/proprietary/commonsys-intf/adsprpc/src/mod_table.c:490: open_mod_table_open_dynamic: dynamic reverse module apps_std already found with handle 0x417068f0 (idx 0)
12-15 12:51:07.349 13466 13649 I com.android.lmc82: vendor/qcom/proprietary/commonsys-intf/adsprpc/src/mod_table.c:569: open_mod_table_open_dynamic: dynamic reverse module apps_std opened with handle 0x417068f0 (idx 1)
12-15 12:51:07.349 13466 13500 D qdgralloc: GetYUVPlaneInfo: Invalid format passed: 0x21
12-15 12:51:07.350 13466 13500 I chatty : uid=10296(com.android.lmc82) GcaGeneric- 1 identical 14 lines
12-15 12:51:07.350 13466 13500 D qdgralloc: GetYUVPlaneInfo: Invalid format passed: 0x21
12-15 12:51:07.350 13466 13649 W com.android.lmc82: vendor/qcom/proprietary/commonsys-intf/adsprpc/src/apps_std_imp.c:805: Warning: apps_std_fopen_with_env failed with 0xd for oemconfig.so (Permission denied)
12-15 12:51:07.350 13466 13500 D qdgralloc: GetYUVPlaneInfo: Invalid format passed: 0x21
12-15 12:51:07.350 13466 13500 I chatty : uid=10296(com.android.lmc82) GcaGeneric- 1 identical 4 lines
12-15 12:51:07.350 13466 13500 D qdgralloc: GetYUVPlaneInfo: Invalid format passed: 0x21
12-15 12:51:07.351 13466 13649 E com.android.lmc82: vendor/qcom/proprietary/commonsys-intf/adsprpc/src/listener_android.c:64::error: 512: AEE_SUCCESS == (nErr = mod_table_close(handle, errStr, errStrLen, dlErr))
12-15 12:51:07.351 13466 13500 D qdgralloc: GetYUVPlaneInfo: Invalid format passed: 0x21
12-15 12:51:07.351 13466 13500 I chatty : uid=10296(com.android.lmc82) GcaGeneric- 1 identical 4 lines
12-15 12:51:07.351 13466 13500 D qdgralloc: GetYUVPlaneInfo: Invalid format passed: 0x21
12-15 12:51:07.351 13466 13649 I com.android.lmc82: vendor/qcom/proprietary/commonsys-intf/adsprpc/src/apps_std_imp.c:796: Successfully opened file /data/user/0/com.android.lmc82/libhalide_hexagon_remote_skel.so
12-15 12:51:07.351 13466 13500 D qdgralloc: GetYUVPlaneInfo: Invalid format passed: 0x21
12-15 12:51:07.351 13466 13500 I chatty : uid=10296(com.android.lmc82) GcaGeneric- 1 identical 12 lines
12-15 12:51:07.351 13466 13500 D qdgralloc: GetYUVPlaneInfo: Invalid format passed: 0x21
12-15 12:51:07.353 13466 13500 W ntj : CaptureResult is present COLOR_CORRECTION_GAINS for Mi.
12-15 12:51:07.353 13466 13500 W ntj : CaptureResult is present COLOR_CORRECTION_GAINS NEUTRAL.
12-15 12:51:07.354 13466 13649 W com.android.lmc82: vendor/qcom/proprietary/commonsys-intf/adsprpc/src/apps_std_imp.c:805: Warning: apps_std_fopen_with_env failed with 0xd for testsig-0x540b66e.so (Permission denied)
12-15 12:51:07.356 13466 13649 W com.android.lmc82: vendor/qcom/proprietary/commonsys-intf/adsprpc/src/apps_std_imp.c:805: Warning: apps_std_fopen_with_env failed with 0xd for testsig.so (Permission denied)
12-15 12:51:07.359 13466 13648 E com.android.lmc82: vendor/qcom/proprietary/commonsys-intf/adsprpc/src/fastrpc_apps_user.c:1160: Error 0x80000406: remote_handle_open_domain: dynamic loading failed for halide_hexagon_remote on domain 3 (dlerror _rtld_map_object_ex: cannot open oemconfig.so, errno 2 (no such file or directory))
12-15 12:51:07.359 13466 13648 W com.android.lmc82: vendor/qcom/proprietary/commonsys-intf/adsprpc/src/fastrpc_apps_user.c:1411:Warning 0xe: remote_get_info failed to get attribute 257 for domain 3 (errno Success)
12-15 12:51:07.359 13466 13648 E com.android.lmc82: vendor/qcom/proprietary/commonsys-intf/adsprpc/src/fastrpc_apps_user.c:1177: Error 0x80000406: remote_handle_open failed for halide_hexagon_remote
12-15 12:51:07.359 13466 13648 E com.android.lmc82: vendor/qcom/proprietary/commonsys-intf/adsprpc/src/fastrpc_apps_user.c:1049: Error 0x2c: remote_handle_invoke failed for handle 0xffffffff, method 9 on domain 3 (sc 0x9010000) errno Success
12-15 12:51:07.360 13466 13648 E libgcam : [halide_runtime.cc:100]: halide_error: Error: remote_set_performance_mode failed.
12-15 12:51:07.377 13466 13518 W CameraMetadataJV: Expect face scores and rectangles to be non-null
12-15 12:51:07.378 13466 13554 E CAM_A : Null pointer for OIS data. OIS API version: 2 [CONTEXT ratelimit_period="67 MILLISECONDS [skipped: 1]" ]
12-15 12:51:07.417 13466 13649 I com.android.lmc82: vendor/qcom/proprietary/commonsys-intf/adsprpc/src/apps_std_imp.c:796: Successfully opened file /data/user/0/com.android.lmc82/libhalide_hexagon_remote_skel.so
12-15 12:51:07.418 13466 13518 W CameraMetadataJV: Expect face scores and rectangles to be non-null
12-15 12:51:07.427 13466 13648 E com.android.lmc82: vendor/qcom/proprietary/commonsys-intf/adsprpc/src/fastrpc_apps_user.c:1160: Error 0x80000406: remote_handle_open_domain: dynamic loading failed for halide_hexagon_remote on domain 3 (dlerror signature verify start failed for libhalide_hexagon_remote_skel.so)
12-15 12:51:07.427 13466 13648 E com.android.lmc82: vendor/qcom/proprietary/commonsys-intf/adsprpc/src/fastrpc_apps_user.c:1177: Error 0x80000406: remote_handle_open failed for halide_hexagon_remote
12-15 12:51:07.427 13466 13648 E com.android.lmc82: vendor/qcom/proprietary/commonsys-intf/adsprpc/src/fastrpc_apps_user.c:1049: Error 0x2c: remote_handle_invoke failed for handle 0xffffffff, method 0 on domain 3 (sc 0x30100) errno Success
12-15 12:51:07.429 13466 13649 I com.android.lmc82: vendor/qcom/proprietary/commonsys-intf/adsprpc/src/apps_std_imp.c:796: Successfully opened file /data/user/0/com.android.lmc82/libhalide_hexagon_remote_skel.so
12-15 12:51:07.434 13466 13648 E com.android.lmc82: vendor/qcom/proprietary/commonsys-intf/adsprpc/src/fastrpc_apps_user.c:1160: Error 0x80000406: remote_handle_open_domain: dynamic loading failed for halide_hexagon_remote on domain 3 (dlerror signature verify start failed for libhalide_hexagon_remote_skel.so)
12-15 12:51:07.434 13466 13648 E com.android.lmc82: vendor/qcom/proprietary/commonsys-intf/adsprpc/src/fastrpc_apps_user.c:1177: Error 0x80000406: remote_handle_open failed for halide_hexagon_remote
12-15 12:51:07.434 13466 13648 E com.android.lmc82: vendor/qcom/proprietary/commonsys-intf/adsprpc/src/fastrpc_apps_user.c:1049: Error 0x2c: remote_handle_invoke failed for handle 0xffffffff, method 6 on domain 3 (sc 0x6010200) errno Success
12-15 12:51:07.434 13466 13648 I halide : Hexagon: remote_poll_log failed 44
12-15 12:51:07.434 13466 13648 E libgcam : [halide_runtime.cc:100]: halide_error: Error: Initialization of Hexagon kernels failed
12-15 12:51:07.434 13466 13648 E libgcam : [process_raw.cc:1223]: ProcessRaw: RawToYuv failed: -1
12-15 12:51:07.436 13466 13649 I com.android.lmc82: vendor/qcom/proprietary/commonsys-intf/adsprpc/src/apps_std_imp.c:796: Successfully opened file /data/user/0/com.android.lmc82/libhalide_hexagon_remote_skel.so
12-15 12:51:07.442 13466 13648 E com.android.lmc82: vendor/qcom/proprietary/commonsys-intf/adsprpc/src/fastrpc_apps_user.c:1160: Error 0x80000406: remote_handle_open_domain: dynamic loading failed for halide_hexagon_remote on domain 3 (dlerror signature verify start failed for libhalide_hexagon_remote_skel.so)
12-15 12:51:07.442 13466 13648 E com.android.lmc82: vendor/qcom/proprietary/commonsys-intf/adsprpc/src/fastrpc_apps_user.c:1177: Error 0x80000406: remote_handle_open failed for halide_hexagon_remote
12-15 12:51:07.442 13466 13648 E com.android.lmc82: vendor/qcom/proprietary/commonsys-intf/adsprpc/src/fastrpc_apps_user.c:1049: Error 0x2c: remote_handle_invoke failed for handle 0xffffffff, method 9 on domain 3 (sc 0x9010000) errno Success
12-15 12:51:07.442 13466 13648 E libgcam : [halide_runtime.cc:100]: halide_error: Error: remote_set_performance_mode failed.
12-15 12:51:07.442 13466 13648 W libgcam : [finish_raw.cc:727]: FinishRaw: ProcessRaw failed on hexagon, retrying on cpu...
12-15 12:51:07.452 13466 13518 W CameraMetadataJV: Expect face scores and rectangles to be non-null
12-15 12:51:07.454 13466 13554 E CAM_A : Null pointer for OIS data. OIS API version: 2 [CONTEXT ratelimit_period="67 MILLISECONDS [skipped: 1]" ]
12-15 12:51:07.481 13466 13518 W CameraMetadataJV: Expect face scores and rectangles to be non-null
12-15 12:51:07.518 13466 13518 W CameraMetadataJV: Expect face scores and rectangles to be non-null
12-15 12:51:07.551 13466 13518 W CameraMetadataJV: Expect face scores and rectangles to be non-null
