This document contains log messages from an Android camera application. It records messages about unsupported media formats, camera status updates being ignored, access errors trying to read properties, failed attempts to add video streams to capture requests due to invalid surfaces, and warnings about potential out of order feature value calculations. The logs indicate the camera application is starting up and encountering some errors and warnings during initialization and configuration.
This document contains log messages from an Android camera application. It records messages about unsupported media formats, camera status updates being ignored, access errors trying to read properties, failed attempts to add video streams to capture requests due to invalid surfaces, and warnings about potential out of order feature value calculations. The logs indicate the camera application is starting up and encountering some errors and warnings during initialization and configuration.
This document contains log messages from an Android camera application. It records messages about unsupported media formats, camera status updates being ignored, access errors trying to read properties, failed attempts to add video streams to capture requests due to invalid surfaces, and warnings about potential out of order feature value calculations. The logs indicate the camera application is starting up and encountering some errors and warnings during initialization and configuration.
This document contains log messages from an Android camera application. It records messages about unsupported media formats, camera status updates being ignored, access errors trying to read properties, failed attempts to add video streams to capture requests due to invalid surfaces, and warnings about potential out of order feature value calculations. The logs indicate the camera application is starting up and encountering some errors and warnings during initialization and configuration.
Download as TXT, PDF, TXT or read online from Scribd
Download as txt, pdf, or txt
You are on page 1of 42
--------- beginning of main
12-15 12:50:58.911 13466 13501 W VideoCapabilities: Unsupported mime
image/vnd.android.heic
12-15 12:50:58.920 13466 13501 W VideoCapabilities: Unrecognized profile/level 0/3 for video/mpeg2
12-15 12:50:58.920 13466 13501 W VideoCapabilities: Unrecognized profile/level 0/3 for video/mpeg2
12-15 12:50:58.920 13466 13501 W VideoCapabilities: Unsupported mime video/x-ms-wmv
12-15 12:50:58.930 13466 13501 I CameraManagerGlobal: Connecting to camera service
12-15 12:50:58.932 13466 13503 W m.android.lmc8: Accessing hidden field Ljava/util/Collections$SynchronizedCollection;->mutex:Ljava/lang/Object; (greylist- max-o, reflection, denied)
12-15 12:50:58.932 13466 13503 W m.android.lmc8: Accessing hidden method Ljava/util/Collections$SynchronizedSet;-><init>(Ljava/util/Set;Ljava/lang/Object;)V (greylist-max-o, reflection, denied)
12-15 12:50:58.932 13466 13503 W m.android.lmc8: Accessing hidden method Ljava/util/Collections$SynchronizedCollection;-><init>(Ljava/util/ Collection;Ljava/lang/Object;)V (greylist-max-o, reflection, denied)
12-15 12:50:58.940 13466 13501 W CameraManagerGlobal: [soar.cts] ignore the status update of camera: 100
12-15 12:50:58.940 13466 13501 W CameraManagerGlobal: [soar.cts] ignore the status update of camera: 101
12-15 12:50:58.940 13466 13501 W CameraManagerGlobal: [soar.cts] ignore the status update of camera: 21
12-15 12:50:58.940 13466 13501 W CameraManagerGlobal: [soar.cts] ignore the status update of camera: 22
12-15 12:50:58.940 13466 13501 W CameraManagerGlobal: [soar.cts] ignore the status update of camera: 25
12-15 12:50:58.940 13466 13501 W CameraManagerGlobal: [soar.cts] ignore the status update of camera: 61
12-15 12:50:58.940 13466 13466 D View : com.android.lmc82 initForcedUseForceDark: 1
12-15 12:50:58.940 13466 13483 W CameraManagerGlobal: ignore the torch status update of camera: 100
12-15 12:50:58.940 13466 13483 W CameraManagerGlobal: ignore the torch status update of camera: 21
12-15 12:50:58.941 13466 13483 W CameraManagerGlobal: ignore the torch status update of camera: 22
12-15 12:50:58.941 13466 13482 W CameraManagerGlobal: ignore the torch status update of camera: 61
12-15 12:50:58.945 13466 13501 D CameraManager2: GotArray:0
12-15 12:50:58.945 13466 13501 D CameraManager2: GotArray:1
12-15 12:50:58.945 13466 13501 D CameraManager2: GotArray:21
12-15 12:50:58.945 13466 13501 D CameraManager2: GotArray:22
12-15 12:50:58.945 13466 13501 D CameraManager2: GotArray:25
12-15 12:50:58.946 13466 13505 D CameraManager2: GotArray:0
12-15 12:50:58.946 13466 13505 D CameraManager2: GotArray:1
12-15 12:50:58.946 13466 13505 D CameraManager2: GotArray:21
12-15 12:50:58.946 13466 13505 D CameraManager2: GotArray:22
12-15 12:50:58.946 13466 13505 D CameraManager2: GotArray:25
12-15 12:50:58.955 13466 13466 D DecorView[]: getWindowModeFromSystem windowmode is 1
12-15 12:50:58.955 13466 13466 D DecorView: createDecorCaptionView windowingMode:1 mWindowMode 1 isFullscreen: true
12-15 12:50:58.963 13466 13501 D StreamConfigurationMap: setFlag Flag:6
12-15 12:50:58.993 13466 13501 W CAM_A : Build number (V12.5.4.0.RJGMIXM) is not a number. Ignoring version check for b/149569689.
12-15 12:50:58.993 13466 13501 D CameraManager2: GotArray:0
12-15 12:50:58.993 13466 13501 D CameraManager2: GotArray:1
12-15 12:50:58.993 13466 13501 D CameraManager2: GotArray:21
12-15 12:50:58.993 13466 13501 D CameraManager2: GotArray:22
12-15 12:50:58.993 13466 13501 D CameraManager2: GotArray:25
12-15 12:50:59.008 13466 13509 E libc : Access denied finding property "ro.vendor.df.effect.conflict"
12-15 12:50:59.008 13466 13509 E libc : Access denied finding property "ro.vendor.knock.type"
12-15 12:50:59.005 13466 13466 W CriticalPath: type=1400 audit(0.0:18745): avc: denied { read } for name="u:object_r:vendor_displayfeature_prop:s0" dev="tmpfs" ino=10184 scontext=u:r:untrusted_app_29:s0:c40,c257,c512,c768 tcontext=u:object_r:vendor_displayfeature_prop:s0 tclass=file permissive=0 app=com.android.lmc82
12-15 12:50:59.016 13466 13509 W CAM_DeviceErrorBroadcas: Tag DeviceErrorBroadcaster is 3 chars longer than limit.
12-15 12:50:59.019 13466 13513 E libc : Access denied finding property "persist.vendor.camera.privapp.list"
12-15 12:50:59.015 13466 13466 W Camera-Ex: type=1400 audit(0.0:18746): avc: denied { read } for name="u:object_r:vendor_persist_camera_prop:s0" dev="tmpfs" ino=10215 scontext=u:r:untrusted_app_29:s0:c40,c257,c512,c768 tcontext=u:object_r:vendor_persist_camera_prop:s0 tclass=file permissive=0 app=com.android.lmc82
12-15 12:50:59.037 13466 13484 E CameraManagerGlobal: Camera 61 is not available. Ignore physical camera status change
12-15 12:50:59.093 13466 13466 I DeezNuts: MSG: SLIDER 1 FOCUS: 1.0E-4
12-15 12:50:59.093 13466 13466 I ProReC : setprogres0
12-15 12:50:59.094 13466 13466 I DeezNuts: MSG: SLIDER 0 IDX: 0
12-15 12:50:59.094 13466 13466 I ProReC : setprogres_iso0
12-15 12:50:59.095 13466 13466 I za.defcomk.prorec.cust2.RotSeek: setprogres_iso0
12-15 12:50:59.105 13466 13509 D StreamConfigurationMap: setFlag Flag:5
12-15 12:50:59.117 13466 13509 I com.android.lmc82: vendor/qcom/proprietary/commonsys-intf/adsprpc/src/rpcmem_android.c:141: rpcmem_init_internal: opened ION device fd 94, configured heap IDs: system (0x2000000), contig (0x400000), secure (0x200), secure flags (0x80080000)
12-15 12:50:59.117 13466 13509 I com.android.lmc82: vendor/qcom/proprietary/commonsys-intf/adsprpc/src/fastrpc_apps_user.c:2736: fastrpc_apps_user_init done
12-15 12:50:59.137 13466 13509 W CAM_A : UI view not yet initialized
12-15 12:50:59.170 13466 13466 D DecorView[]: getWindowModeFromSystem windowmode is 1 --------- beginning of system
12-15 12:50:59.174 13466 13466 W Looper : PerfMonitor looperActivity : package=com.android.lmc82/com.android.camera.CameraLauncher time=1ms latency=486ms running=0ms procState=2 ClientTransaction{ callbacks=[android.app.servertransaction.TopResumedActivityChang eItem] } historyMsgCount=2 (msgIndex=1 wall=144ms seq=2 running=58ms runnable=21ms io=53ms late=1ms h=android.app.ActivityThread$H w=110) (msgIndex=2 wall=354ms seq=3 running=199ms runnable=36ms io=23ms late=132ms h=android.app.ActivityThread$H w=159)
12-15 12:50:59.197 13466 13466 D DecorView[]: getWindowModeFromSystem windowmode is 1
12-15 12:50:59.209 13466 13491 I AdrenoGLES-0: QUALCOMM build : 3142bdd, I7afe4835b7
12-15 12:50:59.209 13466 13491 I AdrenoGLES-0: Build Date : 09/16/20
12-15 12:50:59.209 13466 13491 I AdrenoGLES-0: OpenGL ES Shader Compiler Version: EV031.32.02.00
12-15 12:50:59.209 13466 13491 I AdrenoGLES-0: Local Branch :
12-15 12:50:59.209 13466 13491 I AdrenoGLES-0: Remote Branch :
12-15 12:50:59.209 13466 13491 I AdrenoGLES-0: Remote Branch :
12-15 12:50:59.209 13466 13491 I AdrenoGLES-0: Reconstruct Branch :
12-15 12:50:59.209 13466 13491 I AdrenoGLES-0: Build Config : S P 10.0.6 AArch64
12-15 12:50:59.209 13466 13491 I AdrenoGLES-0: Driver Path : /vendor/lib64/egl/libGLESv2_adreno.so
12-15 12:50:59.210 13466 13519 W CAM_SimpleReqProcessor: Failed to add Stream-0 to CaptureRequest for Request-10. The surface (null) was not valid.
12-15 12:50:59.214 13466 13491 I AdrenoGLES-0: PFP: 0x016ee190, ME: 0x00000000
12-15 12:50:59.215 13466 13519 W CAM_SimpleReqProcessor: Failed to add Stream-0 to CaptureRequest for Request-11. The surface (null) was not valid.
12-15 12:50:59.253 13466 13466 W CAM_A : Was already registered as ThermalStatusListener on AppStart
12-15 12:50:59.393 13466 13536 W CAM_SimpleReqProcessor: Failed to add Stream-0 to CaptureRequest for Request-12. The surface (null) was not valid.
12-15 12:50:59.400 13466 13536 W CAM_SimpleReqProcessor: Failed to add Stream-0 to CaptureRequest for Request-13. The surface (null) was not valid.
12-15 12:50:59.427 13466 13466 W CAM_A : ModeSwitcher WAS ALREADY ENABLED!
12-15 12:50:59.448 13466 13536 W CAM_SimpleReqProcessor: Failed to add Stream-0 to CaptureRequest for Request-14. The surface (null) was not valid.
12-15 12:50:59.453 13466 13536 W CAM_SimpleReqProcessor: Failed to add Stream-0 to CaptureRequest for Request-15. The surface (null) was not valid.
12-15 12:50:59.454 13466 13466 D DecorView[]: getWindowModeFromSystem windowmode is 1
12-15 12:50:59.466 13466 13466 I DeezNuts: MSG: SLIDER 1 FOCUS: 1.0E-4
12-15 12:50:59.466 13466 13466 I ProReC : setprogres0
12-15 12:50:59.466 13466 13466 I DeezNuts: MSG: SLIDER 0 IDX: 0
12-15 12:50:59.466 13466 13466 I ProReC : setprogres_iso0
12-15 12:50:59.466 13466 13466 I za.defcomk.prorec.cust2.RotSeek: setprogres_iso0
12-15 12:50:59.466 13466 13466 D SurfaceView: UPDATE null, mIsCastMode = false
12-15 12:50:59.486 13466 13519 W CAM_SurfaceMap: Surface(name=null)/@0xc9764ca is valid but deferred streams are not yet available for CaptureSession-0
12-15 12:50:59.486 13466 13519 W CAM_SimpleReqProcessor: Failed to add Stream-0 to CaptureRequest for Request-16. The surface is not yet available.
12-15 12:50:59.488 13466 13466 W CAM_A : ModeSwitcher WAS ALREADY ENABLED!
12-15 12:50:59.543 13466 13518 W CameraMetadataJV: Expect face scores and rectangles to be non-null
12-15 12:50:59.557 13466 13554 E CAM_A : Null pointer for OIS data. OIS API version: 2 [CONTEXT ratelimit_period="67 MILLISECONDS" ]
12-15 12:50:59.572 13466 13490 I m.android.lmc8: Waiting for a blocking GC ProfileSaver
12-15 12:50:59.572 13466 13500 W CAM_A : Extractor (frame) of type feature.acmi.imu.frame-straightness depends on foreign type feature.acmi.imu.camera-orientation! Feature values may be calculated out of order!
12-15 12:50:59.572 13466 13500 W CAM_A : Extractor (frame) of type feature.acmi.imu.frame-straightness depends on foreign type feature.acmi.imu.camera-orientation! Feature values may be calculated out of order!
12-15 12:50:59.583 13466 13518 W CameraMetadataJV: Expect face scores and rectangles to be non-null
12-15 12:50:59.614 13466 13518 W CameraMetadataJV: Expect face scores and rectangles to be non-null
12-15 12:50:59.652 13466 13518 W CameraMetadataJV: Expect face scores and rectangles to be non-null
12-15 12:50:59.653 13466 13554 E CAM_A : Null pointer for OIS data. OIS API version: 2 [CONTEXT ratelimit_period="67 MILLISECONDS [skipped: 2]" ]
12-15 12:50:59.681 13466 13518 W CameraMetadataJV: Expect face scores and rectangles to be non-null
12-15 12:50:59.691 13466 13581 D CCodec : allocate(c2.android.vorbis.decoder)
12-15 12:50:59.691 13466 13580 D CCodec : allocate(c2.android.vorbis.decoder)
12-15 12:50:59.692 13466 13500 W CAM_CameraDeviceVerifie: Tag CameraDeviceVerifier is 1 chars longer than limit.
12-15 12:50:59.702 13466 13580 I Codec2Client: Available Codec2 services: "default" "software"
12-15 12:50:59.705 13466 13501 I tflite : Initialized TensorFlow Lite runtime.
12-15 12:50:59.711 13466 13581 I CCodec : setting up 'default' as default (vendor) store
12-15 12:50:59.711 13466 13580 I CCodec : setting up 'default' as default (vendor) store
12-15 12:50:59.713 13466 13501 D CameraManager2: GotArray:0
12-15 12:50:59.713 13466 13501 D CameraManager2: GotArray:1
12-15 12:50:59.713 13466 13501 D CameraManager2: GotArray:21
12-15 12:50:59.713 13466 13501 D CameraManager2: GotArray:22
12-15 12:50:59.713 13466 13501 D CameraManager2: GotArray:25
12-15 12:50:59.718 13466 13518 W CameraMetadataJV: Expect face scores and rectangles to be non-null
12-15 12:50:59.726 13466 13580 I CCodec : Created component [c2.android.vorbis.decoder]
12-15 12:50:59.726 13466 13581 I CCodec : Created component [c2.android.vorbis.decoder]
12-15 12:50:59.727 13466 13580 D CCodecConfig: read media type: audio/vorbis
12-15 12:50:59.727 13466 13581 D CCodecConfig: read media type: audio/vorbis
12-15 12:50:59.728 13466 13580 D ReflectedParamUpdater: extent() != 1 for single value type: algo.buffers.max-count.values
12-15 12:50:59.728 13466 13580 D ReflectedParamUpdater: extent() != 1 for single value type: output.subscribed-indices.values
12-15 12:50:59.729 13466 13580 D ReflectedParamUpdater: extent() != 1 for single value type: input.buffers.allocator-ids.values
12-15 12:50:59.729 13466 13580 D ReflectedParamUpdater: extent() != 1 for single value type: output.buffers.allocator-ids.values
12-15 12:50:59.729 13466 13580 D ReflectedParamUpdater: extent() != 1 for single value type: algo.buffers.allocator-ids.values
12-15 12:50:59.729 13466 13580 D ReflectedParamUpdater: extent() != 1 for single value type: output.buffers.pool-ids.values
12-15 12:50:59.729 13466 13580 D ReflectedParamUpdater: extent() != 1 for single value type: algo.buffers.pool-ids.values
12-15 12:50:59.730 13466 13581 D ReflectedParamUpdater: extent() != 1 for single value type: algo.buffers.max-count.values
12-15 12:50:59.730 13466 13581 D ReflectedParamUpdater: extent() != 1 for single value type: output.subscribed-indices.values
12-15 12:50:59.730 13466 13581 D ReflectedParamUpdater: extent() != 1 for single value type: input.buffers.allocator-ids.values
12-15 12:50:59.731 13466 13581 D ReflectedParamUpdater: extent() != 1 for single value type: output.buffers.allocator-ids.values
12-15 12:50:59.731 13466 13581 D ReflectedParamUpdater: extent() != 1 for single value type: algo.buffers.allocator-ids.values
12-15 12:50:59.731 13466 13581 D ReflectedParamUpdater: extent() != 1 for single value type: output.buffers.pool-ids.values
12-15 12:50:59.731 13466 13581 D ReflectedParamUpdater: extent() != 1 for single value type: algo.buffers.pool-ids.values
12-15 12:50:59.733 13466 13581 I CCodecConfig: query failed after returning 7 values (BAD_INDEX)
12-15 12:50:59.733 13466 13580 I CCodecConfig: query failed after returning 7 values (BAD_INDEX)
12-15 12:50:59.734 13466 13581 D CCodecConfig: c2 config diff is Dict {
12-15 12:50:59.734 13466 13581 D CCodecConfig: c2::u32 coded.bitrate.value = 64000
12-15 12:50:59.734 13466 13581 D CCodecConfig: c2::u32 input.buffers.max- size.value = 32768
12-15 12:50:59.734 13466 13581 D CCodecConfig: c2::u32 input.delay.value = 0
12-15 12:50:59.734 13466 13581 D CCodecConfig: string input.media-type.value = "audio/vorbis"
12-15 12:50:59.734 13466 13581 D CCodecConfig: string output.media-type.value = "audio/raw"
12-15 12:50:59.734 13466 13581 D CCodecConfig: c2::u32 raw.channel-count.value = 1
12-15 12:50:59.734 13466 13581 D CCodecConfig: c2::u32 raw.sample-rate.value = 48000
12-15 12:50:59.734 13466 13581 D CCodecConfig: }
12-15 12:50:59.734 13466 13580 D CCodecConfig: c2 config diff is Dict {
12-15 12:50:59.734 13466 13580 D CCodecConfig: c2::u32 coded.bitrate.value = 64000
12-15 12:50:59.734 13466 13580 D CCodecConfig: c2::u32 input.buffers.max- size.value = 32768
12-15 12:50:59.734 13466 13580 D CCodecConfig: c2::u32 input.delay.value = 0
12-15 12:50:59.734 13466 13580 D CCodecConfig: string input.media-type.value = "audio/vorbis"
12-15 12:50:59.734 13466 13580 D CCodecConfig: string output.media-type.value = "audio/raw"
12-15 12:50:59.734 13466 13580 D CCodecConfig: c2::u32 raw.channel-count.value = 1
12-15 12:50:59.734 13466 13580 D CCodecConfig: c2::u32 raw.sample-rate.value = 48000
12-15 12:50:59.734 13466 13580 D CCodecConfig: }
12-15 12:50:59.734 13466 13581 D CCodec : [c2.android.vorbis.decoder] buffers are bound to CCodec for this session
12-15 12:50:59.734 13466 13581 D CCodecConfig: no c2 equivalents for durationUs
12-15 12:50:59.734 13466 13581 D CCodecConfig: no c2 equivalents for track-id
12-15 12:50:59.734 13466 13581 D CCodecConfig: no c2 equivalents for csd-1
12-15 12:50:59.734 13466 13581 D CCodecConfig: no c2 equivalents for language
12-15 12:50:59.734 13466 13581 D CCodecConfig: no c2 equivalents for file-format
12-15 12:50:59.734 13466 13581 D CCodecConfig: no c2 equivalents for flags
12-15 12:50:59.734 13466 13580 D CCodec : [c2.android.vorbis.decoder] buffers are bound to CCodec for this session
12-15 12:50:59.734 13466 13580 D CCodecConfig: no c2 equivalents for durationUs
12-15 12:50:59.734 13466 13580 D CCodecConfig: no c2 equivalents for track-id
12-15 12:50:59.734 13466 13580 D CCodecConfig: no c2 equivalents for csd-1
12-15 12:50:59.734 13466 13580 D CCodecConfig: no c2 equivalents for language
12-15 12:50:59.734 13466 13580 D CCodecConfig: no c2 equivalents for file-format
12-15 12:50:59.734 13466 13580 D CCodecConfig: no c2 equivalents for flags
12-15 12:50:59.734 13466 13581 D CCodecConfig: config failed => CORRUPTED
12-15 12:50:59.735 13466 13580 D CCodecConfig: config failed => CORRUPTED
12-15 12:50:59.735 13466 13581 W Codec2Client: query -- param skipped: index = 1107298332.
12-15 12:50:59.735 13466 13580 W Codec2Client: query -- param skipped: index = 1107298332.
12-15 12:50:59.735 13466 13581 D CCodec : setup formats input: AMessage(what = 0x00000000) = {
12-15 12:50:59.735 13466 13581 D CCodec : int32_t channel-count = 1
12-15 12:50:59.735 13466 13581 D CCodec : int32_t max-input-size = 65307
12-15 12:50:59.735 13466 13581 D CCodec : string mime = "audio/vorbis"
12-15 12:50:59.735 13466 13581 D CCodec : int32_t sample-rate = 48000
12-15 12:50:59.735 13466 13581 D CCodec : } and output: AMessage(what = 0x00000000) = {
12-15 12:50:59.735 13466 13581 D CCodec : int32_t channel-count = 1
12-15 12:50:59.735 13466 13581 D CCodec : string mime = "audio/raw"
12-15 12:50:59.735 13466 13581 D CCodec : int32_t sample-rate = 48000
12-15 12:50:59.735 13466 13581 D CCodec : }
12-15 12:50:59.735 13466 13580 D CCodec : setup formats input: AMessage(what = 0x00000000) = {
12-15 12:50:59.735 13466 13580 D CCodec : int32_t channel-count = 1
12-15 12:50:59.735 13466 13580 D CCodec : int32_t max-input-size = 65307
12-15 12:50:59.735 13466 13580 D CCodec : string mime = "audio/vorbis"
12-15 12:50:59.735 13466 13580 D CCodec : int32_t sample-rate = 48000
12-15 12:50:59.735 13466 13580 D CCodec : } and output: AMessage(what = 0x00000000) = {
12-15 12:50:59.735 13466 13580 D CCodec : int32_t channel-count = 1
12-15 12:50:59.735 13466 13580 D CCodec : string mime = "audio/raw"
12-15 12:50:59.735 13466 13580 D CCodec : int32_t sample-rate = 48000
12-15 12:50:59.735 13466 13580 D CCodec : }
12-15 12:50:59.735 13466 13581 W Codec2Client: query -- param skipped: index = 1342179345.
12-15 12:50:59.735 13466 13581 W Codec2Client: query -- param skipped: index = 2415921170.
12-15 12:50:59.736 13466 13580 W Codec2Client: query -- param skipped: index = 1342179345.
12-15 12:50:59.736 13466 13580 W Codec2Client: query -- param skipped: index = 2415921170.
12-15 12:50:59.737 13466 13580 E FMQ : grantorIdx must be less than 3
12-15 12:50:59.738 13466 13580 E FMQ : grantorIdx must be less than 3
12-15 12:50:59.738 13466 13580 D CCodecBufferChannel: [c2.android.vorbis.decoder#282] Created input block pool with allocatorID 16 => poolID 17 - OK (0)
12-15 12:50:59.738 13466 13581 E FMQ : grantorIdx must be less than 3
12-15 12:50:59.738 13466 13581 E FMQ : grantorIdx must be less than 3
12-15 12:50:59.738 13466 13581 D CCodecBufferChannel: [c2.android.vorbis.decoder#321] Created input block pool with allocatorID 16 => poolID 18 - OK (0)
12-15 12:50:59.740 13466 13581 I CCodecBufferChannel: [c2.android.vorbis.decoder#321] Created output block pool with allocatorID 16 => poolID 157 - OK
12-15 12:50:59.740 13466 13581 D CCodecBufferChannel: [c2.android.vorbis.decoder#321] Configured output block pool ids 157 => OK
12-15 12:50:59.740 13466 13581 D CCodecBufferChannel: [c2.android.vorbis.decoder#321] start: updating output delay 0
12-15 12:50:59.740 13466 13581 E ion : ioctl c0044901 failed with code -1: Inappropriate ioctl for device
12-15 12:50:59.743 13466 13581 E FMQ : grantorIdx must be less than 3
12-15 12:50:59.745 13466 13580 I CCodecBufferChannel: [c2.android.vorbis.decoder#282] Created output block pool with allocatorID 16 => poolID 158 - OK
12-15 12:50:59.746 13466 13580 D CCodecBufferChannel: [c2.android.vorbis.decoder#282] Configured output block pool ids 158 => OK
12-15 12:50:59.746 13466 13580 D CCodecBufferChannel: [c2.android.vorbis.decoder#282] start: updating output delay 0
12-15 12:50:59.747 13466 13580 E FMQ : grantorIdx must be less than 3
12-15 12:50:59.749 13466 13518 W CameraMetadataJV: Expect face scores and rectangles to be non-null
12-15 12:50:59.750 13466 13554 E CAM_A : Null pointer for OIS data. OIS API version: 2 [CONTEXT ratelimit_period="67 MILLISECONDS [skipped: 2]" ]
12-15 12:50:59.759 13466 13596 E FMQ : grantorIdx must be less than 3
12-15 12:50:59.761 13466 13596 E FMQ : grantorIdx must be less than 3
12-15 12:50:59.766 13466 13500 D CameraManager2: GotArray:0
12-15 12:50:59.766 13466 13500 D CameraManager2: GotArray:1
12-15 12:50:59.767 13466 13500 D CameraManager2: GotArray:21
12-15 12:50:59.767 13466 13500 D CameraManager2: GotArray:22
12-15 12:50:59.767 13466 13500 D CameraManager2: GotArray:25
12-15 12:50:59.768 13466 13501 W CAM_A : Failed to set mallopt options.
12-15 12:50:59.784 13466 13518 W CameraMetadataJV: Expect face scores and rectangles to be non-null
12-15 12:50:59.787 13466 13501 D qdgralloc: GetYUVPlaneInfo: Invalid format passed: 0x21
12-15 12:50:59.793 13466 13500 W EngineApiLoaderContr: All remote package attempts fail.
12-15 12:50:59.794 13466 13500 W EngineApiLoaderContr: EngineApi implementation not found
12-15 12:50:59.802 13466 13580 D CCodecBufferChannel: [c2.android.vorbis.decoder#282] MediaCodec discarded an unknown buffer
12-15 12:50:59.802 13466 13580 I chatty : uid=10296(com.android.lmc82) identical 1 line
12-15 12:50:59.802 13466 13580 D CCodecBufferChannel: [c2.android.vorbis.decoder#282] MediaCodec discarded an unknown buffer
12-15 12:50:59.804 13466 13620 I hw-BpHwBinder: onLastStrongRef automatically unlinking death recipients
12-15 12:50:59.808 13466 13501 W ntj : CaptureResult is present COLOR_CORRECTION_GAINS for Mi.
12-15 12:50:59.809 13466 13501 W ntj : CaptureResult is present COLOR_CORRECTION_GAINS NEUTRAL.
12-15 12:50:59.811 13466 13518 W CameraMetadataJV: Expect face scores and rectangles to be non-null
12-15 12:50:59.819 13466 13581 D CCodecBufferChannel: [c2.android.vorbis.decoder#321] MediaCodec discarded an unknown buffer
12-15 12:50:59.819 13466 13581 I chatty : uid=10296(com.android.lmc82) NDK MediaCodec_ identical 1 line
12-15 12:50:59.819 13466 13581 D CCodecBufferChannel: [c2.android.vorbis.decoder#321] MediaCodec discarded an unknown buffer
12-15 12:50:59.820 13466 13581 I hw-BpHwBinder: onLastStrongRef automatically unlinking death recipients
12-15 12:50:59.841 13466 13518 W CameraMetadataJV: Expect face scores and rectangles to be non-null
12-15 12:50:59.842 13466 13554 E CAM_A : Null pointer for OIS data. OIS API version: 2 [CONTEXT ratelimit_period="67 MILLISECONDS [skipped: 2]" ]
12-15 12:50:59.874 13466 13518 W CameraMetadataJV: Expect face scores and rectangles to be non-null
12-15 12:50:59.908 13466 13518 W CameraMetadataJV: Expect face scores and rectangles to be non-null
12-15 12:50:59.909 13466 13554 E CAM_A : Null pointer for OIS data. OIS API version: 2 [CONTEXT ratelimit_period="67 MILLISECONDS [skipped: 1]" ]
12-15 12:50:59.943 13466 13518 W CameraMetadataJV: Expect face scores and rectangles to be non-null
12-15 12:50:59.948 13466 13501 D qdgralloc: GetYUVPlaneInfo: Invalid format passed: 0x21
12-15 12:50:59.950 13466 13501 I chatty : uid=10296(com.android.lmc82) GcaGeneric- 2 identical 32 lines
12-15 12:50:59.950 13466 13501 D qdgralloc: GetYUVPlaneInfo: Invalid format passed: 0x21
12-15 12:50:59.950 13466 13501 W ntj : CaptureResult is present COLOR_CORRECTION_GAINS for Mi.
12-15 12:50:59.950 13466 13501 W ntj : CaptureResult is present COLOR_CORRECTION_GAINS NEUTRAL.
12-15 12:50:59.977 13466 13518 W CameraMetadataJV: Expect face scores and rectangles to be non-null
12-15 12:50:59.978 13466 13554 E CAM_A : Null pointer for OIS data. OIS API version: 2 [CONTEXT ratelimit_period="67 MILLISECONDS [skipped: 1]" ]
12-15 12:51:00.008 13466 13518 W CameraMetadataJV: Expect face scores and rectangles to be non-null
12-15 12:51:00.042 13466 13518 W CameraMetadataJV: Expect face scores and rectangles to be non-null
12-15 12:51:00.075 13466 13518 W CameraMetadataJV: Expect face scores and rectangles to be non-null
12-15 12:51:00.076 13466 13554 E CAM_A : Null pointer for OIS data. OIS API version: 2 [CONTEXT ratelimit_period="67 MILLISECONDS [skipped: 2]" ]
12-15 12:51:00.110 13466 13518 W CameraMetadataJV: Expect face scores and rectangles to be non-null
12-15 12:51:00.141 13466 13518 W CameraMetadataJV: Expect face scores and rectangles to be non-null
12-15 12:51:00.143 13466 13501 D qdgralloc: GetYUVPlaneInfo: Invalid format passed: 0x21
12-15 12:51:00.143 13466 13501 I chatty : uid=10296(com.android.lmc82) GcaGeneric- 2 identical 38 lines
12-15 12:51:00.143 13466 13501 D qdgralloc: GetYUVPlaneInfo: Invalid format passed: 0x21
12-15 12:51:00.144 13466 13501 W ntj : CaptureResult is present COLOR_CORRECTION_GAINS for Mi.
12-15 12:51:00.144 13466 13501 W ntj : CaptureResult is present COLOR_CORRECTION_GAINS NEUTRAL.
12-15 12:51:00.144 13466 13554 E CAM_A : Null pointer for OIS data. OIS API version: 2 [CONTEXT ratelimit_period="67 MILLISECONDS [skipped: 1]" ]
12-15 12:51:00.176 13466 13518 W CameraMetadataJV: Expect face scores and rectangles to be non-null
12-15 12:51:00.209 13466 13518 W CameraMetadataJV: Expect face scores and rectangles to be non-null
12-15 12:51:00.241 13466 13518 W CameraMetadataJV: Expect face scores and rectangles to be non-null
12-15 12:51:00.242 13466 13554 E CAM_A : Null pointer for OIS data. OIS API version: 2 [CONTEXT ratelimit_period="67 MILLISECONDS [skipped: 2]" ]
12-15 12:51:00.277 13466 13518 W CameraMetadataJV: Expect face scores and rectangles to be non-null
12-15 12:51:00.308 13466 13518 W CameraMetadataJV: Expect face scores and rectangles to be non-null
12-15 12:51:00.309 13466 13554 E CAM_A : Null pointer for OIS data. OIS API version: 2 [CONTEXT ratelimit_period="67 MILLISECONDS [skipped: 1]" ]
12-15 12:51:00.342 13466 13518 W CameraMetadataJV: Expect face scores and rectangles to be non-null
12-15 12:51:00.345 13466 13500 D qdgralloc: GetYUVPlaneInfo: Invalid format passed: 0x21
12-15 12:51:00.346 13466 13500 I chatty : uid=10296(com.android.lmc82) GcaGeneric- 1 identical 40 lines
12-15 12:51:00.346 13466 13500 D qdgralloc: GetYUVPlaneInfo: Invalid format passed: 0x21
12-15 12:51:00.347 13466 13500 W ntj : CaptureResult is present COLOR_CORRECTION_GAINS for Mi.
12-15 12:51:00.347 13466 13500 W ntj : CaptureResult is present COLOR_CORRECTION_GAINS NEUTRAL.
12-15 12:51:00.378 13466 13518 W CameraMetadataJV: Expect face scores and rectangles to be non-null
12-15 12:51:00.378 13466 13554 E CAM_A : Null pointer for OIS data. OIS API version: 2 [CONTEXT ratelimit_period="67 MILLISECONDS [skipped: 1]" ]
12-15 12:51:00.408 13466 13518 W CameraMetadataJV: Expect face scores and rectangles to be non-null
12-15 12:51:00.441 13466 13518 W CameraMetadataJV: Expect face scores and rectangles to be non-null
12-15 12:51:00.474 13466 13518 W CameraMetadataJV: Expect face scores and rectangles to be non-null
12-15 12:51:00.476 13466 13554 E CAM_A : Null pointer for OIS data. OIS API version: 2 [CONTEXT ratelimit_period="67 MILLISECONDS [skipped: 2]" ]
12-15 12:51:00.508 13466 13518 W CameraMetadataJV: Expect face scores and rectangles to be non-null
12-15 12:51:00.542 13466 13518 W CameraMetadataJV: Expect face scores and rectangles to be non-null
12-15 12:51:00.543 13466 13554 E CAM_A : Null pointer for OIS data. OIS API version: 2 [CONTEXT ratelimit_period="67 MILLISECONDS [skipped: 1]" ]
12-15 12:51:00.545 13466 13500 D qdgralloc: GetYUVPlaneInfo: Invalid format passed: 0x21
12-15 12:51:00.546 13466 13500 I chatty : uid=10296(com.android.lmc82) GcaGeneric- 1 identical 40 lines
12-15 12:51:00.546 13466 13500 D qdgralloc: GetYUVPlaneInfo: Invalid format passed: 0x21
12-15 12:51:00.548 13466 13500 W ntj : CaptureResult is present COLOR_CORRECTION_GAINS for Mi.
12-15 12:51:00.548 13466 13500 W ntj : CaptureResult is present COLOR_CORRECTION_GAINS NEUTRAL.
12-15 12:51:00.576 13466 13518 W CameraMetadataJV: Expect face scores and rectangles to be non-null
12-15 12:51:00.608 13466 13518 W CameraMetadataJV: Expect face scores and rectangles to be non-null
12-15 12:51:00.644 13466 13518 W CameraMetadataJV: Expect face scores and rectangles to be non-null
12-15 12:51:00.645 13466 13554 E CAM_A : Null pointer for OIS data. OIS API version: 2 [CONTEXT ratelimit_period="67 MILLISECONDS [skipped: 2]" ]
12-15 12:51:00.680 13466 13518 W CameraMetadataJV: Expect face scores and rectangles to be non-null
12-15 12:51:00.708 13466 13518 W CameraMetadataJV: Expect face scores and rectangles to be non-null
12-15 12:51:00.741 13466 13518 W CameraMetadataJV: Expect face scores and rectangles to be non-null
12-15 12:51:00.742 13466 13554 E CAM_A : Null pointer for OIS data. OIS API version: 2 [CONTEXT ratelimit_period="67 MILLISECONDS [skipped: 2]" ]
12-15 12:51:00.756 13466 13501 D qdgralloc: GetYUVPlaneInfo: Invalid format passed: 0x21
12-15 12:51:00.758 13466 13501 I chatty : uid=10296(com.android.lmc82) GcaGeneric- 2 identical 42 lines
12-15 12:51:00.758 13466 13501 D qdgralloc: GetYUVPlaneInfo: Invalid format passed: 0x21
12-15 12:51:00.759 13466 13501 W ntj : CaptureResult is present COLOR_CORRECTION_GAINS for Mi.
12-15 12:51:00.759 13466 13501 W ntj : CaptureResult is present COLOR_CORRECTION_GAINS NEUTRAL.
12-15 12:51:00.775 13466 13518 W CameraMetadataJV: Expect face scores and rectangles to be non-null
12-15 12:51:00.812 13466 13518 W CameraMetadataJV: Expect face scores and rectangles to be non-null
12-15 12:51:00.813 13466 13554 E CAM_A : Null pointer for OIS data. OIS API version: 2 [CONTEXT ratelimit_period="67 MILLISECONDS [skipped: 1]" ]
12-15 12:51:00.845 13466 13518 W CameraMetadataJV: Expect face scores and rectangles to be non-null
12-15 12:51:00.877 13466 13518 W CameraMetadataJV: Expect face scores and rectangles to be non-null
12-15 12:51:00.911 13466 13518 W CameraMetadataJV: Expect face scores and rectangles to be non-null
12-15 12:51:00.912 13466 13554 E CAM_A : Null pointer for OIS data. OIS API version: 2 [CONTEXT ratelimit_period="67 MILLISECONDS [skipped: 2]" ]
12-15 12:51:00.945 13466 13518 W CameraMetadataJV: Expect face scores and rectangles to be non-null
12-15 12:51:00.950 13466 13501 D qdgralloc: GetYUVPlaneInfo: Invalid format passed: 0x21
12-15 12:51:00.951 13466 13501 I chatty : uid=10296(com.android.lmc82) GcaGeneric- 2 identical 38 lines
12-15 12:51:00.951 13466 13501 D qdgralloc: GetYUVPlaneInfo: Invalid format passed: 0x21
12-15 12:51:00.954 13466 13501 W ntj : CaptureResult is present COLOR_CORRECTION_GAINS for Mi.
12-15 12:51:00.954 13466 13501 W ntj : CaptureResult is present COLOR_CORRECTION_GAINS NEUTRAL.
12-15 12:51:00.980 13466 13518 W CameraMetadataJV: Expect face scores and rectangles to be non-null
12-15 12:51:00.980 13466 13554 E CAM_A : Null pointer for OIS data. OIS API version: 2 [CONTEXT ratelimit_period="67 MILLISECONDS [skipped: 1]" ]
12-15 12:51:01.010 13466 13518 W CameraMetadataJV: Expect face scores and rectangles to be non-null
12-15 12:51:01.042 13466 13518 W CameraMetadataJV: Expect face scores and rectangles to be non-null
12-15 12:51:01.077 13466 13518 W CameraMetadataJV: Expect face scores and rectangles to be non-null
12-15 12:51:01.078 13466 13554 E CAM_A : Null pointer for OIS data. OIS API version: 2 [CONTEXT ratelimit_period="67 MILLISECONDS [skipped: 2]" ]
12-15 12:51:01.117 13466 13518 W CameraMetadataJV: Expect face scores and rectangles to be non-null
12-15 12:51:01.145 13466 13518 W CameraMetadataJV: Expect face scores and rectangles to be non-null
12-15 12:51:01.146 13466 13554 E CAM_A : Null pointer for OIS data. OIS API version: 2 [CONTEXT ratelimit_period="67 MILLISECONDS [skipped: 1]" ]
12-15 12:51:01.150 13466 13500 D qdgralloc: GetYUVPlaneInfo: Invalid format passed: 0x21
12-15 12:51:01.152 13466 13500 I chatty : uid=10296(com.android.lmc82) GcaGeneric- 1 identical 39 lines
12-15 12:51:01.152 13466 13500 D qdgralloc: GetYUVPlaneInfo: Invalid format passed: 0x21
12-15 12:51:01.153 13466 13500 W ntj : CaptureResult is present COLOR_CORRECTION_GAINS for Mi.
12-15 12:51:01.153 13466 13500 W ntj : CaptureResult is present COLOR_CORRECTION_GAINS NEUTRAL.
12-15 12:51:01.178 13466 13518 W CameraMetadataJV: Expect face scores and rectangles to be non-null
12-15 12:51:01.207 13466 13518 W CameraMetadataJV: Expect face scores and rectangles to be non-null
12-15 12:51:01.241 13466 13518 W CameraMetadataJV: Expect face scores and rectangles to be non-null
12-15 12:51:01.242 13466 13554 E CAM_A : Null pointer for OIS data. OIS API version: 2 [CONTEXT ratelimit_period="67 MILLISECONDS [skipped: 2]" ]
12-15 12:51:01.280 13466 13518 W CameraMetadataJV: Expect face scores and rectangles to be non-null
12-15 12:51:01.311 13466 13518 W CameraMetadataJV: Expect face scores and rectangles to be non-null
12-15 12:51:01.311 13466 13554 E CAM_A : Null pointer for OIS data. OIS API version: 2 [CONTEXT ratelimit_period="67 MILLISECONDS [skipped: 1]" ]
12-15 12:51:01.346 13466 13518 W CameraMetadataJV: Expect face scores and rectangles to be non-null
12-15 12:51:01.350 13466 13500 D qdgralloc: GetYUVPlaneInfo: Invalid format passed: 0x21
12-15 12:51:01.352 13466 13500 I chatty : uid=10296(com.android.lmc82) GcaGeneric- 1 identical 40 lines
12-15 12:51:01.352 13466 13500 D qdgralloc: GetYUVPlaneInfo: Invalid format passed: 0x21
12-15 12:51:01.354 13466 13500 W ntj : CaptureResult is present COLOR_CORRECTION_GAINS for Mi.
12-15 12:51:01.354 13466 13500 W ntj : CaptureResult is present COLOR_CORRECTION_GAINS NEUTRAL.
12-15 12:51:01.378 13466 13518 W CameraMetadataJV: Expect face scores and rectangles to be non-null
12-15 12:51:01.379 13466 13554 E CAM_A : Null pointer for OIS data. OIS API version: 2 [CONTEXT ratelimit_period="67 MILLISECONDS [skipped: 1]" ]
12-15 12:51:01.409 13466 13518 W CameraMetadataJV: Expect face scores and rectangles to be non-null
12-15 12:51:01.449 13466 13518 W CameraMetadataJV: Expect face scores and rectangles to be non-null
12-15 12:51:01.450 13466 13554 E CAM_A : Null pointer for OIS data. OIS API version: 2 [CONTEXT ratelimit_period="67 MILLISECONDS [skipped: 1]" ]
12-15 12:51:01.479 13466 13518 W CameraMetadataJV: Expect face scores and rectangles to be non-null
12-15 12:51:01.510 13466 13518 W CameraMetadataJV: Expect face scores and rectangles to be non-null
12-15 12:51:01.542 13466 13518 W CameraMetadataJV: Expect face scores and rectangles to be non-null
12-15 12:51:01.543 13466 13554 E CAM_A : Null pointer for OIS data. OIS API version: 2 [CONTEXT ratelimit_period="67 MILLISECONDS [skipped: 2]" ]
12-15 12:51:01.547 13466 13500 D qdgralloc: GetYUVPlaneInfo: Invalid format passed: 0x21
12-15 12:51:01.547 13466 13500 I chatty : uid=10296(com.android.lmc82) GcaGeneric- 1 identical 4 lines
12-15 12:51:01.547 13466 13500 D qdgralloc: GetYUVPlaneInfo: Invalid format passed: 0x21
12-15 12:51:01.547 13466 13500 D qdgralloc: GetYUVPlaneInfo: Invalid format passed: 0x21
12-15 12:51:01.548 13466 13500 I chatty : uid=10296(com.android.lmc82) GcaGeneric- 1 identical 33 lines
12-15 12:51:01.548 13466 13500 D qdgralloc: GetYUVPlaneInfo: Invalid format passed: 0x21
12-15 12:51:01.550 13466 13500 W ntj : CaptureResult is present COLOR_CORRECTION_GAINS for Mi.
12-15 12:51:01.550 13466 13500 W ntj : CaptureResult is present COLOR_CORRECTION_GAINS NEUTRAL.
12-15 12:51:01.576 13466 13518 W CameraMetadataJV: Expect face scores and rectangles to be non-null
12-15 12:51:01.611 13466 13518 W CameraMetadataJV: Expect face scores and rectangles to be non-null
12-15 12:51:01.612 13466 13554 E CAM_A : Null pointer for OIS data. OIS API version: 2 [CONTEXT ratelimit_period="67 MILLISECONDS [skipped: 1]" ]
12-15 12:51:01.645 13466 13518 W CameraMetadataJV: Expect face scores and rectangles to be non-null
12-15 12:51:01.677 13466 13518 W CameraMetadataJV: Expect face scores and rectangles to be non-null
12-15 12:51:01.711 13466 13518 W CameraMetadataJV: Expect face scores and rectangles to be non-null
12-15 12:51:01.713 13466 13554 E CAM_A : Null pointer for OIS data. OIS API version: 2 [CONTEXT ratelimit_period="67 MILLISECONDS [skipped: 2]" ]
12-15 12:51:01.744 13466 13518 W CameraMetadataJV: Expect face scores and rectangles to be non-null
12-15 12:51:01.748 13466 13500 D qdgralloc: GetYUVPlaneInfo: Invalid format passed: 0x21
12-15 12:51:01.749 13466 13500 I chatty : uid=10296(com.android.lmc82) GcaGeneric- 1 identical 39 lines
12-15 12:51:01.749 13466 13500 D qdgralloc: GetYUVPlaneInfo: Invalid format passed: 0x21
12-15 12:51:01.751 13466 13500 W ntj : CaptureResult is present COLOR_CORRECTION_GAINS for Mi.
12-15 12:51:01.751 13466 13500 W ntj : CaptureResult is present COLOR_CORRECTION_GAINS NEUTRAL.
12-15 12:51:01.777 13466 13518 W CameraMetadataJV: Expect face scores and rectangles to be non-null
12-15 12:51:01.813 13466 13518 W CameraMetadataJV: Expect face scores and rectangles to be non-null
12-15 12:51:01.814 13466 13554 E CAM_A : Null pointer for OIS data. OIS API version: 2 [CONTEXT ratelimit_period="67 MILLISECONDS [skipped: 2]" ]
12-15 12:51:01.847 13466 13518 W CameraMetadataJV: Expect face scores and rectangles to be non-null
12-15 12:51:01.879 13466 13518 W CameraMetadataJV: Expect face scores and rectangles to be non-null
12-15 12:51:01.911 13466 13518 W CameraMetadataJV: Expect face scores and rectangles to be non-null
12-15 12:51:01.912 13466 13554 E CAM_A : Null pointer for OIS data. OIS API version: 2 [CONTEXT ratelimit_period="67 MILLISECONDS [skipped: 2]" ]
12-15 12:51:01.943 13466 13518 W CameraMetadataJV: Expect face scores and rectangles to be non-null
12-15 12:51:01.948 13466 13501 D qdgralloc: GetYUVPlaneInfo: Invalid format passed: 0x21
12-15 12:51:01.949 13466 13501 I chatty : uid=10296(com.android.lmc82) GcaGeneric- 2 identical 40 lines
12-15 12:51:01.949 13466 13501 D qdgralloc: GetYUVPlaneInfo: Invalid format passed: 0x21
12-15 12:51:01.951 13466 13501 W ntj : CaptureResult is present COLOR_CORRECTION_GAINS for Mi.
12-15 12:51:01.951 13466 13501 W ntj : CaptureResult is present COLOR_CORRECTION_GAINS NEUTRAL.
12-15 12:51:01.976 13466 13518 W CameraMetadataJV: Expect face scores and rectangles to be non-null
12-15 12:51:02.013 13466 13518 W CameraMetadataJV: Expect face scores and rectangles to be non-null
12-15 12:51:02.014 13466 13554 E CAM_A : Null pointer for OIS data. OIS API version: 2 [CONTEXT ratelimit_period="67 MILLISECONDS [skipped: 2]" ]
12-15 12:51:02.049 13466 13518 W CameraMetadataJV: Expect face scores and rectangles to be non-null
12-15 12:51:02.079 13466 13518 W CameraMetadataJV: Expect face scores and rectangles to be non-null
12-15 12:51:02.111 13466 13518 W CameraMetadataJV: Expect face scores and rectangles to be non-null
12-15 12:51:02.112 13466 13554 E CAM_A : Null pointer for OIS data. OIS API version: 2 [CONTEXT ratelimit_period="67 MILLISECONDS [skipped: 2]" ]
12-15 12:51:02.143 13466 13518 W CameraMetadataJV: Expect face scores and rectangles to be non-null
12-15 12:51:02.145 13466 13500 D qdgralloc: GetYUVPlaneInfo: Invalid format passed: 0x21
12-15 12:51:02.147 13466 13500 I chatty : uid=10296(com.android.lmc82) GcaGeneric- 1 identical 39 lines
12-15 12:51:02.147 13466 13500 D qdgralloc: GetYUVPlaneInfo: Invalid format passed: 0x21
12-15 12:51:02.149 13466 13500 W ntj : CaptureResult is present COLOR_CORRECTION_GAINS for Mi.
12-15 12:51:02.149 13466 13500 W ntj : CaptureResult is present COLOR_CORRECTION_GAINS NEUTRAL.
12-15 12:51:02.180 13466 13518 W CameraMetadataJV: Expect face scores and rectangles to be non-null
12-15 12:51:02.181 13466 13554 E CAM_A : Null pointer for OIS data. OIS API version: 2 [CONTEXT ratelimit_period="67 MILLISECONDS [skipped: 1]" ]
12-15 12:51:02.210 13466 13518 W CameraMetadataJV: Expect face scores and rectangles to be non-null
12-15 12:51:02.247 13466 13518 W CameraMetadataJV: Expect face scores and rectangles to be non-null
12-15 12:51:02.248 13466 13554 E CAM_A : Null pointer for OIS data. OIS API version: 2 [CONTEXT ratelimit_period="67 MILLISECONDS [skipped: 1]" ]
12-15 12:51:02.277 13466 13518 W CameraMetadataJV: Expect face scores and rectangles to be non-null
12-15 12:51:02.311 13466 13518 W CameraMetadataJV: Expect face scores and rectangles to be non-null
12-15 12:51:02.343 13466 13518 W CameraMetadataJV: Expect face scores and rectangles to be non-null
12-15 12:51:02.343 13466 13554 E CAM_A : Null pointer for OIS data. OIS API version: 2 [CONTEXT ratelimit_period="67 MILLISECONDS [skipped: 2]" ]
12-15 12:51:02.348 13466 13500 D qdgralloc: GetYUVPlaneInfo: Invalid format passed: 0x21
12-15 12:51:02.349 13466 13500 I chatty : uid=10296(com.android.lmc82) GcaGeneric- 1 identical 40 lines
12-15 12:51:02.349 13466 13500 D qdgralloc: GetYUVPlaneInfo: Invalid format passed: 0x21
12-15 12:51:02.351 13466 13500 W ntj : CaptureResult is present COLOR_CORRECTION_GAINS for Mi.
12-15 12:51:02.351 13466 13500 W ntj : CaptureResult is present COLOR_CORRECTION_GAINS NEUTRAL.
12-15 12:51:02.376 13466 13518 W CameraMetadataJV: Expect face scores and rectangles to be non-null
12-15 12:51:02.411 13466 13518 W CameraMetadataJV: Expect face scores and rectangles to be non-null
12-15 12:51:02.413 13466 13554 E CAM_A : Null pointer for OIS data. OIS API version: 2 [CONTEXT ratelimit_period="67 MILLISECONDS [skipped: 1]" ]
12-15 12:51:02.445 13466 13518 W CameraMetadataJV: Expect face scores and rectangles to be non-null
12-15 12:51:02.478 13466 13518 W CameraMetadataJV: Expect face scores and rectangles to be non-null
12-15 12:51:02.513 13466 13518 W CameraMetadataJV: Expect face scores and rectangles to be non-null
12-15 12:51:02.515 13466 13554 E CAM_A : Null pointer for OIS data. OIS API version: 2 [CONTEXT ratelimit_period="67 MILLISECONDS [skipped: 2]" ]
12-15 12:51:02.545 13466 13518 W CameraMetadataJV: Expect face scores and rectangles to be non-null
12-15 12:51:02.549 13466 13501 D qdgralloc: GetYUVPlaneInfo: Invalid format passed: 0x21
12-15 12:51:02.550 13466 13501 I chatty : uid=10296(com.android.lmc82) GcaGeneric- 2 identical 39 lines
12-15 12:51:02.550 13466 13501 D qdgralloc: GetYUVPlaneInfo: Invalid format passed: 0x21
12-15 12:51:02.552 13466 13501 W ntj : CaptureResult is present COLOR_CORRECTION_GAINS for Mi.
12-15 12:51:02.552 13466 13501 W ntj : CaptureResult is present COLOR_CORRECTION_GAINS NEUTRAL.
12-15 12:51:02.576 13466 13518 W CameraMetadataJV: Expect face scores and rectangles to be non-null
12-15 12:51:02.613 13466 13518 W CameraMetadataJV: Expect face scores and rectangles to be non-null
12-15 12:51:02.614 13466 13554 E CAM_A : Null pointer for OIS data. OIS API version: 2 [CONTEXT ratelimit_period="67 MILLISECONDS [skipped: 2]" ]
12-15 12:51:02.645 13466 13518 W CameraMetadataJV: Expect face scores and rectangles to be non-null
12-15 12:51:02.686 13466 13518 W CameraMetadataJV: Expect face scores and rectangles to be non-null
12-15 12:51:02.687 13466 13554 E CAM_A : Null pointer for OIS data. OIS API version: 2 [CONTEXT ratelimit_period="67 MILLISECONDS [skipped: 1]" ]
12-15 12:51:02.710 13466 13518 W CameraMetadataJV: Expect face scores and rectangles to be non-null
12-15 12:51:02.743 13466 13518 W CameraMetadataJV: Expect face scores and rectangles to be non-null
12-15 12:51:02.751 13466 13501 D qdgralloc: GetYUVPlaneInfo: Invalid format passed: 0x21
12-15 12:51:02.752 13466 13501 I chatty : uid=10296(com.android.lmc82) GcaGeneric- 2 identical 40 lines
12-15 12:51:02.752 13466 13501 D qdgralloc: GetYUVPlaneInfo: Invalid format passed: 0x21
12-15 12:51:02.753 13466 13501 W ntj : CaptureResult is present COLOR_CORRECTION_GAINS for Mi.
12-15 12:51:02.753 13466 13501 W ntj : CaptureResult is present COLOR_CORRECTION_GAINS NEUTRAL.
12-15 12:51:02.778 13466 13518 W CameraMetadataJV: Expect face scores and rectangles to be non-null
12-15 12:51:02.779 13466 13554 E CAM_A : Null pointer for OIS data. OIS API version: 2 [CONTEXT ratelimit_period="67 MILLISECONDS [skipped: 2]" ]
12-15 12:51:02.812 13466 13518 W CameraMetadataJV: Expect face scores and rectangles to be non-null
12-15 12:51:02.845 13466 13518 W CameraMetadataJV: Expect face scores and rectangles to be non-null
12-15 12:51:02.846 13466 13554 E CAM_A : Null pointer for OIS data. OIS API version: 2 [CONTEXT ratelimit_period="67 MILLISECONDS [skipped: 1]" ]
12-15 12:51:02.877 13466 13518 W CameraMetadataJV: Expect face scores and rectangles to be non-null
12-15 12:51:02.911 13466 13518 W CameraMetadataJV: Expect face scores and rectangles to be non-null
12-15 12:51:02.912 13466 13554 E CAM_A : Null pointer for OIS data. OIS API version: 2 [CONTEXT ratelimit_period="67 MILLISECONDS [skipped: 1]" ]
12-15 12:51:02.946 13466 13518 W CameraMetadataJV: Expect face scores and rectangles to be non-null
12-15 12:51:02.949 13466 13500 D qdgralloc: GetYUVPlaneInfo: Invalid format passed: 0x21
12-15 12:51:02.951 13466 13500 I chatty : uid=10296(com.android.lmc82) GcaGeneric- 1 identical 39 lines
12-15 12:51:02.951 13466 13500 D qdgralloc: GetYUVPlaneInfo: Invalid format passed: 0x21
12-15 12:51:02.952 13466 13500 W ntj : CaptureResult is present COLOR_CORRECTION_GAINS for Mi.
12-15 12:51:02.952 13466 13500 W ntj : CaptureResult is present COLOR_CORRECTION_GAINS NEUTRAL.
12-15 12:51:02.978 13466 13518 W CameraMetadataJV: Expect face scores and rectangles to be non-null
12-15 12:51:03.014 13466 13518 W CameraMetadataJV: Expect face scores and rectangles to be non-null
12-15 12:51:03.015 13466 13554 E CAM_A : Null pointer for OIS data. OIS API version: 2 [CONTEXT ratelimit_period="67 MILLISECONDS [skipped: 2]" ]
12-15 12:51:03.046 13466 13518 W CameraMetadataJV: Expect face scores and rectangles to be non-null
12-15 12:51:03.081 13466 13518 W CameraMetadataJV: Expect face scores and rectangles to be non-null
12-15 12:51:03.082 13466 13554 E CAM_A : Null pointer for OIS data. OIS API version: 2 [CONTEXT ratelimit_period="67 MILLISECONDS [skipped: 1]" ]
12-15 12:51:03.112 13466 13518 W CameraMetadataJV: Expect face scores and rectangles to be non-null
12-15 12:51:03.148 13466 13518 W CameraMetadataJV: Expect face scores and rectangles to be non-null
12-15 12:51:03.149 13466 13554 E CAM_A : Null pointer for OIS data. OIS API version: 2 [CONTEXT ratelimit_period="67 MILLISECONDS [skipped: 1]" ]
12-15 12:51:03.152 13466 13501 D qdgralloc: GetYUVPlaneInfo: Invalid format passed: 0x21
12-15 12:51:03.154 13466 13501 I chatty : uid=10296(com.android.lmc82) GcaGeneric- 2 identical 40 lines
12-15 12:51:03.154 13466 13501 D qdgralloc: GetYUVPlaneInfo: Invalid format passed: 0x21
12-15 12:51:03.155 13466 13501 W ntj : CaptureResult is present COLOR_CORRECTION_GAINS for Mi.
12-15 12:51:03.155 13466 13501 W ntj : CaptureResult is present COLOR_CORRECTION_GAINS NEUTRAL.
12-15 12:51:03.178 13466 13518 W CameraMetadataJV: Expect face scores and rectangles to be non-null
12-15 12:51:03.215 13466 13518 W CameraMetadataJV: Expect face scores and rectangles to be non-null
12-15 12:51:03.216 13466 13554 E CAM_A : Null pointer for OIS data. OIS API version: 2 [CONTEXT ratelimit_period="67 MILLISECONDS [skipped: 1]" ]
12-15 12:51:03.250 13466 13518 W CameraMetadataJV: Expect face scores and rectangles to be non-null
12-15 12:51:03.280 13466 13518 W CameraMetadataJV: Expect face scores and rectangles to be non-null
12-15 12:51:03.317 13466 13518 W CameraMetadataJV: Expect face scores and rectangles to be non-null
12-15 12:51:03.318 13466 13554 E CAM_A : Null pointer for OIS data. OIS API version: 2 [CONTEXT ratelimit_period="67 MILLISECONDS [skipped: 2]" ]
12-15 12:51:03.343 13466 13518 W CameraMetadataJV: Expect face scores and rectangles to be non-null
12-15 12:51:03.347 13466 13501 D qdgralloc: GetYUVPlaneInfo: Invalid format passed: 0x21
12-15 12:51:03.348 13466 13501 I chatty : uid=10296(com.android.lmc82) GcaGeneric- 2 identical 39 lines
12-15 12:51:03.348 13466 13501 D qdgralloc: GetYUVPlaneInfo: Invalid format passed: 0x21
12-15 12:51:03.349 13466 13501 W ntj : CaptureResult is present COLOR_CORRECTION_GAINS for Mi.
