08-28 05:02:15.852 26920 28023 D d : Purge check current cache total: 61610029 target: 94371840
08-28 05:02:15.862 26920 27674 D com.vungle.warren.d: saving MRAID for 630a9466ea86378b24a854a1
08-28 05:02:15.876 26920 28024 D b : Response code: 200 com.vungle.warren.downloader.DownloadRequestMediator@35b5a00
08-28 05:02:15.878 26920 28024 E i : Cannot delete m7Ol8MVlEUGuuu1cHySIVaXNo2-pnOjSFbd7_vFg5fs=
08-28 05:02:15.878 26920 28024 E i : java.nio.file.NoSuchFileException: /storage/emulated/0/Android/data/apkdone.com/no_backup/vungle_cache/clever_cache/ assets/m7Ol8MVlEUGuuu1cHySIVaXNo2-pnOjSFbd7_vFg5fs=
08-28 05:02:15.878 26920 28024 E i : at sun.nio.fs.UnixFileSystemProvider.implDelete(UnixFileSystemProvider.java:244)
08-28 05:02:15.878 26920 28024 E i : at sun.nio.fs.AbstractFileSystemProvider.delete(AbstractFileSystemProvider.java:103)
08-28 05:02:15.878 26920 28024 E i : at java.nio.file.Files.delete(Files.java:1126)
08-28 05:02:15.878 26920 28024 E i : at com.vungle.warren.utility.i.c(FileUtility.java:2)
08-28 05:02:15.878 26920 28024 E i : at com.vungle.warren.downloader.b.R(AssetDownloader.java:1)
08-28 05:02:15.878 26920 28024 E i : at com.vungle.warren.downloader.b.r(Unknown Source:0)
08-28 05:02:15.878 26920 28024 E i : at com.vungle.warren.downloader.b$b.run(AssetDownloader.java:111)
08-28 05:02:15.878 26920 28024 E i : at java.util.concurrent.ThreadPoolExecutor.runWorker(ThreadPoolExecutor.java:1167)
08-28 05:02:15.878 26920 28024 E i : at java.util.concurrent.ThreadPoolExecutor$Worker.run(ThreadPoolExecutor.java:641)
08-28 05:02:15.878 26920 28024 E i : at java.lang.Thread.run(Thread.java:920)
08-28 05:02:15.880 26920 28024 E i : Cannot delete m7Ol8MVlEUGuuu1cHySIVaXNo2-pnOjSFbd7_vFg5fs=.vng_meta
08-28 05:02:15.880 26920 28024 E i : java.nio.file.NoSuchFileException: /storage/emulated/0/Android/data/apkdone.com/no_backup/vungle_cache/clever_cache/ assets/meta/m7Ol8MVlEUGuuu1cHySIVaXNo2-pnOjSFbd7_vFg5fs=.vng_meta
08-28 05:02:15.880 26920 28024 E i : at sun.nio.fs.UnixFileSystemProvider.implDelete(UnixFileSystemProvider.java:244)
08-28 05:02:15.880 26920 28024 E i : at sun.nio.fs.AbstractFileSystemProvider.delete(AbstractFileSystemProvider.java:103)
08-28 05:02:15.880 26920 28024 E i : at java.nio.file.Files.delete(Files.java:1126)
08-28 05:02:15.880 26920 28024 E i : at com.vungle.warren.utility.i.c(FileUtility.java:2)
08-28 05:02:15.880 26920 28024 E i : at com.vungle.warren.downloader.b.R(AssetDownloader.java:2)
08-28 05:02:15.880 26920 28024 E i : at com.vungle.warren.downloader.b.r(Unknown Source:0)
08-28 05:02:15.880 26920 28024 E i : at com.vungle.warren.downloader.b$b.run(AssetDownloader.java:111)
08-28 05:02:15.880 26920 28024 E i : at java.util.concurrent.ThreadPoolExecutor.runWorker(ThreadPoolExecutor.java:1167)
08-28 05:02:15.880 26920 28024 E i : at java.util.concurrent.ThreadPoolExecutor$Worker.run(ThreadPoolExecutor.java:641)
08-28 05:02:15.880 26920 28024 E i : at java.lang.Thread.run(Thread.java:920)
08-28 05:02:15.880 26920 27685 I b : Searching for valid advertisement for placement with APP_OPEN_HIGH_PRICE-9667104event ID null
08-28 05:02:15.881 26920 28024 E i : Cannot delete m7Ol8MVlEUGuuu1cHySIVaXNo2-pnOjSFbd7_vFg5fs=.vng_meta
08-28 05:02:15.881 26920 28024 E i : java.nio.file.NoSuchFileException: /storage/emulated/0/Android/data/apkdone.com/no_backup/vungle_cache/clever_cache/ assets/meta/m7Ol8MVlEUGuuu1cHySIVaXNo2-pnOjSFbd7_vFg5fs=.vng_meta
08-28 05:02:15.881 26920 28024 E i : at sun.nio.fs.UnixFileSystemProvider.implDelete(UnixFileSystemProvider.java:244)
08-28 05:02:15.881 26920 28024 E i : at sun.nio.fs.AbstractFileSystemProvider.delete(AbstractFileSystemProvider.java:103)
08-28 05:02:15.881 26920 28024 E i : at java.nio.file.Files.delete(Files.java:1126)
08-28 05:02:15.881 26920 28024 E i : at com.vungle.warren.utility.i.c(FileUtility.java:2)
08-28 05:02:15.881 26920 28024 E i : at com.vungle.warren.downloader.b$b.run(AssetDownloader.java:112)
08-28 05:02:15.881 26920 28024 E i : at java.util.concurrent.ThreadPoolExecutor.runWorker(ThreadPoolExecutor.java:1167)
08-28 05:02:15.881 26920 28024 E i : at java.util.concurrent.ThreadPoolExecutor$Worker.run(ThreadPoolExecutor.java:641)
08-28 05:02:15.881 26920 28024 E i : at java.lang.Thread.run(Thread.java:920)
08-28 05:02:15.881 26920 27674 I com.vungle.warren.d: didn't find cached adv for AdRequest{placementId='APP_OPEN_HIGH_PRICE-9667104', adMarkup=null, type=0, adCount=1} downloading
08-28 05:02:15.881 26920 27674 D com.vungle.warren.d: No adv for placement APP_OPEN_HIGH_PRICE-9667104 getting new data
08-28 05:02:15.882 26920 27674 V com.vungle.warren.d: [ttDownloadContext] Start to request ad, request = AdRequest{placementId='APP_OPEN_HIGH_PRICE-9667104', adMarkup=null, type=0, adCount=1}, at: 1661637735881
08-28 05:02:15.886 26920 28024 D b : Start download from bytes: 0, mediator url - https://v16-ad.byteoversea.com/238633be858198640ae0797a0df5df8f/630ab822/ video/tos/alisg/tos-alisg-v-0000/8f0fa52e7b17452b9d47dc801d914b98/toutiao.mp4, path - /storage/emulated/0/Android/data/apkdone.com/no_backup/vungle_cache/ clever_cache/assets/m7Ol8MVlEUGuuu1cHySIVaXNo2-pnOjSFbd7_vFg5fs=, th - pool-68- thread-4id com.vungle.warren.downloader.DownloadRequestMediator@35b5a00
08-28 05:02:15.886 26920 28024 D b : final offset = 0
08-28 05:02:15.887 26920 28024 D b : Progress 0 status 0 com.vungle.warren.downloader.DownloadRequestMediator@35b5a00 /storage/emulated/0/Android/data/apkdone.com/no_backup/vungle_cache/clever_cache/ assets/m7Ol8MVlEUGuuu1cHySIVaXNo2-pnOjSFbd7_vFg5fs=
08-28 05:02:15.893 26920 26920 D b : On progress DownloadRequest{networkType=3, priority=AssetPriority{firstPriority=5, secondPriority=0}, url='https://v16-ad.byteoversea.com/238633be858198640ae0797a0df5df8f/630ab822/ video/tos/alisg/tos-alisg-v-0000/8f0fa52e7b17452b9d47dc801d914b98/toutiao.mp4', path='/storage/emulated/0/Android/data/apkdone.com/no_backup/vungle_cache/vungle/ 630a94675016f4809a36996f/toutiao.mp4', pauseOnConnectionLost=false, id='6c65df54- bc3a-380b-a41d-8d1b07bb3cec', cookieString='5b592189-b085-4e3e-963b-0600ee186b66', cancelled=false}
08-28 05:02:15.901 26920 28024 D b : Progress 5 status 1 com.vungle.warren.downloader.DownloadRequestMediator@35b5a00 /storage/emulated/0/Android/data/apkdone.com/no_backup/vungle_cache/clever_cache/ assets/m7Ol8MVlEUGuuu1cHySIVaXNo2-pnOjSFbd7_vFg5fs=
08-28 05:02:15.906 26920 26920 D b : On progress DownloadRequest{networkType=3, priority=AssetPriority{firstPriority=5, secondPriority=0}, url='https://v16-ad.byteoversea.com/238633be858198640ae0797a0df5df8f/630ab822/ video/tos/alisg/tos-alisg-v-0000/8f0fa52e7b17452b9d47dc801d914b98/toutiao.mp4', path='/storage/emulated/0/Android/data/apkdone.com/no_backup/vungle_cache/vungle/ 630a94675016f4809a36996f/toutiao.mp4', pauseOnConnectionLost=false, id='6c65df54- bc3a-380b-a41d-8d1b07bb3cec', cookieString='5b592189-b085-4e3e-963b-0600ee186b66', cancelled=false}
08-28 05:02:15.913 26920 27674 I com.vungle.warren.d: found already cached valid adv, calling onAdLoad callback for request AdRequest{placementId='DEFAULT-6045176', adMarkup=null, type=0, adCount=1}
08-28 05:02:15.917 26920 27674 I com.vungle.warren.d: loading took 4401ms for:AdRequest{placementId='DEFAULT-6045176', adMarkup=null, type=0, adCount=1}
08-28 05:02:15.918 26920 28024 D b : Progress 10 status 1 com.vungle.warren.downloader.DownloadRequestMediator@35b5a00 /storage/emulated/0/Android/data/apkdone.com/no_backup/vungle_cache/clever_cache/ assets/m7Ol8MVlEUGuuu1cHySIVaXNo2-pnOjSFbd7_vFg5fs=
08-28 05:02:15.918 26920 26920 D b : On progress DownloadRequest{networkType=3, priority=AssetPriority{firstPriority=5, secondPriority=0}, url='https://v16-ad.byteoversea.com/238633be858198640ae0797a0df5df8f/630ab822/ video/tos/alisg/tos-alisg-v-0000/8f0fa52e7b17452b9d47dc801d914b98/toutiao.mp4', path='/storage/emulated/0/Android/data/apkdone.com/no_backup/vungle_cache/vungle/ 630a94675016f4809a36996f/toutiao.mp4', pauseOnConnectionLost=false, id='6c65df54- bc3a-380b-a41d-8d1b07bb3cec', cookieString='5b592189-b085-4e3e-963b-0600ee186b66', cancelled=false}
08-28 05:02:15.922 26920 27674 V com.vungle.warren.d: [ttDownloadContext] Start to unzip assets, request = AdRequest{placementId='GAME_DOWNLOAD_REWARD_BIDDING- 7168597', adMarkup=null, type=2, adCount=1}, at: 1661637735921
08-28 05:02:15.932 26920 27674 D com.vungle.warren.d: Uzipped /storage/emulated/0/Android/data/apkdone.com/no_backup/vungle_cache/vungle/ 630a94675016f4809a36996f
08-28 05:02:15.933 26920 27674 V com.vungle.warren.d: [ttDownloadContext] Unzip assets completed, request = AdRequest{placementId='GAME_DOWNLOAD_REWARD_BIDDING- 7168597', adMarkup=null, type=2, adCount=1}, elapsed time = 12ms
08-28 05:02:15.933 26920 27674 D com.vungle.warren.d: download completed AdRequest{placementId='GAME_PAGE_DETAIL_INTER_BIDDING-6482773', adMarkup=null, type=2, adCount=1}
08-28 05:02:15.938 26920 27685 I b : Setting 1 for adv 630a9466ea86378b24a854a1 and pl GAME_PAGE_DETAIL_INTER_BIDDING-6482773
08-28 05:02:15.942 26920 28024 D b : Progress 15 status 1 com.vungle.warren.downloader.DownloadRequestMediator@35b5a00 /storage/emulated/0/Android/data/apkdone.com/no_backup/vungle_cache/clever_cache/ assets/m7Ol8MVlEUGuuu1cHySIVaXNo2-pnOjSFbd7_vFg5fs=
08-28 05:02:15.945 26920 27674 I com.vungle.warren.d: found already cached valid adv, calling onAdLoad callback for request AdRequest{placementId='GAME_PAGE_DETAIL_INTER_BIDDING-6482773', adMarkup=null, type=2, adCount=1}
08-28 05:02:15.948 26920 27674 I com.vungle.warren.d: loading took 4431ms for:AdRequest{placementId='GAME_PAGE_DETAIL_INTER_BIDDING-6482773', adMarkup=null, type=2, adCount=1}
08-28 05:02:15.953 26920 26920 D b : On progress DownloadRequest{networkType=3, priority=AssetPriority{firstPriority=5, secondPriority=0}, url='https://v16-ad.byteoversea.com/238633be858198640ae0797a0df5df8f/630ab822/ video/tos/alisg/tos-alisg-v-0000/8f0fa52e7b17452b9d47dc801d914b98/toutiao.mp4', path='/storage/emulated/0/Android/data/apkdone.com/no_backup/vungle_cache/vungle/ 630a94675016f4809a36996f/toutiao.mp4', pauseOnConnectionLost=false, id='6c65df54- bc3a-380b-a41d-8d1b07bb3cec', cookieString='5b592189-b085-4e3e-963b-0600ee186b66', cancelled=false}
08-28 05:02:15.959 26920 28024 D b : Progress 20 status 1 com.vungle.warren.downloader.DownloadRequestMediator@35b5a00 /storage/emulated/0/Android/data/apkdone.com/no_backup/vungle_cache/clever_cache/ assets/m7Ol8MVlEUGuuu1cHySIVaXNo2-pnOjSFbd7_vFg5fs=
08-28 05:02:15.971 26920 26920 D b : On progress DownloadRequest{networkType=3, priority=AssetPriority{firstPriority=5, secondPriority=0}, url='https://v16-ad.byteoversea.com/238633be858198640ae0797a0df5df8f/630ab822/ video/tos/alisg/tos-alisg-v-0000/8f0fa52e7b17452b9d47dc801d914b98/toutiao.mp4', path='/storage/emulated/0/Android/data/apkdone.com/no_backup/vungle_cache/vungle/ 630a94675016f4809a36996f/toutiao.mp4', pauseOnConnectionLost=false, id='6c65df54- bc3a-380b-a41d-8d1b07bb3cec', cookieString='5b592189-b085-4e3e-963b-0600ee186b66', cancelled=false}
08-28 05:02:15.978 26920 28024 D b : Progress 25 status 1 com.vungle.warren.downloader.DownloadRequestMediator@35b5a00 /storage/emulated/0/Android/data/apkdone.com/no_backup/vungle_cache/clever_cache/ assets/m7Ol8MVlEUGuuu1cHySIVaXNo2-pnOjSFbd7_vFg5fs=
08-28 05:02:15.988 26920 26920 D b : On progress DownloadRequest{networkType=3, priority=AssetPriority{firstPriority=5, secondPriority=0}, url='https://v16-ad.byteoversea.com/238633be858198640ae0797a0df5df8f/630ab822/ video/tos/alisg/tos-alisg-v-0000/8f0fa52e7b17452b9d47dc801d914b98/toutiao.mp4', path='/storage/emulated/0/Android/data/apkdone.com/no_backup/vungle_cache/vungle/ 630a94675016f4809a36996f/toutiao.mp4', pauseOnConnectionLost=false, id='6c65df54- bc3a-380b-a41d-8d1b07bb3cec', cookieString='5b592189-b085-4e3e-963b-0600ee186b66', cancelled=false}
08-28 05:02:15.994 26920 28024 D b : Progress 30 status 1 com.vungle.warren.downloader.DownloadRequestMediator@35b5a00 /storage/emulated/0/Android/data/apkdone.com/no_backup/vungle_cache/clever_cache/ assets/m7Ol8MVlEUGuuu1cHySIVaXNo2-pnOjSFbd7_vFg5fs=
08-28 05:02:16.003 26920 26920 D b : On progress DownloadRequest{networkType=3, priority=AssetPriority{firstPriority=5, secondPriority=0}, url='https://v16-ad.byteoversea.com/238633be858198640ae0797a0df5df8f/630ab822/ video/tos/alisg/tos-alisg-v-0000/8f0fa52e7b17452b9d47dc801d914b98/toutiao.mp4', path='/storage/emulated/0/Android/data/apkdone.com/no_backup/vungle_cache/vungle/ 630a94675016f4809a36996f/toutiao.mp4', pauseOnConnectionLost=false, id='6c65df54- bc3a-380b-a41d-8d1b07bb3cec', cookieString='5b592189-b085-4e3e-963b-0600ee186b66', cancelled=false}
08-28 05:02:16.013 26920 28024 D b : Progress 35 status 1 com.vungle.warren.downloader.DownloadRequestMediator@35b5a00 /storage/emulated/0/Android/data/apkdone.com/no_backup/vungle_cache/clever_cache/ assets/m7Ol8MVlEUGuuu1cHySIVaXNo2-pnOjSFbd7_vFg5fs=
08-28 05:02:16.023 26920 26920 D b : On progress DownloadRequest{networkType=3, priority=AssetPriority{firstPriority=5, secondPriority=0}, url='https://v16-ad.byteoversea.com/238633be858198640ae0797a0df5df8f/630ab822/ video/tos/alisg/tos-alisg-v-0000/8f0fa52e7b17452b9d47dc801d914b98/toutiao.mp4', path='/storage/emulated/0/Android/data/apkdone.com/no_backup/vungle_cache/vungle/ 630a94675016f4809a36996f/toutiao.mp4', pauseOnConnectionLost=false, id='6c65df54- bc3a-380b-a41d-8d1b07bb3cec', cookieString='5b592189-b085-4e3e-963b-0600ee186b66', cancelled=false}
08-28 05:02:16.033 26920 28024 D b : Progress 40 status 1 com.vungle.warren.downloader.DownloadRequestMediator@35b5a00 /storage/emulated/0/Android/data/apkdone.com/no_backup/vungle_cache/clever_cache/ assets/m7Ol8MVlEUGuuu1cHySIVaXNo2-pnOjSFbd7_vFg5fs=
08-28 05:02:16.033 26920 26920 D b : On progress DownloadRequest{networkType=3, priority=AssetPriority{firstPriority=5, secondPriority=0}, url='https://v16-ad.byteoversea.com/238633be858198640ae0797a0df5df8f/630ab822/ video/tos/alisg/tos-alisg-v-0000/8f0fa52e7b17452b9d47dc801d914b98/toutiao.mp4', path='/storage/emulated/0/Android/data/apkdone.com/no_backup/vungle_cache/vungle/ 630a94675016f4809a36996f/toutiao.mp4', pauseOnConnectionLost=false, id='6c65df54- bc3a-380b-a41d-8d1b07bb3cec', cookieString='5b592189-b085-4e3e-963b-0600ee186b66', cancelled=false}
08-28 05:02:16.058 26920 28024 D b : Progress 45 status 1 com.vungle.warren.downloader.DownloadRequestMediator@35b5a00 /storage/emulated/0/Android/data/apkdone.com/no_backup/vungle_cache/clever_cache/ assets/m7Ol8MVlEUGuuu1cHySIVaXNo2-pnOjSFbd7_vFg5fs=
08-28 05:02:16.058 26920 26920 D b : On progress DownloadRequest{networkType=3, priority=AssetPriority{firstPriority=5, secondPriority=0}, url='https://v16-ad.byteoversea.com/238633be858198640ae0797a0df5df8f/630ab822/ video/tos/alisg/tos-alisg-v-0000/8f0fa52e7b17452b9d47dc801d914b98/toutiao.mp4', path='/storage/emulated/0/Android/data/apkdone.com/no_backup/vungle_cache/vungle/ 630a94675016f4809a36996f/toutiao.mp4', pauseOnConnectionLost=false, id='6c65df54- bc3a-380b-a41d-8d1b07bb3cec', cookieString='5b592189-b085-4e3e-963b-0600ee186b66', cancelled=false}
08-28 05:02:16.075 26920 28024 D b : Progress 50 status 1 com.vungle.warren.downloader.DownloadRequestMediator@35b5a00 /storage/emulated/0/Android/data/apkdone.com/no_backup/vungle_cache/clever_cache/ assets/m7Ol8MVlEUGuuu1cHySIVaXNo2-pnOjSFbd7_vFg5fs=
08-28 05:02:16.088 26920 26920 D b : On progress DownloadRequest{networkType=3, priority=AssetPriority{firstPriority=5, secondPriority=0}, url='https://v16-ad.byteoversea.com/238633be858198640ae0797a0df5df8f/630ab822/ video/tos/alisg/tos-alisg-v-0000/8f0fa52e7b17452b9d47dc801d914b98/toutiao.mp4', path='/storage/emulated/0/Android/data/apkdone.com/no_backup/vungle_cache/vungle/ 630a94675016f4809a36996f/toutiao.mp4', pauseOnConnectionLost=false, id='6c65df54- bc3a-380b-a41d-8d1b07bb3cec', cookieString='5b592189-b085-4e3e-963b-0600ee186b66', cancelled=false}
08-28 05:02:16.090 26920 28024 D b : Progress 55 status 1 com.vungle.warren.downloader.DownloadRequestMediator@35b5a00 /storage/emulated/0/Android/data/apkdone.com/no_backup/vungle_cache/clever_cache/ assets/m7Ol8MVlEUGuuu1cHySIVaXNo2-pnOjSFbd7_vFg5fs=
08-28 05:02:16.102 26920 28024 D b : Progress 60 status 1 com.vungle.warren.downloader.DownloadRequestMediator@35b5a00 /storage/emulated/0/Android/data/apkdone.com/no_backup/vungle_cache/clever_cache/ assets/m7Ol8MVlEUGuuu1cHySIVaXNo2-pnOjSFbd7_vFg5fs=
08-28 05:02:16.104 26920 26920 D b : On progress DownloadRequest{networkType=3, priority=AssetPriority{firstPriority=5, secondPriority=0}, url='https://v16-ad.byteoversea.com/238633be858198640ae0797a0df5df8f/630ab822/ video/tos/alisg/tos-alisg-v-0000/8f0fa52e7b17452b9d47dc801d914b98/toutiao.mp4', path='/storage/emulated/0/Android/data/apkdone.com/no_backup/vungle_cache/vungle/ 630a94675016f4809a36996f/toutiao.mp4', pauseOnConnectionLost=false, id='6c65df54- bc3a-380b-a41d-8d1b07bb3cec', cookieString='5b592189-b085-4e3e-963b-0600ee186b66', cancelled=false}
08-28 05:02:16.105 26920 26920 D b : On progress DownloadRequest{networkType=3, priority=AssetPriority{firstPriority=5, secondPriority=0}, url='https://v16-ad.byteoversea.com/238633be858198640ae0797a0df5df8f/630ab822/ video/tos/alisg/tos-alisg-v-0000/8f0fa52e7b17452b9d47dc801d914b98/toutiao.mp4', path='/storage/emulated/0/Android/data/apkdone.com/no_backup/vungle_cache/vungle/ 630a94675016f4809a36996f/toutiao.mp4', pauseOnConnectionLost=false, id='6c65df54- bc3a-380b-a41d-8d1b07bb3cec', cookieString='5b592189-b085-4e3e-963b-0600ee186b66', cancelled=false}
08-28 05:02:16.118 26920 28024 D b : Progress 65 status 1 com.vungle.warren.downloader.DownloadRequestMediator@35b5a00 /storage/emulated/0/Android/data/apkdone.com/no_backup/vungle_cache/clever_cache/ assets/m7Ol8MVlEUGuuu1cHySIVaXNo2-pnOjSFbd7_vFg5fs=
08-28 05:02:16.121 26920 26920 D b : On progress DownloadRequest{networkType=3, priority=AssetPriority{firstPriority=5, secondPriority=0}, url='https://v16-ad.byteoversea.com/238633be858198640ae0797a0df5df8f/630ab822/ video/tos/alisg/tos-alisg-v-0000/8f0fa52e7b17452b9d47dc801d914b98/toutiao.mp4', path='/storage/emulated/0/Android/data/apkdone.com/no_backup/vungle_cache/vungle/ 630a94675016f4809a36996f/toutiao.mp4', pauseOnConnectionLost=false, id='6c65df54- bc3a-380b-a41d-8d1b07bb3cec', cookieString='5b592189-b085-4e3e-963b-0600ee186b66', cancelled=false}
08-28 05:02:16.134 26920 28024 D b : Progress 70 status 1 com.vungle.warren.downloader.DownloadRequestMediator@35b5a00 /storage/emulated/0/Android/data/apkdone.com/no_backup/vungle_cache/clever_cache/ assets/m7Ol8MVlEUGuuu1cHySIVaXNo2-pnOjSFbd7_vFg5fs=
08-28 05:02:16.140 26920 26920 D b : On progress DownloadRequest{networkType=3, priority=AssetPriority{firstPriority=5, secondPriority=0}, url='https://v16-ad.byteoversea.com/238633be858198640ae0797a0df5df8f/630ab822/ video/tos/alisg/tos-alisg-v-0000/8f0fa52e7b17452b9d47dc801d914b98/toutiao.mp4', path='/storage/emulated/0/Android/data/apkdone.com/no_backup/vungle_cache/vungle/ 630a94675016f4809a36996f/toutiao.mp4', pauseOnConnectionLost=false, id='6c65df54- bc3a-380b-a41d-8d1b07bb3cec', cookieString='5b592189-b085-4e3e-963b-0600ee186b66', cancelled=false}
08-28 05:02:16.150 26920 28024 D b : Progress 75 status 1 com.vungle.warren.downloader.DownloadRequestMediator@35b5a00 /storage/emulated/0/Android/data/apkdone.com/no_backup/vungle_cache/clever_cache/ assets/m7Ol8MVlEUGuuu1cHySIVaXNo2-pnOjSFbd7_vFg5fs=
08-28 05:02:16.150 26920 26920 D b : On progress DownloadRequest{networkType=3, priority=AssetPriority{firstPriority=5, secondPriority=0}, url='https://v16-ad.byteoversea.com/238633be858198640ae0797a0df5df8f/630ab822/ video/tos/alisg/tos-alisg-v-0000/8f0fa52e7b17452b9d47dc801d914b98/toutiao.mp4', path='/storage/emulated/0/Android/data/apkdone.com/no_backup/vungle_cache/vungle/ 630a94675016f4809a36996f/toutiao.mp4', pauseOnConnectionLost=false, id='6c65df54- bc3a-380b-a41d-8d1b07bb3cec', cookieString='5b592189-b085-4e3e-963b-0600ee186b66', cancelled=false}
08-28 05:02:16.165 26920 28024 D b : Progress 80 status 1 com.vungle.warren.downloader.DownloadRequestMediator@35b5a00 /storage/emulated/0/Android/data/apkdone.com/no_backup/vungle_cache/clever_cache/ assets/m7Ol8MVlEUGuuu1cHySIVaXNo2-pnOjSFbd7_vFg5fs=
08-28 05:02:16.171 26920 26920 D b : On progress DownloadRequest{networkType=3, priority=AssetPriority{firstPriority=5, secondPriority=0}, url='https://v16-ad.byteoversea.com/238633be858198640ae0797a0df5df8f/630ab822/ video/tos/alisg/tos-alisg-v-0000/8f0fa52e7b17452b9d47dc801d914b98/toutiao.mp4', path='/storage/emulated/0/Android/data/apkdone.com/no_backup/vungle_cache/vungle/ 630a94675016f4809a36996f/toutiao.mp4', pauseOnConnectionLost=false, id='6c65df54- bc3a-380b-a41d-8d1b07bb3cec', cookieString='5b592189-b085-4e3e-963b-0600ee186b66', cancelled=false}
08-28 05:02:16.184 26920 28024 D b : Progress 85 status 1 com.vungle.warren.downloader.DownloadRequestMediator@35b5a00 /storage/emulated/0/Android/data/apkdone.com/no_backup/vungle_cache/clever_cache/ assets/m7Ol8MVlEUGuuu1cHySIVaXNo2-pnOjSFbd7_vFg5fs=
08-28 05:02:16.187 26920 26920 E MethodChannel#jojoy.app_resource_plugin: Failed to handle method call
08-28 05:02:16.187 26920 26920 E MethodChannel#jojoy.app_resource_plugin: android.content.res.Resources$NotFoundException: Drawable apkdone.com:mipmap/ic_launcher_foreground with resource ID #0x7f0f0001
08-28 05:02:16.187 26920 26920 E MethodChannel#jojoy.app_resource_plugin: Caused by: android.content.res.Resources$NotFoundException: File res/mipmap/ic_launcher_foreground.xml from drawable resource ID #0x7f0f0001
08-28 05:02:16.187 26920 26920 E MethodChannel#jojoy.app_resource_plugin: at android.content.res.ResourcesImpl.loadDrawableForCookie(ResourcesImpl.java:900)
08-28 05:02:16.187 26920 26920 E MethodChannel#jojoy.app_resource_plugin: at android.content.res.ResourcesImpl.loadDrawable(ResourcesImpl.java:691)
08-28 05:02:16.187 26920 26920 E MethodChannel#jojoy.app_resource_plugin: at android.content.res.MiuiResourcesImpl.loadDrawable(MiuiResourcesImpl.java:307)
08-28 05:02:16.187 26920 26920 E MethodChannel#jojoy.app_resource_plugin: at android.content.res.Resources.loadDrawable(Resources.java:1017)
08-28 05:02:16.187 26920 26920 E MethodChannel#jojoy.app_resource_plugin: at android.content.res.Resources.getDrawableForDensity(Resources.java:1005)
08-28 05:02:16.187 26920 26920 E MethodChannel#jojoy.app_resource_plugin: at android.content.res.Resources.getDrawable(Resources.java:944)
08-28 05:02:16.187 26920 26920 E MethodChannel#jojoy.app_resource_plugin: at android.content.Context.getDrawable(Context.java:763)
08-28 05:02:16.187 26920 26920 E MethodChannel#jojoy.app_resource_plugin: at androidx.core.content.ContextCompat$Api21Impl.getDrawable(Unknown Source:0)
08-28 05:02:16.187 26920 26920 E MethodChannel#jojoy.app_resource_plugin: at androidx.core.content.ContextCompat.getDrawable(Unknown Source:0)
08-28 05:02:16.187 26920 26920 E MethodChannel#jojoy.app_resource_plugin: at com.example.plugin.AppResourcePlugin.a(AppResourcePlugin.kt:4)
08-28 05:02:16.187 26920 26920 E MethodChannel#jojoy.app_resource_plugin: at com.example.plugin.AppResourcePlugin.onMethodCall(AppResourcePlugin.kt:22)
08-28 05:02:16.187 26920 26920 E MethodChannel#jojoy.app_resource_plugin: at io.flutter.plugin.common.MethodChannel$IncomingMethodCallHandler.onMessage(MethodCh annel.java:2)
08-28 05:02:16.187 26920 26920 E MethodChannel#jojoy.app_resource_plugin: at io.flutter.embedding.engine.dart.DartMessenger.invokeHandler(DartMessenger.java:2)
08-28 05:02:16.187 26920 26920 E MethodChannel#jojoy.app_resource_plugin: at io.flutter.embedding.engine.dart.DartMessenger.lambda$dispatchMessageToQueue$0(Dart Messenger.java:2)
08-28 05:02:16.187 26920 26920 E MethodChannel#jojoy.app_resource_plugin: at io.flutter.embedding.engine.dart.DartMessenger.a(Unknown Source:0)
08-28 05:02:16.187 26920 26920 E MethodChannel#jojoy.app_resource_plugin: at io.flutter.embedding.engine.dart.a.run(Unknown Source:12)
08-28 05:02:16.187 26920 26920 E MethodChannel#jojoy.app_resource_plugin: at android.os.Handler.handleCallback(Handler.java:938)
08-28 05:02:16.187 26920 26920 E MethodChannel#jojoy.app_resource_plugin: at android.os.Handler.dispatchMessage(Handler.java:99)
08-28 05:02:16.187 26920 26920 E MethodChannel#jojoy.app_resource_plugin: at android.os.Looper.loopOnce(Looper.java:210)
08-28 05:02:16.187 26920 26920 E MethodChannel#jojoy.app_resource_plugin: at android.os.Looper.loop(Looper.java:299)
08-28 05:02:16.187 26920 26920 E MethodChannel#jojoy.app_resource_plugin: at android.app.ActivityThread.main(ActivityThread.java:8319)
08-28 05:02:16.187 26920 26920 E MethodChannel#jojoy.app_resource_plugin: at java.lang.reflect.Method.invoke(Native Method)
08-28 05:02:16.187 26920 26920 E MethodChannel#jojoy.app_resource_plugin: at com.android.internal.os.RuntimeInit$MethodAndArgsCaller.run(RuntimeInit.java:556)
08-28 05:02:16.187 26920 26920 E MethodChannel#jojoy.app_resource_plugin: at com.android.internal.os.ZygoteInit.main(ZygoteInit.java:1038)
08-28 05:02:16.187 26920 26920 E MethodChannel#jojoy.app_resource_plugin: Caused by: android.view.InflateException: Class not found x
08-28 05:02:16.187 26920 26920 E MethodChannel#jojoy.app_resource_plugin: at android.graphics.drawable.DrawableInflater.inflateFromClass(DrawableInflater.java:2 25)
08-28 05:02:16.187 26920 26920 E MethodChannel#jojoy.app_resource_plugin: at android.graphics.drawable.DrawableInflater.inflateFromXmlForDensity(DrawableInflate r.java:142)
08-28 05:02:16.187 26920 26920 E MethodChannel#jojoy.app_resource_plugin: at android.graphics.drawable.Drawable.createFromXmlInnerForDensity(Drawable.java:1414)
08-28 05:02:16.187 26920 26920 E MethodChannel#jojoy.app_resource_plugin: at android.graphics.drawable.Drawable.createFromXmlForDensity(Drawable.java:1373)
08-28 05:02:16.187 26920 26920 E MethodChannel#jojoy.app_resource_plugin: at android.content.res.ResourcesImpl.createFromXmlForDensity(ResourcesImpl.java:1516)
08-28 05:02:16.187 26920 26920 E MethodChannel#jojoy.app_resource_plugin: at android.content.res.ResourcesImpl.loadXmlDrawable(ResourcesImpl.java:934)
08-28 05:02:16.187 26920 26920 E MethodChannel#jojoy.app_resource_plugin: at android.content.res.ResourcesImpl.loadDrawableForCookie(ResourcesImpl.java:883)
08-28 05:02:16.187 26920 26920 E MethodChannel#jojoy.app_resource_plugin: ... 23 more
08-28 05:02:16.187 26920 26920 E MethodChannel#jojoy.app_resource_plugin: Caused by: java.lang.ClassNotFoundException: Didn't find class "x" on path: DexPathList[[zip file "/data/app/~~kixGn7zW248KGIOGoFF-Lw==/apkdone.com- 81Md4lzk5JD1I5w1cWk3cQ==/base.apk"],nativeLibraryDirectories=[/data/app/ ~~kixGn7zW248KGIOGoFF-Lw==/apkdone.com-81Md4lzk5JD1I5w1cWk3cQ==/lib/arm, /data/app/~~kixGn7zW248KGIOGoFF-Lw==/apkdone.com-81Md4lzk5JD1I5w1cWk3cQ==/ base.apk!/lib/armeabi-v7a, /system/lib, /system_ext/lib]]
08-28 05:02:16.187 26920 26920 E MethodChannel#jojoy.app_resource_plugin: at dalvik.system.BaseDexClassLoader.findClass(BaseDexClassLoader.java:218)
08-28 05:02:16.187 26920 26920 E MethodChannel#jojoy.app_resource_plugin: at java.lang.ClassLoader.loadClass(ClassLoader.java:379)
08-28 05:02:16.187 26920 26920 E MethodChannel#jojoy.app_resource_plugin: at java.lang.ClassLoader.loadClass(ClassLoader.java:312)
08-28 05:02:16.187 26920 26920 E MethodChannel#jojoy.app_resource_plugin: at android.graphics.drawable.DrawableInflater.inflateFromClass(DrawableInflater.java:2 06)
08-28 05:02:16.187 26920 26920 E MethodChannel#jojoy.app_resource_plugin: ... 29 more
08-28 05:02:16.189 26920 26920 D b : On progress DownloadRequest{networkType=3, priority=AssetPriority{firstPriority=5, secondPriority=0}, url='https://v16-ad.byteoversea.com/238633be858198640ae0797a0df5df8f/630ab822/ video/tos/alisg/tos-alisg-v-0000/8f0fa52e7b17452b9d47dc801d914b98/toutiao.mp4', path='/storage/emulated/0/Android/data/apkdone.com/no_backup/vungle_cache/vungle/ 630a94675016f4809a36996f/toutiao.mp4', pauseOnConnectionLost=false, id='6c65df54- bc3a-380b-a41d-8d1b07bb3cec', cookieString='5b592189-b085-4e3e-963b-0600ee186b66', cancelled=false}
08-28 05:02:16.191 26920 26920 D Installations: Installation ID: fYlUaecpTuycMHXYq4xJgJ
08-28 05:02:16.199 26920 28024 D b : Progress 90 status 1 com.vungle.warren.downloader.DownloadRequestMediator@35b5a00 /storage/emulated/0/Android/data/apkdone.com/no_backup/vungle_cache/clever_cache/ assets/m7Ol8MVlEUGuuu1cHySIVaXNo2-pnOjSFbd7_vFg5fs=
08-28 05:02:16.199 26920 26920 D b : On progress DownloadRequest{networkType=3, priority=AssetPriority{firstPriority=5, secondPriority=0}, url='https://v16-ad.byteoversea.com/238633be858198640ae0797a0df5df8f/630ab822/ video/tos/alisg/tos-alisg-v-0000/8f0fa52e7b17452b9d47dc801d914b98/toutiao.mp4', path='/storage/emulated/0/Android/data/apkdone.com/no_backup/vungle_cache/vungle/ 630a94675016f4809a36996f/toutiao.mp4', pauseOnConnectionLost=false, id='6c65df54- bc3a-380b-a41d-8d1b07bb3cec', cookieString='5b592189-b085-4e3e-963b-0600ee186b66', cancelled=false}
08-28 05:02:16.212 26920 28024 D b : Progress 95 status 1 com.vungle.warren.downloader.DownloadRequestMediator@35b5a00 /storage/emulated/0/Android/data/apkdone.com/no_backup/vungle_cache/clever_cache/ assets/m7Ol8MVlEUGuuu1cHySIVaXNo2-pnOjSFbd7_vFg5fs=
08-28 05:02:16.213 26920 26920 D b : On progress DownloadRequest{networkType=3, priority=AssetPriority{firstPriority=5, secondPriority=0}, url='https://v16-ad.byteoversea.com/238633be858198640ae0797a0df5df8f/630ab822/ video/tos/alisg/tos-alisg-v-0000/8f0fa52e7b17452b9d47dc801d914b98/toutiao.mp4', path='/storage/emulated/0/Android/data/apkdone.com/no_backup/vungle_cache/vungle/ 630a94675016f4809a36996f/toutiao.mp4', pauseOnConnectionLost=false, id='6c65df54- bc3a-380b-a41d-8d1b07bb3cec', cookieString='5b592189-b085-4e3e-963b-0600ee186b66', cancelled=false}
08-28 05:02:16.227 26920 28024 D b : Progress 100 status 1 com.vungle.warren.downloader.DownloadRequestMediator@35b5a00 /storage/emulated/0/Android/data/apkdone.com/no_backup/vungle_cache/clever_cache/ assets/m7Ol8MVlEUGuuu1cHySIVaXNo2-pnOjSFbd7_vFg5fs=
08-28 05:02:16.228 26920 26920 D b : On progress DownloadRequest{networkType=3, priority=AssetPriority{firstPriority=5, secondPriority=0}, url='https://v16-ad.byteoversea.com/238633be858198640ae0797a0df5df8f/630ab822/ video/tos/alisg/tos-alisg-v-0000/8f0fa52e7b17452b9d47dc801d914b98/toutiao.mp4', path='/storage/emulated/0/Android/data/apkdone.com/no_backup/vungle_cache/vungle/ 630a94675016f4809a36996f/toutiao.mp4', pauseOnConnectionLost=false, id='6c65df54- bc3a-380b-a41d-8d1b07bb3cec', cookieString='5b592189-b085-4e3e-963b-0600ee186b66', cancelled=false}
08-28 05:02:16.228 26920 28024 D b : request is done , mediator url - https://v16-ad.byteoversea.com/238633be858198640ae0797a0df5df8f/630ab822/video/ tos/alisg/tos-alisg-v-0000/8f0fa52e7b17452b9d47dc801d914b98/toutiao.mp4, path - /storage/emulated/0/Android/data/apkdone.com/no_backup/vungle_cache/clever_cache/ assets/m7Ol8MVlEUGuuu1cHySIVaXNo2-pnOjSFbd7_vFg5fs=, th - pool-68-thread-4id com.vungle.warren.downloader.DownloadRequestMediator@35b5a00
08-28 05:02:16.228 26920 28024 D b : OnComplete - Removing connections and listener com.vungle.warren.downloader.DownloadRequestMediator@35b5a00
08-28 05:02:16.230 26920 28024 D d : Cache hit /storage/emulated/0/Android/data/apkdone.com/no_backup/vungle_cache/clever_cache/ assets/m7Ol8MVlEUGuuu1cHySIVaXNo2-pnOjSFbd7_vFg5fs= cache touch updated
08-28 05:02:16.232 26920 28024 D d : Purge check current cache total: 62913831 target: 94371840
08-28 05:02:16.236 26920 28024 D b : Copying: finished https://v16- ad.byteoversea.com/238633be858198640ae0797a0df5df8f/630ab822/video/tos/alisg/tos- alisg-v-0000/8f0fa52e7b17452b9d47dc801d914b98/toutiao.mp4 copying to /storage/emulated/0/Android/data/apkdone.com/no_backup/vungle_cache/vungle/ 630a94675016f4809a36996f/toutiao.mp4
08-28 05:02:16.236 26920 28024 D b : Deliver success:https://v16- ad.byteoversea.com/238633be858198640ae0797a0df5df8f/630ab822/video/tos/alisg/tos- alisg-v-0000/8f0fa52e7b17452b9d47dc801d914b98/toutiao.mp4 dest file: /storage/emulated/0/Android/data/apkdone.com/no_backup/vungle_cache/vungle/ 630a94675016f4809a36996f/toutiao.mp4
08-28 05:02:16.236 26920 28024 D b : Finished , mediator url - https://v16- ad.byteoversea.com/238633be858198640ae0797a0df5df8f/630ab822/video/tos/alisg/tos- alisg-v-0000/8f0fa52e7b17452b9d47dc801d914b98/toutiao.mp4, path - /storage/emulated/0/Android/data/apkdone.com/no_backup/vungle_cache/clever_cache/ assets/m7Ol8MVlEUGuuu1cHySIVaXNo2-pnOjSFbd7_vFg5fs=, th - pool-68-thread-4id com.vungle.warren.downloader.DownloadRequestMediator@35b5a00
08-28 05:02:16.236 26920 28024 D b : Done with request in state 6 , mediator url - https://v16-ad.byteoversea.com/238633be858198640ae0797a0df5df8f/630ab822/ video/tos/alisg/tos-alisg-v-0000/8f0fa52e7b17452b9d47dc801d914b98/toutiao.mp4, path - /storage/emulated/0/Android/data/apkdone.com/no_backup/vungle_cache/ clever_cache/assets/m7Ol8MVlEUGuuu1cHySIVaXNo2-pnOjSFbd7_vFg5fs=, th - pool-68- thread-4id com.vungle.warren.downloader.DownloadRequestMediator@35b5a00
08-28 05:02:16.236 26920 28024 D b : Removing listener
08-28 05:02:16.237 26920 28024 D d : Stop tracking file: /storage/emulated/0/Android/data/apkdone.com/no_backup/vungle_cache/clever_cache/ assets/m7Ol8MVlEUGuuu1cHySIVaXNo2-pnOjSFbd7_vFg5fs= ref count 0
08-28 05:02:16.239 26920 28024 D d : Purge check current cache total: 62913831 target: 94371840
08-28 05:02:16.242 26920 27674 V com.vungle.warren.d: [ttDownloadContext] Assets download completed, request = AdRequest{placementId='GAME_DOWNLOAD_REWARD_BIDDING- 7168597', adMarkup=null, type=2, adCount=1}, at: 1661637736242
08-28 05:02:16.247 26920 27674 D com.vungle.warren.d: saving MRAID for 630a94675016f4809a36996f
08-28 05:02:16.254 26920 27674 D com.vungle.warren.d: download completed AdRequest{placementId='GAME_DOWNLOAD_REWARD_BIDDING-7168597', adMarkup=null, type=2, adCount=1}
08-28 05:02:16.260 26920 27685 I b : Setting 1 for adv 630a94675016f4809a36996f and pl GAME_DOWNLOAD_REWARD_BIDDING-7168597
08-28 05:02:16.270 26920 27674 I com.vungle.warren.d: found already cached valid adv, calling onAdLoad callback for request AdRequest{placementId='GAME_DOWNLOAD_REWARD_BIDDING-7168597', adMarkup=null, type=2, adCount=1}
08-28 05:02:16.272 26920 27674 I com.vungle.warren.d: loading took 4756ms for:AdRequest{placementId='GAME_DOWNLOAD_REWARD_BIDDING-7168597', adMarkup=null, type=2, adCount=1}
08-28 05:02:16.616 26920 26920 E MethodChannel#jojoy.app_resource_plugin: Failed to handle method call
08-28 05:02:16.616 26920 26920 E MethodChannel#jojoy.app_resource_plugin: android.content.res.Resources$NotFoundException: Drawable apkdone.com:mipmap/ic_launcher_foreground with resource ID #0x7f0f0001
08-28 05:02:16.616 26920 26920 E MethodChannel#jojoy.app_resource_plugin: Caused by: android.content.res.Resources$NotFoundException: File res/mipmap/ic_launcher_foreground.xml from drawable resource ID #0x7f0f0001
08-28 05:02:16.616 26920 26920 E MethodChannel#jojoy.app_resource_plugin: at android.content.res.ResourcesImpl.loadDrawableForCookie(ResourcesImpl.java:900)
08-28 05:02:16.616 26920 26920 E MethodChannel#jojoy.app_resource_plugin: at android.content.res.ResourcesImpl.loadDrawable(ResourcesImpl.java:691)
08-28 05:02:16.616 26920 26920 E MethodChannel#jojoy.app_resource_plugin: at android.content.res.MiuiResourcesImpl.loadDrawable(MiuiResourcesImpl.java:307)
08-28 05:02:16.616 26920 26920 E MethodChannel#jojoy.app_resource_plugin: at android.content.res.Resources.loadDrawable(Resources.java:1017)
08-28 05:02:16.616 26920 26920 E MethodChannel#jojoy.app_resource_plugin: at android.content.res.Resources.getDrawableForDensity(Resources.java:1005)
08-28 05:02:16.616 26920 26920 E MethodChannel#jojoy.app_resource_plugin: at android.content.res.Resources.getDrawable(Resources.java:944)
08-28 05:02:16.616 26920 26920 E MethodChannel#jojoy.app_resource_plugin: at android.content.Context.getDrawable(Context.java:763)
08-28 05:02:16.616 26920 26920 E MethodChannel#jojoy.app_resource_plugin: at androidx.core.content.ContextCompat$Api21Impl.getDrawable(Unknown Source:0)
08-28 05:02:16.616 26920 26920 E MethodChannel#jojoy.app_resource_plugin: at androidx.core.content.ContextCompat.getDrawable(Unknown Source:0)
08-28 05:02:16.616 26920 26920 E MethodChannel#jojoy.app_resource_plugin: at com.example.plugin.AppResourcePlugin.a(AppResourcePlugin.kt:4)
08-28 05:02:16.616 26920 26920 E MethodChannel#jojoy.app_resource_plugin: at com.example.plugin.AppResourcePlugin.onMethodCall(AppResourcePlugin.kt:22)
08-28 05:02:16.616 26920 26920 E MethodChannel#jojoy.app_resource_plugin: at io.flutter.plugin.common.MethodChannel$IncomingMethodCallHandler.onMessage(MethodCh annel.java:2)
08-28 05:02:16.616 26920 26920 E MethodChannel#jojoy.app_resource_plugin: at io.flutter.embedding.engine.dart.DartMessenger.invokeHandler(DartMessenger.java:2)
08-28 05:02:16.616 26920 26920 E MethodChannel#jojoy.app_resource_plugin: at io.flutter.embedding.engine.dart.DartMessenger.lambda$dispatchMessageToQueue$0(Dart Messenger.java:2)
08-28 05:02:16.616 26920 26920 E MethodChannel#jojoy.app_resource_plugin: at io.flutter.embedding.engine.dart.DartMessenger.a(Unknown Source:0)
08-28 05:02:16.616 26920 26920 E MethodChannel#jojoy.app_resource_plugin: at io.flutter.embedding.engine.dart.a.run(Unknown Source:12)
08-28 05:02:16.616 26920 26920 E MethodChannel#jojoy.app_resource_plugin: at android.os.Handler.handleCallback(Handler.java:938)
08-28 05:02:16.616 26920 26920 E MethodChannel#jojoy.app_resource_plugin: at android.os.Handler.dispatchMessage(Handler.java:99)
08-28 05:02:16.616 26920 26920 E MethodChannel#jojoy.app_resource_plugin: at android.os.Looper.loopOnce(Looper.java:210)
08-28 05:02:16.616 26920 26920 E MethodChannel#jojoy.app_resource_plugin: at android.os.Looper.loop(Looper.java:299)
08-28 05:02:16.616 26920 26920 E MethodChannel#jojoy.app_resource_plugin: at android.app.ActivityThread.main(ActivityThread.java:8319)
08-28 05:02:16.616 26920 26920 E MethodChannel#jojoy.app_resource_plugin: at java.lang.reflect.Method.invoke(Native Method)
08-28 05:02:16.616 26920 26920 E MethodChannel#jojoy.app_resource_plugin: at com.android.internal.os.RuntimeInit$MethodAndArgsCaller.run(RuntimeInit.java:556)
08-28 05:02:16.616 26920 26920 E MethodChannel#jojoy.app_resource_plugin: at com.android.internal.os.ZygoteInit.main(ZygoteInit.java:1038)
08-28 05:02:16.616 26920 26920 E MethodChannel#jojoy.app_resource_plugin: Caused by: android.view.InflateException: Class not found x
08-28 05:02:16.616 26920 26920 E MethodChannel#jojoy.app_resource_plugin: at android.graphics.drawable.DrawableInflater.inflateFromClass(DrawableInflater.java:2 25)
08-28 05:02:16.616 26920 26920 E MethodChannel#jojoy.app_resource_plugin: at android.graphics.drawable.DrawableInflater.inflateFromXmlForDensity(DrawableInflate r.java:142)
08-28 05:02:16.616 26920 26920 E MethodChannel#jojoy.app_resource_plugin: at android.graphics.drawable.Drawable.createFromXmlInnerForDensity(Drawable.java:1414)
08-28 05:02:16.616 26920 26920 E MethodChannel#jojoy.app_resource_plugin: at android.graphics.drawable.Drawable.createFromXmlForDensity(Drawable.java:1373)
08-28 05:02:16.616 26920 26920 E MethodChannel#jojoy.app_resource_plugin: at android.content.res.ResourcesImpl.createFromXmlForDensity(ResourcesImpl.java:1516)
08-28 05:02:16.616 26920 26920 E MethodChannel#jojoy.app_resource_plugin: at android.content.res.ResourcesImpl.loadXmlDrawable(ResourcesImpl.java:934)
08-28 05:02:16.616 26920 26920 E MethodChannel#jojoy.app_resource_plugin: at android.content.res.ResourcesImpl.loadDrawableForCookie(ResourcesImpl.java:883)
08-28 05:02:16.616 26920 26920 E MethodChannel#jojoy.app_resource_plugin: ... 23 more
08-28 05:02:16.616 26920 26920 E MethodChannel#jojoy.app_resource_plugin: Caused by: java.lang.ClassNotFoundException: Didn't find class "x" on path: DexPathList[[zip file "/data/app/~~kixGn7zW248KGIOGoFF-Lw==/apkdone.com- 81Md4lzk5JD1I5w1cWk3cQ==/base.apk"],nativeLibraryDirectories=[/data/app/ ~~kixGn7zW248KGIOGoFF-Lw==/apkdone.com-81Md4lzk5JD1I5w1cWk3cQ==/lib/arm, /data/app/~~kixGn7zW248KGIOGoFF-Lw==/apkdone.com-81Md4lzk5JD1I5w1cWk3cQ==/ base.apk!/lib/armeabi-v7a, /system/lib, /system_ext/lib]]
08-28 05:02:16.616 26920 26920 E MethodChannel#jojoy.app_resource_plugin: at dalvik.system.BaseDexClassLoader.findClass(BaseDexClassLoader.java:218)
08-28 05:02:16.616 26920 26920 E MethodChannel#jojoy.app_resource_plugin: at java.lang.ClassLoader.loadClass(ClassLoader.java:379)
08-28 05:02:16.616 26920 26920 E MethodChannel#jojoy.app_resource_plugin: at java.lang.ClassLoader.loadClass(ClassLoader.java:312)
08-28 05:02:16.616 26920 26920 E MethodChannel#jojoy.app_resource_plugin: at android.graphics.drawable.DrawableInflater.inflateFromClass(DrawableInflater.java:2 06)
08-28 05:02:16.616 26920 26920 E MethodChannel#jojoy.app_resource_plugin: ... 29 more
08-28 05:02:16.619 26920 26920 D Installations: Installation ID: fYlUaecpTuycMHXYq4xJgJ
08-28 05:02:16.730 26920 27897 V com.vungle.warren.d: [ttDownloadContext] Request ad got response, request = AdRequest{placementId='APP_OPEN_HIGH_PRICE-9667104', adMarkup=null, type=0, adCount=1}, elapsed time = 849ms
08-28 05:02:16.732 26920 27674 D com.vungle.warren.d: Ads Response: {"ads": [{"placement_reference_id":"APP_OPEN_HIGH_PRICE-9667104","ad_markup": {"id":"630a9468aaea3e94bebce332","campaign":"62b3d88bae50cf0011007225| 62b401f4c724e1001185e724|datasci--blr_primary_aatest--{\"skan-model\":null}-- success--meister|630a9468aaea3e94bebce332","app_id":"$0$ {\"app_id\":\"61276661b15ca70016b9fad1\",\"eventID\":\"630a9468aaea3e94bebce332\"}" ,"expiry":1662242536,"tpat":{"moat": {"is_enabled":false,"extra_vast":""},"clickUrl":["https://play.google.com/store/ apps/details?id=com.lazada.android","https://events.ads.vungle.com/api/v5/tpat? adv=61276661b15ca70016b9fad1&cid=62b3d88bae50cf0011007225&crid=62b401f4c724e1001185 e724&event_id=630a9468aaea3e94bebce332&event_type=click&hb=false&ic=true&int=true&o s=android&pid=624fdd63b53e77a886fda92f&pub=6231bb02073c1f2f79d7c6c5&test=false&vid= e86b4302-c67d-48d4-8981-3a21c6b5ad04&vid_type=IFA"],"checkpoint.0":["https:// tpat.api.vungle.com/v1/tpat? event_id=630a9468aaea3e94bebce332&cid=62b3d88bae50cf0011007225&crid=62b401f4c724e10 01185e724&ifa=e86b4302-c67d-48d4-8981- 3a21c6b5ad04&test=0&dsp_version=v3.91.0%2C4.170.0%2Cv1.32.0&os=android&event_type=s tart","https://events.ads.vungle.com/api/v5/tpat? adv=61276661b15ca70016b9fad1&cid=62b3d88bae50cf0011007225&crid=62b401f4c724e1001185 e724&event_id=630a9468aaea3e94bebce332&event_type=start&hb=false&ic=true&int=true&o s=android&pid=624fdd63b53e77a886fda92f&pub=6231bb02073c1f2f79d7c6c5&test=false&vid= e86b4302-c67d-48d4-8981-3a21c6b5ad04&vid_type=IFA"],"checkpoint.25":["https:// tpat.api.vungle.com/v1/tpat? event_id=630a9468aaea3e94bebce332&cid=62b3d88bae50cf0011007225&crid=62b401f4c724e10 01185e724&ifa=e86b4302-c67d-48d4-8981- 3a21c6b5ad04&test=0&dsp_version=v3.91.0%2C4.170.0%2Cv1.32.0&os=android&event_type=f irstQuartile","https://events.ads.vungle.com/api/v5/tpat? adv=61276661b15ca70016b9fad1&cid=62b3d88bae50cf0011007225&crid=62b401f4c724e1001185 e724&event_id=630a9468aaea3e94bebce332&event_type=firstQuartile&hb=false&ic=true&in t=true&os=android&pid=624fdd63b53e77a886fda92f&pub=6231bb02073c1f2f79d7c6c5&test=fa lse&vid=e86b4302-c67d-48d4-8981-3a21c6b5ad04&vid_type=IFA"],"checkpoint.50": ["https://tpat.api.vungle.com/v1/tpat? event_id=630a9468aaea3e94bebce332&cid=62b3d88bae50cf0011007225&crid=62b401f4c724e10 01185e724&ifa=e86b4302-c67d-48d4-8981- 3a21c6b5ad04&test=0&dsp_version=v3.91.0%2C4.170.0%2Cv1.32.0&os=android&event_type=m idpoint","https://events.ads.vungle.com/api/v5/tpat? adv=61276661b15ca70016b9fad1&cid=62b3d88bae50cf0011007225&crid=62b401f4c724e1001185 e724&event_id=630a9468aaea3e94bebce332&event_type=midpoint&hb=false&ic=true&int=tru e&os=android&pid=624fdd63b53e77a886fda92f&pub=6231bb02073c1f2f79d7c6c5&test=false&v id=e86b4302-c67d-48d4-8981-3a21c6b5ad04&vid_type=IFA"],"checkpoint.75":["https:// tpat.api.vungle.com/v1/tpat? event_id=630a9468aaea3e94bebce332&cid=62b3d88bae50cf0011007225&crid=62b401f4c724e10 01185e724&ifa=e86b4302-c67d-48d4-8981- 3a21c6b5ad04&test=0&dsp_version=v3.91.0%2C4.170.0%2Cv1.32.0&os=android&event_type=t hirdQuartile","https://events.ads.vungle.com/api/v5/tpat? adv=61276661b15ca70016b9fad1&cid=62b3d88bae50cf0011007225&crid=62b401f4c724e1001185 e724&event_id=630a9468aaea3e94bebce332&event_type=thirdQuartile&hb=false&ic=true&in t=true&os=android&pid=624fdd63b53e77a886fda92f&pub=6231bb02073c1f2f79d7c6c5&test=fa lse&vid=e86b4302-c67d-48d4-8981-3a21c6b5ad04&vid_type=IFA"],"checkpoint.100": ["https://tpat.api.vungle.com/v1/tpat? event_id=630a9468aaea3e94bebce332&cid=62b3d88bae50cf0011007225&crid=62b401f4c724e10 01185e724&ifa=e86b4302-c67d-48d4-8981- 3a21c6b5ad04&test=0&dsp_version=v3.91.0%2C4.170.0%2Cv1.32.0&os=android&event_type=c omplete","https://events.ads.vungle.com/api/v5/tpat? adv=61276661b15ca70016b9fad1&cid=62b3d88bae50cf0011007225&crid=62b401f4c724e1001185 e724&event_id=630a9468aaea3e94bebce332&event_type=complete&hb=false&ic=true&int=tru e&os=android&pid=624fdd63b53e77a886fda92f&pub=6231bb02073c1f2f79d7c6c5&test=false&v id=e86b4302-c67d-48d4-8981-3a21c6b5ad04&vid_type=IFA"],"postroll.view":["https:// tpat.api.vungle.com/v1/tpat?event_id=630a9468aaea3e94bebce332&ci
08-28 05:02:16.743 26920 27685 I b : Setting 0 for adv 630a9468aaea3e94bebce332 and pl APP_OPEN_HIGH_PRICE-9667104
08-28 05:02:16.751 26920 27674 D com.vungle.warren.d: Starting download for AdAsset{identifier='3b5ee82d-7fd8-4de1-ad1d-e9e62e71beec', adIdentifier='630a9468aaea3e94bebce332', serverPath='https://cdn-lb.vungle.com/templates/custom_creative_bundles/ 62b3dc06dd500d0011bf6d5d/1661170785854/1661170785854-4.0.2.zip', localPath='/storage/emulated/0/Android/data/apkdone.com/no_backup/vungle_cache/ vungle/630a9468aaea3e94bebce332/template', status=0, fileType=0, fileSize=-1, retryCount=0, retryTypeError=0}
08-28 05:02:16.758 26920 27674 D com.vungle.warren.d: Starting download for AdAsset{identifier='8a609dce-4bda-4972-b260-819903bee79e', adIdentifier='630a9468aaea3e94bebce332', serverPath='https://cdn-lb.vungle.com/zen/c2238b75aaed866d0f01caf4a6c7344f.mp4- 720x1280-h264-Q2.mp4', localPath='/storage/emulated/0/Android/data/apkdone.com/no_backup/vungle_cache/ vungle/630a9468aaea3e94bebce332/c2238b75aaed866d0f01caf4a6c7344f.mp4-720x1280-h264- Q2.mp4', status=0, fileType=2, fileSize=-1, retryCount=0, retryTypeError=0}
08-28 05:02:16.760 26920 27674 D com.vungle.warren.d: Starting download for AdAsset{identifier='34504a5a-220a-47a7-95a6-ce2f102c74c5', adIdentifier='630a9468aaea3e94bebce332', serverPath='https://cdn-lb.vungle.com/creative/design-framework/assets/vungle- privacy.svg', localPath='/storage/emulated/0/Android/data/apkdone.com/no_backup/ vungle_cache/vungle/630a9468aaea3e94bebce332/vungle-privacy.svg', status=0, fileType=2, fileSize=-1, retryCount=0, retryTypeError=0}
08-28 05:02:16.762 26920 27674 V com.vungle.warren.d: [ttDownloadContext] Start to download assets, request = AdRequest{placementId='APP_OPEN_HIGH_PRICE-9667104', adMarkup=null, type=0, adCount=1} at: 1661637736761
08-28 05:02:16.762 26920 27674 V b : [ttDownloadContext] Waiting for download asset DownloadRequest{networkType=3, priority=AssetPriority{firstPriority=7, secondPriority=0}, url='https://cdn-lb.vungle.com/templates/custom_creative_bundles/62b3dc06dd500d0011 bf6d5d/1661170785854/1661170785854-4.0.2.zip', path='/storage/emulated/0/Android/data/apkdone.com/no_backup/vungle_cache/vungle/ 630a9468aaea3e94bebce332/template', pauseOnConnectionLost=false, id='3dc0e03c-955e- 3fed-ab64-a719035a3d64', cookieString='3b5ee82d-7fd8-4de1-ad1d-e9e62e71beec', cancelled=false}, at: 1661637736762
08-28 05:02:16.764 26920 27674 V b : [ttDownloadContext] Waiting for download asset DownloadRequest{networkType=3, priority=AssetPriority{firstPriority=7, secondPriority=0}, url='https://cdn-lb.vungle.com/zen/c2238b75aaed866d0f01caf4a6c7344f.mp4-720x1280- h264-Q2.mp4', path='/storage/emulated/0/Android/data/apkdone.com/no_backup/vungle_cache/vungle/ 630a9468aaea3e94bebce332/c2238b75aaed866d0f01caf4a6c7344f.mp4-720x1280-h264- Q2.mp4', pauseOnConnectionLost=false, id='752cf5df-2b08-306b-beb1-168b726006ef', cookieString='8a609dce-4bda-4972-b260-819903bee79e', cancelled=false}, at: 1661637736764
08-28 05:02:16.764 26920 28185 V b : [ttDownloadContext] Start to download asset DownloadRequest{networkType=3, priority=AssetPriority{firstPriority=7, secondPriority=0}, url='https://cdn-lb.vungle.com/templates/custom_creative_bundles/62b3dc06dd500d0011 bf6d5d/1661170785854/1661170785854-4.0.2.zip', path='/storage/emulated/0/Android/data/apkdone.com/no_backup/vungle_cache/vungle/ 630a9468aaea3e94bebce332/template', pauseOnConnectionLost=false, id='3dc0e03c-955e- 3fed-ab64-a719035a3d64', cookieString='3b5ee82d-7fd8-4de1-ad1d-e9e62e71beec', cancelled=false}, at: 1661637736764
08-28 05:02:16.765 26920 28186 V b : [ttDownloadContext] Start to download asset DownloadRequest{networkType=3, priority=AssetPriority{firstPriority=7, secondPriority=0}, url='https://cdn-lb.vungle.com/zen/c2238b75aaed866d0f01caf4a6c7344f.mp4-720x1280- h264-Q2.mp4', path='/storage/emulated/0/Android/data/apkdone.com/no_backup/vungle_cache/vungle/ 630a9468aaea3e94bebce332/c2238b75aaed866d0f01caf4a6c7344f.mp4-720x1280-h264- Q2.mp4', pauseOnConnectionLost=false, id='752cf5df-2b08-306b-beb1-168b726006ef', cookieString='8a609dce-4bda-4972-b260-819903bee79e', cancelled=false}, at: 1661637736764
08-28 05:02:16.765 26920 28185 D b : Destination file /storage/emulated/0/Android/data/apkdone.com/no_backup/vungle_cache/clever_cache/ assets/DUdfl-9B5jldmuk-zDazEa05ihm_ruoLAkKKjpfC0J4=
08-28 05:02:16.765 26920 28185 D b : Adding network listner
