08-28 05:02:15.076 26920 26920 E MethodChannel#jojoy.app_resource_plugin: at android.content.res.Resources.getDrawable(Resources.java:944)
08-28 05:02:15.076 26920 26920 E MethodChannel#jojoy.app_resource_plugin: at android.content.Context.getDrawable(Context.java:763)
08-28 05:02:15.076 26920 26920 E MethodChannel#jojoy.app_resource_plugin: at androidx.core.content.ContextCompat$Api21Impl.getDrawable(Unknown Source:0)
08-28 05:02:15.076 26920 26920 E MethodChannel#jojoy.app_resource_plugin: at androidx.core.content.ContextCompat.getDrawable(Unknown Source:0)
08-28 05:02:15.076 26920 26920 E MethodChannel#jojoy.app_resource_plugin: at com.example.plugin.AppResourcePlugin.a(AppResourcePlugin.kt:4)
08-28 05:02:15.076 26920 26920 E MethodChannel#jojoy.app_resource_plugin: at com.example.plugin.AppResourcePlugin.onMethodCall(AppResourcePlugin.kt:22)
08-28 05:02:15.076 26920 26920 E MethodChannel#jojoy.app_resource_plugin: at io.flutter.plugin.common.MethodChannel$IncomingMethodCallHandler.onMessage(MethodCh annel.java:2)
08-28 05:02:15.076 26920 26920 E MethodChannel#jojoy.app_resource_plugin: at io.flutter.embedding.engine.dart.DartMessenger.invokeHandler(DartMessenger.java:2)
08-28 05:02:15.076 26920 26920 E MethodChannel#jojoy.app_resource_plugin: at io.flutter.embedding.engine.dart.DartMessenger.lambda$dispatchMessageToQueue$0(Dart Messenger.java:2)
08-28 05:02:15.076 26920 26920 E MethodChannel#jojoy.app_resource_plugin: at io.flutter.embedding.engine.dart.DartMessenger.a(Unknown Source:0)
08-28 05:02:15.076 26920 26920 E MethodChannel#jojoy.app_resource_plugin: at io.flutter.embedding.engine.dart.a.run(Unknown Source:12)
08-28 05:02:15.076 26920 26920 E MethodChannel#jojoy.app_resource_plugin: at android.os.Handler.handleCallback(Handler.java:938)
08-28 05:02:15.076 26920 26920 E MethodChannel#jojoy.app_resource_plugin: at android.os.Handler.dispatchMessage(Handler.java:99)
08-28 05:02:15.076 26920 26920 E MethodChannel#jojoy.app_resource_plugin: at android.os.Looper.loopOnce(Looper.java:210)
08-28 05:02:15.076 26920 26920 E MethodChannel#jojoy.app_resource_plugin: at android.os.Looper.loop(Looper.java:299)
08-28 05:02:15.076 26920 26920 E MethodChannel#jojoy.app_resource_plugin: at android.app.ActivityThread.main(ActivityThread.java:8319)
08-28 05:02:15.076 26920 26920 E MethodChannel#jojoy.app_resource_plugin: at java.lang.reflect.Method.invoke(Native Method)
08-28 05:02:15.076 26920 26920 E MethodChannel#jojoy.app_resource_plugin: at com.android.internal.os.RuntimeInit$MethodAndArgsCaller.run(RuntimeInit.java:556)
08-28 05:02:15.076 26920 26920 E MethodChannel#jojoy.app_resource_plugin: at com.android.internal.os.ZygoteInit.main(ZygoteInit.java:1038)
08-28 05:02:15.076 26920 26920 E MethodChannel#jojoy.app_resource_plugin: Caused by: android.view.InflateException: Class not found x
08-28 05:02:15.076 26920 26920 E MethodChannel#jojoy.app_resource_plugin: at android.graphics.drawable.DrawableInflater.inflateFromClass(DrawableInflater.java:2 25)
08-28 05:02:15.076 26920 26920 E MethodChannel#jojoy.app_resource_plugin: at android.graphics.drawable.DrawableInflater.inflateFromXmlForDensity(DrawableInflate r.java:142)
08-28 05:02:15.076 26920 26920 E MethodChannel#jojoy.app_resource_plugin: at android.graphics.drawable.Drawable.createFromXmlInnerForDensity(Drawable.java:1414)
08-28 05:02:15.076 26920 26920 E MethodChannel#jojoy.app_resource_plugin: at android.graphics.drawable.Drawable.createFromXmlForDensity(Drawable.java:1373)
08-28 05:02:15.076 26920 26920 E MethodChannel#jojoy.app_resource_plugin: at android.content.res.ResourcesImpl.createFromXmlForDensity(ResourcesImpl.java:1516)
08-28 05:02:15.076 26920 26920 E MethodChannel#jojoy.app_resource_plugin: at android.content.res.ResourcesImpl.loadXmlDrawable(ResourcesImpl.java:934)
08-28 05:02:15.076 26920 26920 E MethodChannel#jojoy.app_resource_plugin: at android.content.res.ResourcesImpl.loadDrawableForCookie(ResourcesImpl.java:883)
08-28 05:02:15.076 26920 26920 E MethodChannel#jojoy.app_resource_plugin: ... 23 more
08-28 05:02:15.076 26920 26920 E MethodChannel#jojoy.app_resource_plugin: Caused by: java.lang.ClassNotFoundException: Didn't find class "x" on path: DexPathList[[zip file "/data/app/~~kixGn7zW248KGIOGoFF-Lw==/apkdone.com- 81Md4lzk5JD1I5w1cWk3cQ==/base.apk"],nativeLibraryDirectories=[/data/app/ ~~kixGn7zW248KGIOGoFF-Lw==/apkdone.com-81Md4lzk5JD1I5w1cWk3cQ==/lib/arm, /data/app/~~kixGn7zW248KGIOGoFF-Lw==/apkdone.com-81Md4lzk5JD1I5w1cWk3cQ==/ base.apk!/lib/armeabi-v7a, /system/lib, /system_ext/lib]]
08-28 05:02:15.076 26920 26920 E MethodChannel#jojoy.app_resource_plugin: at dalvik.system.BaseDexClassLoader.findClass(BaseDexClassLoader.java:218)
08-28 05:02:15.076 26920 26920 E MethodChannel#jojoy.app_resource_plugin: at java.lang.ClassLoader.loadClass(ClassLoader.java:379)
08-28 05:02:15.076 26920 26920 E MethodChannel#jojoy.app_resource_plugin: at java.lang.ClassLoader.loadClass(ClassLoader.java:312)
08-28 05:02:15.076 26920 26920 E MethodChannel#jojoy.app_resource_plugin: at android.graphics.drawable.DrawableInflater.inflateFromClass(DrawableInflater.java:2 06)
08-28 05:02:15.076 26920 26920 E MethodChannel#jojoy.app_resource_plugin: ... 29 more
08-28 05:02:15.078 26920 27674 D com.vungle.warren.d: saving MRAID for 630a9465d0db6253d4949bb1
08-28 05:02:15.094 26920 26920 D Installations: Installation ID: fYlUaecpTuycMHXYq4xJgJ
08-28 05:02:15.094 26920 27674 D com.vungle.warren.d: download completed AdRequest{placementId='APP_OPEN_BIDDING-3723667', adMarkup=null, type=2, adCount=1}
08-28 05:02:15.104 26920 27685 I b : Setting 1 for adv 630a9465d0db6253d4949bb1 and pl APP_OPEN_BIDDING-3723667
08-28 05:02:15.117 26920 27674 I com.vungle.warren.d: found already cached valid adv, calling onAdLoad callback for request AdRequest{placementId='APP_OPEN_BIDDING- 3723667', adMarkup=null, type=2, adCount=1}
08-28 05:02:15.123 26920 27674 I com.vungle.warren.d: loading took 3607ms for:AdRequest{placementId='APP_OPEN_BIDDING-3723667', adMarkup=null, type=2, adCount=1}
08-28 05:02:15.167 26920 28023 D b : Response code: 200 com.vungle.warren.downloader.DownloadRequestMediator@f09d949
08-28 05:02:15.168 26920 28023 E i : Cannot delete I4VUDFHSs9JIpTHXacizz2ToTpCJAuKHfoUtBBZt4-w=
08-28 05:02:15.168 26920 28023 E i : java.nio.file.NoSuchFileException: /storage/emulated/0/Android/data/apkdone.com/no_backup/vungle_cache/clever_cache/ assets/I4VUDFHSs9JIpTHXacizz2ToTpCJAuKHfoUtBBZt4-w=
08-28 05:02:15.168 26920 28023 E i : at sun.nio.fs.UnixFileSystemProvider.implDelete(UnixFileSystemProvider.java:244)
08-28 05:02:15.168 26920 28023 E i : at sun.nio.fs.AbstractFileSystemProvider.delete(AbstractFileSystemProvider.java:103)
08-28 05:02:15.168 26920 28023 E i : at java.nio.file.Files.delete(Files.java:1126)
08-28 05:02:15.168 26920 28023 E i : at com.vungle.warren.utility.i.c(FileUtility.java:2)
08-28 05:02:15.168 26920 28023 E i : at com.vungle.warren.downloader.b.R(AssetDownloader.java:1)
08-28 05:02:15.168 26920 28023 E i : at com.vungle.warren.downloader.b.r(Unknown Source:0)
08-28 05:02:15.168 26920 28023 E i : at com.vungle.warren.downloader.b$b.run(AssetDownloader.java:111)
08-28 05:02:15.168 26920 28023 E i : at java.util.concurrent.ThreadPoolExecutor.runWorker(ThreadPoolExecutor.java:1167)
08-28 05:02:15.168 26920 28023 E i : at java.util.concurrent.ThreadPoolExecutor$Worker.run(ThreadPoolExecutor.java:641)
08-28 05:02:15.168 26920 28023 E i : at java.lang.Thread.run(Thread.java:920)
08-28 05:02:15.168 26920 28023 E i : Cannot delete I4VUDFHSs9JIpTHXacizz2ToTpCJAuKHfoUtBBZt4-w=.vng_meta
08-28 05:02:15.168 26920 28023 E i : java.nio.file.NoSuchFileException: /storage/emulated/0/Android/data/apkdone.com/no_backup/vungle_cache/clever_cache/ assets/meta/I4VUDFHSs9JIpTHXacizz2ToTpCJAuKHfoUtBBZt4-w=.vng_meta
08-28 05:02:15.168 26920 28023 E i : at sun.nio.fs.UnixFileSystemProvider.implDelete(UnixFileSystemProvider.java:244)
08-28 05:02:15.168 26920 28023 E i : at sun.nio.fs.AbstractFileSystemProvider.delete(AbstractFileSystemProvider.java:103)
08-28 05:02:15.168 26920 28023 E i : at java.nio.file.Files.delete(Files.java:1126)
08-28 05:02:15.168 26920 28023 E i : at com.vungle.warren.utility.i.c(FileUtility.java:2)
08-28 05:02:15.168 26920 28023 E i : at com.vungle.warren.downloader.b.R(AssetDownloader.java:2)
08-28 05:02:15.168 26920 28023 E i : at com.vungle.warren.downloader.b.r(Unknown Source:0)
08-28 05:02:15.168 26920 28023 E i : at com.vungle.warren.downloader.b$b.run(AssetDownloader.java:111)
08-28 05:02:15.168 26920 28023 E i : at java.util.concurrent.ThreadPoolExecutor.runWorker(ThreadPoolExecutor.java:1167)
08-28 05:02:15.168 26920 28023 E i : at java.util.concurrent.ThreadPoolExecutor$Worker.run(ThreadPoolExecutor.java:641)
08-28 05:02:15.168 26920 28023 E i : at java.lang.Thread.run(Thread.java:920)
08-28 05:02:15.169 26920 28023 E i : Cannot delete I4VUDFHSs9JIpTHXacizz2ToTpCJAuKHfoUtBBZt4-w=.vng_meta
08-28 05:02:15.169 26920 28023 E i : java.nio.file.NoSuchFileException: /storage/emulated/0/Android/data/apkdone.com/no_backup/vungle_cache/clever_cache/ assets/meta/I4VUDFHSs9JIpTHXacizz2ToTpCJAuKHfoUtBBZt4-w=.vng_meta
08-28 05:02:15.169 26920 28023 E i : at sun.nio.fs.UnixFileSystemProvider.implDelete(UnixFileSystemProvider.java:244)
08-28 05:02:15.169 26920 28023 E i : at sun.nio.fs.AbstractFileSystemProvider.delete(AbstractFileSystemProvider.java:103)
08-28 05:02:15.169 26920 28023 E i : at java.nio.file.Files.delete(Files.java:1126)
08-28 05:02:15.169 26920 28023 E i : at com.vungle.warren.utility.i.c(FileUtility.java:2)
08-28 05:02:15.169 26920 28023 E i : at com.vungle.warren.downloader.b$b.run(AssetDownloader.java:112)
08-28 05:02:15.169 26920 28023 E i : at java.util.concurrent.ThreadPoolExecutor.runWorker(ThreadPoolExecutor.java:1167)
08-28 05:02:15.169 26920 28023 E i : at java.util.concurrent.ThreadPoolExecutor$Worker.run(ThreadPoolExecutor.java:641)
08-28 05:02:15.169 26920 28023 E i : at java.lang.Thread.run(Thread.java:920)
08-28 05:02:15.173 26920 28023 D b : Start download from bytes: 0, mediator url - https://v16-ad.byteoversea.com/9f5cc3b08cfe64df91d19808479d38db/630ab8e8/ video/tos/alisg/tos-alisg-v-0000/772c69fa6b3741c3b7bcd3fcb0a435d2/toutiao.mp4, path - /storage/emulated/0/Android/data/apkdone.com/no_backup/vungle_cache/ clever_cache/assets/I4VUDFHSs9JIpTHXacizz2ToTpCJAuKHfoUtBBZt4-w=, th - pool-68- thread-3id com.vungle.warren.downloader.DownloadRequestMediator@f09d949
08-28 05:02:15.173 26920 28023 D b : final offset = 0
08-28 05:02:15.173 26920 28023 D b : Progress 0 status 0 com.vungle.warren.downloader.DownloadRequestMediator@f09d949 /storage/emulated/0/Android/data/apkdone.com/no_backup/vungle_cache/clever_cache/ assets/I4VUDFHSs9JIpTHXacizz2ToTpCJAuKHfoUtBBZt4-w=
08-28 05:02:15.174 26920 26920 D b : On progress DownloadRequest{networkType=3, priority=AssetPriority{firstPriority=4, secondPriority=0}, url='https://v16-ad.byteoversea.com/9f5cc3b08cfe64df91d19808479d38db/630ab8e8/ video/tos/alisg/tos-alisg-v-0000/772c69fa6b3741c3b7bcd3fcb0a435d2/toutiao.mp4', path='/storage/emulated/0/Android/data/apkdone.com/no_backup/vungle_cache/vungle/ 630a9466ea86378b24a854a1/toutiao.mp4', pauseOnConnectionLost=false, id='e12f5b1d- c9cf-3782-8b0e-efad7438c693', cookieString='b7f22a63-f6ab-4a31-8982-669c01649c84', cancelled=false}
08-28 05:02:15.207 26920 28023 D b : Progress 5 status 1 com.vungle.warren.downloader.DownloadRequestMediator@f09d949 /storage/emulated/0/Android/data/apkdone.com/no_backup/vungle_cache/clever_cache/ assets/I4VUDFHSs9JIpTHXacizz2ToTpCJAuKHfoUtBBZt4-w=
08-28 05:02:15.207 26920 26920 D b : On progress DownloadRequest{networkType=3, priority=AssetPriority{firstPriority=4, secondPriority=0}, url='https://v16-ad.byteoversea.com/9f5cc3b08cfe64df91d19808479d38db/630ab8e8/ video/tos/alisg/tos-alisg-v-0000/772c69fa6b3741c3b7bcd3fcb0a435d2/toutiao.mp4', path='/storage/emulated/0/Android/data/apkdone.com/no_backup/vungle_cache/vungle/ 630a9466ea86378b24a854a1/toutiao.mp4', pauseOnConnectionLost=false, id='e12f5b1d- c9cf-3782-8b0e-efad7438c693', cookieString='b7f22a63-f6ab-4a31-8982-669c01649c84', cancelled=false}
08-28 05:02:15.241 26920 28023 D b : Progress 10 status 1 com.vungle.warren.downloader.DownloadRequestMediator@f09d949 /storage/emulated/0/Android/data/apkdone.com/no_backup/vungle_cache/clever_cache/ assets/I4VUDFHSs9JIpTHXacizz2ToTpCJAuKHfoUtBBZt4-w=
08-28 05:02:15.242 26920 26920 D b : On progress DownloadRequest{networkType=3, priority=AssetPriority{firstPriority=4, secondPriority=0}, url='https://v16-ad.byteoversea.com/9f5cc3b08cfe64df91d19808479d38db/630ab8e8/ video/tos/alisg/tos-alisg-v-0000/772c69fa6b3741c3b7bcd3fcb0a435d2/toutiao.mp4', path='/storage/emulated/0/Android/data/apkdone.com/no_backup/vungle_cache/vungle/ 630a9466ea86378b24a854a1/toutiao.mp4', pauseOnConnectionLost=false, id='e12f5b1d- c9cf-3782-8b0e-efad7438c693', cookieString='b7f22a63-f6ab-4a31-8982-669c01649c84', cancelled=false}
08-28 05:02:15.270 26920 28023 D b : Progress 15 status 1 com.vungle.warren.downloader.DownloadRequestMediator@f09d949 /storage/emulated/0/Android/data/apkdone.com/no_backup/vungle_cache/clever_cache/ assets/I4VUDFHSs9JIpTHXacizz2ToTpCJAuKHfoUtBBZt4-w=
08-28 05:02:15.271 26920 26920 D b : On progress DownloadRequest{networkType=3, priority=AssetPriority{firstPriority=4, secondPriority=0}, url='https://v16-ad.byteoversea.com/9f5cc3b08cfe64df91d19808479d38db/630ab8e8/ video/tos/alisg/tos-alisg-v-0000/772c69fa6b3741c3b7bcd3fcb0a435d2/toutiao.mp4', path='/storage/emulated/0/Android/data/apkdone.com/no_backup/vungle_cache/vungle/ 630a9466ea86378b24a854a1/toutiao.mp4', pauseOnConnectionLost=false, id='e12f5b1d- c9cf-3782-8b0e-efad7438c693', cookieString='b7f22a63-f6ab-4a31-8982-669c01649c84', cancelled=false}
08-28 05:02:15.277 26920 28023 D b : Progress 20 status 1 com.vungle.warren.downloader.DownloadRequestMediator@f09d949 /storage/emulated/0/Android/data/apkdone.com/no_backup/vungle_cache/clever_cache/ assets/I4VUDFHSs9JIpTHXacizz2ToTpCJAuKHfoUtBBZt4-w=
08-28 05:02:15.278 26920 26920 D b : On progress DownloadRequest{networkType=3, priority=AssetPriority{firstPriority=4, secondPriority=0}, url='https://v16-ad.byteoversea.com/9f5cc3b08cfe64df91d19808479d38db/630ab8e8/ video/tos/alisg/tos-alisg-v-0000/772c69fa6b3741c3b7bcd3fcb0a435d2/toutiao.mp4', path='/storage/emulated/0/Android/data/apkdone.com/no_backup/vungle_cache/vungle/ 630a9466ea86378b24a854a1/toutiao.mp4', pauseOnConnectionLost=false, id='e12f5b1d- c9cf-3782-8b0e-efad7438c693', cookieString='b7f22a63-f6ab-4a31-8982-669c01649c84', cancelled=false}
08-28 05:02:15.341 26920 28023 D b : Progress 25 status 1 com.vungle.warren.downloader.DownloadRequestMediator@f09d949 /storage/emulated/0/Android/data/apkdone.com/no_backup/vungle_cache/clever_cache/ assets/I4VUDFHSs9JIpTHXacizz2ToTpCJAuKHfoUtBBZt4-w=
08-28 05:02:15.341 26920 26920 D b : On progress DownloadRequest{networkType=3, priority=AssetPriority{firstPriority=4, secondPriority=0}, url='https://v16-ad.byteoversea.com/9f5cc3b08cfe64df91d19808479d38db/630ab8e8/ video/tos/alisg/tos-alisg-v-0000/772c69fa6b3741c3b7bcd3fcb0a435d2/toutiao.mp4', path='/storage/emulated/0/Android/data/apkdone.com/no_backup/vungle_cache/vungle/ 630a9466ea86378b24a854a1/toutiao.mp4', pauseOnConnectionLost=false, id='e12f5b1d- c9cf-3782-8b0e-efad7438c693', cookieString='b7f22a63-f6ab-4a31-8982-669c01649c84', cancelled=false}
08-28 05:02:15.363 26920 28023 D b : Progress 30 status 1 com.vungle.warren.downloader.DownloadRequestMediator@f09d949 /storage/emulated/0/Android/data/apkdone.com/no_backup/vungle_cache/clever_cache/ assets/I4VUDFHSs9JIpTHXacizz2ToTpCJAuKHfoUtBBZt4-w=
08-28 05:02:15.363 26920 26920 D b : On progress DownloadRequest{networkType=3, priority=AssetPriority{firstPriority=4, secondPriority=0}, url='https://v16-ad.byteoversea.com/9f5cc3b08cfe64df91d19808479d38db/630ab8e8/ video/tos/alisg/tos-alisg-v-0000/772c69fa6b3741c3b7bcd3fcb0a435d2/toutiao.mp4', path='/storage/emulated/0/Android/data/apkdone.com/no_backup/vungle_cache/vungle/ 630a9466ea86378b24a854a1/toutiao.mp4', pauseOnConnectionLost=false, id='e12f5b1d- c9cf-3782-8b0e-efad7438c693', cookieString='b7f22a63-f6ab-4a31-8982-669c01649c84', cancelled=false}
08-28 05:02:15.383 26920 28023 D b : Progress 35 status 1 com.vungle.warren.downloader.DownloadRequestMediator@f09d949 /storage/emulated/0/Android/data/apkdone.com/no_backup/vungle_cache/clever_cache/ assets/I4VUDFHSs9JIpTHXacizz2ToTpCJAuKHfoUtBBZt4-w=
08-28 05:02:15.384 26920 26920 D b : On progress DownloadRequest{networkType=3, priority=AssetPriority{firstPriority=4, secondPriority=0}, url='https://v16-ad.byteoversea.com/9f5cc3b08cfe64df91d19808479d38db/630ab8e8/ video/tos/alisg/tos-alisg-v-0000/772c69fa6b3741c3b7bcd3fcb0a435d2/toutiao.mp4', path='/storage/emulated/0/Android/data/apkdone.com/no_backup/vungle_cache/vungle/ 630a9466ea86378b24a854a1/toutiao.mp4', pauseOnConnectionLost=false, id='e12f5b1d- c9cf-3782-8b0e-efad7438c693', cookieString='b7f22a63-f6ab-4a31-8982-669c01649c84', cancelled=false}
08-28 05:02:15.414 26920 28023 D b : Progress 40 status 1 com.vungle.warren.downloader.DownloadRequestMediator@f09d949 /storage/emulated/0/Android/data/apkdone.com/no_backup/vungle_cache/clever_cache/ assets/I4VUDFHSs9JIpTHXacizz2ToTpCJAuKHfoUtBBZt4-w=
08-28 05:02:15.420 26920 26920 D b : On progress DownloadRequest{networkType=3, priority=AssetPriority{firstPriority=4, secondPriority=0}, url='https://v16-ad.byteoversea.com/9f5cc3b08cfe64df91d19808479d38db/630ab8e8/ video/tos/alisg/tos-alisg-v-0000/772c69fa6b3741c3b7bcd3fcb0a435d2/toutiao.mp4', path='/storage/emulated/0/Android/data/apkdone.com/no_backup/vungle_cache/vungle/ 630a9466ea86378b24a854a1/toutiao.mp4', pauseOnConnectionLost=false, id='e12f5b1d- c9cf-3782-8b0e-efad7438c693', cookieString='b7f22a63-f6ab-4a31-8982-669c01649c84', cancelled=false}
08-28 05:02:15.432 26920 28023 D b : Progress 45 status 1 com.vungle.warren.downloader.DownloadRequestMediator@f09d949 /storage/emulated/0/Android/data/apkdone.com/no_backup/vungle_cache/clever_cache/ assets/I4VUDFHSs9JIpTHXacizz2ToTpCJAuKHfoUtBBZt4-w=
08-28 05:02:15.438 26920 26920 D b : On progress DownloadRequest{networkType=3, priority=AssetPriority{firstPriority=4, secondPriority=0}, url='https://v16-ad.byteoversea.com/9f5cc3b08cfe64df91d19808479d38db/630ab8e8/ video/tos/alisg/tos-alisg-v-0000/772c69fa6b3741c3b7bcd3fcb0a435d2/toutiao.mp4', path='/storage/emulated/0/Android/data/apkdone.com/no_backup/vungle_cache/vungle/ 630a9466ea86378b24a854a1/toutiao.mp4', pauseOnConnectionLost=false, id='e12f5b1d- c9cf-3782-8b0e-efad7438c693', cookieString='b7f22a63-f6ab-4a31-8982-669c01649c84', cancelled=false}
08-28 05:02:15.445 26920 28023 D b : Progress 50 status 1 com.vungle.warren.downloader.DownloadRequestMediator@f09d949 /storage/emulated/0/Android/data/apkdone.com/no_backup/vungle_cache/clever_cache/ assets/I4VUDFHSs9JIpTHXacizz2ToTpCJAuKHfoUtBBZt4-w=
08-28 05:02:15.445 26920 26920 D b : On progress DownloadRequest{networkType=3, priority=AssetPriority{firstPriority=4, secondPriority=0}, url='https://v16-ad.byteoversea.com/9f5cc3b08cfe64df91d19808479d38db/630ab8e8/ video/tos/alisg/tos-alisg-v-0000/772c69fa6b3741c3b7bcd3fcb0a435d2/toutiao.mp4', path='/storage/emulated/0/Android/data/apkdone.com/no_backup/vungle_cache/vungle/ 630a9466ea86378b24a854a1/toutiao.mp4', pauseOnConnectionLost=false, id='e12f5b1d- c9cf-3782-8b0e-efad7438c693', cookieString='b7f22a63-f6ab-4a31-8982-669c01649c84', cancelled=false}
08-28 05:02:15.500 26920 28023 D b : Progress 55 status 1 com.vungle.warren.downloader.DownloadRequestMediator@f09d949 /storage/emulated/0/Android/data/apkdone.com/no_backup/vungle_cache/clever_cache/ assets/I4VUDFHSs9JIpTHXacizz2ToTpCJAuKHfoUtBBZt4-w=
08-28 05:02:15.500 26920 26920 D b : On progress DownloadRequest{networkType=3, priority=AssetPriority{firstPriority=4, secondPriority=0}, url='https://v16-ad.byteoversea.com/9f5cc3b08cfe64df91d19808479d38db/630ab8e8/ video/tos/alisg/tos-alisg-v-0000/772c69fa6b3741c3b7bcd3fcb0a435d2/toutiao.mp4', path='/storage/emulated/0/Android/data/apkdone.com/no_backup/vungle_cache/vungle/ 630a9466ea86378b24a854a1/toutiao.mp4', pauseOnConnectionLost=false, id='e12f5b1d- c9cf-3782-8b0e-efad7438c693', cookieString='b7f22a63-f6ab-4a31-8982-669c01649c84', cancelled=false}
08-28 05:02:15.534 26920 28023 D b : Progress 60 status 1 com.vungle.warren.downloader.DownloadRequestMediator@f09d949 /storage/emulated/0/Android/data/apkdone.com/no_backup/vungle_cache/clever_cache/ assets/I4VUDFHSs9JIpTHXacizz2ToTpCJAuKHfoUtBBZt4-w=
08-28 05:02:15.539 26920 26920 D b : On progress DownloadRequest{networkType=3, priority=AssetPriority{firstPriority=4, secondPriority=0}, url='https://v16-ad.byteoversea.com/9f5cc3b08cfe64df91d19808479d38db/630ab8e8/ video/tos/alisg/tos-alisg-v-0000/772c69fa6b3741c3b7bcd3fcb0a435d2/toutiao.mp4', path='/storage/emulated/0/Android/data/apkdone.com/no_backup/vungle_cache/vungle/ 630a9466ea86378b24a854a1/toutiao.mp4', pauseOnConnectionLost=false, id='e12f5b1d- c9cf-3782-8b0e-efad7438c693', cookieString='b7f22a63-f6ab-4a31-8982-669c01649c84', cancelled=false}
08-28 05:02:15.569 26920 28023 D b : Progress 65 status 1 com.vungle.warren.downloader.DownloadRequestMediator@f09d949 /storage/emulated/0/Android/data/apkdone.com/no_backup/vungle_cache/clever_cache/ assets/I4VUDFHSs9JIpTHXacizz2ToTpCJAuKHfoUtBBZt4-w=
08-28 05:02:15.569 26920 26920 D b : On progress DownloadRequest{networkType=3, priority=AssetPriority{firstPriority=4, secondPriority=0}, url='https://v16-ad.byteoversea.com/9f5cc3b08cfe64df91d19808479d38db/630ab8e8/ video/tos/alisg/tos-alisg-v-0000/772c69fa6b3741c3b7bcd3fcb0a435d2/toutiao.mp4', path='/storage/emulated/0/Android/data/apkdone.com/no_backup/vungle_cache/vungle/ 630a9466ea86378b24a854a1/toutiao.mp4', pauseOnConnectionLost=false, id='e12f5b1d- c9cf-3782-8b0e-efad7438c693', cookieString='b7f22a63-f6ab-4a31-8982-669c01649c84', cancelled=false}
08-28 05:02:15.594 26920 28023 D b : Progress 70 status 1 com.vungle.warren.downloader.DownloadRequestMediator@f09d949 /storage/emulated/0/Android/data/apkdone.com/no_backup/vungle_cache/clever_cache/ assets/I4VUDFHSs9JIpTHXacizz2ToTpCJAuKHfoUtBBZt4-w=
08-28 05:02:15.595 26920 26920 D b : On progress DownloadRequest{networkType=3, priority=AssetPriority{firstPriority=4, secondPriority=0}, url='https://v16-ad.byteoversea.com/9f5cc3b08cfe64df91d19808479d38db/630ab8e8/ video/tos/alisg/tos-alisg-v-0000/772c69fa6b3741c3b7bcd3fcb0a435d2/toutiao.mp4', path='/storage/emulated/0/Android/data/apkdone.com/no_backup/vungle_cache/vungle/ 630a9466ea86378b24a854a1/toutiao.mp4', pauseOnConnectionLost=false, id='e12f5b1d- c9cf-3782-8b0e-efad7438c693', cookieString='b7f22a63-f6ab-4a31-8982-669c01649c84', cancelled=false}
08-28 05:02:15.625 26920 28023 D b : Progress 75 status 1 com.vungle.warren.downloader.DownloadRequestMediator@f09d949 /storage/emulated/0/Android/data/apkdone.com/no_backup/vungle_cache/clever_cache/ assets/I4VUDFHSs9JIpTHXacizz2ToTpCJAuKHfoUtBBZt4-w=
08-28 05:02:15.625 26920 26920 D b : On progress DownloadRequest{networkType=3, priority=AssetPriority{firstPriority=4, secondPriority=0}, url='https://v16-ad.byteoversea.com/9f5cc3b08cfe64df91d19808479d38db/630ab8e8/ video/tos/alisg/tos-alisg-v-0000/772c69fa6b3741c3b7bcd3fcb0a435d2/toutiao.mp4', path='/storage/emulated/0/Android/data/apkdone.com/no_backup/vungle_cache/vungle/ 630a9466ea86378b24a854a1/toutiao.mp4', pauseOnConnectionLost=false, id='e12f5b1d- c9cf-3782-8b0e-efad7438c693', cookieString='b7f22a63-f6ab-4a31-8982-669c01649c84', cancelled=false}
08-28 05:02:15.706 26920 28023 D b : Progress 80 status 1 com.vungle.warren.downloader.DownloadRequestMediator@f09d949 /storage/emulated/0/Android/data/apkdone.com/no_backup/vungle_cache/clever_cache/ assets/I4VUDFHSs9JIpTHXacizz2ToTpCJAuKHfoUtBBZt4-w=
08-28 05:02:15.708 26920 26920 D b : On progress DownloadRequest{networkType=3, priority=AssetPriority{firstPriority=4, secondPriority=0}, url='https://v16-ad.byteoversea.com/9f5cc3b08cfe64df91d19808479d38db/630ab8e8/ video/tos/alisg/tos-alisg-v-0000/772c69fa6b3741c3b7bcd3fcb0a435d2/toutiao.mp4', path='/storage/emulated/0/Android/data/apkdone.com/no_backup/vungle_cache/vungle/ 630a9466ea86378b24a854a1/toutiao.mp4', pauseOnConnectionLost=false, id='e12f5b1d- c9cf-3782-8b0e-efad7438c693', cookieString='b7f22a63-f6ab-4a31-8982-669c01649c84', cancelled=false}
08-28 05:02:15.718 26920 28023 D b : Progress 85 status 1 com.vungle.warren.downloader.DownloadRequestMediator@f09d949 /storage/emulated/0/Android/data/apkdone.com/no_backup/vungle_cache/clever_cache/ assets/I4VUDFHSs9JIpTHXacizz2ToTpCJAuKHfoUtBBZt4-w=
08-28 05:02:15.719 26920 26920 D b : On progress DownloadRequest{networkType=3, priority=AssetPriority{firstPriority=4, secondPriority=0}, url='https://v16-ad.byteoversea.com/9f5cc3b08cfe64df91d19808479d38db/630ab8e8/ video/tos/alisg/tos-alisg-v-0000/772c69fa6b3741c3b7bcd3fcb0a435d2/toutiao.mp4', path='/storage/emulated/0/Android/data/apkdone.com/no_backup/vungle_cache/vungle/ 630a9466ea86378b24a854a1/toutiao.mp4', pauseOnConnectionLost=false, id='e12f5b1d- c9cf-3782-8b0e-efad7438c693', cookieString='b7f22a63-f6ab-4a31-8982-669c01649c84', cancelled=false}
08-28 05:02:15.730 26920 28023 D b : Progress 90 status 1 com.vungle.warren.downloader.DownloadRequestMediator@f09d949 /storage/emulated/0/Android/data/apkdone.com/no_backup/vungle_cache/clever_cache/ assets/I4VUDFHSs9JIpTHXacizz2ToTpCJAuKHfoUtBBZt4-w=
08-28 05:02:15.734 26920 26920 E MethodChannel#jojoy.app_resource_plugin: Failed to handle method call
08-28 05:02:15.734 26920 26920 E MethodChannel#jojoy.app_resource_plugin: android.content.res.Resources$NotFoundException: Drawable apkdone.com:mipmap/ic_launcher_foreground with resource ID #0x7f0f0001
08-28 05:02:15.734 26920 26920 E MethodChannel#jojoy.app_resource_plugin: Caused by: android.content.res.Resources$NotFoundException: File res/mipmap/ic_launcher_foreground.xml from drawable resource ID #0x7f0f0001
08-28 05:02:15.734 26920 26920 E MethodChannel#jojoy.app_resource_plugin: at android.content.res.ResourcesImpl.loadDrawableForCookie(ResourcesImpl.java:900)
08-28 05:02:15.734 26920 26920 E MethodChannel#jojoy.app_resource_plugin: at android.content.res.ResourcesImpl.loadDrawable(ResourcesImpl.java:691)
08-28 05:02:15.734 26920 26920 E MethodChannel#jojoy.app_resource_plugin: at android.content.res.MiuiResourcesImpl.loadDrawable(MiuiResourcesImpl.java:307)
08-28 05:02:15.734 26920 26920 E MethodChannel#jojoy.app_resource_plugin: at android.content.res.Resources.loadDrawable(Resources.java:1017)
08-28 05:02:15.734 26920 26920 E MethodChannel#jojoy.app_resource_plugin: at android.content.res.Resources.getDrawableForDensity(Resources.java:1005)
08-28 05:02:15.734 26920 26920 E MethodChannel#jojoy.app_resource_plugin: at android.content.res.Resources.getDrawable(Resources.java:944)
08-28 05:02:15.734 26920 26920 E MethodChannel#jojoy.app_resource_plugin: at android.content.Context.getDrawable(Context.java:763)
08-28 05:02:15.734 26920 26920 E MethodChannel#jojoy.app_resource_plugin: at androidx.core.content.ContextCompat$Api21Impl.getDrawable(Unknown Source:0)
08-28 05:02:15.734 26920 26920 E MethodChannel#jojoy.app_resource_plugin: at androidx.core.content.ContextCompat.getDrawable(Unknown Source:0)
08-28 05:02:15.734 26920 26920 E MethodChannel#jojoy.app_resource_plugin: at com.example.plugin.AppResourcePlugin.a(AppResourcePlugin.kt:4)
08-28 05:02:15.734 26920 26920 E MethodChannel#jojoy.app_resource_plugin: at com.example.plugin.AppResourcePlugin.onMethodCall(AppResourcePlugin.kt:22)
08-28 05:02:15.734 26920 26920 E MethodChannel#jojoy.app_resource_plugin: at io.flutter.plugin.common.MethodChannel$IncomingMethodCallHandler.onMessage(MethodCh annel.java:2)
08-28 05:02:15.734 26920 26920 E MethodChannel#jojoy.app_resource_plugin: at io.flutter.embedding.engine.dart.DartMessenger.invokeHandler(DartMessenger.java:2)
08-28 05:02:15.734 26920 26920 E MethodChannel#jojoy.app_resource_plugin: at io.flutter.embedding.engine.dart.DartMessenger.lambda$dispatchMessageToQueue$0(Dart Messenger.java:2)
08-28 05:02:15.734 26920 26920 E MethodChannel#jojoy.app_resource_plugin: at io.flutter.embedding.engine.dart.DartMessenger.a(Unknown Source:0)
08-28 05:02:15.734 26920 26920 E MethodChannel#jojoy.app_resource_plugin: at io.flutter.embedding.engine.dart.a.run(Unknown Source:12)
08-28 05:02:15.734 26920 26920 E MethodChannel#jojoy.app_resource_plugin: at android.os.Handler.handleCallback(Handler.java:938)
08-28 05:02:15.734 26920 26920 E MethodChannel#jojoy.app_resource_plugin: at android.os.Handler.dispatchMessage(Handler.java:99)
08-28 05:02:15.734 26920 26920 E MethodChannel#jojoy.app_resource_plugin: at android.os.Looper.loopOnce(Looper.java:210)
08-28 05:02:15.734 26920 26920 E MethodChannel#jojoy.app_resource_plugin: at android.os.Looper.loop(Looper.java:299)
08-28 05:02:15.734 26920 26920 E MethodChannel#jojoy.app_resource_plugin: at android.app.ActivityThread.main(ActivityThread.java:8319)
08-28 05:02:15.734 26920 26920 E MethodChannel#jojoy.app_resource_plugin: at java.lang.reflect.Method.invoke(Native Method)
08-28 05:02:15.734 26920 26920 E MethodChannel#jojoy.app_resource_plugin: at com.android.internal.os.RuntimeInit$MethodAndArgsCaller.run(RuntimeInit.java:556)
08-28 05:02:15.734 26920 26920 E MethodChannel#jojoy.app_resource_plugin: at com.android.internal.os.ZygoteInit.main(ZygoteInit.java:1038)
08-28 05:02:15.734 26920 26920 E MethodChannel#jojoy.app_resource_plugin: Caused by: android.view.InflateException: Class not found x
08-28 05:02:15.734 26920 26920 E MethodChannel#jojoy.app_resource_plugin: at android.graphics.drawable.DrawableInflater.inflateFromClass(DrawableInflater.java:2 25)
08-28 05:02:15.734 26920 26920 E MethodChannel#jojoy.app_resource_plugin: at android.graphics.drawable.DrawableInflater.inflateFromXmlForDensity(DrawableInflate r.java:142)
08-28 05:02:15.734 26920 26920 E MethodChannel#jojoy.app_resource_plugin: at android.graphics.drawable.Drawable.createFromXmlInnerForDensity(Drawable.java:1414)
08-28 05:02:15.734 26920 26920 E MethodChannel#jojoy.app_resource_plugin: at android.graphics.drawable.Drawable.createFromXmlForDensity(Drawable.java:1373)
08-28 05:02:15.734 26920 26920 E MethodChannel#jojoy.app_resource_plugin: at android.content.res.ResourcesImpl.createFromXmlForDensity(ResourcesImpl.java:1516)
08-28 05:02:15.734 26920 26920 E MethodChannel#jojoy.app_resource_plugin: at android.content.res.ResourcesImpl.loadXmlDrawable(ResourcesImpl.java:934)
08-28 05:02:15.734 26920 26920 E MethodChannel#jojoy.app_resource_plugin: at android.content.res.ResourcesImpl.loadDrawableForCookie(ResourcesImpl.java:883)
08-28 05:02:15.734 26920 26920 E MethodChannel#jojoy.app_resource_plugin: ... 23 more
08-28 05:02:15.734 26920 26920 E MethodChannel#jojoy.app_resource_plugin: Caused by: java.lang.ClassNotFoundException: Didn't find class "x" on path: DexPathList[[zip file "/data/app/~~kixGn7zW248KGIOGoFF-Lw==/apkdone.com- 81Md4lzk5JD1I5w1cWk3cQ==/base.apk"],nativeLibraryDirectories=[/data/app/ ~~kixGn7zW248KGIOGoFF-Lw==/apkdone.com-81Md4lzk5JD1I5w1cWk3cQ==/lib/arm, /data/app/~~kixGn7zW248KGIOGoFF-Lw==/apkdone.com-81Md4lzk5JD1I5w1cWk3cQ==/ base.apk!/lib/armeabi-v7a, /system/lib, /system_ext/lib]]
08-28 05:02:15.734 26920 26920 E MethodChannel#jojoy.app_resource_plugin: at dalvik.system.BaseDexClassLoader.findClass(BaseDexClassLoader.java:218)
08-28 05:02:15.734 26920 26920 E MethodChannel#jojoy.app_resource_plugin: at java.lang.ClassLoader.loadClass(ClassLoader.java:379)
08-28 05:02:15.734 26920 26920 E MethodChannel#jojoy.app_resource_plugin: at java.lang.ClassLoader.loadClass(ClassLoader.java:312)
08-28 05:02:15.734 26920 26920 E MethodChannel#jojoy.app_resource_plugin: at android.graphics.drawable.DrawableInflater.inflateFromClass(DrawableInflater.java:2 06)
08-28 05:02:15.734 26920 26920 E MethodChannel#jojoy.app_resource_plugin: ... 29 more
08-28 05:02:15.735 26920 26920 D b : On progress DownloadRequest{networkType=3, priority=AssetPriority{firstPriority=4, secondPriority=0}, url='https://v16-ad.byteoversea.com/9f5cc3b08cfe64df91d19808479d38db/630ab8e8/ video/tos/alisg/tos-alisg-v-0000/772c69fa6b3741c3b7bcd3fcb0a435d2/toutiao.mp4', path='/storage/emulated/0/Android/data/apkdone.com/no_backup/vungle_cache/vungle/ 630a9466ea86378b24a854a1/toutiao.mp4', pauseOnConnectionLost=false, id='e12f5b1d- c9cf-3782-8b0e-efad7438c693', cookieString='b7f22a63-f6ab-4a31-8982-669c01649c84', cancelled=false}
08-28 05:02:15.748 26920 26920 D Installations: Installation ID: fYlUaecpTuycMHXYq4xJgJ
08-28 05:02:15.775 26920 28023 D b : Progress 95 status 1 com.vungle.warren.downloader.DownloadRequestMediator@f09d949 /storage/emulated/0/Android/data/apkdone.com/no_backup/vungle_cache/clever_cache/ assets/I4VUDFHSs9JIpTHXacizz2ToTpCJAuKHfoUtBBZt4-w=
08-28 05:02:15.775 26920 26920 D b : On progress DownloadRequest{networkType=3, priority=AssetPriority{firstPriority=4, secondPriority=0}, url='https://v16-ad.byteoversea.com/9f5cc3b08cfe64df91d19808479d38db/630ab8e8/ video/tos/alisg/tos-alisg-v-0000/772c69fa6b3741c3b7bcd3fcb0a435d2/toutiao.mp4', path='/storage/emulated/0/Android/data/apkdone.com/no_backup/vungle_cache/vungle/ 630a9466ea86378b24a854a1/toutiao.mp4', pauseOnConnectionLost=false, id='e12f5b1d- c9cf-3782-8b0e-efad7438c693', cookieString='b7f22a63-f6ab-4a31-8982-669c01649c84', cancelled=false}
08-28 05:02:15.779 26920 27897 V com.vungle.warren.d: [ttDownloadContext] Request ad got response, request = AdRequest{placementId='GAME_DOWNLOAD_REWARD_BIDDING- 7168597', adMarkup=null, type=2, adCount=1}, elapsed time = 862ms
08-28 05:02:15.785 26920 27674 D com.vungle.warren.d: Ads Response: {"ads": [{"placement_reference_id":"GAME_DOWNLOAD_REWARD_BIDDING-7168597","ad_markup": {"id":"630a94675016f4809a36996f","campaign":"591007e887faec9f44000018| 574351a9740cf4426b30d030|dsp-60ec0bed4c48b900167cf79e| 630a94675016f4809a36996f","app_id":"$0$ {\"app_id\":\"5727cbb4630ae51d400000cf\",\"eventID\":\"630a94675016f4809a36996f\"}" ,"expiry":1661641335,"tpat":{"moat": {"is_enabled":false,"extra_vast":""},"clickUrl":["https://api16-access- gcp.pangle.io/api/ad/union/redirect/?active_extra=CKdF9rqhwleer5dntH1V%2BA9%2Fagl %2Bd8%2F6SSAcR4vD5Alrw36GNv%2B2CcGd84n4LcqSLZO4lO3mepJiyHls43Ivkw%3D %3D&call_back=jLuLQ0Ck9ylk%2FQdnmY%2BBeBWxFQZuFGTr9SLbNZYhA%2FTRT8h %2B3AqnhfixHvEJ9FgG9wSg4kttq6nYxPg8UJWEcHcl5bgfmuIh7lmu9tOc0DZmn1f43BvyA9gIEhcDJHOj &click_source=1&extra=vl7WGUnuQi5uD %2FPf3KPLj2Un2fgMzFZcYPN4cPGY7kKrQKscIrQ3uCtxPo9T0LFL%2FmJjs3zFX94nPWOQRrCTiUg %2FKZuVrh6IV6cr%2FSUt44MDGsOY8OVJYVFJousr3jri6qPwKGGC %2FtBCVJ6o91EyVw0rzGaPvNr3%2FdmO9xh7UGmt3d0sI3nQYnHvV6%2FXnqQCxClX01qvm5xcj8VbP %2BtPHKfPrESrpvLbL2Y9GMFI%2BWEzegrMW %2Bt8BSxu1%2FUQm2bUyiIr7FMOdGNgfggsee9NhNivgpholIKrhkzzLaQ47cu6c8CzpVNyFhIUGmQfr47b LqrjWUhW%2BY33T3TjsIUCcKoZ9Pdx4yVhb47WmiaUr2J %2Bp7TdrKZrKC7WgI1vMXXqwSSnBK5VCbNv0oAdeDPzgbOj%2FYWXmw %2BXbyEUJVKvE4cjfJqkk5%2BU13ev6qSPFvQU1hmjVctWpcixS5fs53r5xkCJuN8pk71zxr%2FdwIy %2Bz4qqEldf%2FyW8HV2OGCEQb%2Fqp4iOdpzr3sMz1fZ1dGIvw3EJKaI5J4BsD %2FvepRMjVv3%2FIrrj6rUH9dbQcmdnu2jiZbre2JcbSgx0anFSOYry%2B %2BFUlYSGP6BgPOdaF5BhJCmJYpIvnaa9KrQORX1zyfHO4UWtyTwFFFDLrCCy9hUN6Q7CFYbiqt %2F2thhc16J7DUHXC%2Fc2WAuutPEwkXhKJM1gOBITsju2oHIetgo%2BiaTFiLRnbv %2Bssh1yCqqwY9qKB3wf65%2FSwcmT7MzcvzhC19wPb %2FgWN06KFFBo2SRvI1%2FBbTeE3exMeVVyLKPHAD1CoIlPOv1oxrOtvsDUMV9JL9%2FPiZp9X %2BNwb8gPYCBIXAyRzow%3D %3D&is_dsp=1&pack_time=1661637735.38&req_id=630a94675016f4809a36996fu1988&rit=98013 1430&source_type=1&ttdsp_adx_index=46&use_pb=1","https://events.ads.vungle.com/ api/v5/tpat? cid=591007e887faec9f44000018&crid=574351a9740cf4426b30d030&event_id=630a94675016f48 09a36996f&event_type=click&hb=true&ic=true&int=false&os=android&pid=62eb459a06e372d 6a3bc850a&pub=6231bb02073c1f2f79d7c6c5&test=false&vid=e86b4302-c67d-48d4-8981- 3a21c6b5ad04&vid_type=IFA"],"checkpoint.0":["https://impression.appsflyer.com/ com.bstar.intl?pid=bytedanceglobal_int&af_siteid=900000000&c=Wezonet-TT-ID-AND- 20220826-id04pan-%E5%90%8D%E4%BE%A6%E6%8E%A2%E6%9F%AF%E5%8D%97-%23OGV- %E6%97%A5%E7%95%AA%23- ss1022690&af_channel=Pangle&af_c_id=1742208300095506&af_adset=A106B13C3%23ID4044%26 45_IDand04PAN_aco_0826-RO%2Bmultibid&af_adset_id=1742208303946769&af_ad=JP-MZTKN- 0825-LLN-P- ID4045--.mp4_003&af_ad_id=1742208308442145&af_ad_type=15&af_viewthrough_lookback=24 h&clickid=E.C.P.CqYB2agS21p-8EMbaaHDWm6XCrQgwh8LKMmF4P- EcM35QQ8eRi5nxFC2WTMd9ipL5ge0ZXrdp9imFIZf8_KPExjM7DrPkEeqDU- Pxaq20nfuKJbF2KWMWBzyrrGiq9Y6agPMShqq-vbmbtw92z-9FyfJzoE6aiQ- 80NHmJrcmESaZ8JwPNY1p4VQSDNtvqtoZ2ZIcSkQd7CX2qP1CCrXRMnw2HPGILBnlBIEdjIuMBogQ6qd- VMtOmcUlFTHdzpzWYWVVzeNx5u7Kk7nTjx2mt0&advertising_id=e86b4302-c67d-48d4-8981- 3a21c6b5ad04&idfa=&os=0&af_ip=114.4.78.19&af_ua=Mozilla%2F5.0+%28Linux %3B+Android+12%3B+M2007J20CG+Build%2FSKQ1.211019.001%3B+wv%29+AppleWebKit%2F537.36+ %28KHTML%2C+like+Gecko%29+Version%2F4.0+Chrome%2F104.0.5112.97+Mobile+Safari %2F537.36&af_lang=id&redirect=false&af_prt=wezonet","https://api16-access- gcp.pangle.io/api/ad/union/show_event/? req_id=630a94675016f4809a36996fu1988&ttdsp_adx_index=46&extra=4AfhtQRp22DGOBvA5zI0l bHjX4TRsNMdstkn %2FGL5H2eCEwnO9Vp6qtVncz8hML2Zh1T9vcBlRM925wRaQLwxLQnclzkpEVR2gKeoFBSkFMJCCs0uV5x2L ECZHw %2FajROb8dGtG5ikiTZOaGcPZ8VDs8ZUbb5%2FGnC41miHy8Pzl2qedjphsRHqQB0sVyqH5%2FESLr7oSyu dO2%2FNcFBGkrAK8h6tuODAT5ra7fUK6FPlbnJ6xIoBdwjE8sWPuDpfh6NZkOp1znpjJTgfR4h2akCFxRMT z131UQKMGCsZOVtkLSjgfETnk8ml6TUNmaBwAUNgITdwU9XiT%2BsbOxGCPBxMjD3GrPz %2FAfBp3ulfltiH4KtN7IOdQOA9yViFSwdlmMxerkBgoNFCCzyABYTmGbqrpHQud0QVyZC42xXtOLKjYwQm 0D0RN6y8vbjruRBVuKOYYGjLyWG6KfA0d89uuNe0634bZItHd7Zs5SQtzvj%2FGShNIe %2BoliZ8%2FVCldyvcaA3uy2Qj6smbuglPYYi1YjpQAiXdbyPBVGmrwg8bd8ofFlUNqJ5cXXIGnlJwQAVAH IcgC96gWjJaiZe9HrYx9EHxi %2BzkTBcSXYxtVasF20OZYwmYs5AP0FEzeWbd1GV6G9GaxYSQqCbYwShyzUzpWgt8lHtg
08-28 05:02:15.793 26920 28023 D b : Progress 100 status 1 com.vungle.warren.downloader.DownloadRequestMediator@f09d949 /storage/emulated/0/Android/data/apkdone.com/no_backup/vungle_cache/clever_cache/ assets/I4VUDFHSs9JIpTHXacizz2ToTpCJAuKHfoUtBBZt4-w=
08-28 05:02:15.795 26920 28023 D b : request is done , mediator url - https://v16-ad.byteoversea.com/9f5cc3b08cfe64df91d19808479d38db/630ab8e8/video/ tos/alisg/tos-alisg-v-0000/772c69fa6b3741c3b7bcd3fcb0a435d2/toutiao.mp4, path - /storage/emulated/0/Android/data/apkdone.com/no_backup/vungle_cache/clever_cache/ assets/I4VUDFHSs9JIpTHXacizz2ToTpCJAuKHfoUtBBZt4-w=, th - pool-68-thread-3id com.vungle.warren.downloader.DownloadRequestMediator@f09d949
08-28 05:02:15.795 26920 28023 D b : OnComplete - Removing connections and listener com.vungle.warren.downloader.DownloadRequestMediator@f09d949
08-28 05:02:15.798 26920 28023 D d : Cache hit /storage/emulated/0/Android/data/apkdone.com/no_backup/vungle_cache/clever_cache/ assets/I4VUDFHSs9JIpTHXacizz2ToTpCJAuKHfoUtBBZt4-w= cache touch updated
08-28 05:02:15.798 26920 27685 I b : Setting 0 for adv 630a94675016f4809a36996f and pl GAME_DOWNLOAD_REWARD_BIDDING-7168597
08-28 05:02:15.804 26920 26920 D b : On progress DownloadRequest{networkType=3, priority=AssetPriority{firstPriority=4, secondPriority=0}, url='https://v16-ad.byteoversea.com/9f5cc3b08cfe64df91d19808479d38db/630ab8e8/ video/tos/alisg/tos-alisg-v-0000/772c69fa6b3741c3b7bcd3fcb0a435d2/toutiao.mp4', path='/storage/emulated/0/Android/data/apkdone.com/no_backup/vungle_cache/vungle/ 630a9466ea86378b24a854a1/toutiao.mp4', pauseOnConnectionLost=false, id='e12f5b1d- c9cf-3782-8b0e-efad7438c693', cookieString='b7f22a63-f6ab-4a31-8982-669c01649c84', cancelled=false}
08-28 05:02:15.804 26920 28023 D d : Purge check current cache total: 61610029 target: 94371840
08-28 05:02:15.810 26920 27674 D com.vungle.warren.d: Starting download for AdAsset{identifier='dde556b9-2822-41eb-ab69-573cb3845840', adIdentifier='630a94675016f4809a36996f', serverPath='https://cdn-lb.vungle.com/template-rtb/rtbEndcard-v7.zip', localPath='/storage/emulated/0/Android/data/apkdone.com/no_backup/vungle_cache/ vungle/630a94675016f4809a36996f/template', status=0, fileType=0, fileSize=-1, retryCount=0, retryTypeError=0}
08-28 05:02:15.814 26920 28023 D b : Copying: finished https://v16- ad.byteoversea.com/9f5cc3b08cfe64df91d19808479d38db/630ab8e8/video/tos/alisg/tos- alisg-v-0000/772c69fa6b3741c3b7bcd3fcb0a435d2/toutiao.mp4 copying to /storage/emulated/0/Android/data/apkdone.com/no_backup/vungle_cache/vungle/ 630a9466ea86378b24a854a1/toutiao.mp4
08-28 05:02:15.814 26920 28023 D b : Deliver success:https://v16- ad.byteoversea.com/9f5cc3b08cfe64df91d19808479d38db/630ab8e8/video/tos/alisg/tos- alisg-v-0000/772c69fa6b3741c3b7bcd3fcb0a435d2/toutiao.mp4 dest file: /storage/emulated/0/Android/data/apkdone.com/no_backup/vungle_cache/vungle/ 630a9466ea86378b24a854a1/toutiao.mp4
08-28 05:02:15.814 26920 28023 D b : Finished , mediator url - https://v16- ad.byteoversea.com/9f5cc3b08cfe64df91d19808479d38db/630ab8e8/video/tos/alisg/tos- alisg-v-0000/772c69fa6b3741c3b7bcd3fcb0a435d2/toutiao.mp4, path - /storage/emulated/0/Android/data/apkdone.com/no_backup/vungle_cache/clever_cache/ assets/I4VUDFHSs9JIpTHXacizz2ToTpCJAuKHfoUtBBZt4-w=, th - pool-68-thread-3id com.vungle.warren.downloader.DownloadRequestMediator@f09d949
08-28 05:02:15.815 26920 28023 D b : Done with request in state 6 , mediator url - https://v16-ad.byteoversea.com/9f5cc3b08cfe64df91d19808479d38db/630ab8e8/ video/tos/alisg/tos-alisg-v-0000/772c69fa6b3741c3b7bcd3fcb0a435d2/toutiao.mp4, path - /storage/emulated/0/Android/data/apkdone.com/no_backup/vungle_cache/ clever_cache/assets/I4VUDFHSs9JIpTHXacizz2ToTpCJAuKHfoUtBBZt4-w=, th - pool-68- thread-3id com.vungle.warren.downloader.DownloadRequestMediator@f09d949
08-28 05:02:15.815 26920 28023 D b : Removing listener
08-28 05:02:15.816 26920 27674 D com.vungle.warren.d: Starting download for AdAsset{identifier='5b592189-b085-4e3e-963b-0600ee186b66', adIdentifier='630a94675016f4809a36996f', serverPath='https://v16- ad.byteoversea.com/238633be858198640ae0797a0df5df8f/630ab822/video/tos/alisg/tos- alisg-v-0000/8f0fa52e7b17452b9d47dc801d914b98/toutiao.mp4', localPath='/storage/emulated/0/Android/data/apkdone.com/no_backup/vungle_cache/ vungle/630a94675016f4809a36996f/toutiao.mp4', status=0, fileType=2, fileSize=-1, retryCount=0, retryTypeError=0}
08-28 05:02:15.816 26920 28023 D d : Stop tracking file: /storage/emulated/0/Android/data/apkdone.com/no_backup/vungle_cache/clever_cache/ assets/I4VUDFHSs9JIpTHXacizz2ToTpCJAuKHfoUtBBZt4-w= ref count 0
08-28 05:02:15.820 26920 27674 V com.vungle.warren.d: [ttDownloadContext] Start to download assets, request = AdRequest{placementId='GAME_DOWNLOAD_REWARD_BIDDING- 7168597', adMarkup=null, type=2, adCount=1} at: 1661637735818
08-28 05:02:15.821 26920 27674 V b : [ttDownloadContext] Waiting for download asset DownloadRequest{networkType=3, priority=AssetPriority{firstPriority=5, secondPriority=0}, url='https://cdn-lb.vungle.com/template-rtb/rtbEndcard-v7.zip', path='/storage/emulated/0/Android/data/apkdone.com/no_backup/vungle_cache/vungle/ 630a94675016f4809a36996f/template', pauseOnConnectionLost=false, id='e1788d80-e899- 34d3-b923-685bc82fae4c', cookieString='dde556b9-2822-41eb-ab69-573cb3845840', cancelled=false}, at: 1661637735820
08-28 05:02:15.821 26920 28023 D d : Purge check current cache total: 61610029 target: 94371840
08-28 05:02:15.821 26920 27674 V b : [ttDownloadContext] Waiting for download asset DownloadRequest{networkType=3, priority=AssetPriority{firstPriority=5, secondPriority=0}, url='https://v16-ad.byteoversea.com/238633be858198640ae0797a0df5df8f/630ab822/ video/tos/alisg/tos-alisg-v-0000/8f0fa52e7b17452b9d47dc801d914b98/toutiao.mp4', path='/storage/emulated/0/Android/data/apkdone.com/no_backup/vungle_cache/vungle/ 630a94675016f4809a36996f/toutiao.mp4', pauseOnConnectionLost=false, id='6c65df54- bc3a-380b-a41d-8d1b07bb3cec', cookieString='5b592189-b085-4e3e-963b-0600ee186b66', cancelled=false}, at: 1661637735821
08-28 05:02:15.822 26920 28023 V b : [ttDownloadContext] Start to download asset DownloadRequest{networkType=3, priority=AssetPriority{firstPriority=5, secondPriority=0}, url='https://cdn-lb.vungle.com/template-rtb/rtbEndcard-v7.zip', path='/storage/emulated/0/Android/data/apkdone.com/no_backup/vungle_cache/vungle/ 630a94675016f4809a36996f/template', pauseOnConnectionLost=false, id='e1788d80-e899- 34d3-b923-685bc82fae4c', cookieString='dde556b9-2822-41eb-ab69-573cb3845840', cancelled=false}, at: 1661637735821
08-28 05:02:15.822 26920 28024 V b : [ttDownloadContext] Start to download asset DownloadRequest{networkType=3, priority=AssetPriority{firstPriority=5, secondPriority=0}, url='https://v16-ad.byteoversea.com/238633be858198640ae0797a0df5df8f/630ab822/ video/tos/alisg/tos-alisg-v-0000/8f0fa52e7b17452b9d47dc801d914b98/toutiao.mp4', path='/storage/emulated/0/Android/data/apkdone.com/no_backup/vungle_cache/vungle/ 630a94675016f4809a36996f/toutiao.mp4', pauseOnConnectionLost=false, id='6c65df54- bc3a-380b-a41d-8d1b07bb3cec', cookieString='5b592189-b085-4e3e-963b-0600ee186b66', cancelled=false}, at: 1661637735822
08-28 05:02:15.822 26920 28023 D b : Destination file /storage/emulated/0/Android/data/apkdone.com/no_backup/vungle_cache/clever_cache/ assets/B8kOLVmoFJkUa9Nx7XYT8X7NZfPPng0QNw1qQjvt6_o=
08-28 05:02:15.823 26920 28023 D b : Adding network listner
08-28 05:02:15.826 26920 27685 I b : Searching for valid advertisement for placement with DEFAULT-6045176event ID null
08-28 05:02:15.833 26920 28023 D d : Start tracking file: /storage/emulated/0/Android/data/apkdone.com/no_backup/vungle_cache/clever_cache/ assets/B8kOLVmoFJkUa9Nx7XYT8X7NZfPPng0QNw1qQjvt6_o= ref count 1
08-28 05:02:15.833 26920 28023 D b : Start load: url: https://cdn- lb.vungle.com/template-rtb/rtbEndcard-v7.zip
08-28 05:02:15.835 26920 28023 D b : already downloaded : 67414, file exists = true, mediator url - https://cdn-lb.vungle.com/template-rtb/rtbEndcard-v7.zip, path - /storage/emulated/0/Android/data/apkdone.com/no_backup/vungle_cache/ clever_cache/assets/B8kOLVmoFJkUa9Nx7XYT8X7NZfPPng0QNw1qQjvt6_o=, th - pool-68- thread-3id com.vungle.warren.downloader.DownloadRequestMediator@d0024e7
08-28 05:02:15.835 26920 28024 D b : Destination file /storage/emulated/0/Android/data/apkdone.com/no_backup/vungle_cache/clever_cache/ assets/m7Ol8MVlEUGuuu1cHySIVaXNo2-pnOjSFbd7_vFg5fs=
08-28 05:02:15.835 26920 28024 D b : Adding network listner
08-28 05:02:15.836 26920 28023 D b : Using cache without verification, dispatch existing file
08-28 05:02:15.836 26920 28023 D b : request is done , mediator url - https://cdn-lb.vungle.com/template-rtb/rtbEndcard-v7.zip, path - /storage/emulated/0/Android/data/apkdone.com/no_backup/vungle_cache/clever_cache/ assets/B8kOLVmoFJkUa9Nx7XYT8X7NZfPPng0QNw1qQjvt6_o=, th - pool-68-thread-3id com.vungle.warren.downloader.DownloadRequestMediator@d0024e7
08-28 05:02:15.836 26920 28023 D b : OnComplete - Removing connections and listener com.vungle.warren.downloader.DownloadRequestMediator@d0024e7
08-28 05:02:15.839 26920 28024 D d : Start tracking file: /storage/emulated/0/Android/data/apkdone.com/no_backup/vungle_cache/clever_cache/ assets/m7Ol8MVlEUGuuu1cHySIVaXNo2-pnOjSFbd7_vFg5fs= ref count 1
08-28 05:02:15.839 26920 28024 D b : Start load: url: https://v16- ad.byteoversea.com/238633be858198640ae0797a0df5df8f/630ab822/video/tos/alisg/tos- alisg-v-0000/8f0fa52e7b17452b9d47dc801d914b98/toutiao.mp4
08-28 05:02:15.840 26920 28024 D b : already downloaded : 0, file exists = false, mediator url - https://v16-ad.byteoversea.com/238633be858198640ae0797a0df5df8f/630ab822/video/ tos/alisg/tos-alisg-v-0000/8f0fa52e7b17452b9d47dc801d914b98/toutiao.mp4, path - /storage/emulated/0/Android/data/apkdone.com/no_backup/vungle_cache/clever_cache/ assets/m7Ol8MVlEUGuuu1cHySIVaXNo2-pnOjSFbd7_vFg5fs=, th - pool-68-thread-4id com.vungle.warren.downloader.DownloadRequestMediator@35b5a00
08-28 05:02:15.840 26920 28024 V b : [ttDownloadContext] Send network request: https://v16-ad.byteoversea.com/238633be858198640ae0797a0df5df8f/630ab822/ video/tos/alisg/tos-alisg-v-0000/8f0fa52e7b17452b9d47dc801d914b98/toutiao.mp4, at: 1661637735840
08-28 05:02:15.844 26920 28023 D d : Cache hit /storage/emulated/0/Android/data/apkdone.com/no_backup/vungle_cache/clever_cache/ assets/B8kOLVmoFJkUa9Nx7XYT8X7NZfPPng0QNw1qQjvt6_o= cache touch updated
08-28 05:02:15.848 26920 28023 D d : Purge check current cache total: 61610029 target: 94371840
08-28 05:02:15.850 26920 28023 D b : Copying: finished https://cdn- lb.vungle.com/template-rtb/rtbEndcard-v7.zip copying to /storage/emulated/0/Android/data/apkdone.com/no_backup/vungle_cache/vungle/ 630a94675016f4809a36996f/template
08-28 05:02:15.850 26920 28023 D b : Deliver success:https://cdn- lb.vungle.com/template-rtb/rtbEndcard-v7.zip dest file: /storage/emulated/0/Android/data/apkdone.com/no_backup/vungle_cache/vungle/ 630a94675016f4809a36996f/template
08-28 05:02:15.850 26920 28023 D b : Finished , mediator url - https://cdn- lb.vungle.com/template-rtb/rtbEndcard-v7.zip, path - /storage/emulated/0/Android/data/apkdone.com/no_backup/vungle_cache/clever_cache/ assets/B8kOLVmoFJkUa9Nx7XYT8X7NZfPPng0QNw1qQjvt6_o=, th - pool-68-thread-3id com.vungle.warren.downloader.DownloadRequestMediator@d0024e7
08-28 05:02:15.850 26920 28023 D b : Done with request in state 6 , mediator url - https://cdn-lb.vungle.com/template-rtb/rtbEndcard-v7.zip, path - /storage/emulated/0/Android/data/apkdone.com/no_backup/vungle_cache/clever_cache/ assets/B8kOLVmoFJkUa9Nx7XYT8X7NZfPPng0QNw1qQjvt6_o=, th - pool-68-thread-3id com.vungle.warren.downloader.DownloadRequestMediator@d0024e7
08-28 05:02:15.850 26920 28023 D d : Stop tracking file: /storage/emulated/0/Android/data/apkdone.com/no_backup/vungle_cache/clever_cache/ assets/B8kOLVmoFJkUa9Nx7XYT8X7NZfPPng0QNw1qQjvt6_o= ref count 0
08-28 05:02:15.852 26920 27674 V com.vungle.warren.d: [ttDownloadContext] Assets download completed, request = AdRequest{placementId='GAME_PAGE_DETAIL_INTER_BIDDING-6482773', adMarkup=null, type=2, adCount=1}, at: 1661637735851
