08-28 05:02:14.352 26920 26920 E MethodChannel#jojoy.app_resource_plugin: at android.os.Handler.dispatchMessage(Handler.java:99)
08-28 05:02:14.352 26920 26920 E MethodChannel#jojoy.app_resource_plugin: at android.os.Looper.loopOnce(Looper.java:210)
08-28 05:02:14.352 26920 26920 E MethodChannel#jojoy.app_resource_plugin: at android.os.Looper.loop(Looper.java:299)
08-28 05:02:14.352 26920 26920 E MethodChannel#jojoy.app_resource_plugin: at android.app.ActivityThread.main(ActivityThread.java:8319)
08-28 05:02:14.352 26920 26920 E MethodChannel#jojoy.app_resource_plugin: at java.lang.reflect.Method.invoke(Native Method)
08-28 05:02:14.352 26920 26920 E MethodChannel#jojoy.app_resource_plugin: at com.android.internal.os.RuntimeInit$MethodAndArgsCaller.run(RuntimeInit.java:556)
08-28 05:02:14.352 26920 26920 E MethodChannel#jojoy.app_resource_plugin: at com.android.internal.os.ZygoteInit.main(ZygoteInit.java:1038)
08-28 05:02:14.352 26920 26920 E MethodChannel#jojoy.app_resource_plugin: Caused by: android.view.InflateException: Class not found x
08-28 05:02:14.352 26920 26920 E MethodChannel#jojoy.app_resource_plugin: at android.graphics.drawable.DrawableInflater.inflateFromClass(DrawableInflater.java:2 25)
08-28 05:02:14.352 26920 26920 E MethodChannel#jojoy.app_resource_plugin: at android.graphics.drawable.DrawableInflater.inflateFromXmlForDensity(DrawableInflate r.java:142)
08-28 05:02:14.352 26920 26920 E MethodChannel#jojoy.app_resource_plugin: at android.graphics.drawable.Drawable.createFromXmlInnerForDensity(Drawable.java:1414)
08-28 05:02:14.352 26920 26920 E MethodChannel#jojoy.app_resource_plugin: at android.graphics.drawable.Drawable.createFromXmlForDensity(Drawable.java:1373)
08-28 05:02:14.352 26920 26920 E MethodChannel#jojoy.app_resource_plugin: at android.content.res.ResourcesImpl.createFromXmlForDensity(ResourcesImpl.java:1516)
08-28 05:02:14.352 26920 26920 E MethodChannel#jojoy.app_resource_plugin: at android.content.res.ResourcesImpl.loadXmlDrawable(ResourcesImpl.java:934)
08-28 05:02:14.352 26920 26920 E MethodChannel#jojoy.app_resource_plugin: at android.content.res.ResourcesImpl.loadDrawableForCookie(ResourcesImpl.java:883)
08-28 05:02:14.352 26920 26920 E MethodChannel#jojoy.app_resource_plugin: ... 23 more
08-28 05:02:14.352 26920 26920 E MethodChannel#jojoy.app_resource_plugin: Caused by: java.lang.ClassNotFoundException: Didn't find class "x" on path: DexPathList[[zip file "/data/app/~~kixGn7zW248KGIOGoFF-Lw==/apkdone.com- 81Md4lzk5JD1I5w1cWk3cQ==/base.apk"],nativeLibraryDirectories=[/data/app/ ~~kixGn7zW248KGIOGoFF-Lw==/apkdone.com-81Md4lzk5JD1I5w1cWk3cQ==/lib/arm, /data/app/~~kixGn7zW248KGIOGoFF-Lw==/apkdone.com-81Md4lzk5JD1I5w1cWk3cQ==/ base.apk!/lib/armeabi-v7a, /system/lib, /system_ext/lib]]
08-28 05:02:14.352 26920 26920 E MethodChannel#jojoy.app_resource_plugin: at dalvik.system.BaseDexClassLoader.findClass(BaseDexClassLoader.java:218)
08-28 05:02:14.352 26920 26920 E MethodChannel#jojoy.app_resource_plugin: at java.lang.ClassLoader.loadClass(ClassLoader.java:379)
08-28 05:02:14.352 26920 26920 E MethodChannel#jojoy.app_resource_plugin: at java.lang.ClassLoader.loadClass(ClassLoader.java:312)
08-28 05:02:14.352 26920 26920 E MethodChannel#jojoy.app_resource_plugin: at android.graphics.drawable.DrawableInflater.inflateFromClass(DrawableInflater.java:2 06)
08-28 05:02:14.352 26920 26920 E MethodChannel#jojoy.app_resource_plugin: ... 29 more
08-28 05:02:14.381 26920 26920 E MethodChannel#jojoy.app_resource_plugin: Failed to handle method call
08-28 05:02:14.381 26920 26920 E MethodChannel#jojoy.app_resource_plugin: android.content.res.Resources$NotFoundException: Drawable apkdone.com:mipmap/ic_launcher_foreground with resource ID #0x7f0f0001
08-28 05:02:14.381 26920 26920 E MethodChannel#jojoy.app_resource_plugin: Caused by: android.content.res.Resources$NotFoundException: File res/mipmap/ic_launcher_foreground.xml from drawable resource ID #0x7f0f0001
08-28 05:02:14.381 26920 26920 E MethodChannel#jojoy.app_resource_plugin: at android.content.res.ResourcesImpl.loadDrawableForCookie(ResourcesImpl.java:900)
08-28 05:02:14.381 26920 26920 E MethodChannel#jojoy.app_resource_plugin: at android.content.res.ResourcesImpl.loadDrawable(ResourcesImpl.java:691)
08-28 05:02:14.381 26920 26920 E MethodChannel#jojoy.app_resource_plugin: at android.content.res.MiuiResourcesImpl.loadDrawable(MiuiResourcesImpl.java:307)
08-28 05:02:14.381 26920 26920 E MethodChannel#jojoy.app_resource_plugin: at android.content.res.Resources.loadDrawable(Resources.java:1017)
08-28 05:02:14.381 26920 26920 E MethodChannel#jojoy.app_resource_plugin: at android.content.res.Resources.getDrawableForDensity(Resources.java:1005)
08-28 05:02:14.381 26920 26920 E MethodChannel#jojoy.app_resource_plugin: at android.content.res.Resources.getDrawable(Resources.java:944)
08-28 05:02:14.381 26920 26920 E MethodChannel#jojoy.app_resource_plugin: at android.content.Context.getDrawable(Context.java:763)
08-28 05:02:14.381 26920 26920 E MethodChannel#jojoy.app_resource_plugin: at androidx.core.content.ContextCompat$Api21Impl.getDrawable(Unknown Source:0)
08-28 05:02:14.381 26920 26920 E MethodChannel#jojoy.app_resource_plugin: at androidx.core.content.ContextCompat.getDrawable(Unknown Source:0)
08-28 05:02:14.381 26920 26920 E MethodChannel#jojoy.app_resource_plugin: at com.example.plugin.AppResourcePlugin.a(AppResourcePlugin.kt:4)
08-28 05:02:14.381 26920 26920 E MethodChannel#jojoy.app_resource_plugin: at com.example.plugin.AppResourcePlugin.onMethodCall(AppResourcePlugin.kt:22)
08-28 05:02:14.381 26920 26920 E MethodChannel#jojoy.app_resource_plugin: at io.flutter.plugin.common.MethodChannel$IncomingMethodCallHandler.onMessage(MethodCh annel.java:2)
08-28 05:02:14.381 26920 26920 E MethodChannel#jojoy.app_resource_plugin: at io.flutter.embedding.engine.dart.DartMessenger.invokeHandler(DartMessenger.java:2)
08-28 05:02:14.381 26920 26920 E MethodChannel#jojoy.app_resource_plugin: at io.flutter.embedding.engine.dart.DartMessenger.lambda$dispatchMessageToQueue$0(Dart Messenger.java:2)
08-28 05:02:14.381 26920 26920 E MethodChannel#jojoy.app_resource_plugin: at io.flutter.embedding.engine.dart.DartMessenger.a(Unknown Source:0)
08-28 05:02:14.381 26920 26920 E MethodChannel#jojoy.app_resource_plugin: at io.flutter.embedding.engine.dart.a.run(Unknown Source:12)
08-28 05:02:14.381 26920 26920 E MethodChannel#jojoy.app_resource_plugin: at android.os.Handler.handleCallback(Handler.java:938)
08-28 05:02:14.381 26920 26920 E MethodChannel#jojoy.app_resource_plugin: at android.os.Handler.dispatchMessage(Handler.java:99)
08-28 05:02:14.381 26920 26920 E MethodChannel#jojoy.app_resource_plugin: at android.os.Looper.loopOnce(Looper.java:210)
08-28 05:02:14.381 26920 26920 E MethodChannel#jojoy.app_resource_plugin: at android.os.Looper.loop(Looper.java:299)
08-28 05:02:14.381 26920 26920 E MethodChannel#jojoy.app_resource_plugin: at android.app.ActivityThread.main(ActivityThread.java:8319)
08-28 05:02:14.381 26920 26920 E MethodChannel#jojoy.app_resource_plugin: at java.lang.reflect.Method.invoke(Native Method)
08-28 05:02:14.381 26920 26920 E MethodChannel#jojoy.app_resource_plugin: at com.android.internal.os.RuntimeInit$MethodAndArgsCaller.run(RuntimeInit.java:556)
08-28 05:02:14.381 26920 26920 E MethodChannel#jojoy.app_resource_plugin: at com.android.internal.os.ZygoteInit.main(ZygoteInit.java:1038)
08-28 05:02:14.381 26920 26920 E MethodChannel#jojoy.app_resource_plugin: Caused by: android.view.InflateException: Class not found x
08-28 05:02:14.381 26920 26920 E MethodChannel#jojoy.app_resource_plugin: at android.graphics.drawable.DrawableInflater.inflateFromClass(DrawableInflater.java:2 25)
08-28 05:02:14.381 26920 26920 E MethodChannel#jojoy.app_resource_plugin: at android.graphics.drawable.DrawableInflater.inflateFromXmlForDensity(DrawableInflate r.java:142)
08-28 05:02:14.381 26920 26920 E MethodChannel#jojoy.app_resource_plugin: at android.graphics.drawable.Drawable.createFromXmlInnerForDensity(Drawable.java:1414)
08-28 05:02:14.381 26920 26920 E MethodChannel#jojoy.app_resource_plugin: at android.graphics.drawable.Drawable.createFromXmlForDensity(Drawable.java:1373)
08-28 05:02:14.381 26920 26920 E MethodChannel#jojoy.app_resource_plugin: at android.content.res.ResourcesImpl.createFromXmlForDensity(ResourcesImpl.java:1516)
08-28 05:02:14.381 26920 26920 E MethodChannel#jojoy.app_resource_plugin: at android.content.res.ResourcesImpl.loadXmlDrawable(ResourcesImpl.java:934)
08-28 05:02:14.381 26920 26920 E MethodChannel#jojoy.app_resource_plugin: at android.content.res.ResourcesImpl.loadDrawableForCookie(ResourcesImpl.java:883)
08-28 05:02:14.381 26920 26920 E MethodChannel#jojoy.app_resource_plugin: ... 23 more
08-28 05:02:14.381 26920 26920 E MethodChannel#jojoy.app_resource_plugin: Caused by: java.lang.ClassNotFoundException: Didn't find class "x" on path: DexPathList[[zip file "/data/app/~~kixGn7zW248KGIOGoFF-Lw==/apkdone.com- 81Md4lzk5JD1I5w1cWk3cQ==/base.apk"],nativeLibraryDirectories=[/data/app/ ~~kixGn7zW248KGIOGoFF-Lw==/apkdone.com-81Md4lzk5JD1I5w1cWk3cQ==/lib/arm, /data/app/~~kixGn7zW248KGIOGoFF-Lw==/apkdone.com-81Md4lzk5JD1I5w1cWk3cQ==/ base.apk!/lib/armeabi-v7a, /system/lib, /system_ext/lib]]
08-28 05:02:14.381 26920 26920 E MethodChannel#jojoy.app_resource_plugin: at dalvik.system.BaseDexClassLoader.findClass(BaseDexClassLoader.java:218)
08-28 05:02:14.381 26920 26920 E MethodChannel#jojoy.app_resource_plugin: at java.lang.ClassLoader.loadClass(ClassLoader.java:379)
08-28 05:02:14.381 26920 26920 E MethodChannel#jojoy.app_resource_plugin: at java.lang.ClassLoader.loadClass(ClassLoader.java:312)
08-28 05:02:14.381 26920 26920 E MethodChannel#jojoy.app_resource_plugin: at android.graphics.drawable.DrawableInflater.inflateFromClass(DrawableInflater.java:2 06)
08-28 05:02:14.381 26920 26920 E MethodChannel#jojoy.app_resource_plugin: ... 29 more
08-28 05:02:14.399 26920 28025 D b : Response code: 200 com.vungle.warren.downloader.DownloadRequestMediator@d7d5bc2
08-28 05:02:14.409 26920 28025 E i : Cannot delete Uoj_7arcGekk0Jn3DsAZxuK8RXau3gDRj9qtqunOCSM=
08-28 05:02:14.409 26920 28025 E i : java.nio.file.NoSuchFileException: /storage/emulated/0/Android/data/apkdone.com/no_backup/vungle_cache/clever_cache/ assets/Uoj_7arcGekk0Jn3DsAZxuK8RXau3gDRj9qtqunOCSM=
08-28 05:02:14.409 26920 28025 E i : at sun.nio.fs.UnixFileSystemProvider.implDelete(UnixFileSystemProvider.java:244)
08-28 05:02:14.409 26920 28025 E i : at sun.nio.fs.AbstractFileSystemProvider.delete(AbstractFileSystemProvider.java:103)
08-28 05:02:14.409 26920 28025 E i : at java.nio.file.Files.delete(Files.java:1126)
08-28 05:02:14.409 26920 28025 E i : at com.vungle.warren.utility.i.c(FileUtility.java:2)
08-28 05:02:14.409 26920 28025 E i : at com.vungle.warren.downloader.b.R(AssetDownloader.java:1)
08-28 05:02:14.409 26920 28025 E i : at com.vungle.warren.downloader.b.r(Unknown Source:0)
08-28 05:02:14.409 26920 28025 E i : at com.vungle.warren.downloader.b$b.run(AssetDownloader.java:111)
08-28 05:02:14.409 26920 28025 E i : at java.util.concurrent.ThreadPoolExecutor.runWorker(ThreadPoolExecutor.java:1167)
08-28 05:02:14.409 26920 28025 E i : at java.util.concurrent.ThreadPoolExecutor$Worker.run(ThreadPoolExecutor.java:641)
08-28 05:02:14.409 26920 28025 E i : at java.lang.Thread.run(Thread.java:920)
08-28 05:02:14.410 26920 28025 E i : Cannot delete Uoj_7arcGekk0Jn3DsAZxuK8RXau3gDRj9qtqunOCSM=.vng_meta
08-28 05:02:14.410 26920 28025 E i : java.nio.file.NoSuchFileException: /storage/emulated/0/Android/data/apkdone.com/no_backup/vungle_cache/clever_cache/ assets/meta/Uoj_7arcGekk0Jn3DsAZxuK8RXau3gDRj9qtqunOCSM=.vng_meta
08-28 05:02:14.410 26920 28025 E i : at sun.nio.fs.UnixFileSystemProvider.implDelete(UnixFileSystemProvider.java:244)
08-28 05:02:14.410 26920 28025 E i : at sun.nio.fs.AbstractFileSystemProvider.delete(AbstractFileSystemProvider.java:103)
08-28 05:02:14.410 26920 28025 E i : at java.nio.file.Files.delete(Files.java:1126)
08-28 05:02:14.410 26920 28025 E i : at com.vungle.warren.utility.i.c(FileUtility.java:2)
08-28 05:02:14.410 26920 28025 E i : at com.vungle.warren.downloader.b.R(AssetDownloader.java:2)
08-28 05:02:14.410 26920 28025 E i : at com.vungle.warren.downloader.b.r(Unknown Source:0)
08-28 05:02:14.410 26920 28025 E i : at com.vungle.warren.downloader.b$b.run(AssetDownloader.java:111)
08-28 05:02:14.410 26920 28025 E i : at java.util.concurrent.ThreadPoolExecutor.runWorker(ThreadPoolExecutor.java:1167)
08-28 05:02:14.410 26920 28025 E i : at java.util.concurrent.ThreadPoolExecutor$Worker.run(ThreadPoolExecutor.java:641)
08-28 05:02:14.410 26920 28025 E i : at java.lang.Thread.run(Thread.java:920)
08-28 05:02:14.412 26920 28025 E i : Cannot delete Uoj_7arcGekk0Jn3DsAZxuK8RXau3gDRj9qtqunOCSM=.vng_meta
08-28 05:02:14.412 26920 28025 E i : java.nio.file.NoSuchFileException: /storage/emulated/0/Android/data/apkdone.com/no_backup/vungle_cache/clever_cache/ assets/meta/Uoj_7arcGekk0Jn3DsAZxuK8RXau3gDRj9qtqunOCSM=.vng_meta
08-28 05:02:14.412 26920 28025 E i : at sun.nio.fs.UnixFileSystemProvider.implDelete(UnixFileSystemProvider.java:244)
08-28 05:02:14.412 26920 28025 E i : at sun.nio.fs.AbstractFileSystemProvider.delete(AbstractFileSystemProvider.java:103)
08-28 05:02:14.412 26920 28025 E i : at java.nio.file.Files.delete(Files.java:1126)
08-28 05:02:14.412 26920 28025 E i : at com.vungle.warren.utility.i.c(FileUtility.java:2)
08-28 05:02:14.412 26920 28025 E i : at com.vungle.warren.downloader.b$b.run(AssetDownloader.java:112)
08-28 05:02:14.412 26920 28025 E i : at java.util.concurrent.ThreadPoolExecutor.runWorker(ThreadPoolExecutor.java:1167)
08-28 05:02:14.412 26920 28025 E i : at java.util.concurrent.ThreadPoolExecutor$Worker.run(ThreadPoolExecutor.java:641)
08-28 05:02:14.412 26920 28025 E i : at java.lang.Thread.run(Thread.java:920)
08-28 05:02:14.417 26920 28025 D b : Start download from bytes: 0, mediator url - https://v16-ad.byteoversea.com/872955804834ae46623de52135be9a6f/630abdec/ video/tos/alisg/tos-alisg-v-0000/fcdb769f767a4bc2b9fc29857303e512/toutiao.mp4, path - /storage/emulated/0/Android/data/apkdone.com/no_backup/vungle_cache/ clever_cache/assets/Uoj_7arcGekk0Jn3DsAZxuK8RXau3gDRj9qtqunOCSM=, th - pool-68- thread-5id com.vungle.warren.downloader.DownloadRequestMediator@d7d5bc2
08-28 05:02:14.417 26920 28025 D b : final offset = 0
08-28 05:02:14.418 26920 28025 D b : Progress 0 status 0 com.vungle.warren.downloader.DownloadRequestMediator@d7d5bc2 /storage/emulated/0/Android/data/apkdone.com/no_backup/vungle_cache/clever_cache/ assets/Uoj_7arcGekk0Jn3DsAZxuK8RXau3gDRj9qtqunOCSM=
08-28 05:02:14.422 26920 26920 D b : On progress DownloadRequest{networkType=3, priority=AssetPriority{firstPriority=3, secondPriority=0}, url='https://v16-ad.byteoversea.com/872955804834ae46623de52135be9a6f/630abdec/ video/tos/alisg/tos-alisg-v-0000/fcdb769f767a4bc2b9fc29857303e512/toutiao.mp4', path='/storage/emulated/0/Android/data/apkdone.com/no_backup/vungle_cache/vungle/ 630a9465d0db6253d4949bb1/toutiao.mp4', pauseOnConnectionLost=false, id='bcc3d7c5- 50ad-3cc8-9ed6-af693f2c63d3', cookieString='c17e1629-a29f-45c5-b971-72ea93ac2a3f', cancelled=false}
08-28 05:02:14.445 26920 27034 W UnityAds: com.unity3d.services.core.connectivity.ConnectivityMonitor.connectionStatusChanged( ) (line:8) :: Unity Ads was not able to get current network type due to missing permission
08-28 05:02:14.447 26920 28025 D b : Progress 5 status 1 com.vungle.warren.downloader.DownloadRequestMediator@d7d5bc2 /storage/emulated/0/Android/data/apkdone.com/no_backup/vungle_cache/clever_cache/ assets/Uoj_7arcGekk0Jn3DsAZxuK8RXau3gDRj9qtqunOCSM=
08-28 05:02:14.449 26920 28025 D b : Progress 10 status 1 com.vungle.warren.downloader.DownloadRequestMediator@d7d5bc2 /storage/emulated/0/Android/data/apkdone.com/no_backup/vungle_cache/clever_cache/ assets/Uoj_7arcGekk0Jn3DsAZxuK8RXau3gDRj9qtqunOCSM=
08-28 05:02:14.453 26920 26920 D b : On progress DownloadRequest{networkType=3, priority=AssetPriority{firstPriority=3, secondPriority=0}, url='https://v16-ad.byteoversea.com/872955804834ae46623de52135be9a6f/630abdec/ video/tos/alisg/tos-alisg-v-0000/fcdb769f767a4bc2b9fc29857303e512/toutiao.mp4', path='/storage/emulated/0/Android/data/apkdone.com/no_backup/vungle_cache/vungle/ 630a9465d0db6253d4949bb1/toutiao.mp4', pauseOnConnectionLost=false, id='bcc3d7c5- 50ad-3cc8-9ed6-af693f2c63d3', cookieString='c17e1629-a29f-45c5-b971-72ea93ac2a3f', cancelled=false}
08-28 05:02:14.453 26920 26920 D b : On progress DownloadRequest{networkType=3, priority=AssetPriority{firstPriority=3, secondPriority=0}, url='https://v16-ad.byteoversea.com/872955804834ae46623de52135be9a6f/630abdec/ video/tos/alisg/tos-alisg-v-0000/fcdb769f767a4bc2b9fc29857303e512/toutiao.mp4', path='/storage/emulated/0/Android/data/apkdone.com/no_backup/vungle_cache/vungle/ 630a9465d0db6253d4949bb1/toutiao.mp4', pauseOnConnectionLost=false, id='bcc3d7c5- 50ad-3cc8-9ed6-af693f2c63d3', cookieString='c17e1629-a29f-45c5-b971-72ea93ac2a3f', cancelled=false}
08-28 05:02:14.460 26920 28025 D b : Progress 15 status 1 com.vungle.warren.downloader.DownloadRequestMediator@d7d5bc2 /storage/emulated/0/Android/data/apkdone.com/no_backup/vungle_cache/clever_cache/ assets/Uoj_7arcGekk0Jn3DsAZxuK8RXau3gDRj9qtqunOCSM=
08-28 05:02:14.460 26920 26920 D b : On progress DownloadRequest{networkType=3, priority=AssetPriority{firstPriority=3, secondPriority=0}, url='https://v16-ad.byteoversea.com/872955804834ae46623de52135be9a6f/630abdec/ video/tos/alisg/tos-alisg-v-0000/fcdb769f767a4bc2b9fc29857303e512/toutiao.mp4', path='/storage/emulated/0/Android/data/apkdone.com/no_backup/vungle_cache/vungle/ 630a9465d0db6253d4949bb1/toutiao.mp4', pauseOnConnectionLost=false, id='bcc3d7c5- 50ad-3cc8-9ed6-af693f2c63d3', cookieString='c17e1629-a29f-45c5-b971-72ea93ac2a3f', cancelled=false}
08-28 05:02:14.467 26920 28025 D b : Progress 20 status 1 com.vungle.warren.downloader.DownloadRequestMediator@d7d5bc2 /storage/emulated/0/Android/data/apkdone.com/no_backup/vungle_cache/clever_cache/ assets/Uoj_7arcGekk0Jn3DsAZxuK8RXau3gDRj9qtqunOCSM=
08-28 05:02:14.472 26920 26920 D b : On progress DownloadRequest{networkType=3, priority=AssetPriority{firstPriority=3, secondPriority=0}, url='https://v16-ad.byteoversea.com/872955804834ae46623de52135be9a6f/630abdec/ video/tos/alisg/tos-alisg-v-0000/fcdb769f767a4bc2b9fc29857303e512/toutiao.mp4', path='/storage/emulated/0/Android/data/apkdone.com/no_backup/vungle_cache/vungle/ 630a9465d0db6253d4949bb1/toutiao.mp4', pauseOnConnectionLost=false, id='bcc3d7c5- 50ad-3cc8-9ed6-af693f2c63d3', cookieString='c17e1629-a29f-45c5-b971-72ea93ac2a3f', cancelled=false}
08-28 05:02:14.485 26920 28025 D b : Progress 25 status 1 com.vungle.warren.downloader.DownloadRequestMediator@d7d5bc2 /storage/emulated/0/Android/data/apkdone.com/no_backup/vungle_cache/clever_cache/ assets/Uoj_7arcGekk0Jn3DsAZxuK8RXau3gDRj9qtqunOCSM=
08-28 05:02:14.485 26920 26920 D b : On progress DownloadRequest{networkType=3, priority=AssetPriority{firstPriority=3, secondPriority=0}, url='https://v16-ad.byteoversea.com/872955804834ae46623de52135be9a6f/630abdec/ video/tos/alisg/tos-alisg-v-0000/fcdb769f767a4bc2b9fc29857303e512/toutiao.mp4', path='/storage/emulated/0/Android/data/apkdone.com/no_backup/vungle_cache/vungle/ 630a9465d0db6253d4949bb1/toutiao.mp4', pauseOnConnectionLost=false, id='bcc3d7c5- 50ad-3cc8-9ed6-af693f2c63d3', cookieString='c17e1629-a29f-45c5-b971-72ea93ac2a3f', cancelled=false}
08-28 05:02:14.514 26920 28025 D b : Progress 30 status 1 com.vungle.warren.downloader.DownloadRequestMediator@d7d5bc2 /storage/emulated/0/Android/data/apkdone.com/no_backup/vungle_cache/clever_cache/ assets/Uoj_7arcGekk0Jn3DsAZxuK8RXau3gDRj9qtqunOCSM=
08-28 05:02:14.515 26920 26920 D b : On progress DownloadRequest{networkType=3, priority=AssetPriority{firstPriority=3, secondPriority=0}, url='https://v16-ad.byteoversea.com/872955804834ae46623de52135be9a6f/630abdec/ video/tos/alisg/tos-alisg-v-0000/fcdb769f767a4bc2b9fc29857303e512/toutiao.mp4', path='/storage/emulated/0/Android/data/apkdone.com/no_backup/vungle_cache/vungle/ 630a9465d0db6253d4949bb1/toutiao.mp4', pauseOnConnectionLost=false, id='bcc3d7c5- 50ad-3cc8-9ed6-af693f2c63d3', cookieString='c17e1629-a29f-45c5-b971-72ea93ac2a3f', cancelled=false}
08-28 05:02:14.540 26920 28025 D b : Progress 35 status 1 com.vungle.warren.downloader.DownloadRequestMediator@d7d5bc2 /storage/emulated/0/Android/data/apkdone.com/no_backup/vungle_cache/clever_cache/ assets/Uoj_7arcGekk0Jn3DsAZxuK8RXau3gDRj9qtqunOCSM=
08-28 05:02:14.541 26920 26920 D b : On progress DownloadRequest{networkType=3, priority=AssetPriority{firstPriority=3, secondPriority=0}, url='https://v16-ad.byteoversea.com/872955804834ae46623de52135be9a6f/630abdec/ video/tos/alisg/tos-alisg-v-0000/fcdb769f767a4bc2b9fc29857303e512/toutiao.mp4', path='/storage/emulated/0/Android/data/apkdone.com/no_backup/vungle_cache/vungle/ 630a9465d0db6253d4949bb1/toutiao.mp4', pauseOnConnectionLost=false, id='bcc3d7c5- 50ad-3cc8-9ed6-af693f2c63d3', cookieString='c17e1629-a29f-45c5-b971-72ea93ac2a3f', cancelled=false}
08-28 05:02:14.582 26920 28025 D b : Progress 40 status 1 com.vungle.warren.downloader.DownloadRequestMediator@d7d5bc2 /storage/emulated/0/Android/data/apkdone.com/no_backup/vungle_cache/clever_cache/ assets/Uoj_7arcGekk0Jn3DsAZxuK8RXau3gDRj9qtqunOCSM=
08-28 05:02:14.589 26920 26920 D b : On progress DownloadRequest{networkType=3, priority=AssetPriority{firstPriority=3, secondPriority=0}, url='https://v16-ad.byteoversea.com/872955804834ae46623de52135be9a6f/630abdec/ video/tos/alisg/tos-alisg-v-0000/fcdb769f767a4bc2b9fc29857303e512/toutiao.mp4', path='/storage/emulated/0/Android/data/apkdone.com/no_backup/vungle_cache/vungle/ 630a9465d0db6253d4949bb1/toutiao.mp4', pauseOnConnectionLost=false, id='bcc3d7c5- 50ad-3cc8-9ed6-af693f2c63d3', cookieString='c17e1629-a29f-45c5-b971-72ea93ac2a3f', cancelled=false}
08-28 05:02:14.633 26920 28025 D b : Progress 45 status 1 com.vungle.warren.downloader.DownloadRequestMediator@d7d5bc2 /storage/emulated/0/Android/data/apkdone.com/no_backup/vungle_cache/clever_cache/ assets/Uoj_7arcGekk0Jn3DsAZxuK8RXau3gDRj9qtqunOCSM=
08-28 05:02:14.638 26920 26920 D b : On progress DownloadRequest{networkType=3, priority=AssetPriority{firstPriority=3, secondPriority=0}, url='https://v16-ad.byteoversea.com/872955804834ae46623de52135be9a6f/630abdec/ video/tos/alisg/tos-alisg-v-0000/fcdb769f767a4bc2b9fc29857303e512/toutiao.mp4', path='/storage/emulated/0/Android/data/apkdone.com/no_backup/vungle_cache/vungle/ 630a9465d0db6253d4949bb1/toutiao.mp4', pauseOnConnectionLost=false, id='bcc3d7c5- 50ad-3cc8-9ed6-af693f2c63d3', cookieString='c17e1629-a29f-45c5-b971-72ea93ac2a3f', cancelled=false}
08-28 05:02:14.649 26920 28025 D b : Progress 50 status 1 com.vungle.warren.downloader.DownloadRequestMediator@d7d5bc2 /storage/emulated/0/Android/data/apkdone.com/no_backup/vungle_cache/clever_cache/ assets/Uoj_7arcGekk0Jn3DsAZxuK8RXau3gDRj9qtqunOCSM=
08-28 05:02:14.650 26920 26920 D b : On progress DownloadRequest{networkType=3, priority=AssetPriority{firstPriority=3, secondPriority=0}, url='https://v16-ad.byteoversea.com/872955804834ae46623de52135be9a6f/630abdec/ video/tos/alisg/tos-alisg-v-0000/fcdb769f767a4bc2b9fc29857303e512/toutiao.mp4', path='/storage/emulated/0/Android/data/apkdone.com/no_backup/vungle_cache/vungle/ 630a9465d0db6253d4949bb1/toutiao.mp4', pauseOnConnectionLost=false, id='bcc3d7c5- 50ad-3cc8-9ed6-af693f2c63d3', cookieString='c17e1629-a29f-45c5-b971-72ea93ac2a3f', cancelled=false}
08-28 05:02:14.665 26920 28025 D b : Progress 55 status 1 com.vungle.warren.downloader.DownloadRequestMediator@d7d5bc2 /storage/emulated/0/Android/data/apkdone.com/no_backup/vungle_cache/clever_cache/ assets/Uoj_7arcGekk0Jn3DsAZxuK8RXau3gDRj9qtqunOCSM=
08-28 05:02:14.675 26920 26920 D b : On progress DownloadRequest{networkType=3, priority=AssetPriority{firstPriority=3, secondPriority=0}, url='https://v16-ad.byteoversea.com/872955804834ae46623de52135be9a6f/630abdec/ video/tos/alisg/tos-alisg-v-0000/fcdb769f767a4bc2b9fc29857303e512/toutiao.mp4', path='/storage/emulated/0/Android/data/apkdone.com/no_backup/vungle_cache/vungle/ 630a9465d0db6253d4949bb1/toutiao.mp4', pauseOnConnectionLost=false, id='bcc3d7c5- 50ad-3cc8-9ed6-af693f2c63d3', cookieString='c17e1629-a29f-45c5-b971-72ea93ac2a3f', cancelled=false}
08-28 05:02:14.688 26920 28025 D b : Progress 60 status 1 com.vungle.warren.downloader.DownloadRequestMediator@d7d5bc2 /storage/emulated/0/Android/data/apkdone.com/no_backup/vungle_cache/clever_cache/ assets/Uoj_7arcGekk0Jn3DsAZxuK8RXau3gDRj9qtqunOCSM=
08-28 05:02:14.703 26920 26920 D b : On progress DownloadRequest{networkType=3, priority=AssetPriority{firstPriority=3, secondPriority=0}, url='https://v16-ad.byteoversea.com/872955804834ae46623de52135be9a6f/630abdec/ video/tos/alisg/tos-alisg-v-0000/fcdb769f767a4bc2b9fc29857303e512/toutiao.mp4', path='/storage/emulated/0/Android/data/apkdone.com/no_backup/vungle_cache/vungle/ 630a9465d0db6253d4949bb1/toutiao.mp4', pauseOnConnectionLost=false, id='bcc3d7c5- 50ad-3cc8-9ed6-af693f2c63d3', cookieString='c17e1629-a29f-45c5-b971-72ea93ac2a3f', cancelled=false}
08-28 05:02:14.751 26920 28025 D b : Progress 65 status 1 com.vungle.warren.downloader.DownloadRequestMediator@d7d5bc2 /storage/emulated/0/Android/data/apkdone.com/no_backup/vungle_cache/clever_cache/ assets/Uoj_7arcGekk0Jn3DsAZxuK8RXau3gDRj9qtqunOCSM=
08-28 05:02:14.754 26920 26920 D b : On progress DownloadRequest{networkType=3, priority=AssetPriority{firstPriority=3, secondPriority=0}, url='https://v16-ad.byteoversea.com/872955804834ae46623de52135be9a6f/630abdec/ video/tos/alisg/tos-alisg-v-0000/fcdb769f767a4bc2b9fc29857303e512/toutiao.mp4', path='/storage/emulated/0/Android/data/apkdone.com/no_backup/vungle_cache/vungle/ 630a9465d0db6253d4949bb1/toutiao.mp4', pauseOnConnectionLost=false, id='bcc3d7c5- 50ad-3cc8-9ed6-af693f2c63d3', cookieString='c17e1629-a29f-45c5-b971-72ea93ac2a3f', cancelled=false}
08-28 05:02:14.776 26920 28025 D b : Progress 70 status 1 com.vungle.warren.downloader.DownloadRequestMediator@d7d5bc2 /storage/emulated/0/Android/data/apkdone.com/no_backup/vungle_cache/clever_cache/ assets/Uoj_7arcGekk0Jn3DsAZxuK8RXau3gDRj9qtqunOCSM=
08-28 05:02:14.788 26920 26920 D b : On progress DownloadRequest{networkType=3, priority=AssetPriority{firstPriority=3, secondPriority=0}, url='https://v16-ad.byteoversea.com/872955804834ae46623de52135be9a6f/630abdec/ video/tos/alisg/tos-alisg-v-0000/fcdb769f767a4bc2b9fc29857303e512/toutiao.mp4', path='/storage/emulated/0/Android/data/apkdone.com/no_backup/vungle_cache/vungle/ 630a9465d0db6253d4949bb1/toutiao.mp4', pauseOnConnectionLost=false, id='bcc3d7c5- 50ad-3cc8-9ed6-af693f2c63d3', cookieString='c17e1629-a29f-45c5-b971-72ea93ac2a3f', cancelled=false}
08-28 05:02:14.813 26920 28025 D b : Progress 75 status 1 com.vungle.warren.downloader.DownloadRequestMediator@d7d5bc2 /storage/emulated/0/Android/data/apkdone.com/no_backup/vungle_cache/clever_cache/ assets/Uoj_7arcGekk0Jn3DsAZxuK8RXau3gDRj9qtqunOCSM=
08-28 05:02:14.815 26920 26920 D b : On progress DownloadRequest{networkType=3, priority=AssetPriority{firstPriority=3, secondPriority=0}, url='https://v16-ad.byteoversea.com/872955804834ae46623de52135be9a6f/630abdec/ video/tos/alisg/tos-alisg-v-0000/fcdb769f767a4bc2b9fc29857303e512/toutiao.mp4', path='/storage/emulated/0/Android/data/apkdone.com/no_backup/vungle_cache/vungle/ 630a9465d0db6253d4949bb1/toutiao.mp4', pauseOnConnectionLost=false, id='bcc3d7c5- 50ad-3cc8-9ed6-af693f2c63d3', cookieString='c17e1629-a29f-45c5-b971-72ea93ac2a3f', cancelled=false}
08-28 05:02:14.855 26920 27897 V com.vungle.warren.d: [ttDownloadContext] Request ad got response, request = AdRequest{placementId='GAME_PAGE_DETAIL_INTER_BIDDING- 6482773', adMarkup=null, type=2, adCount=1}, elapsed time = 783ms
08-28 05:02:14.857 26920 28025 D b : Progress 80 status 1 com.vungle.warren.downloader.DownloadRequestMediator@d7d5bc2 /storage/emulated/0/Android/data/apkdone.com/no_backup/vungle_cache/clever_cache/ assets/Uoj_7arcGekk0Jn3DsAZxuK8RXau3gDRj9qtqunOCSM=
08-28 05:02:14.858 26920 26920 D b : On progress DownloadRequest{networkType=3, priority=AssetPriority{firstPriority=3, secondPriority=0}, url='https://v16-ad.byteoversea.com/872955804834ae46623de52135be9a6f/630abdec/ video/tos/alisg/tos-alisg-v-0000/fcdb769f767a4bc2b9fc29857303e512/toutiao.mp4', path='/storage/emulated/0/Android/data/apkdone.com/no_backup/vungle_cache/vungle/ 630a9465d0db6253d4949bb1/toutiao.mp4', pauseOnConnectionLost=false, id='bcc3d7c5- 50ad-3cc8-9ed6-af693f2c63d3', cookieString='c17e1629-a29f-45c5-b971-72ea93ac2a3f', cancelled=false}
08-28 05:02:14.859 26920 27674 D com.vungle.warren.d: Ads Response: {"ads": [{"placement_reference_id":"GAME_PAGE_DETAIL_INTER_BIDDING-6482773","ad_markup": {"id":"630a9466ea86378b24a854a1","campaign":"591007e887faec9f44000018| 574351a9740cf4426b30d030|dsp-60ec0bed4c48b900167cf79e| 630a9466ea86378b24a854a1","app_id":"$0$ {\"app_id\":\"5727cbb4630ae51d400000cf\",\"eventID\":\"630a9466ea86378b24a854a1\"}" ,"expiry":1661641334,"tpat":{"moat": {"is_enabled":false,"extra_vast":""},"clickUrl":["https://api16-access- gcp.pangle.io/api/ad/union/redirect/?active_extra=Wn%2F9W7LwT%2By48VDcyCx %2BUlISSYHGM4dt626MsVTchRQW%2BaKBdOKg0kgqqgOcSUbZdYlgmzEWBxmd1So%2BDJSUsQ%3D %3D&call_back=jLuLQ0Ck9ylk%2FQdnmY%2BBeBWxFQZuFGTr9SLbNZYhA%2FTRT8h %2B3AqnhfixHvEJ9FgGb3zzRxc2hqr9r9Fpqj0KOmafV%2FjcG %2FID2AgSFwMkc6Nmn1f43BvyA9gIEhcDJHOj&click_source=1&extra=0A9ZUGzWMvbi76j%2Bj %2FtKXOMSswakUdtvBbNao8zMuXurQKscIrQ3uCtxPo9T0LFL%2FmJjs3zFX94nPWOQRrCTiUg %2FKZuVrh6IV6cr%2FSUt44MDGsOY8OVJYVFJousr3jri6qPwKGGC %2FtBCVJ6o91EyVw0rzGaPvNr3%2FdmO9xh7UGmt3d0sI3nQYnHvV6%2FXnqQCxClX01qvm5xcj8VbP %2BtPHM%2FB4R4RdGWHhe1ijjxVtcoG3A9fly1uD7YlhD3w1mfwB2V%2Bd2ErxJgznftlfIfCz %2Fbwrb0vy2tQDPDqyurarUO6c8CzpVNyFhIUGmQfr47bLqrjWUhW %2BY33T3TjsIUCcKoZ9Pdx4yVhb47WmiaUr2J %2Bp7TdrKZrKC7WgI1vMXXqwSSnBK5VCbNv0oAdeDPzgVR2nDF1aqNhtyZ5biIY19AjfJqkk5%2BU13ev6q SPFvQU1hmjVctWpcixS5fs53r5xkCJuN8pk71zxr%2FdwIy%2Bz4qqEldf%2FyW8HV2OGCEQb %2Fqp4iOdpzr3sMz1fZ1dGIvw3EJKaI5J4BsD %2FvepRMjVv3%2FIrrj6rUH9dbQcmdnu2jiZbre2JcbSgx0anFSOYry%2B %2BFUlYSGP6BgPOdaF5BhJCmJYpIvnaa9KrQORX1zyfHO4UWtyTwFFFDLrCCy9hUN6Q7CFYbiqt %2F2thhc16J7DUHXInSXUmKzLk%2Fg0AoJ7fxZzJvYUg9Tp2VK%2Bj6uzwYfQyGi%2F59auHr9i %2FibNSztGJ7PlyCVWncdZ5SwhLehCacHQ2gRUNY9qHmHnXLPMNolRiDzesb4mblwAgP3ZGNs %2Fina7tsyUe6Bew3A8TsKTUryhZp9X%2BNwb8gPYCBIXAyRzow%3D %3D&is_dsp=1&pack_time=1661637734.42&req_id=630a9466ea86378b24a854a1u1491&rit=98013 1407&source_type=1&ttdsp_adx_index=46&use_pb=1","https://events.ads.vungle.com/ api/v5/tpat? cid=591007e887faec9f44000018&crid=574351a9740cf4426b30d030&event_id=630a9466ea86378 b24a854a1&event_type=click&hb=true&ic=true&int=false&os=android&pid=62ecfd0e6b1435e bc90ea604&pub=6231bb02073c1f2f79d7c6c5&test=false&vid=e86b4302-c67d-48d4-8981- 3a21c6b5ad04&vid_type=IFA"],"checkpoint.0":["https://impression.appsflyer.com/ com.neptune.domino? pid=bytedanceglobal_int&af_siteid=900000000&c=DI_MH04_TT_KK_ID_20220816_0801- 0805_pangle_RO45%25&af_channel=Pangle&af_c_id=1741312235207698&af_adset=DI- 20220803-%E8%81%8A%E5%A4%A9%E8%AF%AD%E9%9F%B3-%E9%AA%A8%E7%89%8C%E7%8E%A9%E6%B3%95- 720x1280-yzz.mp4&af_adset_id=1741313169251377&af_ad=DI-20220803-%E8%81%8A %E5%A4%A9%E8%AF%AD%E9%9F%B3-%E9%AA%A8%E7%89%8C%E7%8E%A9%E6%B3%95-720x1280- yzz.mp4&af_ad_id=1741313169796130&af_ad_type=15&af_viewthrough_lookback=24h&clickid =E.C.P.CqYBS2F7J- 3DvrJ0hOJ0cF9vDbI2ptu0UCkI5n9EU_2yAomsBj_dcWznkJVtyQCZCQfsoELTlj05LKDiD5DeZqwE5IM4K xZ_qqfqz- _W9ulYUp95rXr6tOB7mPB2Ax13Sw1nzOIJFtAamcMW1fVS4_e4eiPSvCyLzFNybp1VNO0Ho6zcb49nEG1X1 T9lIWvf4Q8GOJ8XBfg04i7530F5NtZdK208O2Wl7hIEdjIuMBogkIBxYslucBWzhXg1UnK5GoN04PLbxvem REPD0cn25o0&advertising_id=e86b4302-c67d-48d4-8981- 3a21c6b5ad04&idfa=&os=0&af_ip=114.4.78.19&af_ua=Mozilla%2F5.0+%28Linux %3B+Android+12%3B+M2007J20CG+Build%2FSKQ1.211019.001%3B+wv%29+AppleWebKit%2F537.36+ %28KHTML%2C+like+Gecko%29+Version%2F4.0+Chrome%2F104.0.5112.97+Mobile+Safari %2F537.36&af_lang=id&redirect=false","https://api16-access-gcp.pangle.io/api/ad/ union/show_event/? req_id=630a9466ea86378b24a854a1u1491&ttdsp_adx_index=46&extra=4AfhtQRp22DGOBvA5zI0l aC42OTJHamc %2B7JTCBr0daaCEwnO9Vp6qtVncz8hML2Zh1T9vcBlRM925wRaQLwxLYOKL5ttViqjl1TlVphRUz60fJ535 ZEkAsnE%2BjH5NjUHISxgK %2FgTD4xTPs4Y46uX3YQGvX0qOe8tkuXQo7YCBa2edjphsRHqQB0sVyqH5%2FESLr7oSyudO2%2FNcFBGkr AK8h6tuODAT5ra7fUK6FPlbnJ6xIoBdwjE8sWPuDpfh6NZkOp1znpjJTgfR4h2akCFxRMTz131UQKMGCsZO VtkLSjgfETnk8ml6TUNmaBwAUNgITdwU9XiT%2BsbOxGCPBxMjD3GrPz %2FAfBp3ulfltiH4KtN7IOdQOA9yViFSwdlmMxerkBgoNFCCzyABYTmGbqrpHQud0QVyZC42xXtOLKjYwQm 0D0RN6y8vbjruRBVuKOYYGjLyWG6KfA0d89uuNe0634bZItHd7Zs5SQtzvj%2FGShNIe %2BoliZ8%2FVCldyvcaA3uy2Qj6smbuglPYYi1YjpQAiXdbyPBVGmrwg8bd8ofFlVNBOpqsroDnSeCgBQmp EF7C96gWjJaiZe9HrYx9EHxi%2BzkTBcSXYxtVasF20OZYwmYs5AP0FEzeWbd1
08-28 05:02:14.868 26920 28025 D b : Progress 85 status 1 com.vungle.warren.downloader.DownloadRequestMediator@d7d5bc2 /storage/emulated/0/Android/data/apkdone.com/no_backup/vungle_cache/clever_cache/ assets/Uoj_7arcGekk0Jn3DsAZxuK8RXau3gDRj9qtqunOCSM=
08-28 05:02:14.868 26920 26920 D b : On progress DownloadRequest{networkType=3, priority=AssetPriority{firstPriority=3, secondPriority=0}, url='https://v16-ad.byteoversea.com/872955804834ae46623de52135be9a6f/630abdec/ video/tos/alisg/tos-alisg-v-0000/fcdb769f767a4bc2b9fc29857303e512/toutiao.mp4', path='/storage/emulated/0/Android/data/apkdone.com/no_backup/vungle_cache/vungle/ 630a9465d0db6253d4949bb1/toutiao.mp4', pauseOnConnectionLost=false, id='bcc3d7c5- 50ad-3cc8-9ed6-af693f2c63d3', cookieString='c17e1629-a29f-45c5-b971-72ea93ac2a3f', cancelled=false}
08-28 05:02:14.894 26920 27685 I b : Setting 0 for adv 630a9466ea86378b24a854a1 and pl GAME_PAGE_DETAIL_INTER_BIDDING-6482773
08-28 05:02:14.902 26920 27674 D com.vungle.warren.d: Starting download for AdAsset{identifier='192e982c-20d0-4603-b579-071451a40d2d', adIdentifier='630a9466ea86378b24a854a1', serverPath='https://cdn-lb.vungle.com/template-rtb/rtbEndcard-v7.zip', localPath='/storage/emulated/0/Android/data/apkdone.com/no_backup/vungle_cache/ vungle/630a9466ea86378b24a854a1/template', status=0, fileType=0, fileSize=-1, retryCount=0, retryTypeError=0}
08-28 05:02:14.909 26920 27674 D com.vungle.warren.d: Starting download for AdAsset{identifier='b7f22a63-f6ab-4a31-8982-669c01649c84', adIdentifier='630a9466ea86378b24a854a1', serverPath='https://v16- ad.byteoversea.com/9f5cc3b08cfe64df91d19808479d38db/630ab8e8/video/tos/alisg/tos- alisg-v-0000/772c69fa6b3741c3b7bcd3fcb0a435d2/toutiao.mp4', localPath='/storage/emulated/0/Android/data/apkdone.com/no_backup/vungle_cache/ vungle/630a9466ea86378b24a854a1/toutiao.mp4', status=0, fileType=2, fileSize=-1, retryCount=0, retryTypeError=0}
08-28 05:02:14.912 26920 27674 V com.vungle.warren.d: [ttDownloadContext] Start to download assets, request = AdRequest{placementId='GAME_PAGE_DETAIL_INTER_BIDDING- 6482773', adMarkup=null, type=2, adCount=1} at: 1661637734911
08-28 05:02:14.913 26920 27674 V b : [ttDownloadContext] Waiting for download asset DownloadRequest{networkType=3, priority=AssetPriority{firstPriority=4, secondPriority=0}, url='https://cdn-lb.vungle.com/template-rtb/rtbEndcard-v7.zip', path='/storage/emulated/0/Android/data/apkdone.com/no_backup/vungle_cache/vungle/ 630a9466ea86378b24a854a1/template', pauseOnConnectionLost=false, id='a865b182-928a- 393b-9e19-cd203a97a009', cookieString='192e982c-20d0-4603-b579-071451a40d2d', cancelled=false}, at: 1661637734912
08-28 05:02:14.913 26920 28024 V b : [ttDownloadContext] Start to download asset DownloadRequest{networkType=3, priority=AssetPriority{firstPriority=4, secondPriority=0}, url='https://cdn-lb.vungle.com/template-rtb/rtbEndcard-v7.zip', path='/storage/emulated/0/Android/data/apkdone.com/no_backup/vungle_cache/vungle/ 630a9466ea86378b24a854a1/template', pauseOnConnectionLost=false, id='a865b182-928a- 393b-9e19-cd203a97a009', cookieString='192e982c-20d0-4603-b579-071451a40d2d', cancelled=false}, at: 1661637734913
08-28 05:02:14.915 26920 27674 V b : [ttDownloadContext] Waiting for download asset DownloadRequest{networkType=3, priority=AssetPriority{firstPriority=4, secondPriority=0}, url='https://v16-ad.byteoversea.com/9f5cc3b08cfe64df91d19808479d38db/630ab8e8/ video/tos/alisg/tos-alisg-v-0000/772c69fa6b3741c3b7bcd3fcb0a435d2/toutiao.mp4', path='/storage/emulated/0/Android/data/apkdone.com/no_backup/vungle_cache/vungle/ 630a9466ea86378b24a854a1/toutiao.mp4', pauseOnConnectionLost=false, id='e12f5b1d- c9cf-3782-8b0e-efad7438c693', cookieString='b7f22a63-f6ab-4a31-8982-669c01649c84', cancelled=false}, at: 1661637734913
08-28 05:02:14.915 26920 28023 V b : [ttDownloadContext] Start to download asset DownloadRequest{networkType=3, priority=AssetPriority{firstPriority=4, secondPriority=0}, url='https://v16-ad.byteoversea.com/9f5cc3b08cfe64df91d19808479d38db/630ab8e8/ video/tos/alisg/tos-alisg-v-0000/772c69fa6b3741c3b7bcd3fcb0a435d2/toutiao.mp4', path='/storage/emulated/0/Android/data/apkdone.com/no_backup/vungle_cache/vungle/ 630a9466ea86378b24a854a1/toutiao.mp4', pauseOnConnectionLost=false, id='e12f5b1d- c9cf-3782-8b0e-efad7438c693', cookieString='b7f22a63-f6ab-4a31-8982-669c01649c84', cancelled=false}, at: 1661637734915
08-28 05:02:14.916 26920 28024 D b : Destination file /storage/emulated/0/Android/data/apkdone.com/no_backup/vungle_cache/clever_cache/ assets/B8kOLVmoFJkUa9Nx7XYT8X7NZfPPng0QNw1qQjvt6_o=
08-28 05:02:14.916 26920 27685 I b : Searching for valid advertisement for placement with GAME_DOWNLOAD_REWARD_BIDDING-7168597event ID null
08-28 05:02:14.916 26920 28024 D b : Adding network listner
08-28 05:02:14.917 26920 27674 I com.vungle.warren.d: didn't find cached adv for AdRequest{placementId='GAME_DOWNLOAD_REWARD_BIDDING-7168597', adMarkup=null, type=2, adCount=1} downloading
08-28 05:02:14.917 26920 27674 D com.vungle.warren.d: No adv for placement GAME_DOWNLOAD_REWARD_BIDDING-7168597 getting new data
08-28 05:02:14.918 26920 28026 D d : Start tracking file: /storage/emulated/0/Android/data/apkdone.com/no_backup/vungle_cache/clever_cache/ assets/B8kOLVmoFJkUa9Nx7XYT8X7NZfPPng0QNw1qQjvt6_o= ref count 1
08-28 05:02:14.918 26920 28026 D b : Start load: url: https://cdn- lb.vungle.com/template-rtb/rtbEndcard-v7.zip
08-28 05:02:14.918 26920 27674 V com.vungle.warren.d: [ttDownloadContext] Start to request ad, request = AdRequest{placementId='GAME_DOWNLOAD_REWARD_BIDDING-7168597', adMarkup=null, type=2, adCount=1}, at: 1661637734917
08-28 05:02:14.918 26920 28023 D b : Destination file /storage/emulated/0/Android/data/apkdone.com/no_backup/vungle_cache/clever_cache/ assets/I4VUDFHSs9JIpTHXacizz2ToTpCJAuKHfoUtBBZt4-w=
08-28 05:02:14.918 26920 28023 D b : Adding network listner
08-28 05:02:14.919 26920 28026 D b : already downloaded : 67414, file exists = true, mediator url - https://cdn-lb.vungle.com/template-rtb/rtbEndcard-v7.zip, path - /storage/emulated/0/Android/data/apkdone.com/no_backup/vungle_cache/ clever_cache/assets/B8kOLVmoFJkUa9Nx7XYT8X7NZfPPng0QNw1qQjvt6_o=, th - pool-68- thread-6id com.vungle.warren.downloader.DownloadRequestMediator@2dbdaa
08-28 05:02:14.919 26920 28026 D b : Using cache without verification, dispatch existing file
08-28 05:02:14.919 26920 28026 D b : request is done , mediator url - https://cdn-lb.vungle.com/template-rtb/rtbEndcard-v7.zip, path - /storage/emulated/0/Android/data/apkdone.com/no_backup/vungle_cache/clever_cache/ assets/B8kOLVmoFJkUa9Nx7XYT8X7NZfPPng0QNw1qQjvt6_o=, th - pool-68-thread-6id com.vungle.warren.downloader.DownloadRequestMediator@2dbdaa
08-28 05:02:14.919 26920 28026 D b : OnComplete - Removing connections and listener com.vungle.warren.downloader.DownloadRequestMediator@2dbdaa
08-28 05:02:14.922 26920 28023 D d : Start tracking file: /storage/emulated/0/Android/data/apkdone.com/no_backup/vungle_cache/clever_cache/ assets/I4VUDFHSs9JIpTHXacizz2ToTpCJAuKHfoUtBBZt4-w= ref count 1
08-28 05:02:14.922 26920 28023 D b : Start load: url: https://v16- ad.byteoversea.com/9f5cc3b08cfe64df91d19808479d38db/630ab8e8/video/tos/alisg/tos- alisg-v-0000/772c69fa6b3741c3b7bcd3fcb0a435d2/toutiao.mp4
08-28 05:02:14.924 26920 28026 D d : Cache hit /storage/emulated/0/Android/data/apkdone.com/no_backup/vungle_cache/clever_cache/ assets/B8kOLVmoFJkUa9Nx7XYT8X7NZfPPng0QNw1qQjvt6_o= cache touch updated
08-28 05:02:14.925 26920 28023 D b : already downloaded : 0, file exists = false, mediator url - https://v16-ad.byteoversea.com/9f5cc3b08cfe64df91d19808479d38db/630ab8e8/video/ tos/alisg/tos-alisg-v-0000/772c69fa6b3741c3b7bcd3fcb0a435d2/toutiao.mp4, path - /storage/emulated/0/Android/data/apkdone.com/no_backup/vungle_cache/clever_cache/ assets/I4VUDFHSs9JIpTHXacizz2ToTpCJAuKHfoUtBBZt4-w=, th - pool-68-thread-3id com.vungle.warren.downloader.DownloadRequestMediator@f09d949
08-28 05:02:14.926 26920 28023 V b : [ttDownloadContext] Send network request: https://v16-ad.byteoversea.com/9f5cc3b08cfe64df91d19808479d38db/630ab8e8/ video/tos/alisg/tos-alisg-v-0000/772c69fa6b3741c3b7bcd3fcb0a435d2/toutiao.mp4, at: 1661637734925
08-28 05:02:14.927 26920 28026 D d : Purge check current cache total: 59808447 target: 94371840
08-28 05:02:14.928 26920 28026 D b : Copying: finished https://cdn- lb.vungle.com/template-rtb/rtbEndcard-v7.zip copying to /storage/emulated/0/Android/data/apkdone.com/no_backup/vungle_cache/vungle/ 630a9466ea86378b24a854a1/template
08-28 05:02:14.928 26920 28026 D b : Deliver success:https://cdn- lb.vungle.com/template-rtb/rtbEndcard-v7.zip dest file: /storage/emulated/0/Android/data/apkdone.com/no_backup/vungle_cache/vungle/ 630a9466ea86378b24a854a1/template
08-28 05:02:14.928 26920 28026 D b : Finished , mediator url - https://cdn- lb.vungle.com/template-rtb/rtbEndcard-v7.zip, path - /storage/emulated/0/Android/data/apkdone.com/no_backup/vungle_cache/clever_cache/ assets/B8kOLVmoFJkUa9Nx7XYT8X7NZfPPng0QNw1qQjvt6_o=, th - pool-68-thread-6id com.vungle.warren.downloader.DownloadRequestMediator@2dbdaa
08-28 05:02:14.929 26920 28026 D b : Done with request in state 6 , mediator url - https://cdn-lb.vungle.com/template-rtb/rtbEndcard-v7.zip, path - /storage/emulated/0/Android/data/apkdone.com/no_backup/vungle_cache/clever_cache/ assets/B8kOLVmoFJkUa9Nx7XYT8X7NZfPPng0QNw1qQjvt6_o=, th - pool-68-thread-6id com.vungle.warren.downloader.DownloadRequestMediator@2dbdaa
08-28 05:02:14.929 26920 28026 D d : Stop tracking file: /storage/emulated/0/Android/data/apkdone.com/no_backup/vungle_cache/clever_cache/ assets/B8kOLVmoFJkUa9Nx7XYT8X7NZfPPng0QNw1qQjvt6_o= ref count 0
08-28 05:02:14.935 26920 28026 D d : Purge check current cache total: 59808447 target: 94371840
08-28 05:02:14.960 26920 28025 D b : Progress 90 status 1 com.vungle.warren.downloader.DownloadRequestMediator@d7d5bc2 /storage/emulated/0/Android/data/apkdone.com/no_backup/vungle_cache/clever_cache/ assets/Uoj_7arcGekk0Jn3DsAZxuK8RXau3gDRj9qtqunOCSM=
08-28 05:02:14.961 26920 26920 D b : On progress DownloadRequest{networkType=3, priority=AssetPriority{firstPriority=3, secondPriority=0}, url='https://v16-ad.byteoversea.com/872955804834ae46623de52135be9a6f/630abdec/ video/tos/alisg/tos-alisg-v-0000/fcdb769f767a4bc2b9fc29857303e512/toutiao.mp4', path='/storage/emulated/0/Android/data/apkdone.com/no_backup/vungle_cache/vungle/ 630a9465d0db6253d4949bb1/toutiao.mp4', pauseOnConnectionLost=false, id='bcc3d7c5- 50ad-3cc8-9ed6-af693f2c63d3', cookieString='c17e1629-a29f-45c5-b971-72ea93ac2a3f', cancelled=false}
08-28 05:02:14.980 26920 27674 V com.vungle.warren.d: [ttDownloadContext] Start to unzip assets, request = AdRequest{placementId='GAME_PAGE_DETAIL_INTER_BIDDING- 6482773', adMarkup=null, type=2, adCount=1}, at: 1661637734979
08-28 05:02:15.000 26920 27674 D com.vungle.warren.d: Uzipped /storage/emulated/0/Android/data/apkdone.com/no_backup/vungle_cache/vungle/ 630a9466ea86378b24a854a1
08-28 05:02:15.006 26920 27674 V com.vungle.warren.d: [ttDownloadContext] Unzip assets completed, request = AdRequest{placementId='GAME_PAGE_DETAIL_INTER_BIDDING- 6482773', adMarkup=null, type=2, adCount=1}, elapsed time = 23ms
08-28 05:02:15.031 26920 28025 D b : Progress 95 status 1 com.vungle.warren.downloader.DownloadRequestMediator@d7d5bc2 /storage/emulated/0/Android/data/apkdone.com/no_backup/vungle_cache/clever_cache/ assets/Uoj_7arcGekk0Jn3DsAZxuK8RXau3gDRj9qtqunOCSM=
08-28 05:02:15.037 26920 26920 D b : On progress DownloadRequest{networkType=3, priority=AssetPriority{firstPriority=3, secondPriority=0}, url='https://v16-ad.byteoversea.com/872955804834ae46623de52135be9a6f/630abdec/ video/tos/alisg/tos-alisg-v-0000/fcdb769f767a4bc2b9fc29857303e512/toutiao.mp4', path='/storage/emulated/0/Android/data/apkdone.com/no_backup/vungle_cache/vungle/ 630a9465d0db6253d4949bb1/toutiao.mp4', pauseOnConnectionLost=false, id='bcc3d7c5- 50ad-3cc8-9ed6-af693f2c63d3', cookieString='c17e1629-a29f-45c5-b971-72ea93ac2a3f', cancelled=false}
08-28 05:02:15.043 26920 28025 D b : Progress 100 status 1 com.vungle.warren.downloader.DownloadRequestMediator@d7d5bc2 /storage/emulated/0/Android/data/apkdone.com/no_backup/vungle_cache/clever_cache/ assets/Uoj_7arcGekk0Jn3DsAZxuK8RXau3gDRj9qtqunOCSM=
08-28 05:02:15.044 26920 26920 D b : On progress DownloadRequest{networkType=3, priority=AssetPriority{firstPriority=3, secondPriority=0}, url='https://v16-ad.byteoversea.com/872955804834ae46623de52135be9a6f/630abdec/ video/tos/alisg/tos-alisg-v-0000/fcdb769f767a4bc2b9fc29857303e512/toutiao.mp4', path='/storage/emulated/0/Android/data/apkdone.com/no_backup/vungle_cache/vungle/ 630a9465d0db6253d4949bb1/toutiao.mp4', pauseOnConnectionLost=false, id='bcc3d7c5- 50ad-3cc8-9ed6-af693f2c63d3', cookieString='c17e1629-a29f-45c5-b971-72ea93ac2a3f', cancelled=false}
08-28 05:02:15.045 26920 28025 D b : request is done , mediator url - https://v16-ad.byteoversea.com/872955804834ae46623de52135be9a6f/630abdec/video/ tos/alisg/tos-alisg-v-0000/fcdb769f767a4bc2b9fc29857303e512/toutiao.mp4, path - /storage/emulated/0/Android/data/apkdone.com/no_backup/vungle_cache/clever_cache/ assets/Uoj_7arcGekk0Jn3DsAZxuK8RXau3gDRj9qtqunOCSM=, th - pool-68-thread-5id com.vungle.warren.downloader.DownloadRequestMediator@d7d5bc2
08-28 05:02:15.045 26920 28025 D b : OnComplete - Removing connections and listener com.vungle.warren.downloader.DownloadRequestMediator@d7d5bc2
08-28 05:02:15.048 26920 28025 D d : Cache hit /storage/emulated/0/Android/data/apkdone.com/no_backup/vungle_cache/clever_cache/ assets/Uoj_7arcGekk0Jn3DsAZxuK8RXau3gDRj9qtqunOCSM= cache touch updated
08-28 05:02:15.054 26920 28025 D d : Purge check current cache total: 59904132 target: 94371840
08-28 05:02:15.062 26920 28025 D b : Copying: finished https://v16- ad.byteoversea.com/872955804834ae46623de52135be9a6f/630abdec/video/tos/alisg/tos- alisg-v-0000/fcdb769f767a4bc2b9fc29857303e512/toutiao.mp4 copying to /storage/emulated/0/Android/data/apkdone.com/no_backup/vungle_cache/vungle/ 630a9465d0db6253d4949bb1/toutiao.mp4
08-28 05:02:15.062 26920 28025 D b : Deliver success:https://v16- ad.byteoversea.com/872955804834ae46623de52135be9a6f/630abdec/video/tos/alisg/tos- alisg-v-0000/fcdb769f767a4bc2b9fc29857303e512/toutiao.mp4 dest file: /storage/emulated/0/Android/data/apkdone.com/no_backup/vungle_cache/vungle/ 630a9465d0db6253d4949bb1/toutiao.mp4
08-28 05:02:15.062 26920 28025 D b : Finished , mediator url - https://v16- ad.byteoversea.com/872955804834ae46623de52135be9a6f/630abdec/video/tos/alisg/tos- alisg-v-0000/fcdb769f767a4bc2b9fc29857303e512/toutiao.mp4, path - /storage/emulated/0/Android/data/apkdone.com/no_backup/vungle_cache/clever_cache/ assets/Uoj_7arcGekk0Jn3DsAZxuK8RXau3gDRj9qtqunOCSM=, th - pool-68-thread-5id com.vungle.warren.downloader.DownloadRequestMediator@d7d5bc2
08-28 05:02:15.062 26920 28025 D b : Done with request in state 6 , mediator url - https://v16-ad.byteoversea.com/872955804834ae46623de52135be9a6f/630abdec/ video/tos/alisg/tos-alisg-v-0000/fcdb769f767a4bc2b9fc29857303e512/toutiao.mp4, path - /storage/emulated/0/Android/data/apkdone.com/no_backup/vungle_cache/ clever_cache/assets/Uoj_7arcGekk0Jn3DsAZxuK8RXau3gDRj9qtqunOCSM=, th - pool-68- thread-5id com.vungle.warren.downloader.DownloadRequestMediator@d7d5bc2
08-28 05:02:15.063 26920 28025 D d : Stop tracking file: /storage/emulated/0/Android/data/apkdone.com/no_backup/vungle_cache/clever_cache/ assets/Uoj_7arcGekk0Jn3DsAZxuK8RXau3gDRj9qtqunOCSM= ref count 0
08-28 05:02:15.067 26920 27674 V com.vungle.warren.d: [ttDownloadContext] Assets download completed, request = AdRequest{placementId='APP_OPEN_BIDDING-3723667', adMarkup=null, type=2, adCount=1}, at: 1661637735066
08-28 05:02:15.068 26920 28025 D d : Purge check current cache total: 59904132 target: 94371840
08-28 05:02:15.076 26920 26920 E MethodChannel#jojoy.app_resource_plugin: Failed to handle method call
08-28 05:02:15.076 26920 26920 E MethodChannel#jojoy.app_resource_plugin: android.content.res.Resources$NotFoundException: Drawable apkdone.com:mipmap/ic_launcher_foreground with resource ID #0x7f0f0001
08-28 05:02:15.076 26920 26920 E MethodChannel#jojoy.app_resource_plugin: Caused by: android.content.res.Resources$NotFoundException: File res/mipmap/ic_launcher_foreground.xml from drawable resource ID #0x7f0f0001
08-28 05:02:15.076 26920 26920 E MethodChannel#jojoy.app_resource_plugin: at android.content.res.ResourcesImpl.loadDrawableForCookie(ResourcesImpl.java:900)
08-28 05:02:15.076 26920 26920 E MethodChannel#jojoy.app_resource_plugin: at android.content.res.ResourcesImpl.loadDrawable(ResourcesImpl.java:691)
08-28 05:02:15.076 26920 26920 E MethodChannel#jojoy.app_resource_plugin: at android.content.res.MiuiResourcesImpl.loadDrawable(MiuiResourcesImpl.java:307)
08-28 05:02:15.076 26920 26920 E MethodChannel#jojoy.app_resource_plugin: at android.content.res.Resources.loadDrawable(Resources.java:1017)
08-28 05:02:15.076 26920 26920 E MethodChannel#jojoy.app_resource_plugin: at android.content.res.Resources.getDrawableForDensity(Resources.java:1005)
