08-28 05:02:16.768 26920 27674 V b : [ttDownloadContext] Waiting for download asset DownloadRequest{networkType=3, priority=AssetPriority{firstPriority=7, secondPriority=0}, url='https://cdn-lb.vungle.com/creative/design-framework/assets/vungle- privacy.svg', path='/storage/emulated/0/Android/data/apkdone.com/no_backup/vungle_cache/vungle/ 630a9468aaea3e94bebce332/vungle-privacy.svg', pauseOnConnectionLost=false, id='d368fbea-9a3b-35da-9a12-ac1e5f566e51', cookieString='34504a5a-220a-47a7-95a6- ce2f102c74c5', cancelled=false}, at: 1661637736768
08-28 05:02:16.768 26920 28024 V b : [ttDownloadContext] Start to download asset DownloadRequest{networkType=3, priority=AssetPriority{firstPriority=7, secondPriority=0}, url='https://cdn-lb.vungle.com/creative/design-framework/assets/vungle- privacy.svg', path='/storage/emulated/0/Android/data/apkdone.com/no_backup/vungle_cache/vungle/ 630a9468aaea3e94bebce332/vungle-privacy.svg', pauseOnConnectionLost=false, id='d368fbea-9a3b-35da-9a12-ac1e5f566e51', cookieString='34504a5a-220a-47a7-95a6- ce2f102c74c5', cancelled=false}, at: 1661637736768
08-28 05:02:16.769 26920 28023 D d : Start tracking file: /storage/emulated/0/Android/data/apkdone.com/no_backup/vungle_cache/clever_cache/ assets/DUdfl-9B5jldmuk-zDazEa05ihm_ruoLAkKKjpfC0J4= ref count 1
08-28 05:02:16.769 26920 28023 D b : Start load: url: https://cdn- lb.vungle.com/templates/custom_creative_bundles/62b3dc06dd500d0011bf6d5d/ 1661170785854/1661170785854-4.0.2.zip
08-28 05:02:16.775 26920 28023 D b : already downloaded : 241715, file exists = true, mediator url - https://cdn-lb.vungle.com/templates/custom_creative_bundles/62b3dc06dd500d0011bf6d5 d/1661170785854/1661170785854-4.0.2.zip, path - /storage/emulated/0/Android/data/apkdone.com/no_backup/vungle_cache/clever_cache/ assets/DUdfl-9B5jldmuk-zDazEa05ihm_ruoLAkKKjpfC0J4=, th - pool-68-thread-3id com.vungle.warren.downloader.DownloadRequestMediator@9b90fee
08-28 05:02:16.775 26920 28186 D b : Destination file /storage/emulated/0/Android/data/apkdone.com/no_backup/vungle_cache/clever_cache/ assets/rCZD4DkqJKO37y3yLJpbzgtFThnMkM6030fq1yEFV-k=
08-28 05:02:16.775 26920 28186 D b : Adding network listner
08-28 05:02:16.776 26920 28024 D b : Destination file /storage/emulated/0/Android/data/apkdone.com/no_backup/vungle_cache/clever_cache/ assets/WXovo7QJD8CKQM0WRto-3LheHVvCNx9s-qRfzKuel_k=
08-28 05:02:16.776 26920 28024 D b : Adding network listner
08-28 05:02:16.777 26920 28023 D b : Using cache without verification, dispatch existing file
08-28 05:02:16.777 26920 28023 D b : request is done , mediator url - https://cdn-lb.vungle.com/templates/custom_creative_bundles/62b3dc06dd500d0011bf6d5 d/1661170785854/1661170785854-4.0.2.zip, path - /storage/emulated/0/Android/data/apkdone.com/no_backup/vungle_cache/clever_cache/ assets/DUdfl-9B5jldmuk-zDazEa05ihm_ruoLAkKKjpfC0J4=, th - pool-68-thread-3id com.vungle.warren.downloader.DownloadRequestMediator@9b90fee
08-28 05:02:16.777 26920 28023 D b : OnComplete - Removing connections and listener com.vungle.warren.downloader.DownloadRequestMediator@9b90fee
08-28 05:02:16.777 26920 28024 D d : Start tracking file: /storage/emulated/0/Android/data/apkdone.com/no_backup/vungle_cache/clever_cache/ assets/WXovo7QJD8CKQM0WRto-3LheHVvCNx9s-qRfzKuel_k= ref count 1
08-28 05:02:16.777 26920 28024 D b : Start load: url: https://cdn- lb.vungle.com/creative/design-framework/assets/vungle-privacy.svg
08-28 05:02:16.778 26920 28024 D b : already downloaded : 4412, file exists = true, mediator url - https://cdn-lb.vungle.com/creative/design-framework/assets/vungle-privacy.svg, path - /storage/emulated/0/Android/data/apkdone.com/no_backup/vungle_cache/ clever_cache/assets/WXovo7QJD8CKQM0WRto-3LheHVvCNx9s-qRfzKuel_k=, th - pool-68- thread-4id com.vungle.warren.downloader.DownloadRequestMediator@e2a3cfa
08-28 05:02:16.779 26920 28185 D d : Start tracking file: /storage/emulated/0/Android/data/apkdone.com/no_backup/vungle_cache/clever_cache/ assets/rCZD4DkqJKO37y3yLJpbzgtFThnMkM6030fq1yEFV-k= ref count 1
08-28 05:02:16.779 26920 28185 D b : Start load: url: https://cdn- lb.vungle.com/zen/c2238b75aaed866d0f01caf4a6c7344f.mp4-720x1280-h264-Q2.mp4
08-28 05:02:16.780 26920 28024 D b : Using cache without verification, dispatch existing file
08-28 05:02:16.780 26920 28024 D b : request is done , mediator url - https://cdn-lb.vungle.com/creative/design-framework/assets/vungle-privacy.svg, path - /storage/emulated/0/Android/data/apkdone.com/no_backup/vungle_cache/ clever_cache/assets/WXovo7QJD8CKQM0WRto-3LheHVvCNx9s-qRfzKuel_k=, th - pool-68- thread-4id com.vungle.warren.downloader.DownloadRequestMediator@e2a3cfa
08-28 05:02:16.780 26920 28024 D b : OnComplete - Removing connections and listener com.vungle.warren.downloader.DownloadRequestMediator@e2a3cfa
08-28 05:02:16.780 26920 28185 D b : already downloaded : 3111961, file exists = true, mediator url - https://cdn-lb.vungle.com/zen/c2238b75aaed866d0f01caf4a6c7344f.mp4-720x1280-h264- Q2.mp4, path - /storage/emulated/0/Android/data/apkdone.com/no_backup/vungle_cache/clever_cache/ assets/rCZD4DkqJKO37y3yLJpbzgtFThnMkM6030fq1yEFV-k=, th - pool-68-thread-7id com.vungle.warren.downloader.DownloadRequestMediator@54f2ec6
08-28 05:02:16.780 26920 28023 D d : Cache hit /storage/emulated/0/Android/data/apkdone.com/no_backup/vungle_cache/clever_cache/ assets/DUdfl-9B5jldmuk-zDazEa05ihm_ruoLAkKKjpfC0J4= cache touch updated
08-28 05:02:16.781 26920 28185 D b : Using cache without verification, dispatch existing file
08-28 05:02:16.782 26920 28185 D b : request is done , mediator url - https://cdn-lb.vungle.com/zen/c2238b75aaed866d0f01caf4a6c7344f.mp4-720x1280-h264- Q2.mp4, path - /storage/emulated/0/Android/data/apkdone.com/no_backup/vungle_cache/clever_cache/ assets/rCZD4DkqJKO37y3yLJpbzgtFThnMkM6030fq1yEFV-k=, th - pool-68-thread-7id com.vungle.warren.downloader.DownloadRequestMediator@54f2ec6
08-28 05:02:16.782 26920 28185 D b : OnComplete - Removing connections and listener com.vungle.warren.downloader.DownloadRequestMediator@54f2ec6
08-28 05:02:16.783 26920 28023 D d : Purge check current cache total: 62913831 target: 94371840
08-28 05:02:16.784 26920 28024 D d : Cache hit /storage/emulated/0/Android/data/apkdone.com/no_backup/vungle_cache/clever_cache/ assets/WXovo7QJD8CKQM0WRto-3LheHVvCNx9s-qRfzKuel_k= cache touch updated
08-28 05:02:16.786 26920 28024 D d : Purge check current cache total: 62913831 target: 94371840
08-28 05:02:16.792 26920 28185 D d : Cache hit /storage/emulated/0/Android/data/apkdone.com/no_backup/vungle_cache/clever_cache/ assets/rCZD4DkqJKO37y3yLJpbzgtFThnMkM6030fq1yEFV-k= cache touch updated
08-28 05:02:16.794 26920 28185 D d : Purge check current cache total: 62913831 target: 94371840
08-28 05:02:16.794 26920 28023 D b : Copying: finished https://cdn- lb.vungle.com/templates/custom_creative_bundles/62b3dc06dd500d0011bf6d5d/ 1661170785854/1661170785854-4.0.2.zip copying to /storage/emulated/0/Android/data/apkdone.com/no_backup/vungle_cache/vungle/ 630a9468aaea3e94bebce332/template
08-28 05:02:16.794 26920 28023 D b : Deliver success:https://cdn- lb.vungle.com/templates/custom_creative_bundles/62b3dc06dd500d0011bf6d5d/ 1661170785854/1661170785854-4.0.2.zip dest file: /storage/emulated/0/Android/data/apkdone.com/no_backup/vungle_cache/vungle/ 630a9468aaea3e94bebce332/template
08-28 05:02:16.795 26920 28023 D b : Finished , mediator url - https://cdn- lb.vungle.com/templates/custom_creative_bundles/62b3dc06dd500d0011bf6d5d/ 1661170785854/1661170785854-4.0.2.zip, path - /storage/emulated/0/Android/data/apkdone.com/no_backup/vungle_cache/clever_cache/ assets/DUdfl-9B5jldmuk-zDazEa05ihm_ruoLAkKKjpfC0J4=, th - pool-68-thread-3id com.vungle.warren.downloader.DownloadRequestMediator@9b90fee
08-28 05:02:16.795 26920 28023 D b : Done with request in state 6 , mediator url - https://cdn-lb.vungle.com/templates/custom_creative_bundles/62b3dc06dd500d0011bf6d5 d/1661170785854/1661170785854-4.0.2.zip, path - /storage/emulated/0/Android/data/apkdone.com/no_backup/vungle_cache/clever_cache/ assets/DUdfl-9B5jldmuk-zDazEa05ihm_ruoLAkKKjpfC0J4=, th - pool-68-thread-3id com.vungle.warren.downloader.DownloadRequestMediator@9b90fee
08-28 05:02:16.795 26920 28024 D b : Copying: finished https://cdn- lb.vungle.com/creative/design-framework/assets/vungle-privacy.svg copying to /storage/emulated/0/Android/data/apkdone.com/no_backup/vungle_cache/vungle/ 630a9468aaea3e94bebce332/vungle-privacy.svg
08-28 05:02:16.795 26920 28024 D b : Deliver success:https://cdn- lb.vungle.com/creative/design-framework/assets/vungle-privacy.svg dest file: /storage/emulated/0/Android/data/apkdone.com/no_backup/vungle_cache/vungle/ 630a9468aaea3e94bebce332/vungle-privacy.svg
08-28 05:02:16.795 26920 28024 D b : Finished , mediator url - https://cdn- lb.vungle.com/creative/design-framework/assets/vungle-privacy.svg, path - /storage/emulated/0/Android/data/apkdone.com/no_backup/vungle_cache/clever_cache/ assets/WXovo7QJD8CKQM0WRto-3LheHVvCNx9s-qRfzKuel_k=, th - pool-68-thread-4id com.vungle.warren.downloader.DownloadRequestMediator@e2a3cfa
08-28 05:02:16.795 26920 28024 D b : Done with request in state 6 , mediator url - https://cdn-lb.vungle.com/creative/design-framework/assets/vungle- privacy.svg, path - /storage/emulated/0/Android/data/apkdone.com/no_backup/vungle_cache/clever_cache/ assets/WXovo7QJD8CKQM0WRto-3LheHVvCNx9s-qRfzKuel_k=, th - pool-68-thread-4id com.vungle.warren.downloader.DownloadRequestMediator@e2a3cfa
08-28 05:02:16.796 26920 28023 D d : Stop tracking file: /storage/emulated/0/Android/data/apkdone.com/no_backup/vungle_cache/clever_cache/ assets/DUdfl-9B5jldmuk-zDazEa05ihm_ruoLAkKKjpfC0J4= ref count 0
08-28 05:02:16.798 26920 27674 V com.vungle.warren.d: [ttDownloadContext] Start to unzip assets, request = AdRequest{placementId='APP_OPEN_HIGH_PRICE-9667104', adMarkup=null, type=0, adCount=1}, at: 1661637736798
08-28 05:02:16.800 26920 28023 D d : Purge check current cache total: 62913831 target: 94371840
08-28 05:02:16.800 26920 28024 D d : Stop tracking file: /storage/emulated/0/Android/data/apkdone.com/no_backup/vungle_cache/clever_cache/ assets/WXovo7QJD8CKQM0WRto-3LheHVvCNx9s-qRfzKuel_k= ref count 0
08-28 05:02:16.802 26920 28024 D d : Purge check current cache total: 62913831 target: 94371840
08-28 05:02:16.822 26920 28185 D b : Copying: finished https://cdn- lb.vungle.com/zen/c2238b75aaed866d0f01caf4a6c7344f.mp4-720x1280-h264-Q2.mp4 copying to /storage/emulated/0/Android/data/apkdone.com/no_backup/vungle_cache/vungle/ 630a9468aaea3e94bebce332/c2238b75aaed866d0f01caf4a6c7344f.mp4-720x1280-h264-Q2.mp4
08-28 05:02:16.822 26920 28185 D b : Deliver success:https://cdn- lb.vungle.com/zen/c2238b75aaed866d0f01caf4a6c7344f.mp4-720x1280-h264-Q2.mp4 dest file: /storage/emulated/0/Android/data/apkdone.com/no_backup/vungle_cache/vungle/ 630a9468aaea3e94bebce332/c2238b75aaed866d0f01caf4a6c7344f.mp4-720x1280-h264-Q2.mp4
08-28 05:02:16.822 26920 28185 D b : Finished , mediator url - https://cdn- lb.vungle.com/zen/c2238b75aaed866d0f01caf4a6c7344f.mp4-720x1280-h264-Q2.mp4, path - /storage/emulated/0/Android/data/apkdone.com/no_backup/vungle_cache/clever_cache/ assets/rCZD4DkqJKO37y3yLJpbzgtFThnMkM6030fq1yEFV-k=, th - pool-68-thread-7id com.vungle.warren.downloader.DownloadRequestMediator@54f2ec6
08-28 05:02:16.822 26920 28185 D b : Done with request in state 6 , mediator url - https://cdn-lb.vungle.com/zen/c2238b75aaed866d0f01caf4a6c7344f.mp4-720x1280- h264-Q2.mp4, path - /storage/emulated/0/Android/data/apkdone.com/no_backup/vungle_cache/clever_cache/ assets/rCZD4DkqJKO37y3yLJpbzgtFThnMkM6030fq1yEFV-k=, th - pool-68-thread-7id com.vungle.warren.downloader.DownloadRequestMediator@54f2ec6
08-28 05:02:16.822 26920 28185 D b : Removing listener
08-28 05:02:16.823 26920 28185 D d : Stop tracking file: /storage/emulated/0/Android/data/apkdone.com/no_backup/vungle_cache/clever_cache/ assets/rCZD4DkqJKO37y3yLJpbzgtFThnMkM6030fq1yEFV-k= ref count 0
08-28 05:02:16.825 26920 28185 D d : Purge check current cache total: 62913831 target: 94371840
08-28 05:02:16.831 26920 27674 D com.vungle.warren.d: Uzipped /storage/emulated/0/Android/data/apkdone.com/no_backup/vungle_cache/vungle/ 630a9468aaea3e94bebce332
08-28 05:02:16.833 26920 27674 V com.vungle.warren.d: [ttDownloadContext] Unzip assets completed, request = AdRequest{placementId='APP_OPEN_HIGH_PRICE-9667104', adMarkup=null, type=0, adCount=1}, elapsed time = 35ms
08-28 05:02:16.838 26920 27674 V com.vungle.warren.d: [ttDownloadContext] Assets download completed, request = AdRequest{placementId='APP_OPEN_HIGH_PRICE-9667104', adMarkup=null, type=0, adCount=1}, at: 1661637736838
08-28 05:02:16.843 26920 27674 D com.vungle.warren.d: saving MRAID for 630a9468aaea3e94bebce332
08-28 05:02:16.856 26920 27674 D com.vungle.warren.d: download completed AdRequest{placementId='APP_OPEN_HIGH_PRICE-9667104', adMarkup=null, type=0, adCount=1}
08-28 05:02:16.859 26920 27685 I b : Setting 1 for adv 630a9468aaea3e94bebce332 and pl APP_OPEN_HIGH_PRICE-9667104
08-28 05:02:16.864 26920 27674 I com.vungle.warren.d: found already cached valid adv, calling onAdLoad callback for request AdRequest{placementId='APP_OPEN_HIGH_PRICE-9667104', adMarkup=null, type=0, adCount=1}
08-28 05:02:16.865 26920 27674 I com.vungle.warren.d: loading took 5349ms for:AdRequest{placementId='APP_OPEN_HIGH_PRICE-9667104', adMarkup=null, type=0, adCount=1}
08-28 05:02:17.459 26920 27034 W UnityAds: com.unity3d.services.core.connectivity.ConnectivityMonitor.connectionStatusChanged( ) (line:8) :: Unity Ads was not able to get current network type due to missing permission
08-28 05:02:20.470 26920 27034 W UnityAds: com.unity3d.services.core.connectivity.ConnectivityMonitor.connectionStatusChanged( ) (line:8) :: Unity Ads was not able to get current network type due to missing permission
08-28 05:02:30.577 26920 26920 D MIUIInput: [KeyEvent] ViewRootImpl windowName 'apkdone.com/com.example.MainActivity', KeyEvent { action=ACTION_DOWN, keyCode=KEYCODE_BACK, scanCode=0, metaState=0, flags=0x8, repeatCount=0, eventTime=147588838, downTime=147588838, deviceId=-1, source=0x101, displayId=0 }, phoneEventTime=05:02:30.567
08-28 05:02:30.583 26920 26920 D MIUIInput: [KeyEvent] ViewRootImpl windowName 'apkdone.com/com.example.MainActivity', KeyEvent { action=ACTION_UP, keyCode=KEYCODE_BACK, scanCode=0, metaState=0, flags=0x8, repeatCount=0, eventTime=147588838, downTime=147588838, deviceId=-1, source=0x101, displayId=0 }, phoneEventTime=05:02:30.567
08-28 05:02:32.019 26920 26920 D MIUIInput: [KeyEvent] ViewRootImpl windowName 'apkdone.com/com.example.MainActivity', KeyEvent { action=ACTION_DOWN, keyCode=KEYCODE_BACK, scanCode=0, metaState=0, flags=0x8, repeatCount=0, eventTime=147590278, downTime=147590278, deviceId=-1, source=0x101, displayId=0 }, phoneEventTime=05:02:32.008
08-28 05:02:32.024 26920 26920 D MIUIInput: [KeyEvent] ViewRootImpl windowName 'apkdone.com/com.example.MainActivity', KeyEvent { action=ACTION_UP, keyCode=KEYCODE_BACK, scanCode=0, metaState=0, flags=0x8, repeatCount=0, eventTime=147590278, downTime=147590278, deviceId=-1, source=0x101, displayId=0 }, phoneEventTime=05:02:32.008
08-28 05:02:32.867 26920 26920 E MethodChannel#jojoy.app_resource_plugin: Failed to handle method call
08-28 05:02:32.867 26920 26920 E MethodChannel#jojoy.app_resource_plugin: android.content.res.Resources$NotFoundException: Drawable apkdone.com:mipmap/ic_launcher_foreground with resource ID #0x7f0f0001
08-28 05:02:32.867 26920 26920 E MethodChannel#jojoy.app_resource_plugin: Caused by: android.content.res.Resources$NotFoundException: File res/mipmap/ic_launcher_foreground.xml from drawable resource ID #0x7f0f0001
08-28 05:02:32.867 26920 26920 E MethodChannel#jojoy.app_resource_plugin: at android.content.res.ResourcesImpl.loadDrawableForCookie(ResourcesImpl.java:900)
08-28 05:02:32.867 26920 26920 E MethodChannel#jojoy.app_resource_plugin: at android.content.res.ResourcesImpl.loadDrawable(ResourcesImpl.java:691)
08-28 05:02:32.867 26920 26920 E MethodChannel#jojoy.app_resource_plugin: at android.content.res.MiuiResourcesImpl.loadDrawable(MiuiResourcesImpl.java:307)
08-28 05:02:32.867 26920 26920 E MethodChannel#jojoy.app_resource_plugin: at android.content.res.Resources.loadDrawable(Resources.java:1017)
08-28 05:02:32.867 26920 26920 E MethodChannel#jojoy.app_resource_plugin: at android.content.res.Resources.getDrawableForDensity(Resources.java:1005)
08-28 05:02:32.867 26920 26920 E MethodChannel#jojoy.app_resource_plugin: at android.content.res.Resources.getDrawable(Resources.java:944)
08-28 05:02:32.867 26920 26920 E MethodChannel#jojoy.app_resource_plugin: at android.content.Context.getDrawable(Context.java:763)
08-28 05:02:32.867 26920 26920 E MethodChannel#jojoy.app_resource_plugin: at androidx.core.content.ContextCompat$Api21Impl.getDrawable(Unknown Source:0)
08-28 05:02:32.867 26920 26920 E MethodChannel#jojoy.app_resource_plugin: at androidx.core.content.ContextCompat.getDrawable(Unknown Source:0)
08-28 05:02:32.867 26920 26920 E MethodChannel#jojoy.app_resource_plugin: at com.example.plugin.AppResourcePlugin.a(AppResourcePlugin.kt:4)
08-28 05:02:32.867 26920 26920 E MethodChannel#jojoy.app_resource_plugin: at com.example.plugin.AppResourcePlugin.onMethodCall(AppResourcePlugin.kt:22)
08-28 05:02:32.867 26920 26920 E MethodChannel#jojoy.app_resource_plugin: at io.flutter.plugin.common.MethodChannel$IncomingMethodCallHandler.onMessage(MethodCh annel.java:2)
08-28 05:02:32.867 26920 26920 E MethodChannel#jojoy.app_resource_plugin: at io.flutter.embedding.engine.dart.DartMessenger.invokeHandler(DartMessenger.java:2)
08-28 05:02:32.867 26920 26920 E MethodChannel#jojoy.app_resource_plugin: at io.flutter.embedding.engine.dart.DartMessenger.lambda$dispatchMessageToQueue$0(Dart Messenger.java:2)
08-28 05:02:32.867 26920 26920 E MethodChannel#jojoy.app_resource_plugin: at io.flutter.embedding.engine.dart.DartMessenger.a(Unknown Source:0)
08-28 05:02:32.867 26920 26920 E MethodChannel#jojoy.app_resource_plugin: at io.flutter.embedding.engine.dart.a.run(Unknown Source:12)
08-28 05:02:32.867 26920 26920 E MethodChannel#jojoy.app_resource_plugin: at android.os.Handler.handleCallback(Handler.java:938)
08-28 05:02:32.867 26920 26920 E MethodChannel#jojoy.app_resource_plugin: at android.os.Handler.dispatchMessage(Handler.java:99)
08-28 05:02:32.867 26920 26920 E MethodChannel#jojoy.app_resource_plugin: at android.os.Looper.loopOnce(Looper.java:210)
08-28 05:02:32.867 26920 26920 E MethodChannel#jojoy.app_resource_plugin: at android.os.Looper.loop(Looper.java:299)
08-28 05:02:32.867 26920 26920 E MethodChannel#jojoy.app_resource_plugin: at android.app.ActivityThread.main(ActivityThread.java:8319)
08-28 05:02:32.867 26920 26920 E MethodChannel#jojoy.app_resource_plugin: at java.lang.reflect.Method.invoke(Native Method)
08-28 05:02:32.867 26920 26920 E MethodChannel#jojoy.app_resource_plugin: at com.android.internal.os.RuntimeInit$MethodAndArgsCaller.run(RuntimeInit.java:556)
08-28 05:02:32.867 26920 26920 E MethodChannel#jojoy.app_resource_plugin: at com.android.internal.os.ZygoteInit.main(ZygoteInit.java:1038)
08-28 05:02:32.867 26920 26920 E MethodChannel#jojoy.app_resource_plugin: Caused by: android.view.InflateException: Class not found x
08-28 05:02:32.867 26920 26920 E MethodChannel#jojoy.app_resource_plugin: at android.graphics.drawable.DrawableInflater.inflateFromClass(DrawableInflater.java:2 25)
08-28 05:02:32.867 26920 26920 E MethodChannel#jojoy.app_resource_plugin: at android.graphics.drawable.DrawableInflater.inflateFromXmlForDensity(DrawableInflate r.java:142)
08-28 05:02:32.867 26920 26920 E MethodChannel#jojoy.app_resource_plugin: at android.graphics.drawable.Drawable.createFromXmlInnerForDensity(Drawable.java:1414)
08-28 05:02:32.867 26920 26920 E MethodChannel#jojoy.app_resource_plugin: at android.graphics.drawable.Drawable.createFromXmlForDensity(Drawable.java:1373)
08-28 05:02:32.867 26920 26920 E MethodChannel#jojoy.app_resource_plugin: at android.content.res.ResourcesImpl.createFromXmlForDensity(ResourcesImpl.java:1516)
08-28 05:02:32.867 26920 26920 E MethodChannel#jojoy.app_resource_plugin: at android.content.res.ResourcesImpl.loadXmlDrawable(ResourcesImpl.java:934)
08-28 05:02:32.867 26920 26920 E MethodChannel#jojoy.app_resource_plugin: at android.content.res.ResourcesImpl.loadDrawableForCookie(ResourcesImpl.java:883)
08-28 05:02:32.867 26920 26920 E MethodChannel#jojoy.app_resource_plugin: ... 23 more
08-28 05:02:32.867 26920 26920 E MethodChannel#jojoy.app_resource_plugin: Caused by: java.lang.ClassNotFoundException: Didn't find class "x" on path: DexPathList[[zip file "/data/app/~~kixGn7zW248KGIOGoFF-Lw==/apkdone.com- 81Md4lzk5JD1I5w1cWk3cQ==/base.apk"],nativeLibraryDirectories=[/data/app/ ~~kixGn7zW248KGIOGoFF-Lw==/apkdone.com-81Md4lzk5JD1I5w1cWk3cQ==/lib/arm, /data/app/~~kixGn7zW248KGIOGoFF-Lw==/apkdone.com-81Md4lzk5JD1I5w1cWk3cQ==/ base.apk!/lib/armeabi-v7a, /system/lib, /system_ext/lib]]
08-28 05:02:32.867 26920 26920 E MethodChannel#jojoy.app_resource_plugin: at dalvik.system.BaseDexClassLoader.findClass(BaseDexClassLoader.java:218)
08-28 05:02:32.867 26920 26920 E MethodChannel#jojoy.app_resource_plugin: at java.lang.ClassLoader.loadClass(ClassLoader.java:379)
08-28 05:02:32.867 26920 26920 E MethodChannel#jojoy.app_resource_plugin: at java.lang.ClassLoader.loadClass(ClassLoader.java:312)
08-28 05:02:32.867 26920 26920 E MethodChannel#jojoy.app_resource_plugin: at android.graphics.drawable.DrawableInflater.inflateFromClass(DrawableInflater.java:2 06)
08-28 05:02:32.867 26920 26920 E MethodChannel#jojoy.app_resource_plugin: ... 29 more
08-28 05:02:35.218 26920 27052 E FA : Name must consist of letters, digits or _ (underscores). Type, name: event, home-category_tab
08-28 05:02:35.218 26920 27052 E FA : Invalid public event name. Event will not be logged (FE): home-category_tab
08-28 05:02:35.555 26920 27034 W UnityAds: com.unity3d.services.core.connectivity.ConnectivityMonitor.connectionStatusChanged( ) (line:8) :: Unity Ads was not able to get current network type due to missing permission
08-28 05:02:35.571 26920 27347 I flutter : saving File: '/data/user/0/apkdone.com/files/Catamaran_900_bceb448a4df5e8e69935d5dfccb0cd85845fc 2a205af746667bf18bac1e97397.ttf'
08-28 05:02:41.614 26920 27034 W UnityAds: com.unity3d.services.core.connectivity.ConnectivityMonitor.connectionStatusChanged( ) (line:8) :: Unity Ads was not able to get current network type due to missing permission
08-28 05:02:44.450 26920 26920 E MethodChannel#jojoy.app_resource_plugin: Failed to handle method call
08-28 05:02:44.450 26920 26920 E MethodChannel#jojoy.app_resource_plugin: android.content.res.Resources$NotFoundException: Drawable apkdone.com:mipmap/ic_launcher_foreground with resource ID #0x7f0f0001
08-28 05:02:44.450 26920 26920 E MethodChannel#jojoy.app_resource_plugin: Caused by: android.content.res.Resources$NotFoundException: File res/mipmap/ic_launcher_foreground.xml from drawable resource ID #0x7f0f0001
08-28 05:02:44.450 26920 26920 E MethodChannel#jojoy.app_resource_plugin: at android.content.res.ResourcesImpl.loadDrawableForCookie(ResourcesImpl.java:900)
08-28 05:02:44.450 26920 26920 E MethodChannel#jojoy.app_resource_plugin: at android.content.res.ResourcesImpl.loadDrawable(ResourcesImpl.java:691)
08-28 05:02:44.450 26920 26920 E MethodChannel#jojoy.app_resource_plugin: at android.content.res.MiuiResourcesImpl.loadDrawable(MiuiResourcesImpl.java:307)
08-28 05:02:44.450 26920 26920 E MethodChannel#jojoy.app_resource_plugin: at android.content.res.Resources.loadDrawable(Resources.java:1017)
08-28 05:02:44.450 26920 26920 E MethodChannel#jojoy.app_resource_plugin: at android.content.res.Resources.getDrawableForDensity(Resources.java:1005)
08-28 05:02:44.450 26920 26920 E MethodChannel#jojoy.app_resource_plugin: at android.content.res.Resources.getDrawable(Resources.java:944)
08-28 05:02:44.450 26920 26920 E MethodChannel#jojoy.app_resource_plugin: at android.content.Context.getDrawable(Context.java:763)
08-28 05:02:44.450 26920 26920 E MethodChannel#jojoy.app_resource_plugin: at androidx.core.content.ContextCompat$Api21Impl.getDrawable(Unknown Source:0)
08-28 05:02:44.450 26920 26920 E MethodChannel#jojoy.app_resource_plugin: at androidx.core.content.ContextCompat.getDrawable(Unknown Source:0)
08-28 05:02:44.450 26920 26920 E MethodChannel#jojoy.app_resource_plugin: at com.example.plugin.AppResourcePlugin.a(AppResourcePlugin.kt:4)
08-28 05:02:44.450 26920 26920 E MethodChannel#jojoy.app_resource_plugin: at com.example.plugin.AppResourcePlugin.onMethodCall(AppResourcePlugin.kt:22)
08-28 05:02:44.450 26920 26920 E MethodChannel#jojoy.app_resource_plugin: at io.flutter.plugin.common.MethodChannel$IncomingMethodCallHandler.onMessage(MethodCh annel.java:2)
08-28 05:02:44.450 26920 26920 E MethodChannel#jojoy.app_resource_plugin: at io.flutter.embedding.engine.dart.DartMessenger.invokeHandler(DartMessenger.java:2)
08-28 05:02:44.450 26920 26920 E MethodChannel#jojoy.app_resource_plugin: at io.flutter.embedding.engine.dart.DartMessenger.lambda$dispatchMessageToQueue$0(Dart Messenger.java:2)
08-28 05:02:44.450 26920 26920 E MethodChannel#jojoy.app_resource_plugin: at io.flutter.embedding.engine.dart.DartMessenger.a(Unknown Source:0)
08-28 05:02:44.450 26920 26920 E MethodChannel#jojoy.app_resource_plugin: at io.flutter.embedding.engine.dart.a.run(Unknown Source:12)
08-28 05:02:44.450 26920 26920 E MethodChannel#jojoy.app_resource_plugin: at android.os.Handler.handleCallback(Handler.java:938)
08-28 05:02:44.450 26920 26920 E MethodChannel#jojoy.app_resource_plugin: at android.os.Handler.dispatchMessage(Handler.java:99)
08-28 05:02:44.450 26920 26920 E MethodChannel#jojoy.app_resource_plugin: at android.os.Looper.loopOnce(Looper.java:210)
08-28 05:02:44.450 26920 26920 E MethodChannel#jojoy.app_resource_plugin: at android.os.Looper.loop(Looper.java:299)
08-28 05:02:44.450 26920 26920 E MethodChannel#jojoy.app_resource_plugin: at android.app.ActivityThread.main(ActivityThread.java:8319)
08-28 05:02:44.450 26920 26920 E MethodChannel#jojoy.app_resource_plugin: at java.lang.reflect.Method.invoke(Native Method)
08-28 05:02:44.450 26920 26920 E MethodChannel#jojoy.app_resource_plugin: at com.android.internal.os.RuntimeInit$MethodAndArgsCaller.run(RuntimeInit.java:556)
08-28 05:02:44.450 26920 26920 E MethodChannel#jojoy.app_resource_plugin: at com.android.internal.os.ZygoteInit.main(ZygoteInit.java:1038)
08-28 05:02:44.450 26920 26920 E MethodChannel#jojoy.app_resource_plugin: Caused by: android.view.InflateException: Class not found x
08-28 05:02:44.450 26920 26920 E MethodChannel#jojoy.app_resource_plugin: at android.graphics.drawable.DrawableInflater.inflateFromClass(DrawableInflater.java:2 25)
08-28 05:02:44.450 26920 26920 E MethodChannel#jojoy.app_resource_plugin: at android.graphics.drawable.DrawableInflater.inflateFromXmlForDensity(DrawableInflate r.java:142)
08-28 05:02:44.450 26920 26920 E MethodChannel#jojoy.app_resource_plugin: at android.graphics.drawable.Drawable.createFromXmlInnerForDensity(Drawable.java:1414)
08-28 05:02:44.450 26920 26920 E MethodChannel#jojoy.app_resource_plugin: at android.graphics.drawable.Drawable.createFromXmlForDensity(Drawable.java:1373)
08-28 05:02:44.450 26920 26920 E MethodChannel#jojoy.app_resource_plugin: at android.content.res.ResourcesImpl.createFromXmlForDensity(ResourcesImpl.java:1516)
08-28 05:02:44.450 26920 26920 E MethodChannel#jojoy.app_resource_plugin: at android.content.res.ResourcesImpl.loadXmlDrawable(ResourcesImpl.java:934)
08-28 05:02:44.450 26920 26920 E MethodChannel#jojoy.app_resource_plugin: at android.content.res.ResourcesImpl.loadDrawableForCookie(ResourcesImpl.java:883)
08-28 05:02:44.450 26920 26920 E MethodChannel#jojoy.app_resource_plugin: ... 23 more
08-28 05:02:44.450 26920 26920 E MethodChannel#jojoy.app_resource_plugin: Caused by: java.lang.ClassNotFoundException: Didn't find class "x" on path: DexPathList[[zip file "/data/app/~~kixGn7zW248KGIOGoFF-Lw==/apkdone.com- 81Md4lzk5JD1I5w1cWk3cQ==/base.apk"],nativeLibraryDirectories=[/data/app/ ~~kixGn7zW248KGIOGoFF-Lw==/apkdone.com-81Md4lzk5JD1I5w1cWk3cQ==/lib/arm, /data/app/~~kixGn7zW248KGIOGoFF-Lw==/apkdone.com-81Md4lzk5JD1I5w1cWk3cQ==/ base.apk!/lib/armeabi-v7a, /system/lib, /system_ext/lib]]
08-28 05:02:44.450 26920 26920 E MethodChannel#jojoy.app_resource_plugin: at dalvik.system.BaseDexClassLoader.findClass(BaseDexClassLoader.java:218)
08-28 05:02:44.450 26920 26920 E MethodChannel#jojoy.app_resource_plugin: at java.lang.ClassLoader.loadClass(ClassLoader.java:379)
08-28 05:02:44.450 26920 26920 E MethodChannel#jojoy.app_resource_plugin: at java.lang.ClassLoader.loadClass(ClassLoader.java:312)
08-28 05:02:44.450 26920 26920 E MethodChannel#jojoy.app_resource_plugin: at android.graphics.drawable.DrawableInflater.inflateFromClass(DrawableInflater.java:2 06)
08-28 05:02:44.450 26920 26920 E MethodChannel#jojoy.app_resource_plugin: ... 29 more
08-28 05:02:44.461 26920 26920 D Installations: Installation ID: fYlUaecpTuycMHXYq4xJgJ
08-28 05:02:45.303 26920 26998 I TRuntime.CctTransportBackend: Making request to: https://firebaselogging-pa.googleapis.com/v1/firelog/legacy/batchlog
08-28 05:02:45.488 26920 27052 E FA : Name must consist of letters, digits or _ (underscores). Type, name: event, home-ranking_tab
08-28 05:02:45.489 26920 27052 E FA : Invalid public event name. Event will not be logged (FE): home-ranking_tab
08-28 05:02:45.710 26920 26920 D DecorView[]: onWindowFocusChanged hasWindowFocus false
08-28 05:02:47.257 26920 26998 I TRuntime.CctTransportBackend: Status Code: 200
08-28 05:02:56.990 26920 28418 W FlurryAgent: Analytics report sent to https://data.flurry.com/v1/flr.do
08-28 05:03:08.782 26920 27034 W UnityAds: com.unity3d.services.core.connectivity.ConnectivityMonitor.connectionStatusChanged( ) (line:8) :: Unity Ads was not able to get current network type due to missing permission
08-28 05:03:19.503 26920 26998 I TRuntime.CctTransportBackend: Making request to: https://firebaselogging-pa.googleapis.com/v1/firelog/legacy/batchlog
Name Type of Operating System Windows Domain Agent Installed Agent Running Real-Time DNS Domain Name IP Address Connection IP Address Network Agent Version Application Version Database Version