The document contains log messages from an Android application startup process. It shows the application selecting a remote version of the Firebase and Google Mobile Ads SDKs, initializing Firebase, and various system services hooking into the application.
The document contains log messages from an Android application startup process. It shows the application selecting a remote version of the Firebase and Google Mobile Ads SDKs, initializing Firebase, and various system services hooking into the application.
The document contains log messages from an Android application startup process. It shows the application selecting a remote version of the Firebase and Google Mobile Ads SDKs, initializing Firebase, and various system services hooking into the application.
The document contains log messages from an Android application startup process. It shows the application selecting a remote version of the Firebase and Google Mobile Ads SDKs, initializing Firebase, and various system services hooking into the application.
Download as TXT, PDF, TXT or read online from Scribd
Download as txt, pdf, or txt
You are on page 1of 100
--------- beginning of main
08-28 05:02:06.956 26920 26995 I DynamiteModule: Considering local module
com.google.android.gms.measurement.dynamite:73 and remote module com.google.android.gms.measurement.dynamite:75
08-28 05:02:06.957 26920 26995 I DynamiteModule: Selected remote version of com.google.android.gms.measurement.dynamite, version >= 75
08-28 05:02:06.957 26920 26995 V DynamiteModule: Dynamite loader version >= 2, using loadModule2NoCrashUtils
08-28 05:02:06.971 26920 26920 I FirebaseInitProvider: FirebaseApp initialization successful
08-28 05:02:06.972 26920 26995 W System : ClassLoader referenced unknown path:
08-28 05:02:06.973 26920 26920 D FLTFireContextHolder: received application context.
08-28 05:02:06.989 26920 26920 D CompatibilityChangeReporter: Compat change id reported: 147600208; UID 10688; state: ENABLED
08-28 05:02:06.995 26920 26920 D DownloaderInitializer: MAX_CONCURRENT_TASKS = 10
08-28 05:02:07.024 26920 26920 W com.facebook.J: Please set a value for AutoLogAppEventsEnabled. Set the flag to TRUE if you want to collect app install, app launch and in-app purchase events automatically. To request user consent before collecting data, set the flag value to FALSE, then change to TRUE once user consent is received. Learn more: https://developers.facebook.com/docs/app-events/getting- started-app-events-android#disable-auto-events.
08-28 05:02:07.024 26920 26920 W com.facebook.J: You haven't set a value for AdvertiserIDCollectionEnabled. Set the flag to TRUE if you want to collect Advertiser ID for better advertising and analytics results. To request user consent before collecting data, set the flag value to FALSE, then change to TRUE once user consent is received. Learn more: https://developers.facebook.com/docs/app-events/getting-started-app-events- android#disable-auto-events.
08-28 05:02:07.060 26920 27023 D CompatibilityChangeReporter: Compat change id reported: 160794467; UID 10688; state: DISABLED
08-28 05:02:07.181 27076 27076 W kdone.com:blac: Using default instruction set features for ARM CPU variant (cortex-a9) using conservative defaults
08-28 05:02:07.191 27076 27076 E kdone.com:blac: Not starting debugger since process cannot load the jdwp agent.
08-28 05:02:07.194 27076 27076 D ProcessState: Binder ioctl to enable oneway spam detection failed: Invalid argument
08-28 05:02:07.201 27076 27076 I MessageMonitor: Load libmiui_runtime
08-28 05:02:07.218 27076 27076 D CompatibilityChangeReporter: Compat change id reported: 171979766; UID 10688; state: DISABLED
08-28 05:02:07.321 26920 27052 I FA : App measurement initialized, version: 66000
08-28 05:02:07.321 26920 27052 I FA : To enable debug logging run: adb shell setprop log.tag.FA VERBOSE
08-28 05:02:07.321 26920 27052 I FA : To enable faster debug mode event logging run:
08-28 05:02:07.321 26920 27052 I FA : adb shell setprop debug.firebase.analytics.app apkdone.com
08-28 05:02:07.435 26920 27052 I FA : Tag Manager is not found and thus will not be used
08-28 05:02:07.459 26920 27018 I DynamiteModule: Considering local module com.google.android.gms.ads.dynamite:0 and remote module com.google.android.gms.ads.dynamite:221908400
08-28 05:02:07.459 26920 27018 I DynamiteModule: Selected remote version of com.google.android.gms.ads.dynamite, version >= 221908400
08-28 05:02:07.459 26920 27018 V DynamiteModule: Dynamite loader version >= 2, using loadModule2NoCrashUtils
08-28 05:02:08.032 27076 27076 I Perf : Connecting to perf service.
08-28 05:02:08.037 27076 27076 V GraphicsEnvironment: ANGLE Developer option for 'apkdone.com' set to: 'default'
08-28 05:02:08.037 27076 27076 V GraphicsEnvironment: All apps opt in to use updatable production driver. --------- beginning of system
08-28 05:02:08.041 27076 27076 I ForceDarkHelperStubImpl: initialize for apkdone.com , ForceDarkOrigin
08-28 05:02:08.042 27076 27076 D OpenGLRenderer: JNI_OnLoad success
08-28 05:02:08.042 27076 27076 I MiuiForceDarkConfig: setConfig density:2.200000, mainRule:0, secondaryRule:0, tertiaryRule:0
08-28 05:02:08.043 27076 27076 D NetworkSecurityConfig: Using Network Security Config from resource network_security_config debugBuild: false
08-28 05:02:08.044 27076 27076 D NetworkSecurityConfig: Using Network Security Config from resource network_security_config debugBuild: false
08-28 05:02:08.111 27076 27076 D HookManager: hook: top.niunaijun.blackbox.fake.service.context.RestrictionsManagerStub@2e05fcb
08-28 05:02:08.115 27076 27076 D HookManager: hook: top.niunaijun.blackbox.fake.service.IAccessibilityManagerProxy@a2512f2
08-28 05:02:08.118 27076 27076 D HookManager: hook: top.niunaijun.blackbox.fake.service.IFingerprintManagerProxy@8a537b5
08-28 05:02:08.121 27076 27076 D HookManager: hook: top.niunaijun.blackbox.fake.service.HCallbackProxy@488c516
08-28 05:02:08.125 27076 27076 D HookManager: hook: top.niunaijun.blackbox.fake.service.IMediaSessionManagerProxy@ccd5e69
08-28 05:02:08.129 27076 27076 D HookManager: hook: top.niunaijun.blackbox.fake.delegate.AppInstrumentation@309dfa
08-28 05:02:08.130 27076 27076 D HookManager: hook: top.niunaijun.blackbox.fake.service.ITelephonyManagerProxy@e319fab
08-28 05:02:08.135 27076 27076 D HookManager: hook: top.niunaijun.blackbox.fake.service.IPermissionManagerProxy@7f0bab4
08-28 05:02:08.137 27076 27076 D HookManager: hook: top.niunaijun.blackbox.fake.service.IGraphicsStatsProxy@f2cac4c
08-28 05:02:08.137 27076 27076 D HookManager: hook: top.niunaijun.blackbox.fake.service.IAppOpsManagerProxy@14cb495
08-28 05:02:08.139 27076 27076 D HookManager: hook: top.niunaijun.blackbox.fake.service.IPackageManagerProxy@8efe14d
08-28 05:02:08.142 27076 27076 D HookManager: hook: top.niunaijun.blackbox.fake.service.IActivityClientProxy@4abff50
08-28 05:02:08.152 27076 27076 D HookManager: hook: top.niunaijun.blackbox.fake.service.IUserManagerProxy@825967
08-28 05:02:08.164 27076 27076 D HookManager: hook: top.niunaijun.blackbox.fake.service.IShortcutManagerProxy@ca5dc80
08-28 05:02:08.165 27076 27076 D HookManager: hook: top.niunaijun.blackbox.fake.service.IContextHubServiceProxy@3b42175
08-28 05:02:08.167 27076 27076 D HookManager: hook error: top.niunaijun.blackbox.fake.service.IContextHubServiceProxy@3b42175
08-28 05:02:08.167 27076 27076 D HookManager: hook: top.niunaijun.blackbox.fake.service.IWindowManagerProxy@412bb98
08-28 05:02:08.169 27076 27076 D HookManager: hook: top.niunaijun.blackbox.fake.service.ILauncherAppsProxy@45554f3
08-28 05:02:08.172 27076 27076 D HookManager: hook: top.niunaijun.blackbox.fake.service.IWifiManagerProxy@3b72cdc
08-28 05:02:08.179 27076 27076 D HookManager: hook: top.niunaijun.blackbox.fake.service.IConnectivityManagerProxy@f4a2761
08-28 05:02:08.183 27076 27076 D HookManager: hook: top.niunaijun.blackbox.fake.service.INotificationManagerProxy@7f99ae0
08-28 05:02:08.186 27076 27076 D HookManager: hook: top.niunaijun.blackbox.fake.service.IAlarmManagerProxy@79b283f
08-28 05:02:08.188 27076 27076 D HookManager: hook: top.niunaijun.blackbox.fake.service.ILocationManagerProxy@593e5f8
08-28 05:02:08.192 27076 27076 D HookManager: hook: top.niunaijun.blackbox.fake.service.ITelephonyRegistryProxy@38e230d
08-28 05:02:08.196 27076 27076 D HookManager: hook: top.niunaijun.blackbox.fake.service.IVibratorServiceProxy@a91990e
08-28 05:02:08.198 27076 27076 D HookManager: hook: top.niunaijun.blackbox.fake.service.IDisplayManagerProxy@135ff4b
08-28 05:02:08.201 27076 27076 D HookManager: hook: top.niunaijun.blackbox.fake.service.IDevicePolicyManagerProxy@7350cc3
08-28 05:02:08.210 27076 27076 D HookManager: hook: top.niunaijun.blackbox.fake.service.IPhoneSubInfoProxy@888796c
08-28 05:02:08.211 27076 27076 D HookManager: hook: top.niunaijun.blackbox.fake.service.IVpnManagerProxy@269513b
08-28 05:02:08.216 27076 27076 D HookManager: hook: top.niunaijun.blackbox.fake.service.IActivityManagerProxy@eb68a04
08-28 05:02:08.224 27076 27076 D HookManager: hook: top.niunaijun.blackbox.fake.service.libcore.OsStub@202b66e
08-28 05:02:08.227 27076 27076 D HookManager: hook: top.niunaijun.blackbox.fake.service.IPersistentDataBlockServiceProxy@49deba5
08-28 05:02:08.229 27076 27076 D HookManager: hook error: top.niunaijun.blackbox.fake.service.IPersistentDataBlockServiceProxy@49deba5
08-28 05:02:08.229 27076 27076 D HookManager: hook: top.niunaijun.blackbox.fake.service.IActivityTaskManagerProxy@349ef88
08-28 05:02:08.241 27076 27076 D HookManager: hook: top.niunaijun.blackbox.fake.service.IAppWidgetManagerProxy@1b527a0
08-28 05:02:08.243 27076 27076 D HookManager: hook: top.niunaijun.blackbox.fake.service.IDeviceIdentifiersPolicyProxy@49a0815
08-28 05:02:08.244 27076 27076 D HookManager: hook: top.niunaijun.blackbox.fake.service.IStorageManagerProxy@4d96bf6
08-28 05:02:08.245 27076 27076 D HookManager: hook: top.niunaijun.blackbox.fake.service.IWifiScannerProxy@38c8093
08-28 05:02:08.246 27076 27076 D HookManager: hook error: top.niunaijun.blackbox.fake.service.IWifiScannerProxy@38c8093
08-28 05:02:08.246 27076 27076 D HookManager: hook: top.niunaijun.blackbox.fake.service.IAccountManagerProxy@6b1b8d0
08-28 05:02:08.251 27076 27076 D HookManager: hook: top.niunaijun.blackbox.fake.service.IMediaRouterServiceProxy@cce2085
08-28 05:02:08.254 27076 27076 D HookManager: hook: top.niunaijun.blackbox.fake.service.IAutofillManagerProxy@e92bea6
08-28 05:02:08.255 27076 27076 D HookManager: hook: top.niunaijun.blackbox.fake.service.ISystemUpdateProxy@4a6b483
08-28 05:02:08.256 27076 27076 D HookManager: hook error: top.niunaijun.blackbox.fake.service.ISystemUpdateProxy@4a6b483
08-28 05:02:08.256 27076 27076 D HookManager: hook: top.niunaijun.blackbox.fake.service.INetworkManagementServiceProxy@64cf600
08-28 05:02:08.257 27076 27076 D HookManager: hook: top.niunaijun.blackbox.fake.service.IStorageStatsManagerProxy@93134f5
08-28 05:02:08.258 27076 27076 D HookManager: hook: top.niunaijun.blackbox.fake.service.IPowerManagerProxy@a5e1d56
08-28 05:02:08.259 27076 27076 D HookManager: hook: top.niunaijun.blackbox.fake.service.context.ContentServiceStub@36dc473
08-28 05:02:08.260 27076 27076 D HookManager: hook: top.niunaijun.blackbox.fake.service.IJobServiceProxy@b65be5c
08-28 05:02:08.304 27076 27076 D ActivityThread: Loading provider apkdone.com.blackbox.SystemCallProvider: top.niunaijun.blackbox.core.system.SystemCallProvider
08-28 05:02:08.305 27076 27076 D SystemCallProvider: call: VM, Bundle[{_B_| _server_name_=package_manager}]
08-28 05:02:08.305 27076 27076 D BlackBoxCore: getService: package_manager, top.niunaijun.blackbox.core.system.pm.BPackageManagerService@384bc1d
08-28 05:02:08.316 27076 27291 D SystemCallProvider: call: VM, Bundle[mParcelledData.dataSize=88]
08-28 05:02:08.317 26920 26920 D BlackBoxCore: getService: activity_manager, android.os.BinderProxy@88a3596
08-28 05:02:08.318 27076 27291 D SystemCallProvider: call: VM, Bundle[mParcelledData.dataSize=76]
08-28 05:02:08.319 26920 26920 D BlackBoxCore: getService: job_manager, android.os.BinderProxy@730b517
08-28 05:02:08.320 27076 27291 D SystemCallProvider: call: VM, Bundle[mParcelledData.dataSize=84]
08-28 05:02:08.321 26920 26920 D BlackBoxCore: getService: package_manager, android.os.BinderProxy@db44d04
08-28 05:02:08.322 27076 27291 D SystemCallProvider: call: VM, Bundle[mParcelledData.dataSize=84]
08-28 05:02:08.322 26920 26920 D BlackBoxCore: getService: storage_manager, android.os.BinderProxy@a5432ed
08-28 05:02:08.324 27076 27291 D SystemCallProvider: call: VM, Bundle[mParcelledData.dataSize=80]
08-28 05:02:08.324 27076 27076 W Looper : PerfMonitor longMsg : seq=2 plan=05:02:07.213 late=4ms wall=1105ms running=917ms runnable=77ms io=19ms h=android.app.ActivityThread$H w=110 procState=-1
08-28 05:02:08.324 26920 26920 D BlackBoxCore: getService: user_manager, android.os.BinderProxy@dac1522
08-28 05:02:08.325 27076 27291 D SystemCallProvider: call: VM, Bundle[mParcelledData.dataSize=84]
08-28 05:02:08.326 26920 26920 D BlackBoxCore: getService: xposed_manager, android.os.BinderProxy@b018bb3
08-28 05:02:08.328 27076 27096 D SystemCallProvider: call: VM, Bundle[mParcelledData.dataSize=84]
08-28 05:02:08.328 26920 26920 D BlackBoxCore: getService: account_manager, android.os.BinderProxy@7ab3570
08-28 05:02:08.329 27076 27096 D SystemCallProvider: call: VM, Bundle[mParcelledData.dataSize=88]
08-28 05:02:08.329 26920 26920 D BlackBoxCore: getService: location_manager, android.os.BinderProxy@2ce10e9
08-28 05:02:08.330 27076 27336 D SystemCallProvider: call: VM, Bundle[mParcelledData.dataSize=96]
08-28 05:02:08.331 27076 27076 I DaemonService: DaemonInnerService -> onCreate
08-28 05:02:08.332 27076 27076 I DaemonService: DaemonInnerService -> onStartCommand
08-28 05:02:08.333 27076 27076 I DaemonService: DaemonInnerService -> onDestroy
08-28 05:02:08.334 26920 26920 D BlackBoxCore: getService: notification_manager, android.os.BinderProxy@81a616e
08-28 05:02:08.337 26920 26920 W Looper : PerfMonitor longMsg : seq=2 plan=05:02:06.132 late=16ms wall=2187ms running=773ms runnable=45ms io=59ms h=android.app.ActivityThread$H w=110 procState=-1
08-28 05:02:08.426 26920 26920 I AdrenoGLES-0: QUALCOMM build : 820d4a4028, I5580630f49
08-28 05:02:08.426 26920 26920 I AdrenoGLES-0: Build Date : 11/04/21
08-28 05:02:08.426 26920 26920 I AdrenoGLES-0: OpenGL ES Shader Compiler Version: EV031.32.02.16
08-28 05:02:08.426 26920 26920 I AdrenoGLES-0: Local Branch :
08-28 05:02:08.426 26920 26920 I AdrenoGLES-0: Remote Branch :
08-28 05:02:08.426 26920 26920 I AdrenoGLES-0: Remote Branch :
08-28 05:02:08.426 26920 26920 I AdrenoGLES-0: Reconstruct Branch :
08-28 05:02:08.426 26920 26920 I AdrenoGLES-0: Build Config : S P 10.0.7 AArch32
08-28 05:02:08.426 26920 26920 I AdrenoGLES-0: Driver Path : /vendor/lib/egl/libGLESv2_adreno.so
08-28 05:02:08.443 26920 26920 I AdrenoGLES-0: PFP: 0x016ee190, ME: 0x00000000
08-28 05:02:08.521 26920 26920 D com.llfbandit.app_links: handleIntent: (Action) android.intent.action.MAIN
08-28 05:02:08.521 26920 26920 D com.llfbandit.app_links: handleIntent: (Data) null
08-28 05:02:08.522 26920 26920 D FlutterArchivePlugin: onAttachedToEngine - IN
08-28 05:02:08.522 26920 26920 D FlutterArchivePlugin: doOnAttachedToEngine - IN
08-28 05:02:08.523 26920 26920 D FlutterArchivePlugin: doOnAttachedToEngine - OUT
08-28 05:02:08.523 26920 26920 D FlutterArchivePlugin: onAttachedToEngine - OUT
08-28 05:02:08.594 26920 26920 I WebViewFactory: Loading com.google.android.webview version 104.0.5112.97 (code 511209734)
08-28 05:02:08.708 26920 26920 I cr_WVCFactoryProvider: Loaded version=104.0.5112.97 minSdkVersion=29 isBundle=true multiprocess=true packageId=2
08-28 05:02:08.750 26920 26920 I cr_LibraryLoader: Successfully loaded native library
08-28 05:02:08.752 26920 26920 I cr_CachingUmaRecorder: Flushed 8 samples from 8 histograms.
08-28 05:02:08.772 26920 26920 D ViewScrollStubImpl: the value of mScrollFrictionRes is: 0.015
08-28 05:02:09.062 26920 27475 E chromium: [ERROR:simple_file_enumerator.cc(21)] opendir /data/user/0/apkdone.com/cache/WebView/Default/HTTP Cache/Code Cache/wasm: No such file or directory (2)
08-28 05:02:09.062 26920 27475 E chromium: [ERROR:simple_index_file.cc(614)] Could not reconstruct index from disk
08-28 05:02:09.143 26920 26920 W FlutterEngineCxnRegstry: Attempted to register plugin (O0.c@e85d01f) but it was already registered with this FlutterEngine (io.flutter.embedding.engine.FlutterEngine@b5d3f6c).
08-28 05:02:09.143 26920 26920 W FlutterEngineCxnRegstry: Attempted to register plugin (N0.a@98f1935) but it was already registered with this FlutterEngine (io.flutter.embedding.engine.FlutterEngine@b5d3f6c).
08-28 05:02:09.144 26920 26920 W FlutterEngineCxnRegstry: Attempted to register plugin (L0.a@f9a11ca) but it was already registered with this FlutterEngine (io.flutter.embedding.engine.FlutterEngine@b5d3f6c).
08-28 05:02:09.144 26920 26920 W FlutterEngineCxnRegstry: Attempted to register plugin (J0.g@2414f3b) but it was already registered with this FlutterEngine (io.flutter.embedding.engine.FlutterEngine@b5d3f6c).
08-28 05:02:09.144 26920 26920 W FlutterEngineCxnRegstry: Attempted to register plugin (io.flutter.plugins.camera.CameraPlugin@e94e658) but it was already registered with this FlutterEngine (io.flutter.embedding.engine.FlutterEngine@b5d3f6c).
08-28 05:02:09.144 26920 26920 W FlutterEngineCxnRegstry: Attempted to register plugin (C1.d@3a513b1) but it was already registered with this FlutterEngine (io.flutter.embedding.engine.FlutterEngine@b5d3f6c).
08-28 05:02:09.144 26920 26920 W FlutterEngineCxnRegstry: Attempted to register plugin (H1.c@52f8096) but it was already registered with this FlutterEngine (io.flutter.embedding.engine.FlutterEngine@b5d3f6c).
08-28 05:02:09.144 26920 26920 W FlutterEngineCxnRegstry: Attempted to register plugin (D1.a@86ba417) but it was already registered with this FlutterEngine (io.flutter.embedding.engine.FlutterEngine@b5d3f6c).
08-28 05:02:09.144 26920 26920 W FlutterEngineCxnRegstry: Attempted to register plugin (B1.a@29e1004) but it was already registered with this FlutterEngine (io.flutter.embedding.engine.FlutterEngine@b5d3f6c).
08-28 05:02:09.144 26920 26920 W FlutterEngineCxnRegstry: Attempted to register plugin (R0.a@d4639ed) but it was already registered with this FlutterEngine (io.flutter.embedding.engine.FlutterEngine@b5d3f6c).
08-28 05:02:09.144 26920 26920 W FlutterEngineCxnRegstry: Attempted to register plugin (io.flutter.plugins.firebase.analytics.FlutterFirebaseAnalyticsPlugin@6db1022) but it was already registered with this FlutterEngine (io.flutter.embedding.engine.FlutterEngine@b5d3f6c).
08-28 05:02:09.144 26920 26920 W FlutterEngineCxnRegstry: Attempted to register plugin (io.flutter.plugins.firebase.core.FlutterFirebaseCorePlugin@67c6ab3) but it was already registered with this FlutterEngine (io.flutter.embedding.engine.FlutterEngine@b5d3f6c).
08-28 05:02:09.144 26920 26920 W FlutterEngineCxnRegstry: Attempted to register plugin (io.flutter.plugins.firebase.crashlytics.FlutterFirebaseCrashlyticsPlugin@4ee2870) but it was already registered with this FlutterEngine (io.flutter.embedding.engine.FlutterEngine@b5d3f6c).
08-28 05:02:09.144 26920 26920 W FlutterEngineCxnRegstry: Attempted to register plugin (K1.a@5987e9) but it was already registered with this FlutterEngine (io.flutter.embedding.engine.FlutterEngine@b5d3f6c).
08-28 05:02:09.144 26920 26920 W FlutterEngineCxnRegstry: Attempted to register plugin (io.flutter.plugins.firebase.messaging.FlutterFirebaseMessagingPlugin@4be0c6e) but it was already registered with this FlutterEngine (io.flutter.embedding.engine.FlutterEngine@b5d3f6c).
08-28 05:02:09.144 26920 26920 W FlutterEngineCxnRegstry: Attempted to register plugin (io.flutter.plugins.firebase.performance.FlutterFirebasePerformancePlugin@7c8ff0f) but it was already registered with this FlutterEngine (io.flutter.embedding.engine.FlutterEngine@b5d3f6c).
08-28 05:02:09.144 26920 26920 W FlutterEngineCxnRegstry: Attempted to register plugin (io.flutter.plugins.firebase.firebaseremoteconfig.FirebaseRemoteConfigPlugin@2e55b9 c) but it was already registered with this FlutterEngine (io.flutter.embedding.engine.FlutterEngine@b5d3f6c).
08-28 05:02:09.144 26920 26920 W FlutterEngineCxnRegstry: Attempted to register plugin (K0.a@439b9a5) but it was already registered with this FlutterEngine (io.flutter.embedding.engine.FlutterEngine@b5d3f6c).
08-28 05:02:09.144 26920 26920 W FlutterEngineCxnRegstry: Attempted to register plugin (vn.hunghd.flutterdownloader.d@dc2817a) but it was already registered with this FlutterEngine (io.flutter.embedding.engine.FlutterEngine@b5d3f6c).
08-28 05:02:09.144 26920 26920 W FlutterEngineCxnRegstry: Attempted to register plugin (S0.a@da07d2b) but it was already registered with this FlutterEngine (io.flutter.embedding.engine.FlutterEngine@b5d3f6c).
08-28 05:02:09.144 26920 26920 W FlutterEngineCxnRegstry: Attempted to register plugin (d.f@dba9588) but it was already registered with this FlutterEngine (io.flutter.embedding.engine.FlutterEngine@b5d3f6c).
08-28 05:02:09.144 26920 26920 W FlutterEngineCxnRegstry: Attempted to register plugin (F.a@1314b21) but it was already registered with this FlutterEngine (io.flutter.embedding.engine.FlutterEngine@b5d3f6c).
08-28 05:02:09.144 26920 26920 W FlutterEngineCxnRegstry: Attempted to register plugin (com.pichillilorenzo.flutter_inappwebview.InAppWebViewFlutterPlugin@3673b46) but it was already registered with this FlutterEngine (io.flutter.embedding.engine.FlutterEngine@b5d3f6c).
08-28 05:02:09.144 26920 26920 W FlutterEngineCxnRegstry: Attempted to register plugin (f.a@527c107) but it was already registered with this FlutterEngine (io.flutter.embedding.engine.FlutterEngine@b5d3f6c).
08-28 05:02:09.144 26920 26920 W FlutterEngineCxnRegstry: Attempted to register plugin (com.dexterous.flutterlocalnotifications.FlutterLocalNotificationsPlugin@1278234) but it was already registered with this FlutterEngine (io.flutter.embedding.engine.FlutterEngine@b5d3f6c).
08-28 05:02:09.144 26920 26920 W FlutterEngineCxnRegstry: Attempted to register plugin (M0.i@fb6785d) but it was already registered with this FlutterEngine (io.flutter.embedding.engine.FlutterEngine@b5d3f6c).
08-28 05:02:09.144 26920 26920 W FlutterEngineCxnRegstry: Attempted to register plugin (io.flutter.plugins.flutter_plugin_android_lifecycle.FlutterAndroidLifecyclePlugin@ e4bc5d2) but it was already registered with this FlutterEngine (io.flutter.embedding.engine.FlutterEngine@b5d3f6c).
08-28 05:02:09.144 26920 26920 W FlutterEngineCxnRegstry: Attempted to register plugin (J1.a@ef566a3) but it was already registered with this FlutterEngine (io.flutter.embedding.engine.FlutterEngine@b5d3f6c).
08-28 05:02:09.144 26920 26920 W FlutterEngineCxnRegstry: Attempted to register plugin (io.flutter.plugins.googlemobileads.GoogleMobileAdsPlugin@8d48da0) but it was already registered with this FlutterEngine (io.flutter.embedding.engine.FlutterEngine@b5d3f6c).
08-28 05:02:09.144 26920 26920 W FlutterEngineCxnRegstry: Attempted to register plugin (io.flutter.plugins.googlesignin.GoogleSignInPlugin@f673d59) but it was already registered with this FlutterEngine (io.flutter.embedding.engine.FlutterEngine@b5d3f6c).
08-28 05:02:09.144 26920 26920 W FlutterEngineCxnRegstry: Attempted to register plugin (F2.c@f7c6d1e) but it was already registered with this FlutterEngine (io.flutter.embedding.engine.FlutterEngine@b5d3f6c).
08-28 05:02:09.144 26920 26920 W FlutterEngineCxnRegstry: Attempted to register plugin (N.a@46dc9ff) but it was already registered with this FlutterEngine (io.flutter.embedding.engine.FlutterEngine@b5d3f6c).
08-28 05:02:09.144 26920 26920 W FlutterEngineCxnRegstry: Attempted to register plugin (io.flutter.plugins.packageinfo.PackageInfoPlugin@84e3cc) but it was already registered with this FlutterEngine (io.flutter.embedding.engine.FlutterEngine@b5d3f6c).
08-28 05:02:09.144 26920 26920 W FlutterEngineCxnRegstry: Attempted to register plugin (io.flutter.plugins.pathprovider.PathProviderPlugin@1c55615) but it was already registered with this FlutterEngine (io.flutter.embedding.engine.FlutterEngine@b5d3f6c).
08-28 05:02:09.144 26920 26920 W FlutterEngineCxnRegstry: Attempted to register plugin (e.f@a7e3d2a) but it was already registered with this FlutterEngine (io.flutter.embedding.engine.FlutterEngine@b5d3f6c).
08-28 05:02:09.144 26920 26920 W FlutterEngineCxnRegstry: Attempted to register plugin (o0.b@6df071b) but it was already registered with this FlutterEngine (io.flutter.embedding.engine.FlutterEngine@b5d3f6c).
08-28 05:02:09.144 26920 26920 W FlutterEngineCxnRegstry: Attempted to register plugin (E1.f@b0270b8) but it was already registered with this FlutterEngine (io.flutter.embedding.engine.FlutterEngine@b5d3f6c).
08-28 05:02:09.144 26920 26920 W FlutterEngineCxnRegstry: Attempted to register plugin (io.flutter.plugins.sharedpreferences.SharedPreferencesPlugin@4b23e91) but it was already registered with this FlutterEngine (io.flutter.embedding.engine.FlutterEngine@b5d3f6c).
08-28 05:02:09.144 26920 26920 W FlutterEngineCxnRegstry: Attempted to register plugin (I0.b@41b01f6) but it was already registered with this FlutterEngine (io.flutter.embedding.engine.FlutterEngine@b5d3f6c).
08-28 05:02:09.144 26920 26920 W FlutterEngineCxnRegstry: Attempted to register plugin (V0.l@45cf9f7) but it was already registered with this FlutterEngine (io.flutter.embedding.engine.FlutterEngine@b5d3f6c).
08-28 05:02:09.144 26920 26920 W FlutterEngineCxnRegstry: Attempted to register plugin (P0.l@bc9e064) but it was already registered with this FlutterEngine (io.flutter.embedding.engine.FlutterEngine@b5d3f6c).
08-28 05:02:09.144 26920 26920 W FlutterEngineCxnRegstry: Attempted to register plugin (io.flutter.plugins.urllauncher.UrlLauncherPlugin@8ab32cd) but it was already registered with this FlutterEngine (io.flutter.embedding.engine.FlutterEngine@b5d3f6c).
08-28 05:02:09.144 26920 26920 W FlutterEngineCxnRegstry: Attempted to register plugin (io.flutter.plugins.videoplayer.VideoPlayerPlugin@1ed4782) but it was already registered with this FlutterEngine (io.flutter.embedding.engine.FlutterEngine@b5d3f6c).
08-28 05:02:09.145 26920 26920 W FlutterEngineCxnRegstry: Attempted to register plugin (G2.a@e5d3e93) but it was already registered with this FlutterEngine (io.flutter.embedding.engine.FlutterEngine@b5d3f6c).
08-28 05:02:09.145 26920 26920 W FlutterEngineCxnRegstry: Attempted to register plugin (i1.n@f769ed0) but it was already registered with this FlutterEngine (io.flutter.embedding.engine.FlutterEngine@b5d3f6c).
08-28 05:02:09.145 26920 26920 W FlutterEngineCxnRegstry: Attempted to register plugin (z1.d@ec52ec9) but it was already registered with this FlutterEngine (io.flutter.embedding.engine.FlutterEngine@b5d3f6c).
08-28 05:02:09.170 26920 26920 W FlutterActivityAndFragmentDelegate: A splash screen was provided to Flutter, but this is deprecated. See flutter.dev/go/android- splash-migration for migration steps.
08-28 05:02:09.174 26920 26920 D MiuiMultiWindowUtils: freeform resolution args raw data:{ "zizhan":{ "freeform_args": { "inner":{ "vertical_portrait": {"aspect_ratio":0.626, "original_ratio":0.5643,"original_scale":0.74,"top_margin":0.168,"left_margin":0.48 4}, "horizontal_portrait":{"aspect_ratio":0.626, "original_ratio":0.5643,"original_scale":0.74,"top_margin":0.1222,"left_margin":0.5 9745}, "vertical_landscape":{"aspect_ratio":1.6, "original_ratio":1,"original_scale":0.604,"top_margin":0.2596,"left_margin":0.2624} , "horizontal_landscape":{"aspect_ratio":1.6, "original_ratio":1,"original_scale":0.604,"top_margin":0.213,"left_margin":0.3758} }, "outer":{ "vertical_portrait":{"aspect_ratio":0.626, "original_ratio":1,"original_scale":0.74,"top_margin":0.0753,"left_margin":-1}, "horizontal_portrait":{"aspect_ratio":0.626, "original_ratio":1,"original_scale":0.5756,"top_margin":-1,"left_margin":0.0753}, "vertical_landscape":{"aspect_ratio":1.6, "original_ratio":0.6847,"original_scale":0.587,"top_margin":0.0753,"left_margin":- 1}, "horizontal_landscape":{"aspect_ratio":1.6, "original_ratio":0.6847,"original_scale":0.587,"top_margin":- 1,"left_margin":0.0753}} }, "mini_freeform_args":{ "inner": { "vertical_portrait":{"aspect_ratio":0.626, "original_ratio":0.147}, "horizontal_portrait":{"aspect_ratio":0.626, "original_ratio":0.147}, "vertical_landscape":{"aspect_ratio":1.6, "original_ratio":0.165}, "horizontal_landscape":{"aspect_ratio":1.6, "original_ratio":0.165} }, "outer":{ "vertical_portrait":{"aspect_ratio":0.626, "original_ratio":0.26}, "horizontal_portrait":{"aspect_ratio":0.626, "original_ratio":0.26}, "vertical_landscape":{"aspect_ratio":1.6, "original_ratio":0.293}, "horizontal_landscape":{"aspect_ratio":1.6, "original_ratio":0.293}} } }, "wide_default":{ "freeform_args": { "vertical_portrait": {"aspect_ratio":0.625, "original_ratio":0.58,"original_scale":0.7574,"top_margin":0.125,"left_margin":-1}, "horizontal_portrait":{"aspect_ratio":0.625, "original_ratio":0.58,"original_scale":0.7574,"top_margin":- 1,"left_margin":0.0714}, "vertical_landscape":{"aspect_ratio":1.6, "original_ratio":1,"original_scale":0.5153,"top_margin":0.125,"left_margin":-1}, "horizontal_landscape":{"aspect_ratio":1.6, "original_ratio":1,"original_scale":0.5153,"top_margin":-1,"left_margin":0.0714} }, "mini_freeform_args":{ "vertical_portrait":{"aspect_ratio":0.5625, "original_ratio":0.144}, "horizontal_portrait":{"aspect_ratio":0.5625, "original_ratio":0.144}, "vertical_landscape":{"aspect_ratio":-1, "original_ratio":0.144}, "horizontal_landscape":{"aspect_ratio":-1, "original_ratio":0.144} } }, "narrow_default": { "freeform_args": { "vertical_portrait":{"aspect_ratio":0.5625, "original_ratio":1,"original_scale":0.7182,"top_margin":0.142,"left_margin":-1}, "horizontal_portrait":{"aspect_ratio":0.8, "original_ratio":1,"original_scale":0.7182,"top_margin":-1,"left_margin":0.05}, "vertical_landscape":{"aspect_ratio":1.6, "original_ratio":0.6545,"original_scale":0.4473,"top_margin":0.142,"left_margin":- 1}, "horizontal_landscape":{"aspect_ratio":1.6, "original_ratio":0.6545,"original_scale":0.4473,"top_margin":-1,"left_margin":0.05} }, "mini_freeform_args":{ "vertical_portrait":{"aspect_ratio":0.5625, "original_ratio":0.3}, "horizontal_portrait":{"aspect_ratio":0.5625, "original_ratio":0.3}, "vertical_landscape":{"aspect_ratio":1.7778, "original_ratio":0.3}, "horizontal_landscape":{"aspect_ratio":1.7778, "original_ratio":0.3} } }, "regular_default": { "freeform_args": { "vertical_portrait":{"aspect_ratio":0.625, "original_ratio":1,"original_scale":0.7,"top_margin":0.109,"left_margin":-1}, "horizontal_portrait":{"aspect_ratio":0.6667, "original_ratio":1,"original_scale":0.6102,"top_margin":-1,"left_margin":0.026}, "vertical_landscape":{"aspect_ratio
08-28 05:02:09.175 26920 26920 W System.err: org.json.JSONException: No value for surya
08-28 05:02:09.175 26920 26920 W System.err: at org.json.JSONObject.get(JSONObject.java:403)
08-28 05:02:09.175 26920 26920 W System.err: at org.json.JSONObject.getJSONObject(JSONObject.java:623)
08-28 05:02:09.175 26920 26920 W System.err: at android.util.MiuiMultiWindowUtils.initFreeFormResolutionArgsOfDevice(MiuiMultiWindo wUtils.java:1433)
08-28 05:02:09.175 26920 26920 W System.err: at android.util.MiuiMultiWindowUtils.initFreeFormResolutionArgs(MiuiMultiWindowUtils.j ava:1427)
08-28 05:02:09.175 26920 26920 W System.err: at android.util.MiuiMultiWindowUtils.<clinit>(MiuiMultiWindowUtils.java:209)
08-28 05:02:09.175 26920 26920 W System.err: at android.util.MiuiMultiWindowUtils.isSupportMultiSwitchFeature(MiuiMultiWindowUtils. java:3351)
08-28 05:02:09.175 26920 26920 W System.err: at com.android.internal.policy.DecorViewMultiWinStubImpl.<init>(DecorViewMultiWinStubI mpl.java:19)
08-28 05:02:09.175 26920 26920 W System.err: at com.android.internal.policy.DecorViewMultiWinStubImpl$Provider$SINGLETON.<clinit>(D ecorViewMultiWinStubImpl$Provider.java:21)
08-28 05:02:09.175 26920 26920 W System.err: at com.android.internal.policy.DecorViewMultiWinStubImpl$Provider.provideSingleton(Dec orViewMultiWinStubImpl$Provider.java:10)
08-28 05:02:09.175 26920 26920 W System.err: at com.android.internal.policy.DecorViewMultiWinStubImpl$Provider.provideSingleton(Dec orViewMultiWinStubImpl$Provider.java:8)
08-28 05:02:09.175 26920 26920 W System.err: at com.miui.base.MiuiStubRegistry.get(MiuiStubRegistry.java:129)
08-28 05:02:09.175 26920 26920 W System.err: at com.miui.base.MiuiStubRegistry.get(MiuiStubRegistry.java:123)
08-28 05:02:09.175 26920 26920 W System.err: at com.miui.base.MiuiStubUtil.getInstance(MiuiStubUtil.java:46)
08-28 05:02:09.175 26920 26920 W System.err: at com.miui.base.MiuiStubUtil.getImpl(MiuiStubUtil.java:30)
08-28 05:02:09.175 26920 26920 W System.err: at com.android.internal.policy.DecorViewMultiWinStub$SingletonHolder.<clinit>(DecorVie wMultiWinStub.java:11)
08-28 05:02:09.175 26920 26920 W System.err: at com.android.internal.policy.DecorViewMultiWinStub$SingletonHolder.access$000(DecorV iewMultiWinStub.java:9)
08-28 05:02:09.175 26920 26920 W System.err: at com.android.internal.policy.DecorViewMultiWinStub.newInstance(DecorViewMultiWinStub .java:16)
08-28 05:02:09.175 26920 26920 W System.err: at com.android.internal.policy.DecorView.<init>(DecorView.java:335)
08-28 05:02:09.175 26920 26920 W System.err: at com.android.internal.policy.PhoneWindow.generateDecor(PhoneWindow.java:2380)
08-28 05:02:09.175 26920 26920 W System.err: at com.android.internal.policy.PhoneWindow.installDecor(PhoneWindow.java:2760)
08-28 05:02:09.175 26920 26920 W System.err: at com.android.internal.policy.PhoneWindow.setContentView(PhoneWindow.java:487)
08-28 05:02:09.175 26920 26920 W System.err: at com.android.internal.policy.PhoneWindow.setContentView(PhoneWindow.java:478)
08-28 05:02:09.175 26920 26920 W System.err: at android.app.Activity.setContentView(Activity.java:3618)
08-28 05:02:09.175 26920 26920 W System.err: at io.flutter.embedding.android.FlutterActivity.onCreate(FlutterActivity.java:8)
08-28 05:02:09.175 26920 26920 W System.err: at com.example.MainActivity.onCreate(Unknown Source:0)
08-28 05:02:09.175 26920 26920 W System.err: at android.app.Activity.performCreate(Activity.java:8163)
08-28 05:02:09.175 26920 26920 W System.err: at android.app.Activity.performCreate(Activity.java:8130)
08-28 05:02:09.175 26920 26920 W System.err: at android.app.Instrumentation.callActivityOnCreate(Instrumentation.java:1330)
08-28 05:02:09.175 26920 26920 W System.err: at android.app.ActivityThread.performLaunchActivity(ActivityThread.java:3744)
08-28 05:02:09.175 26920 26920 W System.err: at android.app.ActivityThread.handleLaunchActivity(ActivityThread.java:3938)
08-28 05:02:09.175 26920 26920 W System.err: at android.app.servertransaction.LaunchActivityItem.execute(LaunchActivityItem.java:10 3)
08-28 05:02:09.175 26920 26920 W System.err: at android.app.servertransaction.TransactionExecutor.executeCallbacks(TransactionExecu tor.java:135)
08-28 05:02:09.175 26920 26920 W System.err: at android.app.servertransaction.TransactionExecutor.execute(TransactionExecutor.java: 95)
08-28 05:02:09.175 26920 26920 W System.err: at android.app.ActivityThread$H.handleMessage(ActivityThread.java:2291)
08-28 05:02:09.175 26920 26920 W System.err: at android.os.Handler.dispatchMessage(Handler.java:106)
08-28 05:02:09.175 26920 26920 W System.err: at android.os.Looper.loopOnce(Looper.java:210)
08-28 05:02:09.175 26920 26920 W System.err: at android.os.Looper.loop(Looper.java:299)
08-28 05:02:09.175 26920 26920 W System.err: at android.app.ActivityThread.main(ActivityThread.java:8319)
08-28 05:02:09.175 26920 26920 W System.err: at java.lang.reflect.Method.invoke(Native Method)
08-28 05:02:09.176 26920 26920 W System.err: at com.android.internal.os.RuntimeInit$MethodAndArgsCaller.run(RuntimeInit.java:556)
08-28 05:02:09.176 26920 26920 W System.err: at com.android.internal.os.ZygoteInit.main(ZygoteInit.java:1038)
08-28 05:02:09.176 26920 26920 D IS_CTS_MODE: false
08-28 05:02:09.176 26920 26920 D MULTI_WINDOW_SWITCH_ENABLED: false
08-28 05:02:09.176 26920 26920 D IS_CTS_MODE: false
08-28 05:02:09.176 26920 26920 D MULTI_WINDOW_SWITCH_ENABLED: false
08-28 05:02:09.176 26920 26920 D IS_CTS_MODE: false
08-28 05:02:09.177 26920 26920 D MULTI_WINDOW_SWITCH_ENABLED: false
08-28 05:02:09.180 26920 26920 D DecorView[]: getWindowModeFromSystem windowmode is 1
08-28 05:02:09.185 26920 26920 W Activity: PerfMonitor: Slow Operation: Activity apkdone.com/com.example.MainActivity onCreate took 832ms
08-28 05:02:09.228 26920 26920 D DecorView[]: getWindowModeFromSystem windowmode is 1
08-28 05:02:09.228 26920 26920 D DecorView[]: updateDecorCaptionStatus displayWindowDecor is false
08-28 05:02:09.235 26920 26920 W Looper : PerfMonitor looperActivity : package=apkdone.com/com.example.MainActivity time=898ms latency=2196ms running=378ms procState=-1 historyMsgCount=2 (msgIndex=2 wall=2187ms seq=2 running=773ms runnable=45ms io=59ms h=android.app.ActivityThread$H w=110)
08-28 05:02:09.238 26920 26920 W Looper : PerfMonitor looperActivity : package=apkdone.com/com.example.MainActivity time=0ms latency=3097ms running=0ms procState=-1 historyMsgCount=3 (msgIndex=2 wall=2187ms seq=2 running=773ms runnable=45ms io=59ms h=android.app.ActivityThread$H w=110) (msgIndex=3 wall=898ms seq=3 running=378ms runnable=42ms io=298ms late=2196ms h=android.app.ActivityThread$H w=159)
08-28 05:02:09.328 26920 27340 D hw-ProcessState: Binder ioctl to enable oneway spam detection failed: Invalid argument
08-28 05:02:09.372 26920 27340 E apkdone.com: open libmigui.so failed! dlopen - dlopen failed: library "libmigui.so" not found
08-28 05:02:09.380 26920 26944 I apkdone.com: Background concurrent copying GC freed 78164(4716KB) AllocSpace objects, 52(3980KB) LOS objects, 49% free, 8890KB/17MB, paused 510us,245us total 135.134ms
08-28 05:02:09.405 26920 26920 D DecorView[]: onWindowFocusChanged hasWindowFocus true
08-28 05:02:09.543 26920 26920 D Installations: Installation ID: fYlUaecpTuycMHXYq4xJgJ
08-28 05:02:09.548 26920 26920 E MethodChannel#jojoy.app_resource_plugin: Failed to handle method call
08-28 05:02:09.548 26920 26920 E MethodChannel#jojoy.app_resource_plugin: android.content.res.Resources$NotFoundException: Drawable apkdone.com:mipmap/ic_launcher_foreground with resource ID #0x7f0f0001
08-28 05:02:09.548 26920 26920 E MethodChannel#jojoy.app_resource_plugin: Caused by: android.content.res.Resources$NotFoundException: File res/mipmap/ic_launcher_foreground.xml from drawable resource ID #0x7f0f0001
08-28 05:02:09.548 26920 26920 E MethodChannel#jojoy.app_resource_plugin: at android.content.res.ResourcesImpl.loadDrawableForCookie(ResourcesImpl.java:900)
08-28 05:02:09.548 26920 26920 E MethodChannel#jojoy.app_resource_plugin: at android.content.res.ResourcesImpl.loadDrawable(ResourcesImpl.java:691)
08-28 05:02:09.548 26920 26920 E MethodChannel#jojoy.app_resource_plugin: at android.content.res.MiuiResourcesImpl.loadDrawable(MiuiResourcesImpl.java:307)
08-28 05:02:09.548 26920 26920 E MethodChannel#jojoy.app_resource_plugin: at android.content.res.Resources.loadDrawable(Resources.java:1017)
08-28 05:02:09.548 26920 26920 E MethodChannel#jojoy.app_resource_plugin: at android.content.res.Resources.getDrawableForDensity(Resources.java:1005)
08-28 05:02:09.548 26920 26920 E MethodChannel#jojoy.app_resource_plugin: at android.content.res.Resources.getDrawable(Resources.java:944)
08-28 05:02:09.548 26920 26920 E MethodChannel#jojoy.app_resource_plugin: at android.content.Context.getDrawable(Context.java:763)
08-28 05:02:09.548 26920 26920 E MethodChannel#jojoy.app_resource_plugin: at androidx.core.content.ContextCompat$Api21Impl.getDrawable(Unknown Source:0)
08-28 05:02:09.548 26920 26920 E MethodChannel#jojoy.app_resource_plugin: at androidx.core.content.ContextCompat.getDrawable(Unknown Source:0)
08-28 05:02:09.548 26920 26920 E MethodChannel#jojoy.app_resource_plugin: at com.example.plugin.AppResourcePlugin.a(AppResourcePlugin.kt:4)
08-28 05:02:09.548 26920 26920 E MethodChannel#jojoy.app_resource_plugin: at com.example.plugin.AppResourcePlugin.onMethodCall(AppResourcePlugin.kt:22)
08-28 05:02:09.548 26920 26920 E MethodChannel#jojoy.app_resource_plugin: at io.flutter.plugin.common.MethodChannel$IncomingMethodCallHandler.onMessage(MethodCh annel.java:2)
08-28 05:02:09.548 26920 26920 E MethodChannel#jojoy.app_resource_plugin: at io.flutter.embedding.engine.dart.DartMessenger.invokeHandler(DartMessenger.java:2)
08-28 05:02:09.548 26920 26920 E MethodChannel#jojoy.app_resource_plugin: at io.flutter.embedding.engine.dart.DartMessenger.lambda$dispatchMessageToQueue$0(Dart Messenger.java:2)
08-28 05:02:09.548 26920 26920 E MethodChannel#jojoy.app_resource_plugin: at io.flutter.embedding.engine.dart.DartMessenger.a(Unknown Source:0)
08-28 05:02:09.548 26920 26920 E MethodChannel#jojoy.app_resource_plugin: at io.flutter.embedding.engine.dart.a.run(Unknown Source:12)
08-28 05:02:09.548 26920 26920 E MethodChannel#jojoy.app_resource_plugin: at android.os.Handler.handleCallback(Handler.java:938)
08-28 05:02:09.548 26920 26920 E MethodChannel#jojoy.app_resource_plugin: at android.os.Handler.dispatchMessage(Handler.java:99)
08-28 05:02:09.548 26920 26920 E MethodChannel#jojoy.app_resource_plugin: at android.os.Looper.loopOnce(Looper.java:210)
08-28 05:02:09.548 26920 26920 E MethodChannel#jojoy.app_resource_plugin: at android.os.Looper.loop(Looper.java:299)
08-28 05:02:09.548 26920 26920 E MethodChannel#jojoy.app_resource_plugin: at android.app.ActivityThread.main(ActivityThread.java:8319)
08-28 05:02:09.548 26920 26920 E MethodChannel#jojoy.app_resource_plugin: at java.lang.reflect.Method.invoke(Native Method)
08-28 05:02:09.548 26920 26920 E MethodChannel#jojoy.app_resource_plugin: at com.android.internal.os.RuntimeInit$MethodAndArgsCaller.run(RuntimeInit.java:556)
08-28 05:02:09.548 26920 26920 E MethodChannel#jojoy.app_resource_plugin: at com.android.internal.os.ZygoteInit.main(ZygoteInit.java:1038)
08-28 05:02:09.548 26920 26920 E MethodChannel#jojoy.app_resource_plugin: Caused by: android.view.InflateException: Class not found x
08-28 05:02:09.548 26920 26920 E MethodChannel#jojoy.app_resource_plugin: at android.graphics.drawable.DrawableInflater.inflateFromClass(DrawableInflater.java:2 25)
08-28 05:02:09.548 26920 26920 E MethodChannel#jojoy.app_resource_plugin: at android.graphics.drawable.DrawableInflater.inflateFromXmlForDensity(DrawableInflate r.java:142)
08-28 05:02:09.548 26920 26920 E MethodChannel#jojoy.app_resource_plugin: at android.graphics.drawable.Drawable.createFromXmlInnerForDensity(Drawable.java:1414)
08-28 05:02:09.548 26920 26920 E MethodChannel#jojoy.app_resource_plugin: at android.graphics.drawable.Drawable.createFromXmlForDensity(Drawable.java:1373)
08-28 05:02:09.548 26920 26920 E MethodChannel#jojoy.app_resource_plugin: at android.content.res.ResourcesImpl.createFromXmlForDensity(ResourcesImpl.java:1516)
08-28 05:02:09.548 26920 26920 E MethodChannel#jojoy.app_resource_plugin: at android.content.res.ResourcesImpl.loadXmlDrawable(ResourcesImpl.java:934)
08-28 05:02:09.548 26920 26920 E MethodChannel#jojoy.app_resource_plugin: at android.content.res.ResourcesImpl.loadDrawableForCookie(ResourcesImpl.java:883)
08-28 05:02:09.548 26920 26920 E MethodChannel#jojoy.app_resource_plugin: ... 23 more
08-28 05:02:09.548 26920 26920 E MethodChannel#jojoy.app_resource_plugin: Caused by: java.lang.ClassNotFoundException: Didn't find class "x" on path: DexPathList[[zip file "/data/app/~~kixGn7zW248KGIOGoFF-Lw==/apkdone.com- 81Md4lzk5JD1I5w1cWk3cQ==/base.apk"],nativeLibraryDirectories=[/data/app/ ~~kixGn7zW248KGIOGoFF-Lw==/apkdone.com-81Md4lzk5JD1I5w1cWk3cQ==/lib/arm, /data/app/~~kixGn7zW248KGIOGoFF-Lw==/apkdone.com-81Md4lzk5JD1I5w1cWk3cQ==/ base.apk!/lib/armeabi-v7a, /system/lib, /system_ext/lib]]
08-28 05:02:09.548 26920 26920 E MethodChannel#jojoy.app_resource_plugin: at dalvik.system.BaseDexClassLoader.findClass(BaseDexClassLoader.java:218)
08-28 05:02:09.548 26920 26920 E MethodChannel#jojoy.app_resource_plugin: at java.lang.ClassLoader.loadClass(ClassLoader.java:379)
08-28 05:02:09.548 26920 26920 E MethodChannel#jojoy.app_resource_plugin: at java.lang.ClassLoader.loadClass(ClassLoader.java:312)
08-28 05:02:09.548 26920 26920 E MethodChannel#jojoy.app_resource_plugin: at android.graphics.drawable.DrawableInflater.inflateFromClass(DrawableInflater.java:2 06)
08-28 05:02:09.548 26920 26920 E MethodChannel#jojoy.app_resource_plugin: ... 29 more
08-28 05:02:09.552 26920 27103 W FlutterJNI: FlutterJNI.loadLibrary called more than once
08-28 05:02:09.552 26920 27616 W FlutterJNI: FlutterJNI.prefetchDefaultFontManager called more than once
08-28 05:02:09.561 26920 26920 W FlutterJNI: FlutterJNI.init called more than once
08-28 05:02:09.612 26920 26920 I DynamiteModule: Considering local module com.google.android.gms.ads.dynamite:0 and remote module com.google.android.gms.ads.dynamite:221908400
08-28 05:02:09.612 26920 26920 I DynamiteModule: Selected remote version of com.google.android.gms.ads.dynamite, version >= 221908400
08-28 05:02:09.614 26920 26920 D DynamitePackage: Instantiated singleton DynamitePackage.
08-28 05:02:09.614 26920 26920 D DynamitePackage: Instantiating com.google.android.gms.ads.ChimeraMobileAdsSettingManagerCreatorImpl
08-28 05:02:09.646 26920 26920 I Ads : Updating ad debug logging enablement.
08-28 05:02:09.678 26920 27633 W ConnectionStatusConfig: Dynamic lookup for intent failed for action: com.google.android.gms.leibniz.events.service.START
08-28 05:02:09.688 26920 27633 W GmsClient: unable to connect to service: com.google.android.gms.leibniz.events.service.START on com.google.android.gms
08-28 05:02:09.724 26920 26920 D CompatibilityChangeReporter: Compat change id reported: 171228096; UID 10688; state: ENABLED
08-28 05:02:09.809 26920 26920 D UnityAds: com.unity3d.services.ads.UnityAdsImplementation.initialize() (line:3) :: ENTERED METHOD
08-28 05:02:09.810 26920 26920 D UnityAds: com.unity3d.services.UnityServices.initialize() (line:1) :: ENTERED METHOD
08-28 05:02:09.810 26920 26920 I UnityAds: com.unity3d.services.UnityServices.initialize() (line:39) :: Initializing Unity Services 4.2.1 (4210) with game id 4557173 in production mode
08-28 05:02:09.836 26920 26920 I UnityAds: com.unity3d.services.UnityServices.initialize() (line:46) :: Unity Services environment check OK
08-28 05:02:09.850 26920 26920 D VungleLogger: Please setup Logger first.
08-28 05:02:09.859 26920 26920 I FLTFireBGExecutor: Creating background FlutterEngine instance, with args: []
08-28 05:02:09.876 26920 26920 W vng_background-: type=1400 audit(0.0:487652): avc: denied { read } for name="/" dev="dm-4" ino=2 scontext=u:r:untrusted_app:s0:c176,c258,c512,c768 tcontext=u:object_r:rootfs:s0 tclass=dir permissive=0 app=apkdone.com
08-28 05:02:09.907 26920 26920 D FlutterArchivePlugin: onAttachedToEngine - IN
08-28 05:02:09.908 26920 26920 D FlutterArchivePlugin: doOnAttachedToEngine - IN
08-28 05:02:09.908 26920 26920 D FlutterArchivePlugin: doOnAttachedToEngine - OUT
08-28 05:02:09.908 26920 26920 D FlutterArchivePlugin: onAttachedToEngine - OUT
08-28 05:02:09.911 26920 27674 D c : crash report is disabled.
08-28 05:02:09.940 26920 26920 W Looper : PerfMonitor doFrame : time=2ms vsyncFrame=0 latency=356ms procState=-1 historyMsgCount=16 (msgIndex=1 wall=52ms seq=119 running=8ms runnable=2ms h=android.os.Handler c=io.flutter.plugins.firebase.messaging.b) (msgIndex=13 wall=52ms seq=119 running=8ms runnable=2ms h=android.os.Handler c=io.flutter.plugins.firebase.messaging.b)
08-28 05:02:09.946 26920 27628 W Ads : Update ad debug logging enablement as false
08-28 05:02:10.012 26920 27674 D m : on network changed: 0->1
08-28 05:02:10.013 26920 27547 W FlurryAgent: Analytics report sent to https://data.flurry.com/v1/flr.do
08-28 05:02:10.021 26920 26920 I FLTFireMsgService: FlutterFirebaseMessagingBackgroundService started!
08-28 05:02:10.026 26920 27710 E ActivityThread: Failed to find provider info for com.xiaomi.market.provider.DirectMailProvider
08-28 05:02:10.052 26920 27668 I UnityAds: com.unity3d.services.core.configuration.InitializeThread$InitializeStateConfig.exec ute() (line:2) :: Unity Ads init: load configuration from https://configv2.unityads.unity3d.com/webview/4.2.1/release/config.json
08-28 05:02:10.138 26920 26920 D CompatibilityChangeReporter: Compat change id reported: 150939131; UID 10688; state: ENABLED
08-28 05:02:10.140 26920 26920 D Installations: Installation ID: fYlUaecpTuycMHXYq4xJgJ
08-28 05:02:10.261 26920 27547 W FlurryAgent: Analytics report sent to https://data.flurry.com/v1/flr.do
08-28 05:02:10.392 26920 26920 D Installations: Installation ID: fYlUaecpTuycMHXYq4xJgJ
08-28 05:02:10.393 26920 26920 D Installations: Installation ID: fYlUaecpTuycMHXYq4xJgJ
08-28 05:02:10.395 26920 26944 I apkdone.com: Background concurrent copying GC freed 141945(8328KB) AllocSpace objects, 26(2092KB) LOS objects, 49% free, 8587KB/16MB, paused 195us,98us total 117.032ms
08-28 05:02:10.530 26920 26998 I TRuntime.CctTransportBackend: Making request to: https://crashlyticsreports-pa.googleapis.com/v1/firelog/legacy/batchlog
08-28 05:02:10.610 26920 27668 I UnityAds: com.unity3d.services.core.configuration.InitializeThread$InitializeStateLoadCache.e xecute() (line:6) :: Unity Ads init: webapp loaded from local cache
08-28 05:02:10.728 26920 26946 W System : A resource failed to call end.
08-28 05:02:10.839 26920 26920 D Installations: Installation ID: fYlUaecpTuycMHXYq4xJgJ
08-28 05:02:11.098 26920 27744 W UnityAds: com.unity3d.services.core.api.Sdk.logWarning() (line:1) :: {"message":"model: DeviceInfo key: openAdvertisingTrackingId with value: null: null is not in: string,undefined","name":"CheckValueError"}
08-28 05:02:11.103 26920 26920 D Installations: Installation ID: fYlUaecpTuycMHXYq4xJgJ
