08-22 02:26:14.759 8912 8912 D CameraManager2: GotArray:5
08-22 02:26:14.762 8912 8939 E gralloc4: Empty SMPTE 2094-40 data
08-22 02:26:14.764 8912 8912 D BLASTBufferQueue:
[SurfaceView[org.codeaurora.snapcam/com.android.camera.CameraLauncher]#1](f:0,a:1)
destructor()
08-22 02:26:14.764 8912 8912 D BufferQueueConsumer:
[SurfaceView[org.codeaurora.snapcam/com.android.camera.CameraLauncher]#1(BLAST
Consumer)1](id:22d000000003,api:4,p:1117,c:8912) disconnect
08-22 02:26:14.765 8912 8912 D SurfaceView: UPDATE null, mIsCastMode = false
08-22 02:26:14.768 8912 9179 D BufferQueueConsumer: [GraphicBufferSource]
(id:22d000000005,api:0,p:-1,c:8912) connect: controlledByApp=false
08-22 02:26:14.770 8912 8939 E gralloc4: Empty SMPTE 2094-40 data
08-22 02:26:14.771 8912 9179 W MediaFsQModule: Returning Q MediaFs implementation
08-22 02:26:14.778 8912 8939 E gralloc4: Empty SMPTE 2094-40 data
08-22 02:26:14.786 8912 8939 E gralloc4: Empty SMPTE 2094-40 data
08-22 02:26:14.789 8912 9179 D MediaCodec: CreateByType: mime video/avc, encoder
1
08-22 02:26:14.790 8912 9179 D MediaCodecList: codecHandlesFormat: no format, so
no extra checks
08-22 02:26:14.790 8912 9179 D MediaCodecList: codecHandlesFormat: no format, so
no extra checks
08-22 02:26:14.791 8912 9179 D MediaCodecList: codecHandlesFormat: no format, so
no extra checks
08-22 02:26:14.793 8912 9179 D CCodecBufferChannel: mBufferCountDebug=0
mIsUserLoad=1
08-22 02:26:14.793 8912 9179 I MiMediaCodecStub:
MiMediaCodecStub::MiMediaCodecStub
08-22 02:26:14.793 8912 9179 I MediaCodec: init video box disabled for codec not
supported
08-22 02:26:14.793 8912 9179 D MediaCodec: [0x7e6d062000] init: CCodec
0x7d8b1efc80, CCodecBufferChannel 0x7e14a02a00
08-22 02:26:14.794 8912 9183 D MediaCodec: [0x7e6d062000] setState: 1
08-22 02:26:14.794 8912 9183 I MediaCodec: [mId: 2] video-debug setState:
INITIALIZING
08-22 02:26:14.794 8912 9184 D CCodec : allocate(c2.mtk.avc.encoder)
08-22 02:26:14.796 8912 8939 E gralloc4: Empty SMPTE 2094-40 data
08-22 02:26:14.797 8912 9184 I CCodec : setting up 'default' as default (vendor)
store
08-22 02:26:14.804 8912 8939 E gralloc4: Empty SMPTE 2094-40 data
08-22 02:26:14.806 8912 8912 D SurfaceView: UPDATE null, mIsCastMode = false
08-22 02:26:14.808 8912 8912 D BufferQueueConsumer: [](id:22d000000006,api:0,p:-
1,c:8912) connect: controlledByApp=false
08-22 02:26:14.810 8912 9184 I CCodec : Created component [c2.mtk.avc.encoder]
08-22 02:26:14.810 8912 9184 D CCodecBufferChannel: [0x7e14a02a00] setComponent:
mName c2.mtk.avc.encoder#283, mPipelineWatcher 0x7e14a02e68
08-22 02:26:14.810 8912 9184 D CCodecBufferChannel: PipelineWatcher debug info
[c2.mtk.avc.encoder#283] enable=0
08-22 02:26:14.810 8912 9184 D CCodecConfig: read media type: video/avc
08-22 02:26:14.813 8912 9184 D ReflectedParamUpdater: extent() != 1 for single
value type: algo.buffers.max-count.values
08-22 02:26:14.813 8912 9184 D ReflectedParamUpdater: extent() != 1 for single
value type: output.subscribed-indices.values
08-22 02:26:14.814 8912 9184 D ReflectedParamUpdater: extent() != 1 for single
value type: input.buffers.allocator-ids.values
08-22 02:26:14.814 8912 9184 D ReflectedParamUpdater: extent() != 1 for single
value type: output.buffers.allocator-ids.values
08-22 02:26:14.814 8912 9184 D ReflectedParamUpdater: extent() != 1 for single
value type: algo.buffers.allocator-ids.values
08-22 02:26:14.814 8912 9184 D ReflectedParamUpdater: extent() != 1 for single
value type: output.buffers.pool-ids.values
08-22 02:26:14.814 8912 9184 D ReflectedParamUpdater: extent() != 1 for single
value type: algo.buffers.pool-ids.values
08-22 02:26:14.816 8912 9184 D ReflectedParamUpdater: ignored struct field
coding.gop.values
08-22 02:26:14.818 8912 9184 D ReflectedParamUpdater: ignored struct field
coding.qp.values
08-22 02:26:14.821 8912 8928 D CompatibilityChangeReporter: Compat change id
reported: 150939131; UID 10323; state: DISABLED
08-22 02:26:14.822 8912 9184 D CCodecConfig: ignoring local param raw.color
(0xc2001809) as it is already supported
08-22 02:26:14.824 8912 9184 I CCodecConfig: query failed after returning 22
values (BAD_INDEX)
08-22 02:26:14.824 8912 9184 D CCodecConfig: c2 config diff is Dict {
08-22 02:26:14.824 8912 9184 D CCodecConfig: c2::u32 algo.bitrate-mode.value =
3
08-22 02:26:14.824 8912 9184 D CCodecConfig: c2::u32 algo.delay.value = 8
08-22 02:26:14.824 8912 9184 D CCodecConfig: c2::i32 algo.priority.value = 0
08-22 02:26:14.824 8912 9184 D CCodecConfig: c2::u32 algo.quality.value = 80
08-22 02:26:14.824 8912 9184 D CCodecConfig: c2::float algo.rate.value = 0
08-22 02:26:14.824 8912 9184 D CCodecConfig: c2::i32 coded.average-qp.value = 0
08-22 02:26:14.824 8912 9184 D CCodecConfig: c2::u32 coded.bitrate.value =
64000
08-22 02:26:14.824 8912 9184 D CCodecConfig: c2::float coded.frame-rate.value =
30
08-22 02:26:14.824 8912 9184 D CCodecConfig: c2::u32 coded.picture-type.value =
0
08-22 02:26:14.824 8912 9184 D CCodecConfig: c2::u32 coded.pl.level = 20494
08-22 02:26:14.824 8912 9184 D CCodecConfig: c2::u32 coded.pl.profile = 20484
08-22 02:26:14.824 8912 9184 D CCodecConfig: c2::u32 coded.tile-layout.columns
= 2
08-22 02:26:14.824 8912 9184 D CCodecConfig: c2::u32 coded.tile-layout.order =
0
08-22 02:26:14.824 8912 9184 D CCodecConfig: c2::u32 coded.tile-layout.rows = 1
08-22 02:26:14.824 8912 9184 D CCodecConfig: c2::u32 coded.tile-
layout.tile.height = 256
08-22 02:26:14.824 8912 9184 D CCodecConfig: c2::u32 coded.tile-
layout.tile.width = 256
08-22 02:26:14.824 8912 9184 D CCodecConfig: c2::u32 coded.vui.color.matrix = 0
08-22 02:26:14.824 8912 9184 D CCodecConfig: c2::u32 coded.vui.color.primaries
= 0
08-22 02:26:14.824 8912 9184 D CCodecConfig: c2::u32 coded.vui.color.range = 0
08-22 02:26:14.824 8912 9184 D CCodecConfig: c2::u32 coded.vui.color.transfer =
0
08-22 02:26:14.824 8912 9184 D CCodecConfig: c2::u32 coding.intra-refresh.mode
= 0
08-22 02:26:14.824 8912 9184 D CCodecConfig: c2::float coding.intra-
refresh.period = 0
08-22 02:26:14.824 8912 9184 D CCodecConfig: c2::u32 coding.request-sync-
frame.value = 0
08-22 02:26:14.824 8912 9184 D CCodecConfig: c2::i64 coding.sync-frame-
interval.value = 1000000
08-22 02:26:14.824 8912 9184 D CCodecConfig: Buffer coding.temporal-layering =
{
08-22 02:26:14.824 8912 9184 D CCodecConfig: 00000000: 10 00 00 00 0
08-22 02:26:14.824 8912 9184 W ColorUtils: expected specified color aspects
(0:0:0:0)
08-22 02:26:14.825 8912 9183 D MediaCodec: [0x7e6d062000] setState: 2
08-22 02:26:14.825 8912 9183 I MediaCodec: [mId: 2] video-debug setState:
INITIALIZED
08-22 02:26:14.826 8912 9179 D VideoInfo: org.codeaurora.snapcam create
c2.mtk.avc.encoder in MediaCodec
08-22 02:26:14.827 8912 9183 I MediaCodec: MediaCodec will operate in async mode
08-22 02:26:14.827 8912 8939 E gralloc4: Empty SMPTE 2094-40 data
08-22 02:26:14.828 8912 9179 D MediaCodec: [0x7e6d062000] [c2.mtk.avc.encoder]
configure
08-22 02:26:14.828 8912 9179 D MediaCodec: [mId: 2] video-debug configure:
ClientName: org.codeaurora.snapcam ComponentName: c2.mtk.avc.encoder
08-22 02:26:14.828 8912 9179 D MediaCodec: [mId: 2] video-debug configure:
ClientFormat: AMessage(what = 0x00000000) = {
08-22 02:26:14.828 8912 9179 D MediaCodec: int32_t color-format = 2130708361
08-22 02:26:14.828 8912 9179 D MediaCodec: int32_t i-frame-interval = 2
08-22 02:26:14.828 8912 9179 D MediaCodec: int32_t level = 32768
08-22 02:26:14.828 8912 9179 D MediaCodec: string mime = "video/avc"
08-22 02:26:14.828 8912 9179 D MediaCodec: int32_t profile = 8
08-22 02:26:14.828 8912 9179 D MediaCodec: int32_t create-input-buffers-
suspended = 1
08-22 02:26:14.828 8912 9179 D MediaCodec: int32_t bitrate = 13333333
08-22 02:26:14.828 8912 9179 D MediaCodec: int32_t color-standard = 2
08-22 02:26:14.828 8912 9179 D MediaCodec: int32_t capture-rate = 30
08-22 02:26:14.828 8912 9179 D MediaCodec: int32_t color-transfer = 3
08-22 02:26:14.828 8912 9179 D MediaCodec: int32_t width = 1920
08-22 02:26:14.828 8912 9179 D MediaCodec: int32_t color-range = 1
08-22 02:26:14.828 8912 9179 D MediaCodec: int32_t frame-rate = 30
08-22 02:26:14.828 8912 9179 D MediaCodec: int32_t height = 1080
08-22 02:26:14.828 8912 9179 D MediaCodec: }
08-22 02:26:14.828 8912 9179 I MediaCodec: fps video to display enabled
08-22 02:26:14.829 8912 8939 E gralloc4: Empty SMPTE 2094-40 data
08-22 02:26:14.829 8912 9179 I MediaCodec: The Fps from player is 30.000000
frameRateFloat 30.000000 frameRateInt 30
08-22 02:26:14.829 8912 9179 I MediaCodec: MediaStub sendFrameRate
08-22 02:26:14.829 8912 9179 D MediaImpl: MediaImpl::sendFrameRate: 30
08-22 02:26:14.829 8912 9179 I MediaCodec: MediaStub sendMine
08-22 02:26:14.829 8912 9179 D MediaImpl: MediaImpl::sendMine: video/avc
08-22 02:26:14.829 8912 9179 D MediaStub: MediaStub::sendMine video/avc
08-22 02:26:14.829 8912 9179 D MediaCodec: [c2.mtk.avc.encoder] currery video
mime = video/avc, mWidth 1920 mHeight 1080
08-22 02:26:14.829 8912 9179 I MediaCodec: MediaStub sendDolbyVision
08-22 02:26:14.829 8912 9179 I MediaCodec: MediaStub sendPackageName
08-22 02:26:14.829 8912 9179 D MediaImpl: MediaImpl::sendPackageName:
org.codeaurora.snapcam
08-22 02:26:14.829 8912 9179 D MediaStub: MediaStub::sendPackageName
org.codeaurora.snapcam
08-22 02:26:14.829 8912 9179 I MediaCodec: MediaStub sendWidth/sendHeight
08-22 02:26:14.829 8912 9179 I MediaCodec: configure : init video box disabled
08-22 02:26:14.829 8912 9179 D MediaCodec: mClientName is :
org.codeaurora.snapcam, mVideoBitrate is 13333333, width is 1920, height is 1080,
frame-rate is 0.000000
08-22 02:26:14.830 8912 8939 E gralloc4: Empty SMPTE 2094-40 data
08-22 02:26:14.836 8912 9179 D CodecSeeding: Seed: codec c2.mtk.avc.encoder,
mediatype video/avc, overrideable 1
08-22 02:26:14.836 8912 9179 D CodecProperties: setTuningValue(vq-target-bpp,0)
08-22 02:26:14.836 8912 9179 D CodecProperties: setTuningValue(vq-target-bpp-
1080p,1.90)
08-22 02:26:14.836 8912 9179 D CodecProperties: setTuningValue(vq-target-bpp-
720p,2.25)
08-22 02:26:14.836 8912 9179 D CodecProperties: setTuningValue(vq-target-bpp-
540p,2.65)
08-22 02:26:14.836 8912 9179 D CodecProperties: setTuningValue(vq-target-bpp-
480p,3.00)
08-22 02:26:14.836 8912 9179 D CodecProperties: setTuningValue(vq-target-bpp-
320x240,0)
08-22 02:26:14.836 8912 9179 D CodecProperties: setTuningValue(vq-target-qpmax,-
1)
08-22 02:26:14.836 8912 9179 D CodecProperties: setTuningValue(vq-target-qpmax-
1080p,45)
08-22 02:26:14.836 8912 9179 D CodecProperties: setTuningValue(vq-target-qpmax-
720p,43)
08-22 02:26:14.836 8912 9179 D CodecProperties: setTuningValue(vq-target-qpmax-
540p,42)
08-22 02:26:14.836 8912 9179 D CodecProperties: setTuningValue(vq-target-qpmax-
480p,38)
08-22 02:26:14.836 8912 9179 D CodecProperties: setTuningValue(vq-bitrate-
phaseout,1.75)
08-22 02:26:14.836 8912 9179 D CodecProperties: setTuningValue(vq-boost-missing-
qp,0.20)
08-22 02:26:14.836 8912 9179 D CodecProperties: setFeatureValue(can-swap-width-
height,1)
08-22 02:26:14.836 8912 8912 D SurfaceView: UPDATE
Surface(name=SurfaceView[org.codeaurora.snapcam/com.android.camera.CameraLauncher])
/@0xd5cb958, mIsProjectionMode = false
08-22 02:26:14.836 8912 9179 D CodecProperties:
setFeatureValue(_vq_eligible.device,1)
08-22 02:26:14.836 8912 9179 D CodecProperties:
setFeatureValue(_quality.target,1)
08-22 02:26:14.836 8912 9179 D CodecSeeding: Seed: codec c2.mtk.avc.encoder,
mediatype video/avc, overrideable 0
08-22 02:26:14.836 8912 9179 D MediaCodec: shapeMediaFormat: deltas(1):
AMessage(what = 0x00000000) = {
08-22 02:26:14.836 8912 9179 D MediaCodec: int32_t android._encoding-quality-
level = 0
08-22 02:26:14.836 8912 9179 D MediaCodec: }
08-22 02:26:14.836 8912 9183 D MediaCodec: flushMediametrics
08-22 02:26:14.836 8912 9183 D MediaCodec: [0x7e6d062000] setState: 3
08-22 02:26:14.836 8912 9183 I MediaCodec: [mId: 2] video-debug setState:
CONFIGURING
08-22 02:26:14.837 8912 9184 D CCodec : [c2.mtk.avc.encoder] buffers are bound
to CCodec for this session
08-22 02:26:14.838 8912 9184 D CCodecConfig: no c2 equivalents for color-format
08-22 02:26:14.838 8912 9184 D CCodecConfig: no c2 equivalents for create-input-
buffers-suspended
08-22 02:26:14.838 8912 9184 D CCodecConfig: no c2 equivalents for color-standard
08-22 02:26:14.838 8912 9184 D CCodecConfig: no c2 equivalents for capture-rate
08-22 02:26:14.838 8912 9184 D CCodecConfig: no c2 equivalents for flags
08-22 02:26:14.838 8912 9184 D CCodecConfig: no c2 equivalents for encoder
08-22 02:26:14.838 8912 8912 W View : requestLayout() improperly called by
com.google.android.apps.camera.ui.notificationchip.NotificationChipView{130b96
VFED..C.. ......ID 341,53-739,136 #7f0b0212 app:id/notification_chip_view} during
layout: running second layout pass
08-22 02:26:14.839 8912 9184 D CCodecConfig: c2 config diff is c2::u32
coded.bitrate.value = 13333333
08-22 02:26:14.839 8912 9184 D CCodecConfig: c2::u32 coded.pl.level = 20495
08-22 02:26:14.839 8912 9184 D CCodecConfig: c2::u32 coded.vui.color.matrix = 3
08-22 02:26:14.839 8912 9184 D CCodecConfig: c2::u32 coded.vui.color.primaries
= 3
08-22 02:26:14.839 8912 9184 D CCodecConfig: c2::u32 coded.vui.color.range = 1
08-22 02:26:14.839 8912 9184 D CCodecConfig: c2::u32 coded.vui.color.transfer =
3
08-22 02:26:14.839 8912 9184 D CCodecConfig: c2::i64 coding.sync-frame-
interval.value = 2000000
08-22 02:26:14.839 8912 9184 D CCodecConfig: c2::u32 raw.color.matrix = 3
08-22 02:26:14.839 8912 9184 D CCodecConfig: c2::u32 raw.color.primaries = 3
08-22 02:26:14.839 8912 9184 D CCodecConfig: c2::u32 raw.color.range = 1
08-22 02:26:14.839 8912 9184 D CCodecConfig: c2::u32 raw.color.transfer = 3
08-22 02:26:14.839 8912 9184 D CCodecConfig: c2::u32 raw.pixel-format.value =
34
08-22 02:26:14.839 8912 9184 D CCodecConfig: c2::u32 raw.size.height = 1080
08-22 02:26:14.839 8912 9184 D CCodecConfig: c2::u32 raw.size.width = 1920
08-22 02:26:14.840 8912 9184 W Codec2Client: query -- param skipped: index =
3254781982.
08-22 02:26:14.840 8912 9184 D CCodec : encoding statistics level = 0
08-22 02:26:14.840 8912 9184 D CCodec : setup formats input: AMessage(what =
0x00000000) = {
08-22 02:26:14.840 8912 9184 D CCodec : int32_t android._color-format =
2130708361
08-22 02:26:14.840 8912 9184 D CCodec : Rect crop(0, 0, 1919, 1079)
08-22 02:26:14.840 8912 9184 D CCodec : int32_t color-standard = 2
08-22 02:26:14.840 8912 9184 D CCodec : int32_t color-range = 1
08-22 02:26:14.840 8912 9184 D CCodec : int32_t color-transfer = 3
08-22 02:26:14.840 8912 9184 D CCodec : int32_t frame-rate = 30
08-22 02:26:14.840 8912 9184 D CCodec : int32_t height = 1080
08-22 02:26:14.840 8912 9184 D CCodec : float input.time-stretch = 1.000000
08-22 02:26:14.840 8912 9184 D CCodec : int32_t intra-refresh-period = 0
08-22 02:26:14.840 8912 9184 D CCodec : int32_t latency = 8
08-22 02:26:14.840 8912 9184 D CCodec : string mime = "video/raw"
08-22 02:26:14.840 8912 9184 D CCodec : int32_t prepend-sps-pps-to-idr-frames
= 0
08-22 02:26:14.840 8912 9184 D CCodec : int32_t priority = 0
08-22 02:26:14.840 8912 9184 D CCodec : int32_t video-qp-average = 0
08-22 02:26:14.840 8912 9184 D CCodec : int32_t width = 1920
08-22 02:26:14.840 8912 9184 D CCodec : int32_t android._dataspace = 257
08-22 02:26:14.840 8912 9184 D CCodec : int64_t android._C2MemoryUsage = 0
08-22 02:26:14.840 8912 9184 D CCodec : int32_t color-format = 2130708361
08-22 02:26:14.840 8912 9184 D CCodec : }
08-22 02:26:14.840 8912 9184 D CCodec : setup formats output: AMessage(what =
0x00000000) = {
08-22 02:26:14.840 8912 9184 D CCodec : int32_t bitrate = 13333333
08-22 02:26:14.840 8912 9184 D CCodec : int32_t bitrate-mode = 1
08-22 02:26:14.840 8912 9184 D CCodec : Rect crop(0, 0, 1919, 1079)
08-22 02:26:14.840 8912 9184 D CCodec : int32_t width = 1920
08-22 02:26:14.840 8912 9184 D CCodec : int32_t color-standard = 2
08-22 02:26:14.840 8912 9184 D CCodec : int32_t color-range = 1
08-22 02:26:14.840 8912 9184 D CCodec : int32_t color-transfer = 3
08-22 02:26:14.840 8912 9184 D CCodec : int32_t frame-rate = 30
08-22 02:26:14.840 8912 9184 D CCodec : int32_t height = 1080
08-22 02:26:14.840 8912 9184 D CCodec : float input.time-stretch = 1.000000
08-22 02:26:14.840 8912 9184 D CCodec : int32_t intra-refresh-period = 0
08-22 02:26:14.840 8912 9184 D CCodec : int32_t latency = 8
08-22 02:26:14.840 8912 9184 D CCodec : int32_t level = 32768
08-22 02:26:14.840 8912 9184 D CCodec : int32_t max-bitrate = 13333333
08-22 02:26:14.840 8912 9184 D CCodec : string mime = "video/avc"
08-22 02:26:14.840 8912 9184 D CCodec : int32_t prepend-sps-pps-to-idr-frames
= 0
08-22 02:26:14.840 8912 9184 D CCodec : int32_t priority = 0
08-22 02:26:14.840 8912 9184 D CCodec : int32_t profile = 8
08-22 02:26:14.840 8912 9184 D CCodec : int32_t video-qp-average = 0
08-22 02:26:14.840 8912 9184 D CCodec : }
08-22 02:26:14.841 8912 9184 I CCodecConfig: query failed after returning 23
values (BAD_INDEX)
08-22 02:26:14.841 8912 9184 D CCodecConfig: c2 config diff is c2::u32
algo.delay.value = 4
08-22 02:26:14.841 8912 9184 D CCodecConfig: c2::u32 coded.tile-layout.columns
= 8
08-22 02:26:14.841 8912 9184 D CCodecConfig: c2::u32 coded.tile-layout.rows = 5
08-22 02:26:14.841 8912 9183 D MediaCodec: [0x7e6d062000] setState: 4
08-22 02:26:14.842 8912 9183 I MediaCodec: [mId: 2] video-debug setState:
CONFIGURED
08-22 02:26:14.842 8912 9184 D CCodec : input format unchanged to AMessage(what
= 0x00000000) = {
08-22 02:26:14.842 8912 9184 D CCodec : int32_t android._color-format =
2130708361
08-22 02:26:14.842 8912 9184 D CCodec : Rect crop(0, 0, 1919, 1079)
08-22 02:26:14.842 8912 9184 D CCodec : int32_t color-standard = 2
08-22 02:26:14.842 8912 9184 D CCodec : int32_t color-range = 1
08-22 02:26:14.842 8912 9184 D CCodec : int32_t color-transfer = 3
08-22 02:26:14.842 8912 9184 D CCodec : int32_t frame-rate = 30
08-22 02:26:14.842 8912 9184 D CCodec : int32_t height = 1080
08-22 02:26:14.842 8912 9184 D CCodec : float input.time-stretch = 1.000000
08-22 02:26:14.842 8912 9184 D CCodec : int32_t intra-refresh-period = 0
08-22 02:26:14.842 8912 9184 D CCodec : int32_t latency = 4
08-22 02:26:14.842 8912 9184 D CCodec : string mime = "video/raw"
08-22 02:26:14.842 8912 9184 D CCodec : int32_t prepend-sps-pps-to-idr-frames
= 0
08-22 02:26:14.842 8912 9184 D CCodec : int32_t priority = 0
08-22 02:26:14.842 8912 9184 D CCodec : int32_t video-qp-average = 0
08-22 02:26:14.842 8912 9184 D CCodec : int32_t width = 1920
08-22 02:26:14.842 8912 9184 D CCodec : int32_t android._dataspace = 257
08-22 02:26:14.842 8912 9184 D CCodec : int64_t android._C2MemoryUsage = 0
08-22 02:26:14.842 8912 9184 D CCodec : int32_t color-format = 2130708361
08-22 02:26:14.842 8912 9184 D CCodec : }
08-22 02:26:14.842 8912 8939 E gralloc4: Empty SMPTE 2094-40 data
08-22 02:26:14.843 8912 9184 D GraphicBufferSource: setting dataspace: 0x101,
acquired=0
08-22 02:26:14.843 8912 9184 D CCodec : ISConfig timeLapse 30fps as 30fps
suspend at -1us
08-22 02:26:14.849 8912 9179 D AudioRecord: set(): 0x7e14a02f00, inputSource 5,
sampleRate 48000, format 0x1, channelMask 0xc, frameCount 19200, notificationFrames
0, sessionId 0, transferType 0, flags 0, attributionSource
AttributionSourceState{pid: -1, uid: 10323, packageName: org.codeaurora.snapcam,
attributionTag: (null), token: , renouncedPermissions: [], next: []} uid -1, pid -
1,isIsolated 0
08-22 02:26:14.850 8912 8939 E gralloc4: Empty SMPTE 2094-40 data
08-22 02:26:14.850 8912 9179 D AudioRecord: PackageName[org.codeaurora.snapcam],
uid[10323]
08-22 02:26:14.852 8912 9179 D AudioRecord: PackageName[org.codeaurora.snapcam],
uid[10323]
08-22 02:26:14.853 8912 8939 E gralloc4: Empty SMPTE 2094-40 data
08-22 02:26:14.861 8912 8939 E gralloc4: Empty SMPTE 2094-40 data
08-22 02:26:14.874 8912 8939 E gralloc4: Empty SMPTE 2094-40 data
08-22 02:26:14.876 8912 9179 D AudioRecord: openRecord_l: 0x7e14a02f00, mCblk =
0x7f1da7b000
08-22 02:26:14.879 8912 9179 D MediaCodec: CreateByType: mime audio/mp4a-latm,
encoder 1
08-22 02:26:14.879 8912 8939 E gralloc4: Empty SMPTE 2094-40 data
08-22 02:26:14.881 8912 9179 D MediaCodecList: codecHandlesFormat: no format, so
no extra checks
08-22 02:26:14.881 8912 9179 D MediaCodecList: codecHandlesFormat: no format, so
no extra checks
08-22 02:26:14.884 8912 8912 W View : requestLayout() improperly called by
com.google.android.apps.camera.ui.notificationchip.NotificationChipView{130b96
VFED..C.. ......ID 341,53-739,136 #7f0b0212 app:id/notification_chip_view} during
layout: running second layout pass
08-22 02:26:14.886 8912 8939 E gralloc4: Empty SMPTE 2094-40 data
08-22 02:26:14.887 8912 9179 D CCodecBufferChannel: mBufferCountDebug=0
mIsUserLoad=1
08-22 02:26:14.887 8912 9179 I MiMediaCodecStub:
MiMediaCodecStub::MiMediaCodecStub
08-22 02:26:14.887 8912 9179 I MediaCodec: init video box disabled for codec not
supported
08-22 02:26:14.887 8912 9179 D MediaCodec: [0x7e6d064000] init: CCodec
0x7e73632d80, CCodecBufferChannel 0x7e14a03400
08-22 02:26:14.887 8912 9200 D MediaCodec: [0x7e6d064000] setState: 1
08-22 02:26:14.887 8912 9200 I MediaCodec: [mId: 3] video-debug setState:
INITIALIZING
08-22 02:26:14.887 8912 9200 D CCodec : allocate(c2.android.aac.encoder)
08-22 02:26:14.890 8912 9200 I CCodec : setting up 'default' as default (vendor)
store
08-22 02:26:14.895 8912 8939 E gralloc4: Empty SMPTE 2094-40 data
08-22 02:26:14.898 8912 9200 I CCodec : Created component
[c2.android.aac.encoder]
08-22 02:26:14.898 8912 9200 D CCodecBufferChannel: [0x7e14a03400] setComponent:
mName c2.android.aac.encoder#20, mPipelineWatcher 0x7e14a03868
08-22 02:26:14.898 8912 9200 D CCodecBufferChannel: PipelineWatcher debug info
[c2.android.aac.encoder#20] enable=0
08-22 02:26:14.899 8912 9200 D CCodecConfig: read media type: audio/mp4a-latm
08-22 02:26:14.904 8912 9200 D ReflectedParamUpdater: extent() != 1 for single
value type: algo.buffers.max-count.values
08-22 02:26:14.904 8912 9200 D ReflectedParamUpdater: extent() != 1 for single
value type: output.subscribed-indices.values
08-22 02:26:14.904 8912 9200 D ReflectedParamUpdater: extent() != 1 for single
value type: input.buffers.allocator-ids.values
08-22 02:26:14.905 8912 9200 D ReflectedParamUpdater: extent() != 1 for single
value type: output.buffers.allocator-ids.values
08-22 02:26:14.905 8912 9200 D ReflectedParamUpdater: extent() != 1 for single
value type: algo.buffers.allocator-ids.values
08-22 02:26:14.905 8912 9200 D ReflectedParamUpdater: extent() != 1 for single
value type: output.buffers.pool-ids.values
08-22 02:26:14.905 8912 9200 D ReflectedParamUpdater: extent() != 1 for single
value type: algo.buffers.pool-ids.values
08-22 02:26:14.906 8912 8939 E gralloc4: Empty SMPTE 2094-40 data
08-22 02:26:14.907 8912 9200 I CCodecConfig: query failed after returning 9
values (BAD_INDEX)
08-22 02:26:14.907 8912 9200 D CCodecConfig: c2 config diff is Dict {
08-22 02:26:14.907 8912 9200 D CCodecConfig: c2::u32 coded.bitrate.value =
64000
08-22 02:26:14.907 8912 9200 D CCodecConfig: c2::u32 coded.pl.level = 0
08-22 02:26:14.907 8912 9200 D CCodecConfig: c2::u32 coded.pl.profile = 8192
08-22 02:26:14.907 8912 9200 D CCodecConfig: c2::u32 coding.aac-sbr-mode.value
= 3
08-22 02:26:14.907 8912 9200 D CCodecConfig: c2::u32 input.buffers.max-
size.value = 2048
08-22 02:26:14.907 8912 9200 D CCodecConfig: c2::u32 input.delay.value = 0
08-22 02:26:14.907 8912 9200 D CCodecConfig: string input.media-type.value =
"audio/raw"
08-22 02:26:14.907 8912 9200 D CCodecConfig: string output.media-type.value =
"audio/mp4a-latm"
08-22 02:26:14.907 8912 9200 D CCodecConfig: c2::u32 raw.channel-count.value =
1
08-22 02:26:14.907 8912 9200 D CCodecConfig: c2::u32 raw.sample-rate.value =
44100
08-22 02:26:14.907 8912 9200 D CCodecConfig: }
08-22 02:26:14.908 8912 9200 D MediaCodec: [0x7e6d064000] setState: 2
08-22 02:26:14.908 8912 9200 I MediaCodec: [mId: 3] video-debug setState:
INITIALIZED
08-22 02:26:14.910 8912 9200 I MediaCodec: MediaCodec will operate in async mode
08-22 02:26:14.910 8912 9179 D MediaCodec: [0x7e6d064000]
[c2.android.aac.encoder] configure
08-22 02:26:14.910 8912 9179 D MediaCodec: [mId: 3] video-debug configure:
ClientName: org.codeaurora.snapcam ComponentName: c2.android.aac.encoder
08-22 02:26:14.910 8912 9179 D MediaCodec: [mId: 3] video-debug configure:
ClientFormat: AMessage(what = 0x00000000) = {
08-22 02:26:14.910 8912 9179 D MediaCodec: int32_t sample-rate = 48000
08-22 02:26:14.910 8912 9179 D MediaCodec: string mime = "audio/mp4a-latm"
08-22 02:26:14.910 8912 9179 D MediaCodec: int32_t channel-count = 2
08-22 02:26:14.910 8912 9179 D MediaCodec: int32_t aac-profile = 2
08-22 02:26:14.910 8912 9179 D MediaCodec: int32_t bitrate = 192000
08-22 02:26:14.910 8912 9179 D MediaCodec: }
08-22 02:26:14.910 8912 9179 I MediaCodec: fps video to display enabled
08-22 02:26:14.910 8912 8939 E gralloc4: Empty SMPTE 2094-40 data
08-22 02:26:14.913 8912 9179 I MediaCodec: The Fps from player is 0.000000
frameRateFloat -1.000000 frameRateInt -1
08-22 02:26:14.913 8912 9179 I MediaCodec: MediaStub sendMine
08-22 02:26:14.913 8912 9179 D MediaImpl: MediaImpl::sendMine: audio/mp4a-latm
08-22 02:26:14.913 8912 9179 D MediaStub: MediaStub::sendMine audio/mp4a-latm
08-22 02:26:14.913 8912 9179 I MediaCodec: MediaStub sendDolbyVision
08-22 02:26:14.913 8912 9179 I MediaCodec: MediaStub sendPackageName
08-22 02:26:14.913 8912 9179 D MediaImpl: MediaImpl::sendPackageName:
org.codeaurora.snapcam
08-22 02:26:14.913 8912 9179 D MediaStub: MediaStub::sendPackageName
org.codeaurora.snapcam
08-22 02:26:14.913 8912 9179 D CodecSeeding: Seed: codec c2.android.aac.encoder,
mediatype audio/mp4a-latm, overrideable 1
08-22 02:26:14.913 8912 9179 D CodecProperties:
setFeatureValue(_vq_eligible.device,1)
08-22 02:26:14.913 8912 9179 D CodecProperties:
setFeatureValue(_quality.target,1)
08-22 02:26:14.913 8912 9179 D CodecSeeding: Seed: codec c2.android.aac.encoder,
mediatype audio/mp4a-latm, overrideable 0
08-22 02:26:14.913 8912 9179 D MediaCodec: shapeMediaFormat: deltas(0):
AMessage(what = 0x00000000) = {
08-22 02:26:14.913 8912 9179 D MediaCodec: }
08-22 02:26:14.913 8912 9200 D MediaCodec: flushMediametrics
08-22 02:26:14.913 8912 9200 D MediaCodec: [0x7e6d064000] setState: 3
08-22 02:26:14.913 8912 9200 I MediaCodec: [mId: 3] video-debug setState:
CONFIGURING
08-22 02:26:14.913 8912 9200 D CCodec : [c2.android.aac.encoder] buffers are
bound to CCodec for this session
08-22 02:26:14.913 8912 9200 D CCodecConfig: no c2 equivalents for flags
08-22 02:26:14.913 8912 9200 D CCodecConfig: no c2 equivalents for encoder
08-22 02:26:14.914 8912 9200 D CCodecConfig: c2 config diff is c2::u32
coded.bitrate.value = 192000
08-22 02:26:14.914 8912 9200 D CCodecConfig: c2::u32 raw.channel-count.value =
2
08-22 02:26:14.914 8912 9200 D CCodecConfig: c2::u32 raw.sample-rate.value =
48000
08-22 02:26:14.914 8912 9200 W Codec2Client: query -- param skipped: index =
1107298332.
08-22 02:26:14.914 8912 9200 D CCodec : encoding statistics level = 0
08-22 02:26:14.914 8912 9200 D CCodec : setup formats input: AMessage(what =
0x00000000) = {
08-22 02:26:14.914 8912 9200 D CCodec : int32_t sample-rate = 48000
08-22 02:26:14.914 8912 9200 D CCodec : int32_t channel-count = 2
08-22 02:26:14.914 8912 9200 D CCodec : int32_t max-input-size = 4096
08-22 02:26:14.914 8912 9200 D CCodec : string mime = "audio/raw"
08-22 02:26:14.914 8912 9200 D CCodec : int32_t android._config-pcm-encoding =
2
08-22 02:26:14.914 8912 9200 D CCodec : }
08-22 02:26:14.914 8912 9200 D CCodec : setup formats output: AMessage(what =
0x00000000) = {
08-22 02:26:14.914 8912 9200 D CCodec : int32_t sample-rate = 48000
08-22 02:26:14.914 8912 9200 D CCodec : int32_t bitrate = 192000
08-22 02:26:14.914 8912 9200 D CCodec : int32_t channel-count = 2
08-22 02:26:14.914 8912 9200 D CCodec : int32_t level = 0
08-22 02:26:14.914 8912 9200 D CCodec : int32_t max-bitrate = 192000
08-22 02:26:14.914 8912 9200 D CCodec : string mime = "audio/mp4a-latm"
08-22 02:26:14.914 8912 9200 D CCodec : int32_t profile = 2
08-22 02:26:14.914 8912 9200 D CCodec : }
08-22 02:26:14.915 8912 9200 I CCodecConfig: query failed after returning 9
values (BAD_INDEX)
08-22 02:26:14.915 8912 9200 D CCodecConfig: c2 config diff is c2::u32
input.buffers.max-size.value = 4096
08-22 02:26:14.915 8912 9200 D MediaCodec: [0x7e6d064000] setState: 4
08-22 02:26:14.915 8912 9200 I MediaCodec: [mId: 3] video-debug setState:
CONFIGURED
08-22 02:26:14.917 8912 8939 E gralloc4: Empty SMPTE 2094-40 data
08-22 02:26:14.922 8912 8939 E gralloc4: Empty SMPTE 2094-40 data
08-22 02:26:14.925 8912 8954 D BufferQueueConsumer: [](id:22d000000007,api:0,p:-
1,c:8912) connect: controlledByApp=true
08-22 02:26:14.925 8912 8939 E gralloc4: Empty SMPTE 2094-40 data
08-22 02:26:14.938 8912 9208 D CameraDevice-JV-0: waitUntilIdle: E. id = 0
08-22 02:26:14.938 8912 9208 D CameraDevice-JV-0: waitUntilIdle: X
08-22 02:26:14.942 8912 8939 E gralloc4: Empty SMPTE 2094-40 data
08-22 02:26:14.944 8912 8939 E gralloc4: Empty SMPTE 2094-40 data
08-22 02:26:14.950 8912 8939 E gralloc4: Empty SMPTE 2094-40 data
08-22 02:26:14.958 8912 8939 E gralloc4: Empty SMPTE 2094-40 data
08-22 02:26:14.962 8912 8939 E gralloc4: Empty SMPTE 2094-40 data
08-22 02:26:14.975 8912 8939 E gralloc4: Empty SMPTE 2094-40 data
08-22 02:26:14.978 8912 8939 E gralloc4: Empty SMPTE 2094-40 data
08-22 02:26:14.986 8912 8939 E gralloc4: Empty SMPTE 2094-40 data
08-22 02:26:14.990 8912 8939 E gralloc4: Empty SMPTE 2094-40 data
08-22 02:26:14.999 8912 8939 E gralloc4: Empty SMPTE 2094-40 data
08-22 02:26:15.002 8912 8939 E gralloc4: Empty SMPTE 2094-40 data
08-22 02:26:15.019 8912 8939 E gralloc4: Empty SMPTE 2094-40 data
08-22 02:26:15.022 8912 8939 E gralloc4: Empty SMPTE 2094-40 data
08-22 02:26:15.037 8912 8939 E gralloc4: Empty SMPTE 2094-40 data
08-22 02:26:15.046 8912 8912 D View : [Warning] assignParent to null: this =
android.widget.PopupWindow$PopupDecorView{94ec99e V.E...... R.....ID 0,0-325,123}
08-22 02:26:15.046 8912 8912 D BLASTBufferQueue: [VRI[PopupWindow:f4848ee]#2]
(f:0,a:1) destructor()
08-22 02:26:15.046 8912 8912 D BufferQueueConsumer:
[VRI[PopupWindow:f4848ee]#2(BLAST Consumer)2](id:22d000000004,api:0,p:-1,c:8912)
disconnect
08-22 02:26:15.053 8912 8939 E gralloc4: Empty SMPTE 2094-40 data
08-22 02:26:15.058 8912 8939 E gralloc4: Empty SMPTE 2094-40 data
08-22 02:26:15.060 8912 9208 W CAM_SurfaceMap: Surface(name=null)/@0x92bbafc is
valid but deferred streams are not yet available for CaptureSession-1
08-22 02:26:15.060 8912 9208 W CAM_SimpleReqProcessor: Failed to add Stream-4 to
CaptureRequest for Request-21. The surface is not yet available.
08-22 02:26:15.060 8912 9208 W CAM_SimpleReqProcessor: Failed to submit a
CaptureRequest for Request-21: There were no surfaces on the request.
08-22 02:26:15.062 8912 9208 W CAM_SurfaceMap: Surface(name=null)/@0x92bbafc is
valid but deferred streams are not yet available for CaptureSession-1
08-22 02:26:15.062 8912 9208 W CAM_SimpleReqProcessor: Failed to add Stream-4 to
CaptureRequest for Request-22. The surface is not yet available.
08-22 02:26:15.062 8912 9208 W CAM_SimpleReqProcessor: Failed to submit a
CaptureRequest for Request-22: There were no surfaces on the request.
08-22 02:26:15.067 8912 8939 E gralloc4: Empty SMPTE 2094-40 data
08-22 02:26:15.077 8912 8939 E gralloc4: Empty SMPTE 2094-40 data
08-22 02:26:15.084 8912 8939 E gralloc4: Empty SMPTE 2094-40 data
08-22 02:26:15.089 8912 8939 E gralloc4: Empty SMPTE 2094-40 data
08-22 02:26:15.111 8912 8939 E gralloc4: Empty SMPTE 2094-40 data
08-22 02:26:15.129 8912 8939 E gralloc4: Empty SMPTE 2094-40 data
08-22 02:26:15.149 8912 8939 E gralloc4: Empty SMPTE 2094-40 data
08-22 02:26:15.167 8912 8939 E gralloc4: Empty SMPTE 2094-40 data
08-22 02:26:15.182 8912 8939 E gralloc4: Empty SMPTE 2094-40 data
08-22 02:26:15.197 8912 8939 E gralloc4: Empty SMPTE 2094-40 data
08-22 02:26:15.213 8912 8939 E gralloc4: Empty SMPTE 2094-40 data
08-22 02:26:15.229 8912 8939 E gralloc4: Empty SMPTE 2094-40 data
08-22 02:26:15.247 8912 8939 E gralloc4: Empty SMPTE 2094-40 data
08-22 02:26:15.265 8912 8939 E gralloc4: Empty SMPTE 2094-40 data
08-22 02:26:15.280 8912 8939 E gralloc4: Empty SMPTE 2094-40 data
08-22 02:26:15.297 8912 8939 E gralloc4: Empty SMPTE 2094-40 data
08-22 02:26:15.314 8912 8939 E gralloc4: Empty SMPTE 2094-40 data
08-22 02:26:15.329 8912 8939 E gralloc4: Empty SMPTE 2094-40 data
08-22 02:26:15.346 8912 8939 E gralloc4: Empty SMPTE 2094-40 data
08-22 02:26:15.363 8912 8939 E gralloc4: Empty SMPTE 2094-40 data
08-22 02:26:15.379 8912 8939 E gralloc4: Empty SMPTE 2094-40 data
08-22 02:26:15.393 8912 8912 W CAM_A : ModeSwitcher WAS ALREADY ENABLED!
08-22 02:26:15.394 8912 8912 W CAM_A : ModeSwitcher WAS ALREADY ENABLED!
08-22 02:26:15.414 8912 8928 D BLASTBufferQueue:
[SurfaceView[org.codeaurora.snapcam/com.android.camera.CameraLauncher]#3](f:0,a:1)
acquireNextBufferLocked size=1920x1080 mFrameNumber=1 applyTransaction=true
mTimestamp=44981206239626 mPendingTransactions.size=0
graphicBufferId=38276748542002 transform=4
08-22 02:26:15.414 8912 8939 E gralloc4: Empty SMPTE 2094-40 data
08-22 02:26:15.431 8912 8939 E gralloc4: Empty SMPTE 2094-40 data
08-22 02:26:15.448 8912 8939 E gralloc4: Empty SMPTE 2094-40 data
08-22 02:26:15.463 8912 8939 E gralloc4: Empty SMPTE 2094-40 data
08-22 02:26:15.466 8912 9207 W CAM_A : VIDEO > abs Δ(result sensor timestamp) =
981.65 ms > 70.00 ms
08-22 02:26:15.467 8912 9207 W CAM_A : VIDEO > rel Δ(result sensor timestamp) =
13.69 > 0.25
08-22 02:26:15.467 8912 9207 W CAM_A : VIDEO > result sensor delay = 29.43 >
1.10
08-22 02:26:15.477 8912 8939 E gralloc4: Empty SMPTE 2094-40 data
08-22 02:26:15.485 8912 9207 W CAM_A : VIDEO > rel Δ(result sensor timestamp) =
0.97 > 0.25
08-22 02:26:15.495 8912 8939 E gralloc4: Empty SMPTE 2094-40 data
08-22 02:26:16.642 8912 8962 D BufferQueueConsumer: [ImageReader-4000x3000f20m30-
8912-0](id:22d000000000,api:0,p:-1,c:8912) disconnect
08-22 02:26:16.705 8912 8939 E gralloc4: Empty SMPTE 2094-40 data
08-22 02:26:16.726 8912 8939 E gralloc4: Empty SMPTE 2094-40 data
08-22 02:26:16.736 8912 8939 E gralloc4: Empty SMPTE 2094-40 data
08-22 02:26:16.757 8912 8939 E gralloc4: Empty SMPTE 2094-40 data
08-22 02:26:16.777 8912 8939 E gralloc4: Empty SMPTE 2094-40 data
08-22 02:26:16.785 8912 8939 E gralloc4: Empty SMPTE 2094-40 data
08-22 02:26:16.803 8912 8939 E gralloc4: Empty SMPTE 2094-40 data
08-22 02:26:16.816 8912 8939 E gralloc4: Empty SMPTE 2094-40 data
08-22 02:26:16.836 8912 8939 E gralloc4: Empty SMPTE 2094-40 data
08-22 02:26:16.854 8912 8939 E gralloc4: Empty SMPTE 2094-40 data
08-22 02:26:16.868 8912 8939 E gralloc4: Empty SMPTE 2094-40 data
08-22 02:26:16.884 8912 8939 E gralloc4: Empty SMPTE 2094-40 data
08-22 02:26:16.887 8912 8912 I ScrollIdentify: on fling
08-22 02:26:16.900 8912 8939 E gralloc4: Empty SMPTE 2094-40 data
08-22 02:26:17.368 8912 8939 E gralloc4: Empty SMPTE 2094-40 data
08-22 02:26:17.382 8912 8939 E gralloc4: Empty SMPTE 2094-40 data
08-22 02:26:17.402 8912 8939 E gralloc4: Empty SMPTE 2094-40 data
08-22 02:26:17.418 8912 8939 E gralloc4: Empty SMPTE 2094-40 data
08-22 02:26:17.434 8912 8939 E gralloc4: Empty SMPTE 2094-40 data
08-22 02:26:17.450 8912 8939 E gralloc4: Empty SMPTE 2094-40 data
08-22 02:26:17.468 8912 8939 E gralloc4: Empty SMPTE 2094-40 data
08-22 02:26:17.481 8912 8939 E gralloc4: Empty SMPTE 2094-40 data
08-22 02:26:17.502 8912 8939 E gralloc4: Empty SMPTE 2094-40 data
08-22 02:26:17.515 8912 8939 E gralloc4: Empty SMPTE 2094-40 data
08-22 02:26:17.534 8912 8939 E gralloc4: Empty SMPTE 2094-40 data
08-22 02:26:17.550 8912 8939 E gralloc4: Empty SMPTE 2094-40 data
08-22 02:26:17.567 8912 8939 E gralloc4: Empty SMPTE 2094-40 data
08-22 02:26:17.569 8912 8912 I ScrollIdentify: on fling
08-22 02:26:18.032 8912 8939 E gralloc4: Empty SMPTE 2094-40 data
08-22 02:26:18.052 8912 8939 E gralloc4: Empty SMPTE 2094-40 data
08-22 02:26:18.068 8912 8939 E gralloc4: Empty SMPTE 2094-40 data
08-22 02:26:18.081 8912 8939 E gralloc4: Empty SMPTE 2094-40 data
08-22 02:26:18.094 8912 9121 D CCodecBufferChannel: elapsed: mInputMetEos 0,
hasPendingOutputsInClient 1, n 0
08-22 02:26:18.094 8912 9121 D PipelineWatcher: [0x7e14a02e68] elapsed:
mFramesInPipeline 0, n 0
08-22 02:26:18.094 8912 9121 D CCodecBufferChannel: elapsed: mInputMetEos 0,
hasPendingOutputsInClient 1, n 0
08-22 02:26:18.094 8912 9121 D PipelineWatcher: [0x7e14a03868] elapsed:
mFramesInPipeline 0, n 0
08-22 02:26:18.099 8912 8939 E gralloc4: Empty SMPTE 2094-40 data
08-22 02:26:18.116 8912 8939 E gralloc4: Empty SMPTE 2094-40 data
08-22 02:26:18.131 8912 8939 E gralloc4: Empty SMPTE 2094-40 data
08-22 02:26:18.175 8912 8912 I ScrollIdentify: on fling
08-22 02:26:19.799 8912 8939 E gralloc4: Empty SMPTE 2094-40 data
08-22 02:26:19.802 8912 8939 I mali_config: @get_buffer_dataspace_setting: update
dataspace from GE (0x00000000 -> 0x08020000)
08-22 02:26:19.799 8912 8912 W RenderThread: type=1400 audit(0.0:104078): avc:
denied { getattr } for name="dmabuf:" dev="dmabuf" ino=1
scontext=u:r:untrusted_app_29:s0:c67,c257,c512,c768
tcontext=u:object_r:unlabeled:s0 tclass=filesystem permissive=0
app=org.codeaurora.snapcam
08-22 02:26:19.814 8912 8939 E gralloc4: Empty SMPTE 2094-40 data
08-22 02:26:19.826 8912 8912 D CameraManager2: GotArray:0
08-22 02:26:19.826 8912 8912 D CameraManager2: GotArray:1
08-22 02:26:19.826 8912 8912 D CameraManager2: GotArray:2
08-22 02:26:19.826 8912 8912 D CameraManager2: GotArray:3
08-22 02:26:19.826 8912 8912 D CameraManager2: GotArray:4
08-22 02:26:19.826 8912 8912 D CameraManager2: GotArray:5
08-22 02:26:19.829 8912 8939 E gralloc4: Empty SMPTE 2094-40 data
08-22 02:26:19.830 8912 8912 W CAM_A : Unsupported current playtime = 0, total
duration = 100
08-22 02:26:19.842 8912 9182 D MediaCodec: [0x7e6d062000] [c2.mtk.avc.encoder]
releaseAsync
08-22 02:26:19.842 8912 9183 D MediaCodec: [0x7e6d062000] setState: 10
08-22 02:26:19.842 8912 9183 I MediaCodec: [mId: 2] video-debug setState:
RELEASING
08-22 02:26:19.844 8912 9268 D MediaCodec: [0x7e6d064000]
[c2.android.aac.encoder] releaseAsync
08-22 02:26:19.844 8912 9200 D MediaCodec: [0x7e6d064000] setState: 10
08-22 02:26:19.844 8912 9200 I MediaCodec: [mId: 3] video-debug setState:
RELEASING
08-22 02:26:19.846 8912 9268 D AudioRecord: stop(1356): 0x7e14a02f00, mActive:0
08-22 02:26:19.846 8912 9200 I hw-BpHwBinder: onLastStrongRef automatically
unlinking death recipients
08-22 02:26:19.846 8912 8939 E gralloc4: Empty SMPTE 2094-40 data
08-22 02:26:19.846 8912 9200 D MediaCodec: [0x7e6d064000]
[c2.android.aac.encoder] kWhatReleaseCompleted
08-22 02:26:19.846 8912 9200 D MediaCodec: [0x7e6d064000] setState: 0
08-22 02:26:19.846 8912 9200 I MediaCodec: [mId: 3] video-debug setState:
UNINITIALIZED
08-22 02:26:19.847 8912 9268 D AudioRecord: ~AudioRecord(1356): mStatus 0
08-22 02:26:19.847 8912 9268 D AudioRecord: stop(1356): 0x7e14a02f00, mActive:0
08-22 02:26:19.847 8912 9268 D AudioTrackShared: this(0x7e73839a20),
mCblk(0x7f1da7b000), front(0), mIsOut 0, interrupt() FUTEX_WAKE
08-22 02:26:19.847 8912 9200 I MediaCodec: MediaStub
sendHdrInfo/sendFrameRateFloatCal/updateFrcAieAisState
08-22 02:26:19.847 8912 9200 D MediaImpl: FRC not support: valueSupport :
08-22 02:26:19.847 8912 9200 D MediaImpl: AIE not support: valueSupport :
08-22 02:26:19.847 8912 9200 D MediaImpl: AIS not support: valueSupport :
08-22 02:26:19.847 8912 9200 D MediaCodec: flushMediametrics
08-22 02:26:19.847 8912 9200 D MediaCodec: [0x7e6d064000] ~MediaCodec
08-22 02:26:19.848 8912 9183 D MediaCodec: [0x7e6d062000] [c2.mtk.avc.encoder]
kWhatReleaseCompleted
08-22 02:26:19.848 8912 9183 D MediaCodec: [0x7e6d062000] setState: 0
08-22 02:26:19.848 8912 9184 I hw-BpHwBinder: onLastStrongRef automatically
unlinking death recipients
08-22 02:26:19.848 8912 9200 D MediaCodec: flushMediametrics
08-22 02:26:19.848 8912 9183 I MediaCodec: [mId: 2] video-debug setState:
UNINITIALIZED
08-22 02:26:19.848 8912 9183 I MediaCodec: MediaStub
sendHdrInfo/sendFrameRateFloatCal/updateFrcAieAisState
08-22 02:26:19.848 8912 9183 D MediaImpl: FRC not support: valueSupport :
08-22 02:26:19.848 8912 9183 D MediaImpl: AIE not support: valueSupport :
08-22 02:26:19.848 8912 9183 D MediaImpl: AIS not support: valueSupport :
08-22 02:26:19.848 8912 9183 D MediaCodec: flushMediametrics
08-22 02:26:19.849 8912 9183 D MediaCodec: [0x7e6d062000] ~MediaCodec
08-22 02:26:19.849 8912 9183 D VideoInfo: org.codeaurora.snapcam destroy
c2.mtk.avc.encoder in MediaCodec, input num 0 output num 0 render num 0
08-22 02:26:19.849 8912 9183 D VideoInfo: max input intervel 0ms max output
intervel 0ms max render interval 0ms
08-22 02:26:19.850 8912 9183 D MediaCodec: flushMediametrics
08-22 02:26:19.864 8912 8939 E gralloc4: Empty SMPTE 2094-40 data
08-22 02:26:19.866 8912 9208 D CameraDevice-JV-0: flush: E. id = 0
08-22 02:26:19.868 8912 8912 D CameraManager2: GotArray:0
08-22 02:26:19.868 8912 8912 D CameraManager2: GotArray:1
08-22 02:26:19.868 8912 8912 D CameraManager2: GotArray:2
08-22 02:26:19.868 8912 8912 D CameraManager2: GotArray:3
08-22 02:26:19.868 8912 8912 D CameraManager2: GotArray:4
08-22 02:26:19.868 8912 8912 D CameraManager2: GotArray:5
08-22 02:26:19.871 8912 8912 D CameraManager2: GotArray:0
08-22 02:26:19.871 8912 8912 D CameraManager2: GotArray:1
08-22 02:26:19.871 8912 8912 D CameraManager2: GotArray:2
08-22 02:26:19.871 8912 8912 D CameraManager2: GotArray:3
08-22 02:26:19.871 8912 8912 D CameraManager2: GotArray:4
08-22 02:26:19.871 8912 8912 D CameraManager2: GotArray:5
08-22 02:26:19.881 8912 8939 E gralloc4: Empty SMPTE 2094-40 data
08-22 02:26:19.883 8912 8912 W View : requestLayout() improperly called by
com.google.android.apps.camera.ui.notificationchip.NotificationChipView{130b96
VFED..C.. ......ID 341,53-739,136 #7f0b0212 app:id/notification_chip_view} during
layout: running second layout pass
08-22 02:26:19.895 8912 9208 D CameraDevice-JV-0: flush: X
08-22 02:26:19.896 8912 8924 W CameraDevice-JV-0: Device error received, code 3,
frame number 202, request ID 27, subseq ID 0
08-22 02:26:19.896 8912 8924 W CameraDevice-JV-0: got error frame 202
08-22 02:26:19.896 8912 8924 W CameraDevice-JV-0: Device error received, code 3,
frame number 203, request ID 27, subseq ID 0
08-22 02:26:19.896 8912 8924 W CameraDevice-JV-0: got error frame 203
08-22 02:26:19.896 8912 8924 W CameraDevice-JV-0: Device error received, code 3,
frame number 204, request ID 27, subseq ID 0
08-22 02:26:19.896 8912 8924 W CameraDevice-JV-0: got error frame 204
08-22 02:26:19.897 8912 9208 W CAM_MetadataDst: onCaptureFailed for Frame 202
08-22 02:26:19.897 8912 9208 W CAM_MetadataDst: onCaptureFailed for Frame 203
08-22 02:26:19.897 8912 9208 W CAM_MetadataDst: onCaptureFailed for Frame 204
08-22 02:26:19.897 8912 8924 W CameraDevice-JV-0: Device error received, code 3,
frame number 205, request ID 27, subseq ID 0
08-22 02:26:19.897 8912 8924 W CameraDevice-JV-0: got error frame 205
08-22 02:26:19.897 8912 8924 W CameraDevice-JV-0: Device error received, code 4,
frame number 201, request ID 27, subseq ID 0
08-22 02:26:19.898 8912 8924 W CameraDevice-JV-0: got error frame 201
08-22 02:26:19.898 8912 9208 W CAM_MetadataDst: onCaptureFailed for Frame 205
08-22 02:26:19.898 8912 8924 W CameraDevice-JV-0: Device error received, code 3,
frame number 206, request ID 27, subseq ID 0
08-22 02:26:19.898 8912 9208 W CAM_MetadataDst: onCaptureFailed for Frame 201
(images were captured)
08-22 02:26:19.898 8912 8924 W CameraDevice-JV-0: got error frame 206
08-22 02:26:19.898 8912 9208 W CAM_MetadataDst: onCaptureFailed for Frame 206
08-22 02:26:19.901 8912 8939 E gralloc4: Empty SMPTE 2094-40 data
08-22 02:26:19.905 8912 8912 D CameraManager2: GotArray:0
08-22 02:26:19.905 8912 8912 D CameraManager2: GotArray:1
08-22 02:26:19.905 8912 8912 D CameraManager2: GotArray:2
08-22 02:26:19.905 8912 8912 D CameraManager2: GotArray:3
08-22 02:26:19.905 8912 8912 D CameraManager2: GotArray:4
08-22 02:26:19.905 8912 8912 D CameraManager2: GotArray:5
08-22 02:26:19.906 8912 8912 D CameraManager2: GotArray:0
08-22 02:26:19.906 8912 8912 D CameraManager2: GotArray:1
08-22 02:26:19.906 8912 8912 D CameraManager2: GotArray:2
08-22 02:26:19.906 8912 8912 D CameraManager2: GotArray:3
08-22 02:26:19.906 8912 8912 D CameraManager2: GotArray:4
08-22 02:26:19.906 8912 8912 D CameraManager2: GotArray:5
08-22 02:26:19.908 8912 8912 D CameraManager2: GotArray:0
08-22 02:26:19.908 8912 8912 D CameraManager2: GotArray:1
08-22 02:26:19.908 8912 8912 D CameraManager2: GotArray:2
08-22 02:26:19.908 8912 8912 D CameraManager2: GotArray:3
08-22 02:26:19.908 8912 8912 D CameraManager2: GotArray:4
08-22 02:26:19.908 8912 8912 D CameraManager2: GotArray:5
08-22 02:26:19.912 8912 8939 E gralloc4: Empty SMPTE 2094-40 data
08-22 02:26:19.914 8912 8912 D BLASTBufferQueue:
[SurfaceView[org.codeaurora.snapcam/com.android.camera.CameraLauncher]#3](f:0,a:1)
destructor()
08-22 02:26:19.914 8912 8912 D BufferQueueConsumer:
[SurfaceView[org.codeaurora.snapcam/com.android.camera.CameraLauncher]#3(BLAST
Consumer)3](id:22d000000006,api:4,p:1117,c:8912) disconnect
08-22 02:26:19.915 8912 8912 D SurfaceView: UPDATE null, mIsCastMode = false
08-22 02:26:19.923 8912 8939 E gralloc4: Empty SMPTE 2094-40 data
08-22 02:26:19.927 8912 8939 E gralloc4: Empty SMPTE 2094-40 data
08-22 02:26:19.935 8912 8939 E gralloc4: Empty SMPTE 2094-40 data
08-22 02:26:19.938 8912 8954 D BufferQueueConsumer: [](id:22d000000008,api:0,p:-
1,c:8912) connect: controlledByApp=true
08-22 02:26:19.939 8912 8954 D BufferQueueConsumer: [](id:22d000000009,api:0,p:-
1,c:8912) connect: controlledByApp=true
08-22 02:26:19.943 8912 8939 E gralloc4: Empty SMPTE 2094-40 data
08-22 02:26:19.945 8912 8960 D CameraDevice-JV-0: waitUntilIdle: E. id = 0
08-22 02:26:19.946 8912 8960 D CameraDevice-JV-0: waitUntilIdle: X
08-22 02:26:19.947 8912 8960 W GraphicBufferSource: released unpopulated slots:
[0, 1, 2, 3, 4, 5, 6, 7, 8, 9, 10, 11, 12, 13, 14, 15, 16, 17, 18, 19, 20, 21, 22,
23, 24, 25, 26, 27, 28, 29, 30, 31, 32, 33, 34, 35, 36, 37, 38, 39, 40, 41, 42, 43,
44, 45, 46, 47, 48, 49, 50, 51, 52, 53, 54, 55, 56, 57, 58, 59, 60, 61, 62, 63]
08-22 02:26:19.953 8912 8939 E gralloc4: Empty SMPTE 2094-40 data
08-22 02:26:19.958 8912 8912 D SurfaceView: UPDATE null, mIsCastMode = false
08-22 02:26:19.960 8912 8912 D BufferQueueConsumer: [](id:22d00000000a,api:0,p:-
1,c:8912) connect: controlledByApp=false
08-22 02:26:19.960 8912 8939 E gralloc4: Empty SMPTE 2094-40 data
08-22 02:26:19.970 8912 8939 E gralloc4: Empty SMPTE 2094-40 data
08-22 02:26:19.978 8912 8912 W CAM_A : ModeSwitcher WAS ALREADY ENABLED!
08-22 02:26:19.982 8912 8939 E gralloc4: Empty SMPTE 2094-40 data
08-22 02:26:19.986 8912 8939 E gralloc4: Empty SMPTE 2094-40 data
08-22 02:26:19.998 8912 8939 E gralloc4: Empty SMPTE 2094-40 data
08-22 02:26:20.002 8912 8912 D SurfaceView: UPDATE
Surface(name=SurfaceView[org.codeaurora.snapcam/com.android.camera.CameraLauncher])
/@0x9099d45, mIsProjectionMode = false
08-22 02:26:20.005 8912 8939 E gralloc4: Empty SMPTE 2094-40 data
08-22 02:26:20.023 8912 8939 E gralloc4: Empty SMPTE 2094-40 data
08-22 02:26:20.030 8912 8939 E gralloc4: Empty SMPTE 2094-40 data
08-22 02:26:20.038 8912 8939 E gralloc4: Empty SMPTE 2094-40 data
08-22 02:26:20.046 8912 8939 E gralloc4: Empty SMPTE 2094-40 data
08-22 02:26:20.056 8912 8960 W CAM_SurfaceMap: Surface(name=null)/@0x4bb30e8 is
valid but deferred streams are not yet available for CaptureSession-2
08-22 02:26:20.056 8912 8960 W CAM_SimpleReqProcessor: Failed to add Stream-7 to
CaptureRequest for Request-46. The surface is not yet available.
08-22 02:26:20.057 8912 8939 E gralloc4: Empty SMPTE 2094-40 data
08-22 02:26:20.063 8912 8960 W CAM_SurfaceMap: Surface(name=null)/@0x4bb30e8 is
valid but deferred streams are not yet available for CaptureSession-2
08-22 02:26:20.063 8912 8960 W CAM_SimpleReqProcessor: Failed to add Stream-7 to
CaptureRequest for Request-47. The surface is not yet available.
08-22 02:26:20.067 8912 8939 E gralloc4: Empty SMPTE 2094-40 data
08-22 02:26:20.081 8912 8939 E gralloc4: Empty SMPTE 2094-40 data
08-22 02:26:20.087 8912 8939 E gralloc4: Empty SMPTE 2094-40 data
08-22 02:26:20.100 8912 8939 E gralloc4: Empty SMPTE 2094-40 data
08-22 02:26:20.120 8912 8939 E gralloc4: Empty SMPTE 2094-40 data
08-22 02:26:20.139 8912 8939 E gralloc4: Empty SMPTE 2094-40 data
08-22 02:26:20.158 8912 8939 E gralloc4: Empty SMPTE 2094-40 data
08-22 02:26:20.170 8912 8939 E gralloc4: Empty SMPTE 2094-40 data
08-22 02:26:20.188 8912 8939 E gralloc4: Empty SMPTE 2094-40 data
08-22 02:26:20.200 8912 8939 E gralloc4: Empty SMPTE 2094-40 data
08-22 02:26:20.217 8912 8939 E gralloc4: Empty SMPTE 2094-40 data
08-22 02:26:20.238 8912 8939 E gralloc4: Empty SMPTE 2094-40 data
08-22 02:26:20.253 8912 8939 E gralloc4: Empty SMPTE 2094-40 data
08-22 02:26:20.271 8912 8939 E gralloc4: Empty SMPTE 2094-40 data
08-22 02:26:20.288 8912 8939 E gralloc4: Empty SMPTE 2094-40 data
08-22 02:26:20.305 8912 8939 E gralloc4: Empty SMPTE 2094-40 data
08-22 02:26:20.321 8912 8939 E gralloc4: Empty SMPTE 2094-40 data
08-22 02:26:20.338 8912 8939 E gralloc4: Empty SMPTE 2094-40 data
08-22 02:26:20.354 8912 8939 E gralloc4: Empty SMPTE 2094-40 data
08-22 02:26:20.371 8912 8939 E gralloc4: Empty SMPTE 2094-40 data
08-22 02:26:20.390 8912 8939 E gralloc4: Empty SMPTE 2094-40 data
08-22 02:26:20.403 8912 8939 E gralloc4: Empty SMPTE 2094-40 data
08-22 02:26:20.420 8912 8939 E gralloc4: Empty SMPTE 2094-40 data
08-22 02:26:20.437 8912 8939 E gralloc4: Empty SMPTE 2094-40 data
08-22 02:26:20.453 8912 8939 E gralloc4: Empty SMPTE 2094-40 data
08-22 02:26:20.470 8912 8939 E gralloc4: Empty SMPTE 2094-40 data
08-22 02:26:20.487 8912 8939 E gralloc4: Empty SMPTE 2094-40 data
08-22 02:26:20.503 8912 8939 E gralloc4: Empty SMPTE 2094-40 data
08-22 02:26:20.520 8912 8939 E gralloc4: Empty SMPTE 2094-40 data
