10-05 22:16:18.202 D/CompatConfig( 1222): Adding:
com.android.server.compat.config.Change@30bcc97
10-05 22:16:18.202 D/CompatConfig( 1222): No directory
/apex/com.android.media/etc/compatconfig, skipping
10-05 22:16:18.202 D/CompatConfig( 1222): No directory
/apex/com.google.mainline.primary.libs/etc/compatconfig, skipping
10-05 22:16:18.203 D/CompatConfig( 1222): Start loading
/product/etc/appcompat/compat_framework_overrides.xml
10-05 22:16:18.203 D/CompatConfig( 1222): Override file does't exist:
/product/etc/appcompat/compat_framework_overrides.xml
10-05 22:16:18.203 D/CompatConfig( 1222): Start loading
/data/misc/appcompat/compat_framework_overrides.xml
10-05 22:16:18.204 D/CompatConfig( 1222): Override file does't exist:
/data/misc/appcompat/compat_framework_overrides.xml
10-05 22:16:18.204 D/CompatConfig( 1222): Finish loading overrides files
10-05 22:16:18.205 I/SystemConfig( 1222): Reading permissions from
/system/etc/permissions/privapp-permissions-themestore.xml
10-05 22:16:18.205 I/servicemanager( 412): Adding 'u:r:system_server:s0' service
(platform_compat:1222)
10-05 22:16:18.206 I/servicemanager( 412): Adding 'u:r:system_server:s0' service
(platform_compat_native:1222)
10-05 22:16:18.206 I/SystemConfig( 1222): Reading permissions from
/system/etc/permissions/secimaging.xml
10-05 22:16:18.206 D/SystemServerTiming( 1222): PlatformCompat took to complete:
88ms
10-05 22:16:18.206 I/SystemServerTiming( 1222): StartFileIntegrityService
10-05 22:16:18.206 I/SystemConfig( 1222): Reading permissions from
/system/etc/permissions/samsungkeystoreutils.xml
10-05 22:16:18.206 I/SystemServiceManager( 1222): Starting
com.android.server.security.FileIntegrityService
10-05 22:16:18.206 I/SystemConfig( 1222): Reading permissions from
/system/etc/permissions/scamera_sdk_util.xml
10-05 22:16:18.206 I/SystemConfig( 1222): Reading permissions from
/system/etc/permissions/semmediatranscoder.xml
10-05 22:16:18.206 I/SystemConfig( 1222): Reading permissions from
/system/etc/permissions/sfeffect.xml
10-05 22:16:18.207 I/SystemConfig( 1222): Reading permissions from
/system/etc/permissions/vsimservice_library.xml
10-05 22:16:18.207 I/SystemConfig( 1222): Reading permissions from
/system/etc/permissions/privapp-permissions-com.samsung.android.bluelightfilter.xml
10-05 22:16:18.207 I/SystemConfig( 1222): Reading permissions from
/system/etc/permissions/privapp-permissions-com.samsung.android.callbgprovider.xml
10-05 22:16:18.208 I/SystemConfig( 1222): Reading permissions from
/system/etc/permissions/privapp-permissions-com.samsung.android.dqagent.xml
10-05 22:16:18.209 I/SystemConfig( 1222): Reading permissions from
/system/etc/permissions/privapp-permissions-com.samsung.android.easysetup.xml
10-05 22:16:18.209 I/SystemConfig( 1222): Reading permissions from
/system/etc/permissions/privapp-permissions-com.samsung.android.forest.xml
10-05 22:16:18.209 I/servicemanager( 412): Adding 'u:r:system_server:s0' service
(file_integrity:1222)
10-05 22:16:18.210 I/SystemConfig( 1222): Reading permissions from
/system/etc/permissions/privapp-permissions-com.samsung.android.game.gos.xml
10-05 22:16:18.210 D/SystemServerTiming( 1222): StartFileIntegrityService took to
complete: 4ms
10-05 22:16:18.210 I/SystemServerTiming( 1222): StartInstaller
10-05 22:16:18.210 I/SystemServiceManager( 1222): Starting
com.android.server.pm.Installer
10-05 22:16:18.210 I/SystemConfig( 1222): Reading permissions from
/system/etc/permissions/privapp-permissions-com.samsung.android.kgclient.xml
10-05 22:16:18.211 I/SystemConfig( 1222): Reading permissions from
/system/etc/permissions/privapp-permissions-
com.samsung.android.localeoverlaymanager.xml
10-05 22:16:18.211 I/SystemConfig( 1222): Reading permissions from
/system/etc/permissions/privapp-permissions-com.samsung.android.lool.xml
10-05 22:16:18.212 I/SystemConfig( 1222): Reading permissions from
/system/etc/permissions/privapp-permissions-com.samsung.android.mdx.quickboard.xml
10-05 22:16:18.212 I/SystemConfig( 1222): Reading permissions from
/system/etc/permissions/privapp-permissions-com.samsung.android.mobileservice.xml
10-05 22:16:18.213 I/SystemConfig( 1222): Reading permissions from
/system/etc/permissions/privapp-permissions-com.samsung.android.mtp.xml
10-05 22:16:18.213 D/installd( 873): Found quota mount /dev/block/dm-10 at /data
10-05 22:16:18.213 D/installd( 873): Found quota mount /dev/block/dm-10 at
/data/user/0
10-05 22:16:18.213 I/SystemConfig( 1222): Reading permissions from
/system/etc/permissions/privapp-permissions-
com.samsung.android.networkdiagnostic.xml
10-05 22:16:18.214 I/SystemConfig( 1222): Reading permissions from
/system/etc/permissions/privapp-permissions-
com.samsung.android.providers.contacts.xml
10-05 22:16:18.214 I/SystemConfig( 1222): Reading permissions from
/system/etc/permissions/privapp-permissions-com.samsung.android.providers.media.xml
10-05 22:16:18.214 I/SystemConfig( 1222): Reading permissions from
/system/etc/permissions/privapp-permissions-com.samsung.android.scloud.xml
10-05 22:16:18.215 I/SystemConfig( 1222): Reading permissions from
/system/etc/permissions/privapp-permissions-com.samsung.android.scs.xml
10-05 22:16:18.215 D/SystemServerTiming( 1222): StartInstaller took to complete:
6ms
10-05 22:16:18.215 I/SystemConfig( 1222): Reading permissions from
/system/etc/permissions/privapp-permissions-com.samsung.android.sdm.config.xml
10-05 22:16:18.215 I/SystemServerTiming( 1222): DeviceIdentifiersPolicyService
10-05 22:16:18.215 I/SystemServiceManager( 1222): Starting
com.android.server.os.DeviceIdentifiersPolicyService
10-05 22:16:18.216 I/SystemConfig( 1222): Reading permissions from
/system/etc/permissions/privapp-permissions-
com.samsung.android.setupindiaservicestnc.xml
10-05 22:16:18.216 I/servicemanager( 412): Adding 'u:r:system_server:s0' service
(device_identifiers:1222)
10-05 22:16:18.216 I/SystemConfig( 1222): Reading permissions from
/system/etc/permissions/privapp-permissions-
com.samsung.android.smartcallprovider.xml
10-05 22:16:18.216 D/SystemServerTiming( 1222): DeviceIdentifiersPolicyService took
to complete: 1ms
10-05 22:16:18.217 I/SystemServerTiming( 1222): UriGrantsManagerService
10-05 22:16:18.217 I/SystemServiceManager( 1222): Starting
com.android.server.uri.UriGrantsManagerService$Lifecycle
10-05 22:16:18.217 I/SystemConfig( 1222): Reading permissions from
/system/etc/permissions/privapp-permissions-com.samsung.android.spaymini.xml
10-05 22:16:18.217 I/SystemConfig( 1222): Reading permissions from
/system/etc/permissions/privapp-permissions-com.samsung.memorysaver.xml
10-05 22:16:18.218 I/SystemConfig( 1222): Reading permissions from
/system/etc/permissions/privapp-permissions-com.samsung.storyservice.xml
10-05 22:16:18.218 I/servicemanager( 412): Adding 'u:r:system_server:s0' service
(uri_grants:1222)
10-05 22:16:18.218 I/SystemConfig( 1222): Reading permissions from
/system/etc/permissions/privapp-permissions-com.sec.android.RilServiceModeApp.xml
10-05 22:16:18.218 D/SystemServerTiming( 1222): UriGrantsManagerService took to
complete: 2ms
10-05 22:16:18.218 I/SystemServerTiming( 1222): StartPowerStatsService
10-05 22:16:18.218 I/SystemServiceManager( 1222): Starting
com.android.server.powerstats.PowerStatsService
10-05 22:16:18.219 I/SystemConfig( 1222): Reading permissions from
/system/etc/permissions/privapp-permissions-com.sec.android.app.SecSetupWizard.xml
10-05 22:16:18.219 E/servicemanager( 412): Could not find
android.hardware.power.stats.IPowerStats/default in the VINTF manifest.
10-05 22:16:18.220 I/SystemConfig( 1222): Reading permissions from
/system/etc/permissions/privapp-permissions-com.sec.android.app.camera.xml
10-05 22:16:18.220 I/SystemConfig( 1222): Reading permissions from
/system/etc/permissions/privapp-permissions-com.sec.android.app.itracker.xml
10-05 22:16:18.221 D/hw-ProcessState( 1222): Binder ioctl to enable oneway spam
detection failed: Invalid argument
10-05 22:16:18.221 I/SystemConfig( 1222): Reading permissions from
/system/etc/permissions/privapp-permissions-com.sec.android.app.launcher.xml
10-05 22:16:18.221 I/hwservicemanager( 413): getTransport: Cannot find entry
[email protected]::IPowerStats/default in either framework or device
VINTF manifest.
10-05 22:16:18.221 I/SystemConfig( 1222): Reading permissions from
/system/etc/permissions/privapp-permissions-com.sec.android.app.popupcalculator.xml
10-05 22:16:18.222 E/PowerStatsService( 1222): Unable to get power.stats HAL
service.
10-05 22:16:18.222 E/PowerStatsService( 1222): nativeInit failed to connect to
power.stats HAL
10-05 22:16:18.222 I/SystemConfig( 1222): Reading permissions from
/system/etc/permissions/scamera_sep.xml
10-05 22:16:18.222 I/SystemConfig( 1222): Reading permissions from
/system/etc/permissions/privapp-permissions-com.sec.android.app.safetyassurance.xml
10-05 22:16:18.222 I/servicemanager( 412): Adding 'u:r:system_server:s0' service
(powerstats:1222)
10-05 22:16:18.222 I/SystemConfig( 1222): Reading permissions from
/system/etc/permissions/privapp-permissions-com.sec.android.app.servicemodeapp.xml
10-05 22:16:18.222 D/SystemServerTiming( 1222): StartPowerStatsService took to
complete: 4ms
10-05 22:16:18.222 I/SystemServerTiming( 1222): StartIStatsService
10-05 22:16:18.223 I/SystemConfig( 1222): Reading permissions from
/system/etc/permissions/privapp-permissions-com.sec.android.daemonapp.xml
10-05 22:16:18.223 I/SystemConfig( 1222): Reading permissions from
/system/etc/permissions/privapp-permissions-com.sec.android.diagmonagent.xml
10-05 22:16:18.224 I/SystemConfig( 1222): Reading permissions from
/system/etc/permissions/privapp-permissions-com.sec.android.gallery3d.xml
10-05 22:16:18.224 I/SystemConfig( 1222): Reading permissions from
/system/etc/permissions/privapp-permissions-
com.sec.android.mimage.photoretouching.xml
10-05 22:16:18.224 I/HidlServiceManagement( 1222): Registered
[email protected]::IStats/default
10-05 22:16:18.225 I/SystemConfig( 1222): Reading permissions from
/system/etc/permissions/privapp-permissions-com.sec.android.provider.badge.xml
10-05 22:16:18.225 I/SystemConfig( 1222): Reading permissions from
/system/etc/permissions/privapp-permissions-com.sec.app.RilErrorNotifier.xml
10-05 22:16:18.225 I/servicemanager( 412): Found
android.frameworks.stats.IStats/default in framework VINTF manifest.
10-05 22:16:18.225 I/servicemanager( 412): Adding 'u:r:system_server:s0' service
(android.frameworks.stats.IStats/default:1222)
10-05 22:16:18.225 I/SystemConfig( 1222): Reading permissions from
/system/etc/permissions/privapp-permissions-com.sec.bcservice.xml
10-05 22:16:18.225 D/SystemServerTiming( 1222): StartIStatsService took to
complete: 3ms
10-05 22:16:18.226 I/SystemServerTiming( 1222): MemtrackProxyService
10-05 22:16:18.226 I/SystemConfig( 1222): Reading permissions from
/system/etc/permissions/privapp-permissions-com.sec.epdgtestapp.xml
10-05 22:16:18.226 I/SystemConfig( 1222): Reading permissions from
/system/etc/permissions/privapp-permissions-com.sec.imslogger.xml
10-05 22:16:18.226 I/SystemConfig( 1222): Reading permissions from
/system/etc/permissions/privapp-permissions-com.sec.imsservice.xml
10-05 22:16:18.227 I/SystemConfig( 1222): Reading permissions from
/system/etc/permissions/privapp-permissions-com.wssyncmldm.xml
10-05 22:16:18.227 I/SystemConfig( 1222): Reading permissions from
/system/etc/permissions/privapp-permissions-google-system.xml
10-05 22:16:18.228 E/servicemanager( 412): Could not find
android.hardware.memtrack.IMemtrack/default in the VINTF manifest.
10-05 22:16:18.228 I/Stability( 1222): Interface set with vintf stability wire
protocol version 1 downgraded to system stability wire protocol version 1 stability
10-05 22:16:18.228 I/SystemConfig( 1222): Reading permissions from
/system/etc/permissions/privapp-permissions-mediatek.xml
10-05 22:16:18.228 I/servicemanager( 412): Adding 'u:r:system_server:s0' service
(memtrack.proxy:1222)
10-05 22:16:18.228 D/SystemServerTiming( 1222): MemtrackProxyService took to
complete: 3ms
10-05 22:16:18.228 I/SystemServerTiming( 1222): StartActivityManager
10-05 22:16:18.229 I/SystemServiceManager( 1222): Starting
com.android.server.wm.ActivityTaskManagerService$Lifecycle
10-05 22:16:18.232 I/SystemConfig( 1222): Reading permissions from
/system/etc/permissions/privapp-permissions-o-os-com.samsung.android.uds.xml
10-05 22:16:18.232 I/SystemConfig( 1222): Reading permissions from
/system/etc/permissions/rcsopenapi_library.xml
10-05 22:16:18.233 I/SystemConfig( 1222): Reading permissions from
/system/etc/permissions/sec_platform_library.xml
10-05 22:16:18.233 I/SystemConfig( 1222): Reading permissions from
/system/etc/permissions/sem_telephony_common.xml
10-05 22:16:18.234 I/SystemConfig( 1222): Reading permissions from
/system/etc/permissions/semextendedformat.xml
10-05 22:16:18.234 I/SystemConfig( 1222): Reading permissions from
/system/etc/permissions/semsdrvideoconverter.xml
10-05 22:16:18.235 I/SystemConfig( 1222): Reading permissions from
/system/etc/permissions/verizon_net_sip_library.xml
10-05 22:16:18.235 I/SystemConfig( 1222): Reading permissions from
/system/etc/permissions/platform.xml
10-05 22:16:18.240 D/CoreStateController( 1222): CoreStateController()
10-05 22:16:18.242 W/SystemConfig( 1222): Tag system-user-whitelisted-app is
unknown in /system/etc/permissions/platform.xml at START_TAG (empty) <system-user-
whitelisted-app package='com.tmobile.echolocate'>@384:69 in
java.io.FileReader@26badf1
10-05 22:16:18.243 I/SystemConfig( 1222): Reading permissions from
/vendor/etc/permissions/android.hardware.bluetooth.xml
10-05 22:16:18.244 I/SystemConfig( 1222): Reading permissions from
/vendor/etc/permissions/android.hardware.bluetooth_le.xml
10-05 22:16:18.244 I/SystemConfig( 1222): Reading permissions from
/vendor/etc/permissions/android.hardware.camera.xml
10-05 22:16:18.245 I/servicemanager( 412): Adding 'u:r:system_server:s0' service
(activity_task:1222)
10-05 22:16:18.245 I/SystemConfig( 1222): Reading permissions from
/vendor/etc/permissions/android.hardware.faketouch.xml
10-05 22:16:18.245 I/SystemServiceManager( 1222): Starting
com.android.server.am.ActivityManagerService$Lifecycle
10-05 22:16:18.245 I/SystemConfig( 1222): Reading permissions from
/vendor/etc/permissions/android.hardware.hardware_keystore.xml
10-05 22:16:18.245 I/SystemConfig( 1222): Reading permissions from
/vendor/etc/permissions/android.hardware.location.gps.xml
10-05 22:16:18.246 I/SystemConfig( 1222): Reading permissions from
/vendor/etc/permissions/android.hardware.microphone.xml
10-05 22:16:18.246 I/SystemConfig( 1222): Reading permissions from
/vendor/etc/permissions/android.hardware.opengles.aep.xml
10-05 22:16:18.246 I/SystemConfig( 1222): Reading permissions from
/vendor/etc/permissions/android.hardware.sensor.accelerometer.xml
10-05 22:16:18.246 I/SystemConfig( 1222): Reading permissions from
/vendor/etc/permissions/android.hardware.sensor.light.xml
10-05 22:16:18.246 I/SystemConfig( 1222): Reading permissions from
/vendor/etc/permissions/android.hardware.sensor.proximity.xml
10-05 22:16:18.247 I/SystemConfig( 1222): Reading permissions from
/vendor/etc/permissions/android.hardware.sensor.stepcounter.xml
10-05 22:16:18.247 I/SystemConfig( 1222): Reading permissions from
/vendor/etc/permissions/android.hardware.sensor.stepdetector.xml
10-05 22:16:18.247 I/SystemConfig( 1222): Reading permissions from
/vendor/etc/permissions/android.hardware.telephony.gsm.xml
10-05 22:16:18.248 I/SystemConfig( 1222): Reading permissions from
/vendor/etc/permissions/android.hardware.telephony.ims.xml
10-05 22:16:18.248 I/SystemConfig( 1222): Reading permissions from
/vendor/etc/permissions/android.hardware.touchscreen.multitouch.distinct.xml
10-05 22:16:18.249 I/SystemConfig( 1222): Reading permissions from
/vendor/etc/permissions/android.hardware.touchscreen.multitouch.jazzhand.xml
10-05 22:16:18.249 I/SystemConfig( 1222): Reading permissions from
/vendor/etc/permissions/android.hardware.touchscreen.multitouch.xml
10-05 22:16:18.250 I/ActivityManager( 1222): Memory class: 192
10-05 22:16:18.250 I/SystemConfig( 1222): Reading permissions from
/vendor/etc/permissions/android.hardware.touchscreen.xml
10-05 22:16:18.250 I/SystemConfig( 1222): Reading permissions from
/vendor/etc/permissions/android.hardware.usb.accessory.xml
10-05 22:16:18.251 I/SystemConfig( 1222): Reading permissions from
/vendor/etc/permissions/android.hardware.usb.host.xml
10-05 22:16:18.251 I/SystemConfig( 1222): Reading permissions from
/vendor/etc/permissions/android.hardware.vulkan.compute.xml
10-05 22:16:18.252 I/SystemConfig( 1222): Reading permissions from
/vendor/etc/permissions/android.hardware.vulkan.level.xml
10-05 22:16:18.252 I/SystemConfig( 1222): Reading permissions from
/vendor/etc/permissions/android.hardware.vulkan.version.xml
10-05 22:16:18.253 I/SystemConfig( 1222): Reading permissions from
/vendor/etc/permissions/android.hardware.wifi.direct.xml
10-05 22:16:18.253 I/Binder ( 1222): Setting heavy hitter watcher config: false,
0, 0.0
10-05 22:16:18.253 I/SystemConfig( 1222): Reading permissions from
/vendor/etc/permissions/android.hardware.wifi.passpoint.xml
10-05 22:16:18.254 I/SystemConfig( 1222): Reading permissions from
/vendor/etc/permissions/android.hardware.wifi.xml
10-05 22:16:18.254 I/SystemConfig( 1222): Reading permissions from
/vendor/etc/permissions/android.software.ipsec_tunnels.xml
10-05 22:16:18.254 I/SystemConfig( 1222): Reading permissions from
/vendor/etc/permissions/android.software.midi.xml
10-05 22:16:18.254 I/SystemConfig( 1222): Reading permissions from
/vendor/etc/permissions/android.software.verified_boot.xml
10-05 22:16:18.255 I/SystemConfig( 1222): Reading permissions from
/vendor/etc/permissions/android.software.vulkan.deqp.level.xml
10-05 22:16:18.255 I/SystemConfig( 1222): Reading permissions from
/vendor/etc/permissions/handheld_core_hardware.xml
10-05 22:16:18.257 I/SystemConfig( 1222): Reading aerProductName from
/system/etc/aer_product_name.xml
10-05 22:16:18.258 W/SystemConfig( 1222): fname = o1stur
10-05 22:16:18.258 W/SystemConfig( 1222): ro.product.name = a04eub
10-05 22:16:18.258 W/SystemConfig( 1222): fname = o1sxtur
10-05 22:16:18.258 W/SystemConfig( 1222): ro.product.name = a04eub
10-05 22:16:18.258 W/SystemConfig( 1222): fname = o1sxser
10-05 22:16:18.258 W/SystemConfig( 1222): ro.product.name = a04eub
10-05 22:16:18.258 W/SystemConfig( 1222): fname = o1sxx
10-05 22:16:18.258 W/SystemConfig( 1222): ro.product.name = a04eub
10-05 22:16:18.258 W/SystemConfig( 1222): fname = o1sxxx
10-05 22:16:18.258 W/SystemConfig( 1222): ro.product.name = a04eub
10-05 22:16:18.258 W/SystemConfig( 1222): fname = o1sxeea
10-05 22:16:18.258 W/SystemConfig( 1222): ro.product.name = a04eub
10-05 22:16:18.258 W/SystemConfig( 1222): fname = o1sksx
10-05 22:16:18.258 W/SystemConfig( 1222): ro.product.name = a04eub
10-05 22:16:18.258 W/SystemConfig( 1222): fname = o1sser
10-05 22:16:18.258 W/SystemConfig( 1222): ro.product.name = a04eub
10-05 22:16:18.258 W/SystemConfig( 1222): fname = o1qcsx
10-05 22:16:18.258 W/SystemConfig( 1222): ro.product.name = a04eub
10-05 22:16:18.258 W/SystemConfig( 1222): fname = o1quew
10-05 22:16:18.258 W/SystemConfig( 1222): ro.product.name = a04eub
10-05 22:16:18.258 W/SystemConfig( 1222): fname = o1qzhx
10-05 22:16:18.258 W/SystemConfig( 1222): ro.product.name = a04eub
10-05 22:16:18.258 W/SystemConfig( 1222): fname = o1qsqw
10-05 22:16:18.258 W/SystemConfig( 1222): ro.product.name = a04eub
10-05 22:16:18.258 W/SystemConfig( 1222): fname = SC-51B
10-05 22:16:18.258 W/SystemConfig( 1222): ro.product.name = a04eub
10-05 22:16:18.259 W/SystemConfig( 1222): fname = SCG09_jp_kdi
10-05 22:16:18.259 W/SystemConfig( 1222): ro.product.name = a04eub
10-05 22:16:18.259 W/SystemConfig( 1222): fname = t2sksx
10-05 22:16:18.259 W/SystemConfig( 1222): ro.product.name = a04eub
10-05 22:16:18.259 W/SystemConfig( 1222): fname = t2sxxx
10-05 22:16:18.259 W/SystemConfig( 1222): ro.product.name = a04eub
10-05 22:16:18.259 W/SystemConfig( 1222): fname = t2sxser
10-05 22:16:18.259 W/SystemConfig( 1222): ro.product.name = a04eub
10-05 22:16:18.259 W/SystemConfig( 1222): fname = t2sxeea
10-05 22:16:18.259 W/SystemConfig( 1222): ro.product.name = a04eub
10-05 22:16:18.259 W/SystemConfig( 1222): fname = t2sxtur
10-05 22:16:18.259 W/SystemConfig( 1222): ro.product.name = a04eub
10-05 22:16:18.259 W/SystemConfig( 1222): fname = t2qzhx
10-05 22:16:18.259 W/SystemConfig( 1222): ro.product.name = a04eub
10-05 22:16:18.259 W/SystemConfig( 1222): fname = t2qsqw
10-05 22:16:18.259 W/SystemConfig( 1222): ro.product.name = a04eub
10-05 22:16:18.259 W/SystemConfig( 1222): fname = t2qcsx
10-05 22:16:18.259 W/SystemConfig( 1222): ro.product.name = a04eub
10-05 22:16:18.259 W/SystemConfig( 1222): fname = t2quew
10-05 22:16:18.259 W/SystemConfig( 1222): ro.product.name = a04eub
10-05 22:16:18.259 W/SystemConfig( 1222): fname = SCG10_jp_kdi
10-05 22:16:18.259 W/SystemConfig( 1222): ro.product.name = a04eub
10-05 22:16:18.259 W/SystemConfig( 1222): fname = p3sksx
10-05 22:16:18.259 W/SystemConfig( 1222): ro.product.name = a04eub
10-05 22:16:18.259 W/SystemConfig( 1222): fname = p3sxeea
10-05 22:16:18.259 W/SystemConfig( 1222): ro.product.name = a04eub
10-05 22:16:18.259 W/SystemConfig( 1222): fname = p3sxtur
10-05 22:16:18.259 W/SystemConfig( 1222): ro.product.name = a04eub
10-05 22:16:18.259 W/SystemConfig( 1222): fname = p3sxser
10-05 22:16:18.259 W/SystemConfig( 1222): ro.product.name = a04eub
10-05 22:16:18.259 W/SystemConfig( 1222): fname = p3sxxx
10-05 22:16:18.259 W/SystemConfig( 1222): ro.product.name = a04eub
10-05 22:16:18.259 W/SystemConfig( 1222): fname = p3qcsx
10-05 22:16:18.259 W/SystemConfig( 1222): ro.product.name = a04eub
10-05 22:16:18.259 W/SystemConfig( 1222): fname = p3qsqw
10-05 22:16:18.259 W/SystemConfig( 1222): ro.product.name = a04eub
10-05 22:16:18.259 W/SystemConfig( 1222): fname = p3quew
10-05 22:16:18.259 W/SystemConfig( 1222): ro.product.name = a04eub
10-05 22:16:18.259 W/SystemConfig( 1222): fname = p3qzhx
10-05 22:16:18.259 W/SystemConfig( 1222): ro.product.name = a04eub
10-05 22:16:18.259 W/SystemConfig( 1222): fname = SC-52B
10-05 22:16:18.259 W/SystemConfig( 1222): ro.product.name = a04eub
10-05 22:16:18.259 W/SystemConfig( 1222): fname = q2qsqw
10-05 22:16:18.259 W/SystemConfig( 1222): ro.product.name = a04eub
10-05 22:16:18.260 W/SystemConfig( 1222): fname = q2qxxx
10-05 22:16:18.260 W/SystemConfig( 1222): ro.product.name = a04eub
10-05 22:16:18.260 W/SystemConfig( 1222): fname = q2qcsx
10-05 22:16:18.260 W/SystemConfig( 1222): ro.product.name = a04eub
10-05 22:16:18.260 W/SystemConfig( 1222): fname = q2qzhx
10-05 22:16:18.260 W/SystemConfig( 1222): ro.product.name = a04eub
10-05 22:16:18.260 W/SystemConfig( 1222): fname = q2qksx
10-05 22:16:18.260 W/SystemConfig( 1222): ro.product.name = a04eub
10-05 22:16:18.260 W/SystemConfig( 1222): fname = q2qxtur
10-05 22:16:18.260 W/SystemConfig( 1222): ro.product.name = a04eub
10-05 22:16:18.260 W/SystemConfig( 1222): fname = q2qxser
10-05 22:16:18.260 W/SystemConfig( 1222): ro.product.name = a04eub
10-05 22:16:18.260 W/SystemConfig( 1222): fname = q2qxeea
10-05 22:16:18.260 W/SystemConfig( 1222): ro.product.name = a04eub
10-05 22:16:18.260 W/SystemConfig( 1222): fname = q2quew
10-05 22:16:18.260 W/SystemConfig( 1222): ro.product.name = a04eub
10-05 22:16:18.260 W/SystemConfig( 1222): fname = SC-55B
10-05 22:16:18.260 W/SystemConfig( 1222): ro.product.name = a04eub
10-05 22:16:18.260 W/SystemConfig( 1222): fname = SCG11_jp_kdi
10-05 22:16:18.260 W/SystemConfig( 1222): ro.product.name = a04eub
10-05 22:16:18.260 W/SystemConfig( 1222): fname = b2quew
10-05 22:16:18.260 W/SystemConfig( 1222): ro.product.name = a04eub
10-05 22:16:18.260 W/SystemConfig( 1222): fname = b2qxxx
10-05 22:16:18.260 W/SystemConfig( 1222): ro.product.name = a04eub
10-05 22:16:18.260 W/SystemConfig( 1222): fname = b2qcsx
10-05 22:16:18.260 W/SystemConfig( 1222): ro.product.name = a04eub
10-05 22:16:18.260 W/SystemConfig( 1222): fname = b2qsqw
10-05 22:16:18.260 W/SystemConfig( 1222): ro.product.name = a04eub
10-05 22:16:18.260 W/SystemConfig( 1222): fname = b2qzhx
10-05 22:16:18.260 W/SystemConfig( 1222): ro.product.name = a04eub
10-05 22:16:18.260 W/SystemConfig( 1222): fname = b2qxser
10-05 22:16:18.260 W/SystemConfig( 1222): ro.product.name = a04eub
10-05 22:16:18.260 W/SystemConfig( 1222): fname = b2qxtur
10-05 22:16:18.260 W/SystemConfig( 1222): ro.product.name = a04eub
10-05 22:16:18.260 W/SystemConfig( 1222): fname = b2qxeea
10-05 22:16:18.260 W/SystemConfig( 1222): ro.product.name = a04eub
10-05 22:16:18.260 W/SystemConfig( 1222): fname = b2qksx
10-05 22:16:18.260 W/SystemConfig( 1222): ro.product.name = a04eub
10-05 22:16:18.260 W/SystemConfig( 1222): fname = SC-54B
10-05 22:16:18.260 W/SystemConfig( 1222): ro.product.name = a04eub
10-05 22:16:18.260 W/SystemConfig( 1222): fname = SCG12_jp_kdi
10-05 22:16:18.260 W/SystemConfig( 1222): ro.product.name = a04eub
10-05 22:16:18.260 W/SystemConfig( 1222): fname = a52qnstur
10-05 22:16:18.260 W/SystemConfig( 1222): ro.product.name = a04eub
10-05 22:16:18.261 W/SystemConfig( 1222): fname = a52qnseea
10-05 22:16:18.261 W/SystemConfig( 1222): ro.product.name = a04eub
10-05 22:16:18.261 W/SystemConfig( 1222): fname = a52qnsxx
10-05 22:16:18.261 W/SystemConfig( 1222): ro.product.name = a04eub
10-05 22:16:18.261 W/SystemConfig( 1222): fname = a52qnsser
10-05 22:16:18.261 W/SystemConfig( 1222): ro.product.name = a04eub
10-05 22:16:18.261 W/SystemConfig( 1222): fname = a52qub
10-05 22:16:18.261 W/SystemConfig( 1222): ro.product.name = a04eub
10-05 22:16:18.261 W/SystemConfig( 1222): fname = a52xque
10-05 22:16:18.261 W/SystemConfig( 1222): ro.product.name = a04eub
10-05 22:16:18.261 W/SystemConfig( 1222): fname = a52xqcs
10-05 22:16:18.261 W/SystemConfig( 1222): ro.product.name = a04eub
10-05 22:16:18.261 W/SystemConfig( 1222): fname = a52xqnaeea
10-05 22:16:18.261 W/SystemConfig( 1222): ro.product.name = a04eub
10-05 22:16:18.261 W/SystemConfig( 1222): fname = a52xqsq
10-05 22:16:18.261 W/SystemConfig( 1222): ro.product.name = a04eub
10-05 22:16:18.261 W/SystemConfig( 1222): fname = a52xqzh
10-05 22:16:18.261 W/SystemConfig( 1222): ro.product.name = a04eub
10-05 22:16:18.261 W/SystemConfig( 1222): fname = a52xqks
10-05 22:16:18.261 W/SystemConfig( 1222): ro.product.name = a04eub
10-05 22:16:18.261 W/SystemConfig( 1222): fname = a52xqnaxx
10-05 22:16:18.261 W/SystemConfig( 1222): ro.product.name = a04eub
10-05 22:16:18.261 W/SystemConfig( 1222): fname = SC-53B
10-05 22:16:18.261 W/SystemConfig( 1222): ro.product.name = a04eub
10-05 22:16:18.261 W/SystemConfig( 1222): fname = a52sxqeea
10-05 22:16:18.261 W/SystemConfig( 1222): ro.product.name = a04eub
10-05 22:16:18.261 W/SystemConfig( 1222): fname = a52sxqtur
10-05 22:16:18.261 W/SystemConfig( 1222): ro.product.name = a04eub
10-05 22:16:18.261 W/SystemConfig( 1222): fname = a52sxqser
10-05 22:16:18.261 W/SystemConfig( 1222): ro.product.name = a04eub
10-05 22:16:18.261 W/SystemConfig( 1222): fname = a52sxqzt
10-05 22:16:18.261 W/SystemConfig( 1222): ro.product.name = a04eub
10-05 22:16:18.261 W/SystemConfig( 1222): fname = a52sxqxx
10-05 22:16:18.261 W/SystemConfig( 1222): ro.product.name = a04eub
10-05 22:16:18.261 W/SystemConfig( 1222): fname = a52sxqks
10-05 22:16:18.261 W/SystemConfig( 1222): ro.product.name = a04eub
10-05 22:16:18.261 W/SystemConfig( 1222): fname = r9sxtur
10-05 22:16:18.261 W/SystemConfig( 1222): ro.product.name = a04eub
10-05 22:16:18.261 W/SystemConfig( 1222): fname = r9sxxx
10-05 22:16:18.261 W/SystemConfig( 1222): ro.product.name = a04eub
10-05 22:16:18.261 W/SystemConfig( 1222): fname = r9qksx
10-05 22:16:18.261 W/SystemConfig( 1222): ro.product.name = a04eub
10-05 22:16:18.261 W/SystemConfig( 1222): fname = r9qxeea
10-05 22:16:18.261 W/SystemConfig( 1222): ro.product.name = a04eub
10-05 22:16:18.262 W/SystemConfig( 1222): fname = r9qxtur
10-05 22:16:18.262 W/SystemConfig( 1222): ro.product.name = a04eub
10-05 22:16:18.262 W/SystemConfig( 1222): fname = r9qxser
10-05 22:16:18.262 W/SystemConfig( 1222): ro.product.name = a04eub
10-05 22:16:18.262 W/SystemConfig( 1222): fname = r9qzh
10-05 22:16:18.262 W/SystemConfig( 1222): ro.product.name = a04eub
10-05 22:16:18.262 W/SystemConfig( 1222): fname = r9quew
10-05 22:16:18.262 W/SystemConfig( 1222): ro.product.name = a04eub
10-05 22:16:18.262 W/SystemConfig( 1222): fname = r9qxxx
10-05 22:16:18.262 W/SystemConfig( 1222): ro.product.name = a04eub
10-05 22:16:18.262 W/SystemConfig( 1222): fname = r9qcsx
10-05 22:16:18.262 W/SystemConfig( 1222): ro.product.name = a04eub
10-05 22:16:18.262 W/SystemConfig( 1222): fname = r9qsqw
10-05 22:16:18.262 W/SystemConfig( 1222): ro.product.name = a04eub
10-05 22:16:18.262 W/SystemConfig( 1222): fname = r9q2xser
10-05 22:16:18.262 W/SystemConfig( 1222): ro.product.name = a04eub
10-05 22:16:18.262 W/SystemConfig( 1222): fname = r9q2xxx
10-05 22:16:18.262 W/SystemConfig( 1222): ro.product.name = a04eub
10-05 22:16:18.262 W/SystemConfig( 1222): fname = r9q2xeea
10-05 22:16:18.262 W/SystemConfig( 1222): ro.product.name = a04eub
10-05 22:16:18.262 W/SystemConfig( 1222): fname = r9q2sqw
10-05 22:16:18.262 W/SystemConfig( 1222): ro.product.name = a04eub
10-05 22:16:18.262 W/SystemConfig( 1222): fname = a32ub
10-05 22:16:18.262 W/SystemConfig( 1222): ro.product.name = a04eub
10-05 22:16:18.262 W/SystemConfig( 1222): fname = a32ks
10-05 22:16:18.262 W/SystemConfig( 1222): ro.product.name = a04eub
10-05 22:16:18.262 W/SystemConfig( 1222): fname = a32eea
10-05 22:16:18.262 W/SystemConfig( 1222): ro.product.name = a04eub
10-05 22:16:18.262 W/SystemConfig( 1222): fname = a32tur
10-05 22:16:18.262 W/SystemConfig( 1222): ro.product.name = a04eub
10-05 22:16:18.262 W/SystemConfig( 1222): fname = a32ser
10-05 22:16:18.262 W/SystemConfig( 1222): ro.product.name = a04eub
10-05 22:16:18.262 W/SystemConfig( 1222): fname = a32xx
10-05 22:16:18.262 W/SystemConfig( 1222): ro.product.name = a04eub
10-05 22:16:18.262 W/SystemConfig( 1222): fname = a32xxx
10-05 22:16:18.262 W/SystemConfig( 1222): ro.product.name = a04eub
10-05 22:16:18.262 W/SystemConfig( 1222): fname = a32xcs
10-05 22:16:18.262 W/SystemConfig( 1222): ro.product.name = a04eub
10-05 22:16:18.262 W/SystemConfig( 1222): fname = a32xeea
10-05 22:16:18.262 W/SystemConfig( 1222): ro.product.name = a04eub
10-05 22:16:18.262 W/SystemConfig( 1222): fname = a32xue
10-05 22:16:18.262 W/SystemConfig( 1222): ro.product.name = a04eub
10-05 22:16:18.262 W/SystemConfig( 1222): fname = a32xtfn
10-05 22:16:18.262 W/SystemConfig( 1222): ro.product.name = a04eub
10-05 22:16:18.262 W/SystemConfig( 1222): fname = a32xzh
10-05 22:16:18.262 W/SystemConfig( 1222): ro.product.name = a04eub
10-05 22:16:18.262 W/SystemConfig( 1222): fname = a32xsq
10-05 22:16:18.263 W/SystemConfig( 1222): ro.product.name = a04eub
10-05 22:16:18.263 W/SystemConfig( 1222): fname = SCG08_jp_kdi
10-05 22:16:18.263 W/SystemConfig( 1222): ro.product.name = a04eub
10-05 22:16:18.263 W/SystemConfig( 1222): fname = xcover5eea
10-05 22:16:18.263 W/SystemConfig( 1222): ro.product.name = a04eub
10-05 22:16:18.263 W/SystemConfig( 1222): fname = xcover5ser
10-05 22:16:18.263 W/SystemConfig( 1222): ro.product.name = a04eub
10-05 22:16:18.263 W/SystemConfig( 1222): fname = xcover5kx
10-05 22:16:18.263 W/SystemConfig( 1222): ro.product.name = a04eub
10-05 22:16:18.263 W/SystemConfig( 1222): fname = xcover5xx
10-05 22:16:18.263 W/SystemConfig( 1222): ro.product.name = a04eub
10-05 22:16:18.263 W/SystemConfig( 1222): fname = gts7fewifixx
10-05 22:16:18.263 W/SystemConfig( 1222): ro.product.name = a04eub
10-05 22:16:18.263 W/SystemConfig( 1222): fname = gts7fewifitur
10-05 22:16:18.263 W/SystemConfig( 1222): ro.product.name = a04eub
10-05 22:16:18.263 W/SystemConfig( 1222): fname = gts7fewifieea
10-05 22:16:18.263 W/SystemConfig( 1222): ro.product.name = a04eub
10-05 22:16:18.263 W/SystemConfig( 1222): fname = gts7fewifiser
10-05 22:16:18.263 W/SystemConfig( 1222): ro.product.name = a04eub
10-05 22:16:18.263 W/SystemConfig( 1222): fname = gts7xllitexx
10-05 22:16:18.263 W/SystemConfig( 1222): ro.product.name = a04eub
10-05 22:16:18.263 W/SystemConfig( 1222): fname = gts7xlliteser
10-05 22:16:18.263 W/SystemConfig( 1222): ro.product.name = a04eub
10-05 22:16:18.263 W/SystemConfig( 1222): fname = gts7xllitexeea
10-05 22:16:18.263 W/SystemConfig( 1222): ro.product.name = a04eub
10-05 22:16:18.263 W/SystemConfig( 1222): fname = gts7xllitekx
10-05 22:16:18.263 W/SystemConfig( 1222): ro.product.name = a04eub
10-05 22:16:18.263 W/SystemConfig( 1222): fname = gts7xllitetur
10-05 22:16:18.263 W/SystemConfig( 1222): ro.product.name = a04eub
10-05 22:16:18.263 W/SystemConfig( 1222): fname = gts7xllitekxx
10-05 22:16:18.263 W/SystemConfig( 1222): ro.product.name = a04eub
10-05 22:16:18.263 W/SystemConfig( 1222): fname = gts7xllitesqwnc
10-05 22:16:18.263 W/SystemConfig( 1222): ro.product.name = a04eub
10-05 22:16:18.263 W/SystemConfig( 1222): fname = gts7xllitexxx
10-05 22:16:18.263 W/SystemConfig( 1222): ro.product.name = a04eub
10-05 22:16:18.263 W/SystemConfig( 1222): fname = gts7xllitesqw
10-05 22:16:18.263 W/SystemConfig( 1222): ro.product.name = a04eub
10-05 22:16:18.263 W/SystemConfig( 1222): fname = gts7xllitewifieea
10-05 22:16:18.263 W/SystemConfig( 1222): ro.product.name = a04eub
10-05 22:16:18.263 W/SystemConfig( 1222): fname = gts7xllitewifixx
10-05 22:16:18.263 W/SystemConfig( 1222): ro.product.name = a04eub
10-05 22:16:18.263 W/SystemConfig( 1222): fname = gts7xllitewifitur
10-05 22:16:18.263 W/SystemConfig( 1222): ro.product.name = a04eub
10-05 22:16:18.263 W/SystemConfig( 1222): fname = gts7xllitewifiser
10-05 22:16:18.263 W/SystemConfig( 1222): ro.product.name = a04eub
10-05 22:16:18.263 W/SystemConfig( 1222): fname = b0sxser
10-05 22:16:18.263 W/SystemConfig( 1222): ro.product.name = a04eub
10-05 22:16:18.263 W/SystemConfig( 1222): fname = b0sxtur
10-05 22:16:18.263 W/SystemConfig( 1222): ro.product.name = a04eub
10-05 22:16:18.264 W/SystemConfig( 1222): fname = b0sxxx
10-05 22:16:18.264 W/SystemConfig( 1222): ro.product.name = a04eub
10-05 22:16:18.264 W/SystemConfig( 1222): fname = b0sxeea
10-05 22:16:18.264 W/SystemConfig( 1222): ro.product.name = a04eub
10-05 22:16:18.264 W/SystemConfig( 1222): fname = b0sksx
10-05 22:16:18.264 W/SystemConfig( 1222): ro.product.name = a04eub
10-05 22:16:18.264 W/SystemConfig( 1222): fname = b0qksx
10-05 22:16:18.264 W/SystemConfig( 1222): ro.product.name = a04eub
10-05 22:16:18.264 W/SystemConfig( 1222): fname = b0quew
10-05 22:16:18.264 W/SystemConfig( 1222): ro.product.name = a04eub
10-05 22:16:18.264 W/SystemConfig( 1222): fname = b0qcsx
10-05 22:16:18.264 W/SystemConfig( 1222): ro.product.name = a04eub
10-05 22:16:18.264 W/SystemConfig( 1222): fname = b0qxxx
10-05 22:16:18.264 W/SystemConfig( 1222): ro.product.name = a04eub
10-05 22:16:18.264 W/SystemConfig( 1222): fname = b0qsqw
10-05 22:16:18.264 W/SystemConfig( 1222): ro.product.name = a04eub
10-05 22:16:18.264 W/SystemConfig( 1222): fname = b0qzhx
10-05 22:16:18.264 W/SystemConfig( 1222): ro.product.name = a04eub
10-05 22:16:18.264 W/SystemConfig( 1222): fname = b0qxtur
10-05 22:16:18.264 W/SystemConfig( 1222): ro.product.name = a04eub
10-05 22:16:18.264 W/SystemConfig( 1222): fname = SC-52C
10-05 22:16:18.264 W/SystemConfig( 1222): ro.product.name = a04eub
10-05 22:16:18.264 W/SystemConfig( 1222): fname = SCG14_jp_kdi
10-05 22:16:18.264 W/SystemConfig( 1222): ro.product.name = a04eub
10-05 22:16:18.264 W/SystemConfig( 1222): fname = r0sxxx
10-05 22:16:18.264 W/SystemConfig( 1222): ro.product.name = a04eub
10-05 22:16:18.264 W/SystemConfig( 1222): fname = r0sxeea
10-05 22:16:18.264 W/SystemConfig( 1222): ro.product.name = a04eub
10-05 22:16:18.264 W/SystemConfig( 1222): fname = r0sxtur
10-05 22:16:18.264 W/SystemConfig( 1222): ro.product.name = a04eub
10-05 22:16:18.264 W/SystemConfig( 1222): fname = r0sxser
10-05 22:16:18.264 W/SystemConfig( 1222): ro.product.name = a04eub
10-05 22:16:18.264 W/SystemConfig( 1222): fname = r0sksx
10-05 22:16:18.264 W/SystemConfig( 1222): ro.product.name = a04eub
10-05 22:16:18.264 W/SystemConfig( 1222): fname = r0qksx
10-05 22:16:18.264 W/SystemConfig( 1222): ro.product.name = a04eub
10-05 22:16:18.264 W/SystemConfig( 1222): fname = r0qxtur
10-05 22:16:18.264 W/SystemConfig( 1222): ro.product.name = a04eub
10-05 22:16:18.264 W/SystemConfig( 1222): fname = r0qcsx
10-05 22:16:18.264 W/SystemConfig( 1222): ro.product.name = a04eub
10-05 22:16:18.264 W/SystemConfig( 1222): fname = r0qzhx
10-05 22:16:18.264 W/SystemConfig( 1222): ro.product.name = a04eub
10-05 22:16:18.264 W/SystemConfig( 1222): fname = r0quew
10-05 22:16:18.264 W/SystemConfig( 1222): ro.product.name = a04eub
10-05 22:16:18.264 W/SystemConfig( 1222): fname = r0qsqw
10-05 22:16:18.264 W/SystemConfig( 1222): ro.product.name = a04eub
10-05 22:16:18.264 W/SystemConfig( 1222): fname = r0qxxx
10-05 22:16:18.264 W/SystemConfig( 1222): ro.product.name = a04eub
10-05 22:16:18.264 W/SystemConfig( 1222): fname = SC-51C
10-05 22:16:18.264 W/SystemConfig( 1222): ro.product.name = a04eub
10-05 22:16:18.264 W/SystemConfig( 1222): fname = SCG13_jp_kdi
10-05 22:16:18.264 W/SystemConfig( 1222): ro.product.name = a04eub
10-05 22:16:18.264 W/SystemConfig( 1222): fname = g0sxxx
10-05 22:16:18.264 W/SystemConfig( 1222): ro.product.name = a04eub
10-05 22:16:18.265 W/SystemConfig( 1222): fname = g0sxtur
10-05 22:16:18.265 W/SystemConfig( 1222): ro.product.name = a04eub
10-05 22:16:18.265 W/SystemConfig( 1222): fname = g0sxeea
10-05 22:16:18.265 W/SystemConfig( 1222): ro.product.name = a04eub
10-05 22:16:18.265 W/SystemConfig( 1222): fname = g0sxser
10-05 22:16:18.265 W/SystemConfig( 1222): ro.product.name = a04eub
10-05 22:16:18.265 W/SystemConfig( 1222): fname = g0sksx
10-05 22:16:18.265 W/SystemConfig( 1222): ro.product.name = a04eub
10-05 22:16:18.265 W/SystemConfig( 1222): fname = g0qksx
10-05 22:16:18.265 W/SystemConfig( 1222): ro.product.name = a04eub
10-05 22:16:18.265 W/SystemConfig( 1222): fname = g0quew
10-05 22:16:18.265 W/SystemConfig( 1222): ro.product.name = a04eub
10-05 22:16:18.265 W/SystemConfig( 1222): fname = g0qxtur
10-05 22:16:18.265 W/SystemConfig( 1222): ro.product.name = a04eub
10-05 22:16:18.265 W/SystemConfig( 1222): fname = g0qcsx
10-05 22:16:18.265 W/SystemConfig( 1222): ro.product.name = a04eub
10-05 22:16:18.265 W/SystemConfig( 1222): fname = g0qxxx
10-05 22:16:18.265 W/SystemConfig( 1222): ro.product.name = a04eub
10-05 22:16:18.265 W/SystemConfig( 1222): fname = g0qsqw
10-05 22:16:18.265 W/SystemConfig( 1222): ro.product.name = a04eub
10-05 22:16:18.265 W/SystemConfig( 1222): fname = g0qzhx
10-05 22:16:18.265 W/SystemConfig( 1222): ro.product.name = a04eub
10-05 22:16:18.265 W/SystemConfig( 1222): fname = gts8kxx
10-05 22:16:18.265 W/SystemConfig( 1222): ro.product.name = a04eub
10-05 22:16:18.265 W/SystemConfig( 1222): fname = gts8keea
10-05 22:16:18.265 W/SystemConfig( 1222): ro.product.name = a04eub
10-05 22:16:18.265 W/SystemConfig( 1222): fname = gts8xser
10-05 22:16:18.265 W/SystemConfig( 1222): ro.product.name = a04eub
10-05 22:16:18.265 W/SystemConfig( 1222): fname = gts8xeea
10-05 22:16:18.265 W/SystemConfig( 1222): ro.product.name = a04eub
10-05 22:16:18.265 W/SystemConfig( 1222): fname = gts8xxx
10-05 22:16:18.265 W/SystemConfig( 1222): ro.product.name = a04eub
10-05 22:16:18.265 W/SystemConfig( 1222): fname = gts8sq
10-05 22:16:18.265 W/SystemConfig( 1222): ro.product.name = a04eub
10-05 22:16:18.265 W/SystemConfig( 1222): fname = gts8wifiser
10-05 22:16:18.265 W/SystemConfig( 1222): ro.product.name = a04eub
10-05 22:16:18.265 W/SystemConfig( 1222): fname = gts8wifitur
10-05 22:16:18.265 W/SystemConfig( 1222): ro.product.name = a04eub
10-05 22:16:18.265 W/SystemConfig( 1222): fname = gts8wifixx
10-05 22:16:18.265 W/SystemConfig( 1222): ro.product.name = a04eub
10-05 22:16:18.265 W/SystemConfig( 1222): fname = gts8wifieea
10-05 22:16:18.265 W/SystemConfig( 1222): ro.product.name = a04eub
10-05 22:16:18.265 W/SystemConfig( 1222): fname = gts8pkxx
10-05 22:16:18.265 W/SystemConfig( 1222): ro.product.name = a04eub
10-05 22:16:18.265 W/SystemConfig( 1222): fname = gts8psqw
10-05 22:16:18.265 W/SystemConfig( 1222): ro.product.name = a04eub
10-05 22:16:18.265 W/SystemConfig( 1222): fname = gts8psqw
10-05 22:16:18.265 W/SystemConfig( 1222): ro.product.name = a04eub
10-05 22:16:18.265 W/SystemConfig( 1222): fname = gts8pxser
10-05 22:16:18.265 W/SystemConfig( 1222): ro.product.name = a04eub
10-05 22:16:18.265 W/SystemConfig( 1222): fname = gts8peea
10-05 22:16:18.265 W/SystemConfig( 1222): ro.product.name = a04eub
10-05 22:16:18.265 W/SystemConfig( 1222): fname = gts8pxx
10-05 22:16:18.265 W/SystemConfig( 1222): ro.product.name = a04eub
10-05 22:16:18.266 W/SystemConfig( 1222): fname = gts8pxeea
10-05 22:16:18.266 W/SystemConfig( 1222): ro.product.name = a04eub
10-05 22:16:18.266 W/SystemConfig( 1222): fname = gts8pxxx
10-05 22:16:18.266 W/SystemConfig( 1222): ro.product.name = a04eub
10-05 22:16:18.266 W/SystemConfig( 1222): fname = gts8psqwnc
10-05 22:16:18.266 W/SystemConfig( 1222): ro.product.name = a04eub
10-05 22:16:18.266 W/SystemConfig( 1222): fname = gts8pwifitur
10-05 22:16:18.266 W/SystemConfig( 1222): ro.product.name = a04eub
10-05 22:16:18.266 W/SystemConfig( 1222): fname = gts8pwifiser
10-05 22:16:18.266 W/SystemConfig( 1222): ro.product.name = a04eub
10-05 22:16:18.266 W/SystemConfig( 1222): fname = gts8pwifixx
10-05 22:16:18.266 W/SystemConfig( 1222): ro.product.name = a04eub
10-05 22:16:18.266 W/SystemConfig( 1222): fname = gts8pwifieea
10-05 22:16:18.266 W/SystemConfig( 1222): ro.product.name = a04eub
10-05 22:16:18.266 W/SystemConfig( 1222): fname = gts8pwifijpn
10-05 22:16:18.266 W/SystemConfig( 1222): ro.product.name = a04eub
10-05 22:16:18.266 W/SystemConfig( 1222): fname = gts8ukxx
10-05 22:16:18.266 W/SystemConfig( 1222): ro.product.name = a04eub
10-05 22:16:18.266 W/SystemConfig( 1222): fname = gts8uxser
10-05 22:16:18.266 W/SystemConfig( 1222): ro.product.name = a04eub
10-05 22:16:18.266 W/SystemConfig( 1222): fname = gts8uxeea
10-05 22:16:18.266 W/SystemConfig( 1222): ro.product.name = a04eub
10-05 22:16:18.266 W/SystemConfig( 1222): fname = gts8uxxx
10-05 22:16:18.266 W/SystemConfig( 1222): ro.product.name = a04eub
10-05 22:16:18.266 W/SystemConfig( 1222): fname = gts8uwifiser
10-05 22:16:18.266 W/SystemConfig( 1222): ro.product.name = a04eub
10-05 22:16:18.266 W/SystemConfig( 1222): fname = gts8uwifitur
10-05 22:16:18.266 W/SystemConfig( 1222): ro.product.name = a04eub
10-05 22:16:18.266 W/SystemConfig( 1222): fname = gts8uwifieea
10-05 22:16:18.266 W/SystemConfig( 1222): ro.product.name = a04eub
10-05 22:16:18.266 W/SystemConfig( 1222): fname = gts8uwifixx
10-05 22:16:18.266 W/SystemConfig( 1222): ro.product.name = a04eub
10-05 22:16:18.266 W/SystemConfig( 1222): fname = a33xnndxx
10-05 22:16:18.266 W/SystemConfig( 1222): ro.product.name = a04eub
10-05 22:16:18.266 W/SystemConfig( 1222): fname = a33xnsdtur
10-05 22:16:18.266 W/SystemConfig( 1222): ro.product.name = a04eub
10-05 22:16:18.266 W/SystemConfig( 1222): fname = a33xnsdxx
10-05 22:16:18.266 W/SystemConfig( 1222): ro.product.name = a04eub
10-05 22:16:18.266 W/SystemConfig( 1222): fname = a33xnndx
10-05 22:16:18.266 W/SystemConfig( 1222): ro.product.name = a04eub
10-05 22:16:18.266 W/SystemConfig( 1222): fname = a33xnsdx
10-05 22:16:18.266 W/SystemConfig( 1222): ro.product.name = a04eub
10-05 22:16:18.266 W/SystemConfig( 1222): fname = a33xub
10-05 22:16:18.266 W/SystemConfig( 1222): ro.product.name = a04eub
10-05 22:16:18.266 W/SystemConfig( 1222): fname = a33xks
10-05 22:16:18.266 W/SystemConfig( 1222): ro.product.name = a04eub
10-05 22:16:18.266 W/SystemConfig( 1222): fname = a33xzh
10-05 22:16:18.266 W/SystemConfig( 1222): ro.product.name = a04eub
10-05 22:16:18.266 W/SystemConfig( 1222): fname = a33xnsser
10-05 22:16:18.266 W/SystemConfig( 1222): ro.product.name = a04eub
10-05 22:16:18.266 W/SystemConfig( 1222): fname = a33xnsxx
10-05 22:16:18.266 W/SystemConfig( 1222): ro.product.name = a04eub
10-05 22:16:18.266 W/SystemConfig( 1222): fname = a33xnseea
10-05 22:16:18.266 W/SystemConfig( 1222): ro.product.name = a04eub
10-05 22:16:18.266 W/SystemConfig( 1222): fname = a53xtfn
10-05 22:16:18.267 W/SystemConfig( 1222): ro.product.name = a04eub
10-05 22:16:18.267 W/SystemConfig( 1222): fname = a53xzh
10-05 22:16:18.267 W/SystemConfig( 1222): ro.product.name = a04eub
10-05 22:16:18.267 W/SystemConfig( 1222): fname = a53xcsx
10-05 22:16:18.267 W/SystemConfig( 1222): ro.product.name = a04eub
10-05 22:16:18.267 W/SystemConfig( 1222): fname = a53xnaxx
10-05 22:16:18.267 W/SystemConfig( 1222): ro.product.name = a04eub
10-05 22:16:18.267 W/SystemConfig( 1222): fname = a53xksx
10-05 22:16:18.267 W/SystemConfig( 1222): ro.product.name = a04eub
10-05 22:16:18.267 W/SystemConfig( 1222): fname = a53xnsser
10-05 22:16:18.267 W/SystemConfig( 1222): ro.product.name = a04eub
10-05 22:16:18.267 W/SystemConfig( 1222): fname = a53xnstur
10-05 22:16:18.267 W/SystemConfig( 1222): ro.product.name = a04eub
10-05 22:16:18.267 W/SystemConfig( 1222): fname = a53xnsxx
10-05 22:16:18.267 W/SystemConfig( 1222): ro.product.name = a04eub
10-05 22:16:18.267 W/SystemConfig( 1222): fname = a53xsqx
10-05 22:16:18.267 W/SystemConfig( 1222): ro.product.name = a04eub
10-05 22:16:18.267 W/SystemConfig( 1222): fname = a53xsqw
10-05 22:16:18.267 W/SystemConfig( 1222): ro.product.name = a04eub
10-05 22:16:18.267 W/SystemConfig( 1222): fname = a53xnaeea
10-05 22:16:18.267 W/SystemConfig( 1222): ro.product.name = a04eub
10-05 22:16:18.267 W/SystemConfig( 1222): fname = a53xue
10-05 22:16:18.267 W/SystemConfig( 1222): ro.product.name = a04eub
10-05 22:16:18.267 W/SystemConfig( 1222): fname = SC-53C
10-05 22:16:18.267 W/SystemConfig( 1222): ro.product.name = a04eub
10-05 22:16:18.267 W/SystemConfig( 1222): fname = SCG15_jp_kdi
10-05 22:16:18.267 W/SystemConfig( 1222): ro.product.name = a04eub
10-05 22:16:18.267 W/SystemConfig( 1222): fname = xcoverpro2cs
10-05 22:16:18.267 W/SystemConfig( 1222): ro.product.name = a04eub
10-05 22:16:18.267 W/SystemConfig( 1222): fname = xcoverpro2ue
10-05 22:16:18.267 W/SystemConfig( 1222): ro.product.name = a04eub
10-05 22:16:18.267 W/SystemConfig( 1222): fname = xcoverpro2tur
10-05 22:16:18.267 W/SystemConfig( 1222): ro.product.name = a04eub
10-05 22:16:18.267 W/SystemConfig( 1222): fname = xcoverpro2eea
10-05 22:16:18.267 W/SystemConfig( 1222): ro.product.name = a04eub
10-05 22:16:18.267 W/SystemConfig( 1222): fname = xcoverpro2xx
10-05 22:16:18.267 W/SystemConfig( 1222): ro.product.name = a04eub
10-05 22:16:18.267 W/SystemConfig( 1222): fname = xcoverpro2sq
10-05 22:16:18.267 W/SystemConfig( 1222): ro.product.name = a04eub
10-05 22:16:18.267 W/SystemConfig( 1222): fname = q4qsqw
10-05 22:16:18.267 W/SystemConfig( 1222): ro.product.name = a04eub
10-05 22:16:18.267 W/SystemConfig( 1222): fname = q4qzhx
10-05 22:16:18.267 W/SystemConfig( 1222): ro.product.name = a04eub
10-05 22:16:18.267 W/SystemConfig( 1222): fname = q4qksx
10-05 22:16:18.267 W/SystemConfig( 1222): ro.product.name = a04eub
10-05 22:16:18.267 W/SystemConfig( 1222): fname = q4quew
10-05 22:16:18.267 W/SystemConfig( 1222): ro.product.name = a04eub
10-05 22:16:18.267 W/SystemConfig( 1222): fname = q4qcsx
10-05 22:16:18.267 W/SystemConfig( 1222): ro.product.name = a04eub
10-05 22:16:18.267 W/SystemConfig( 1222): fname = q4qxser
10-05 22:16:18.267 W/SystemConfig( 1222): ro.product.name = a04eub
10-05 22:16:18.267 W/SystemConfig( 1222): fname = q4qxtur
10-05 22:16:18.268 W/SystemConfig( 1222): ro.product.name = a04eub
10-05 22:16:18.268 W/SystemConfig( 1222): fname = q4qxxx
10-05 22:16:18.268 W/SystemConfig( 1222): ro.product.name = a04eub
10-05 22:16:18.268 W/SystemConfig( 1222): fname = q4qxeea
10-05 22:16:18.268 W/SystemConfig( 1222): ro.product.name = a04eub
10-05 22:16:18.268 W/SystemConfig( 1222): fname = SC-55C
10-05 22:16:18.268 W/SystemConfig( 1222): ro.product.name = a04eub
10-05 22:16:18.268 W/SystemConfig( 1222): fname = SCG16_jp_kdi
10-05 22:16:18.268 W/SystemConfig( 1222): ro.product.name = a04eub
10-05 22:16:18.268 W/SystemConfig( 1222): fname = b4qsqw
10-05 22:16:18.268 W/SystemConfig( 1222): ro.product.name = a04eub
10-05 22:16:18.268 W/SystemConfig( 1222): fname = b4qzhx
10-05 22:16:18.268 W/SystemConfig( 1222): ro.product.name = a04eub
10-05 22:16:18.268 W/SystemConfig( 1222): fname = b4qxeea
10-05 22:16:18.268 W/SystemConfig( 1222): ro.product.name = a04eub
10-05 22:16:18.268 W/SystemConfig( 1222): fname = b4qksx
10-05 22:16:18.268 W/SystemConfig( 1222): ro.product.name = a04eub
10-05 22:16:18.268 W/SystemConfig( 1222): fname = b4quew
10-05 22:16:18.268 W/SystemConfig( 1222): ro.product.name = a04eub
10-05 22:16:18.268 W/SystemConfig( 1222): fname = b4qrktw
10-05 22:16:18.268 W/SystemConfig( 1222): ro.product.name = a04eub
10-05 22:16:18.268 W/SystemConfig( 1222): fname = b4qcsx
10-05 22:16:18.268 W/SystemConfig( 1222): ro.product.name = a04eub
10-05 22:16:18.268 W/SystemConfig( 1222): fname = b4qxser
10-05 22:16:18.268 W/SystemConfig( 1222): ro.product.name = a04eub
10-05 22:16:18.268 W/SystemConfig( 1222): fname = b4qxtur
10-05 22:16:18.268 W/SystemConfig( 1222): ro.product.name = a04eub
10-05 22:16:18.268 W/SystemConfig( 1222): fname = b4qxxx
10-05 22:16:18.268 W/SystemConfig( 1222): ro.product.name = a04eub
10-05 22:16:18.268 W/SystemConfig( 1222): fname = SC-54C
10-05 22:16:18.268 W/SystemConfig( 1222): ro.product.name = a04eub
10-05 22:16:18.268 W/SystemConfig( 1222): fname = SCG17_jp_kdi
10-05 22:16:18.268 W/SystemConfig( 1222): ro.product.name = a04eub
10-05 22:16:18.268 W/SystemConfig( 1222): fname = gtact4prokxx
10-05 22:16:18.268 W/SystemConfig( 1222): ro.product.name = a04eub
10-05 22:16:18.268 W/SystemConfig( 1222): fname = gtact4proxser
10-05 22:16:18.268 W/SystemConfig( 1222): ro.product.name = a04eub
10-05 22:16:18.268 W/SystemConfig( 1222): fname = gtact4proxeea
10-05 22:16:18.268 W/SystemConfig( 1222): ro.product.name = a04eub
